uawdijnntqw1x1x1
IP : 3.147.44.106
Hostname : premium160.web-hosting.com
Kernel : Linux premium160.web-hosting.com 4.18.0-553.lve.el8.x86_64 #1 SMP Mon May 27 15:27:34 UTC 2024 x86_64
Disable Function : None :)
OS : Linux
PATH:
/
home
/
batcwwjx
/
ssl
/
.
/
.
/
..
/
access-logs
/
batconpakistan.org-ssl_log
/
/
162.0.235.240 - - [29/Apr/2025:04:30:30 -0400] "GET /wp-content/plugins/contact-form-7-style/admin/predefined-templates.json HTTP/1.1" 200 1323 "-" "WordPress/6.8; https://batconpakistan.org"
162.0.235.240 - - [29/Apr/2025:04:30:33 -0400] "POST /wp-cron.php?doing_wp_cron=1745915432.9595448970794677734375 HTTP/1.1" 200 0 "-" "WordPress/6.8; https://batconpakistan.org"
162.0.235.240 - - [29/Apr/2025:04:30:34 -0400] "GET /wp-content/plugins/contact-form-7-style/admin/predefined-templates.json HTTP/1.1" 200 1323 "-" "WordPress/6.8; https://batconpakistan.org"
207.46.13.150 - - [29/Apr/2025:04:30:16 -0400] "GET /Industrial-Electrical-80x80mm-DC-Fan-mm-pcs-314800-Computer-Heatsinks/ HTTP/1.1" 200 16009 "-" "Mozilla/5.0 AppleWebKit/537.36 (KHTML, like Gecko; compatible; bingbot/2.0; +http://www.bing.com/bingbot.htm) Chrome/116.0.1938.76 Safari/537.36"
162.0.235.240 - - [29/Apr/2025:04:30:34 -0400] "POST /wp-admin/admin-ajax.php?action=async_litespeed&nonce=Oool0XuoeGZazR6T2TQC8X7qFNNZUP36&litespeed_type=imgoptm HTTP/1.1" 200 0 "-" "WordPress/6.8; https://batconpakistan.org"
162.0.235.240 - - [29/Apr/2025:04:30:36 -0400] "GET /wp-content/plugins/contact-form-7-style/admin/predefined-templates.json HTTP/1.1" 200 1323 "-" "WordPress/6.8; https://batconpakistan.org"
162.0.235.240 - - [29/Apr/2025:04:38:33 -0400] "GET /wp-content/plugins/contact-form-7-style/admin/predefined-templates.json HTTP/1.1" 200 1323 "-" "WordPress/6.8; https://batconpakistan.org"
162.0.235.240 - - [29/Apr/2025:04:38:35 -0400] "POST /wp-cron.php?doing_wp_cron=1745915915.7377359867095947265625 HTTP/1.1" 200 0 "-" "WordPress/6.8; https://batconpakistan.org"
162.0.235.240 - - [29/Apr/2025:04:38:37 -0400] "GET /wp-content/plugins/contact-form-7-style/admin/predefined-templates.json HTTP/1.1" 200 1323 "-" "WordPress/6.8; https://batconpakistan.org"
162.0.235.240 - - [29/Apr/2025:04:38:39 -0400] "POST /wp-admin/admin-ajax.php?action=async_litespeed&nonce=zi1adCKvajm7VMtPG6e9hdx4ntDqT5qp&litespeed_type=imgoptm HTTP/1.1" 200 0 "-" "WordPress/6.8; https://batconpakistan.org"
162.0.235.240 - - [29/Apr/2025:04:38:41 -0400] "GET /wp-content/plugins/contact-form-7-style/admin/predefined-templates.json HTTP/1.1" 200 1323 "-" "WordPress/6.8; https://batconpakistan.org"
162.0.235.240 - - [29/Apr/2025:04:38:24 -0400] "GET / HTTP/1.1" 200 23532 "-" "Mozilla/5.0 (Windows NT 10.0; Win64; x64; rv:122.0) Gecko/20100101 Firefox/122.0"
162.0.235.240 - - [29/Apr/2025:04:40:28 -0400] "GET /wp-content/plugins/contact-form-7-style/admin/predefined-templates.json HTTP/1.1" 200 1323 "-" "WordPress/6.8; https://batconpakistan.org"
162.0.235.240 - - [29/Apr/2025:04:40:29 -0400] "POST /wp-cron.php?doing_wp_cron=1745916029.0897719860076904296875 HTTP/1.1" 200 0 "-" "WordPress/6.8; https://batconpakistan.org"
162.0.235.240 - - [29/Apr/2025:04:40:19 -0400] "GET / HTTP/1.1" 200 23535 "-" "Softaculous"
162.0.235.240 - - [29/Apr/2025:04:40:31 -0400] "GET /wp-content/plugins/contact-form-7-style/admin/predefined-templates.json HTTP/1.1" 200 1323 "-" "WordPress/6.8; https://batconpakistan.org"
162.0.235.240 - - [29/Apr/2025:04:40:33 -0400] "POST /wp-admin/admin-ajax.php?action=async_litespeed&nonce=VNfAveGDLVvlrl12xuiFVgdhxFP14luJ&litespeed_type=imgoptm HTTP/1.1" 200 0 "-" "WordPress/6.8; https://batconpakistan.org"
162.0.235.240 - - [29/Apr/2025:04:40:36 -0400] "GET /wp-content/plugins/contact-form-7-style/admin/predefined-templates.json HTTP/1.1" 200 1323 "-" "WordPress/6.8; https://batconpakistan.org"
162.0.235.240 - - [29/Apr/2025:04:40:36 -0400] "GET /wp-content/plugins/contact-form-7-style/admin/predefined-templates.json HTTP/1.1" 200 1323 "-" "WordPress/6.8; https://batconpakistan.org"
162.0.235.240 - - [29/Apr/2025:04:40:31 -0400] "GET / HTTP/1.1" 200 23535 "-" "Mozilla/5.0 (Windows NT 10.0; Win64; x64; rv:122.0) Gecko/20100101 Firefox/122.0"
206.198.150.52 - - [29/Apr/2025:04:40:59 -0400] "POST /xmlrpc.php HTTP/1.1" 403 1242 "-" "Mozilla/5.0 (X11; Fedora; Linux x86_64; rv:94.0) Gecko/20100101 Firefox/95.0"
162.0.235.240 - - [29/Apr/2025:04:45:16 -0400] "GET /wp-content/plugins/contact-form-7-style/admin/predefined-templates.json HTTP/1.1" 200 1323 "-" "WordPress/6.8; https://batconpakistan.org"
162.0.235.240 - - [29/Apr/2025:04:45:18 -0400] "POST /wp-cron.php?doing_wp_cron=1745916318.0237939357757568359375 HTTP/1.1" 200 0 "-" "WordPress/6.8; https://batconpakistan.org"
162.0.235.240 - - [29/Apr/2025:04:45:20 -0400] "GET /wp-content/plugins/contact-form-7-style/admin/predefined-templates.json HTTP/1.1" 200 1323 "-" "WordPress/6.8; https://batconpakistan.org"
17.241.219.11 - - [29/Apr/2025:04:45:07 -0400] "GET /?event-category=education HTTP/1.1" 200 16253 "-" "Mozilla/5.0 (Macintosh; Intel Mac OS X 10_15_7) AppleWebKit/605.1.15 (KHTML, like Gecko) Version/17.4 Safari/605.1.15 (Applebot/0.1; +http://www.apple.com/go/applebot)"
162.0.235.240 - - [29/Apr/2025:04:45:22 -0400] "POST /wp-admin/admin-ajax.php?action=async_litespeed&nonce=ZsVmWKQDxXk1TEemHlupQYCmPqo5hm4x&litespeed_type=imgoptm HTTP/1.1" 200 0 "-" "WordPress/6.8; https://batconpakistan.org"
162.0.235.240 - - [29/Apr/2025:04:45:27 -0400] "GET /wp-content/plugins/contact-form-7-style/admin/predefined-templates.json HTTP/1.1" 200 1323 "-" "WordPress/6.8; https://batconpakistan.org"
162.0.235.240 - - [29/Apr/2025:04:49:28 -0400] "GET /wp-content/plugins/contact-form-7-style/admin/predefined-templates.json HTTP/1.1" 200 1323 "-" "WordPress/6.8; https://batconpakistan.org"
162.0.235.240 - - [29/Apr/2025:04:49:30 -0400] "POST /wp-cron.php?doing_wp_cron=1745916570.1714849472045898437500 HTTP/1.1" 200 0 "-" "WordPress/6.8; https://batconpakistan.org"
5.255.231.4 - - [29/Apr/2025:04:49:21 -0400] "GET /robots.txt HTTP/1.1" 200 348 "-" "Mozilla/5.0 (compatible; YandexBot/3.0; +http://yandex.com/bots)"
162.0.235.240 - - [29/Apr/2025:04:49:32 -0400] "GET /wp-content/plugins/contact-form-7-style/admin/predefined-templates.json HTTP/1.1" 200 1323 "-" "WordPress/6.8; https://batconpakistan.org"
162.0.235.240 - - [29/Apr/2025:04:49:36 -0400] "POST /wp-admin/admin-ajax.php?action=async_litespeed&nonce=VRAU1xakq76Hqr2LrUvEjxLp6rjvR64d&litespeed_type=imgoptm HTTP/1.1" 200 0 "-" "WordPress/6.8; https://batconpakistan.org"
162.0.235.240 - - [29/Apr/2025:04:49:38 -0400] "GET /wp-content/plugins/contact-form-7-style/admin/predefined-templates.json HTTP/1.1" 200 1323 "-" "WordPress/6.8; https://batconpakistan.org"
17.241.227.65 - - [29/Apr/2025:04:49:38 -0400] "GET /wp-content/uploads/dynamic-mobmenu.css?ver=2.8.7-326 HTTP/1.1" 200 1744 "https://batconpakistan.org/?event-category=education" "Mozilla/5.0 (Macintosh; Intel Mac OS X 10_15_7) AppleWebKit/605.1.15 (KHTML, like Gecko) Version/17.4 Safari/605.1.15 (Applebot/0.1; +http://www.apple.com/go/applebot)"
162.0.235.240 - - [29/Apr/2025:04:49:39 -0400] "GET /wp-content/plugins/contact-form-7-style/admin/predefined-templates.json HTTP/1.1" 200 1323 "-" "WordPress/6.8; https://batconpakistan.org"
87.250.224.88 - - [29/Apr/2025:04:49:32 -0400] "GET /publish/ HTTP/1.1" 200 17099 "-" "Mozilla/5.0 (compatible; YandexBot/3.0; +http://yandex.com/bots)"
162.0.235.240 - - [29/Apr/2025:04:50:47 -0400] "GET /wp-content/plugins/contact-form-7-style/admin/predefined-templates.json HTTP/1.1" 200 1323 "-" "WordPress/6.8; https://batconpakistan.org"
162.0.235.240 - - [29/Apr/2025:04:50:47 -0400] "POST /wp-cron.php?doing_wp_cron=1745916647.5581560134887695312500 HTTP/1.1" 200 0 "-" "WordPress/6.8; https://batconpakistan.org"
167.99.115.0 - - [29/Apr/2025:04:50:44 -0400] "GET /tag/public-health/ HTTP/1.1" 200 20302 "-" "Mozilla/5.0 (Macintosh; Intel Mac OS X 10_15_7) AppleWebKit/537.36 (KHTML, like Gecko) Chrome/124.0.0.0 Safari/537.36"
162.0.235.240 - - [29/Apr/2025:04:50:50 -0400] "GET /wp-content/plugins/contact-form-7-style/admin/predefined-templates.json HTTP/1.1" 200 1323 "-" "WordPress/6.8; https://batconpakistan.org"
162.0.235.240 - - [29/Apr/2025:04:50:51 -0400] "POST /wp-admin/admin-ajax.php?action=async_litespeed&nonce=T0hxqXdjHnYGM8ZYyQYdOlHFH5LZT54W&litespeed_type=imgoptm HTTP/1.1" 200 0 "-" "WordPress/6.8; https://batconpakistan.org"
162.0.235.240 - - [29/Apr/2025:04:50:54 -0400] "GET /wp-content/plugins/contact-form-7-style/admin/predefined-templates.json HTTP/1.1" 200 1323 "-" "WordPress/6.8; https://batconpakistan.org"
185.156.174.155 - - [29/Apr/2025:05:03:36 -0400] "POST /xmlrpc.php HTTP/1.1" 403 1242 "-" "Mozilla/5.0 (Windows NT 10.0; Win64; x64) AppleWebKit/537.36 (KHTML, like Gecko) Chrome/135.0.0.0 Safari/537.36"
134.17.14.122 - - [29/Apr/2025:05:12:30 -0400] "GET /not.php HTTP/1.1" 200 0 "-" "Mozilla/5.0 (Android 10; Mobile; rv:82.0) Gecko/82.0 Firefox/82.0"
162.0.235.240 - - [29/Apr/2025:05:13:01 -0400] "GET /wp-content/plugins/contact-form-7-style/admin/predefined-templates.json HTTP/1.1" 200 1323 "-" "WordPress/6.8; https://batconpakistan.org"
162.0.235.240 - - [29/Apr/2025:05:13:08 -0400] "POST /wp-cron.php?doing_wp_cron=1745917987.6886479854583740234375 HTTP/1.1" 200 0 "-" "WordPress/6.8; https://batconpakistan.org"
162.0.235.240 - - [29/Apr/2025:05:13:10 -0400] "GET /wp-content/plugins/contact-form-7-style/admin/predefined-templates.json HTTP/1.1" 200 1323 "-" "WordPress/6.8; https://batconpakistan.org"
162.0.235.240 - - [29/Apr/2025:05:13:11 -0400] "POST /wp-admin/admin-ajax.php?action=async_litespeed&nonce=xfzYKRbQs1m24bbXF9g3LwXDgTsLytsM&litespeed_type=imgoptm HTTP/1.1" 200 0 "-" "WordPress/6.8; https://batconpakistan.org"
162.0.235.240 - - [29/Apr/2025:05:13:16 -0400] "GET /wp-content/plugins/contact-form-7-style/admin/predefined-templates.json HTTP/1.1" 200 1323 "-" "WordPress/6.8; https://batconpakistan.org"
217.174.152.39 - - [29/Apr/2025:05:13:29 -0400] "POST /xmlrpc.php HTTP/1.1" 403 1242 "-" "Mozilla/5.0 (X11; Fedora; Linux x86_64; rv:94.0) Gecko/20100101 Firefox/95.0"
162.0.235.240 - - [29/Apr/2025:05:20:13 -0400] "GET /wp-content/plugins/contact-form-7-style/admin/predefined-templates.json HTTP/1.1" 200 1323 "-" "WordPress/6.8; https://batconpakistan.org"
162.0.235.240 - - [29/Apr/2025:05:20:14 -0400] "POST /wp-cron.php?doing_wp_cron=1745918414.0873079299926757812500 HTTP/1.1" 200 0 "-" "WordPress/6.8; https://batconpakistan.org"
162.0.235.240 - - [29/Apr/2025:05:20:15 -0400] "GET /wp-content/plugins/contact-form-7-style/admin/predefined-templates.json HTTP/1.1" 200 1323 "-" "WordPress/6.8; https://batconpakistan.org"
2a03:2880:f800:d:: - - [29/Apr/2025:05:20:05 -0400] "GET /2023/10/03/nipah-virus-alert-heightened-risks-and-precautionary-measures-in-pakistan/ HTTP/1.1" 200 23549 "-" "meta-externalagent/1.1 (+https://developers.facebook.com/docs/sharing/webmasters/crawler)"
162.0.235.240 - - [29/Apr/2025:05:20:17 -0400] "POST /wp-admin/admin-ajax.php?action=async_litespeed&nonce=AB1o2kZrPjAjFrYiwrvcmFqdEiTFCo0C&litespeed_type=imgoptm HTTP/1.1" 200 0 "-" "WordPress/6.8; https://batconpakistan.org"
162.0.235.240 - - [29/Apr/2025:05:20:20 -0400] "GET /wp-content/plugins/contact-form-7-style/admin/predefined-templates.json HTTP/1.1" 200 1323 "-" "WordPress/6.8; https://batconpakistan.org"
162.0.235.240 - - [29/Apr/2025:05:21:50 -0400] "GET /wp-content/plugins/contact-form-7-style/admin/predefined-templates.json HTTP/1.1" 200 1323 "-" "WordPress/6.8; https://batconpakistan.org"
162.0.235.240 - - [29/Apr/2025:05:21:53 -0400] "POST /wp-cron.php?doing_wp_cron=1745918511.7803170680999755859375 HTTP/1.1" 200 0 "-" "WordPress/6.8; https://batconpakistan.org"
102.129.223.92 - - [29/Apr/2025:05:21:41 -0400] "GET /contact-us/%09%092024-06-18+18:56%09Ready+contact+form+successfully+found%09http://batconpakistan.org%09%09%09https://twitter.com/intent%09%09https://www.linkedin.com/shareArticle HTTP/1.1" 200 194 "-" "Mozilla/5.0 (Windows NT 10.0; Win64; x64) AppleWebKit/537.36 (KHTML, like Gecko) Chrome/114.0.0.0 Safari/537.36 OPR/89.0.4447.51"
162.0.235.240 - - [29/Apr/2025:05:22:01 -0400] "GET /wp-content/plugins/contact-form-7-style/admin/predefined-templates.json HTTP/1.1" 200 1323 "-" "WordPress/6.8; https://batconpakistan.org"
102.129.223.92 - - [29/Apr/2025:05:21:56 -0400] "GET / HTTP/1.1" 200 23484 "-" "Mozilla/5.0 (Windows NT 10.0; Win64; x64) AppleWebKit/537.36 (KHTML, like Gecko) Chrome/114.0.0.0 Safari/537.36 OPR/89.0.4447.51"
162.0.235.240 - - [29/Apr/2025:05:22:09 -0400] "GET /wp-content/plugins/contact-form-7-style/admin/predefined-templates.json HTTP/1.1" 200 1323 "-" "WordPress/6.8; https://batconpakistan.org"
102.129.223.92 - - [29/Apr/2025:05:22:07 -0400] "GET /contact-us/ HTTP/1.1" 200 17602 "https://batconpakistan.org/contact-us/%09%092024-06-18+18:56%09Ready+contact+form+successfully+found%09http://batconpakistan.org%09%09%09https://twitter.com/intent%09%09https://www.linkedin.com/shareArticle" "Mozilla/5.0 (Windows NT 10.0; Win64; x64) AppleWebKit/537.36 (KHTML, like Gecko) Chrome/114.0.0.0 Safari/537.36 OPR/89.0.4447.51"
162.0.235.240 - - [29/Apr/2025:05:22:12 -0400] "GET /wp-content/plugins/contact-form-7-style/admin/predefined-templates.json HTTP/1.1" 200 1323 "-" "WordPress/6.8; https://batconpakistan.org"
102.129.223.92 - - [29/Apr/2025:05:22:11 -0400] "POST /wp-json/contact-form-7/v1/contact-forms/1324/feedback HTTP/1.1" 200 235 "https://batconpakistan.org/contact-us/" "Mozilla/5.0 (Windows NT 10.0; Win64; x64) AppleWebKit/537.36 (KHTML, like Gecko) Chrome/114.0.0.0 Safari/537.36 OPR/89.0.4447.51"
162.0.235.240 - - [29/Apr/2025:05:33:15 -0400] "GET /wp-content/plugins/contact-form-7-style/admin/predefined-templates.json HTTP/1.1" 200 1323 "-" "WordPress/6.8; https://batconpakistan.org"
162.0.235.240 - - [29/Apr/2025:05:33:16 -0400] "POST /wp-cron.php?doing_wp_cron=1745919196.8398768901824951171875 HTTP/1.1" 200 0 "-" "WordPress/6.8; https://batconpakistan.org"
162.0.235.240 - - [29/Apr/2025:05:33:18 -0400] "GET /wp-content/plugins/contact-form-7-style/admin/predefined-templates.json HTTP/1.1" 200 1323 "-" "WordPress/6.8; https://batconpakistan.org"
52.167.144.140 - - [29/Apr/2025:05:33:06 -0400] "GET /Test-Measure-&-Inspect-Overhead-Crane-Structure-Kit-Walthers-Life-823856-Crane-Scales/ HTTP/1.1" 200 16008 "-" "Mozilla/5.0 AppleWebKit/537.36 (KHTML, like Gecko; compatible; bingbot/2.0; +http://www.bing.com/bingbot.htm) Chrome/116.0.1938.76 Safari/537.36"
162.0.235.240 - - [29/Apr/2025:05:33:18 -0400] "POST /wp-admin/admin-ajax.php?action=async_litespeed&nonce=3R2UId0HSIBau5HGlgJd8nhZYx3GOi3L&litespeed_type=imgoptm HTTP/1.1" 200 0 "-" "WordPress/6.8; https://batconpakistan.org"
162.0.235.240 - - [29/Apr/2025:05:33:21 -0400] "GET /wp-content/plugins/contact-form-7-style/admin/predefined-templates.json HTTP/1.1" 200 1323 "-" "WordPress/6.8; https://batconpakistan.org"
38.170.124.115 - - [29/Apr/2025:05:33:24 -0400] "GET /contact-us/ HTTP/1.1" 200 17602 "https://batconpakistan.org/contact-us/" "Mozilla/5.0 (Windows NT 6.1; Win64; x64) AppleWebKit/537.36 (KHTML, like Gecko) Chrome/67.0.3396.87 Safari/537.36"
162.0.235.240 - - [29/Apr/2025:05:33:27 -0400] "GET /wp-content/plugins/contact-form-7-style/admin/predefined-templates.json HTTP/1.1" 200 1323 "-" "WordPress/6.8; https://batconpakistan.org"
38.170.124.115 - - [29/Apr/2025:05:33:26 -0400] "POST /contact-us/ HTTP/1.1" 200 17688 "https://batconpakistan.org/contact-us/" "Mozilla/5.0 (Windows NT 6.1; Win64; x64) AppleWebKit/537.36 (KHTML, like Gecko) Chrome/67.0.3396.87 Safari/537.36"
162.0.235.240 - - [29/Apr/2025:05:37:30 -0400] "GET /wp-content/plugins/contact-form-7-style/admin/predefined-templates.json HTTP/1.1" 200 1323 "-" "WordPress/6.8; https://batconpakistan.org"
162.0.235.240 - - [29/Apr/2025:05:37:31 -0400] "POST /wp-cron.php?doing_wp_cron=1745919450.9673008918762207031250 HTTP/1.1" 200 0 "-" "WordPress/6.8; https://batconpakistan.org"
17.241.219.225 - - [29/Apr/2025:05:37:24 -0400] "GET /upcoming-events/ HTTP/1.1" 200 17027 "-" "Mozilla/5.0 (Macintosh; Intel Mac OS X 10_15_7) AppleWebKit/605.1.15 (KHTML, like Gecko) Version/17.4 Safari/605.1.15 (Applebot/0.1; +http://www.apple.com/go/applebot)"
162.0.235.240 - - [29/Apr/2025:05:37:32 -0400] "GET /wp-content/plugins/contact-form-7-style/admin/predefined-templates.json HTTP/1.1" 200 1323 "-" "WordPress/6.8; https://batconpakistan.org"
162.0.235.240 - - [29/Apr/2025:05:37:33 -0400] "POST /wp-admin/admin-ajax.php?action=async_litespeed&nonce=pKKzde1cDGHpC69dMB8Sdzce183jDad6&litespeed_type=imgoptm HTTP/1.1" 200 0 "-" "WordPress/6.8; https://batconpakistan.org"
162.0.235.240 - - [29/Apr/2025:05:37:34 -0400] "GET /wp-content/plugins/contact-form-7-style/admin/predefined-templates.json HTTP/1.1" 200 1323 "-" "WordPress/6.8; https://batconpakistan.org"
17.246.15.60 - - [29/Apr/2025:05:41:47 -0400] "GET /wp-content/uploads/dynamic-mobmenu.css?ver=2.8.7-922 HTTP/1.1" 200 1744 "https://batconpakistan.org/upcoming-events/" "Mozilla/5.0 (Macintosh; Intel Mac OS X 10_15_7) AppleWebKit/605.1.15 (KHTML, like Gecko) Version/17.4 Safari/605.1.15 (Applebot/0.1; +http://www.apple.com/go/applebot)"
17.246.23.235 - - [29/Apr/2025:05:41:48 -0400] "GET /wp-content/plugins/charitable/assets/js/charitable-session.min.js?ver=1.8.5.2 HTTP/1.1" 304 0 "https://batconpakistan.org/upcoming-events/" "Mozilla/5.0 (Macintosh; Intel Mac OS X 10_15_7) AppleWebKit/605.1.15 (KHTML, like Gecko) Version/17.4 Safari/605.1.15 (Applebot/0.1; +http://www.apple.com/go/applebot)"
17.246.23.229 - - [29/Apr/2025:05:41:48 -0400] "GET /wp-content/plugins/charitable/assets/js/libraries/js-cookie.min.js?ver=2.1.4 HTTP/1.1" 304 0 "https://batconpakistan.org/upcoming-events/" "Mozilla/5.0 (Macintosh; Intel Mac OS X 10_15_7) AppleWebKit/605.1.15 (KHTML, like Gecko) Version/17.4 Safari/605.1.15 (Applebot/0.1; +http://www.apple.com/go/applebot)"
17.246.23.113 - - [29/Apr/2025:05:41:49 -0400] "GET /wp-includes/js/jquery/jquery.min.js?ver=3.7.1 HTTP/1.1" 304 0 "https://batconpakistan.org/upcoming-events/" "Mozilla/5.0 (Macintosh; Intel Mac OS X 10_15_7) AppleWebKit/605.1.15 (KHTML, like Gecko) Version/17.4 Safari/605.1.15 (Applebot/0.1; +http://www.apple.com/go/applebot)"
17.246.23.113 - - [29/Apr/2025:05:41:49 -0400] "GET /wp-content/plugins/woocommerce/assets/js/frontend/woocommerce.min.js?ver=9.8.2 HTTP/1.1" 304 0 "https://batconpakistan.org/upcoming-events/" "Mozilla/5.0 (Macintosh; Intel Mac OS X 10_15_7) AppleWebKit/605.1.15 (KHTML, like Gecko) Version/17.4 Safari/605.1.15 (Applebot/0.1; +http://www.apple.com/go/applebot)"
17.246.19.66 - - [29/Apr/2025:05:41:49 -0400] "GET /wp-includes/js/jquery/jquery-migrate.min.js?ver=3.4.1 HTTP/1.1" 304 0 "https://batconpakistan.org/upcoming-events/" "Mozilla/5.0 (Macintosh; Intel Mac OS X 10_15_7) AppleWebKit/605.1.15 (KHTML, like Gecko) Version/17.4 Safari/605.1.15 (Applebot/0.1; +http://www.apple.com/go/applebot)"
17.246.23.70 - - [29/Apr/2025:05:41:50 -0400] "GET /wp-content/plugins/revslider/public/assets/js/jquery.themepunch.tools.min.js?ver=5.3.1.5 HTTP/1.1" 304 0 "https://batconpakistan.org/upcoming-events/" "Mozilla/5.0 (Macintosh; Intel Mac OS X 10_15_7) AppleWebKit/605.1.15 (KHTML, like Gecko) Version/17.4 Safari/605.1.15 (Applebot/0.1; +http://www.apple.com/go/applebot)"
17.246.19.36 - - [29/Apr/2025:05:41:50 -0400] "GET /wp-content/plugins/revslider/public/assets/js/jquery.themepunch.revolution.min.js?ver=5.3.1.5 HTTP/1.1" 304 0 "https://batconpakistan.org/upcoming-events/" "Mozilla/5.0 (Macintosh; Intel Mac OS X 10_15_7) AppleWebKit/605.1.15 (KHTML, like Gecko) Version/17.4 Safari/605.1.15 (Applebot/0.1; +http://www.apple.com/go/applebot)"
17.246.23.235 - - [29/Apr/2025:05:41:50 -0400] "GET /wp-includes/js/dist/hooks.min.js?ver=4d63a3d491d11ffd8ac6 HTTP/1.1" 304 0 "https://batconpakistan.org/upcoming-events/" "Mozilla/5.0 (Macintosh; Intel Mac OS X 10_15_7) AppleWebKit/605.1.15 (KHTML, like Gecko) Version/17.4 Safari/605.1.15 (Applebot/0.1; +http://www.apple.com/go/applebot)"
17.246.19.34 - - [29/Apr/2025:05:41:51 -0400] "GET /wp-content/plugins/woocommerce/assets/js/jquery-blockui/jquery.blockUI.min.js?ver=2.7.0-wc.9.8.2 HTTP/1.1" 304 0 "https://batconpakistan.org/upcoming-events/" "Mozilla/5.0 (Macintosh; Intel Mac OS X 10_15_7) AppleWebKit/605.1.15 (KHTML, like Gecko) Version/17.4 Safari/605.1.15 (Applebot/0.1; +http://www.apple.com/go/applebot)"
17.246.19.36 - - [29/Apr/2025:05:41:51 -0400] "GET /wp-includes/js/dist/i18n.min.js?ver=5e580eb46a90c2b997e6 HTTP/1.1" 304 0 "https://batconpakistan.org/upcoming-events/" "Mozilla/5.0 (Macintosh; Intel Mac OS X 10_15_7) AppleWebKit/605.1.15 (KHTML, like Gecko) Version/17.4 Safari/605.1.15 (Applebot/0.1; +http://www.apple.com/go/applebot)"
17.246.19.254 - - [29/Apr/2025:05:41:51 -0400] "GET /wp-content/plugins/woocommerce/assets/js/frontend/add-to-cart.min.js?ver=9.8.2 HTTP/1.1" 304 0 "https://batconpakistan.org/upcoming-events/" "Mozilla/5.0 (Macintosh; Intel Mac OS X 10_15_7) AppleWebKit/605.1.15 (KHTML, like Gecko) Version/17.4 Safari/605.1.15 (Applebot/0.1; +http://www.apple.com/go/applebot)"
17.246.19.7 - - [29/Apr/2025:05:41:51 -0400] "GET /wp-content/plugins/charitable/assets/js/charitable-frontend.min.js?ver=1.8.5.2 HTTP/1.1" 304 0 "https://batconpakistan.org/upcoming-events/" "Mozilla/5.0 (Macintosh; Intel Mac OS X 10_15_7) AppleWebKit/605.1.15 (KHTML, like Gecko) Version/17.4 Safari/605.1.15 (Applebot/0.1; +http://www.apple.com/go/applebot)"
17.246.19.66 - - [29/Apr/2025:05:41:52 -0400] "GET /wp-content/themes/born-to-give/vendor/fullcalendar/lib/moment.min.js?ver=2.3.1.8 HTTP/1.1" 304 0 "https://batconpakistan.org/upcoming-events/" "Mozilla/5.0 (Macintosh; Intel Mac OS X 10_15_7) AppleWebKit/605.1.15 (KHTML, like Gecko) Version/17.4 Safari/605.1.15 (Applebot/0.1; +http://www.apple.com/go/applebot)"
17.246.19.51 - - [29/Apr/2025:05:41:52 -0400] "GET /wp-content/themes/born-to-give/vendor/magnific/jquery.magnific-popup.min.js?ver=2.3.1.8 HTTP/1.1" 304 0 "https://batconpakistan.org/upcoming-events/" "Mozilla/5.0 (Macintosh; Intel Mac OS X 10_15_7) AppleWebKit/605.1.15 (KHTML, like Gecko) Version/17.4 Safari/605.1.15 (Applebot/0.1; +http://www.apple.com/go/applebot)"
17.246.15.211 - - [29/Apr/2025:05:41:52 -0400] "GET /wp-content/plugins/contact-form-7-style/js/frontend-min.js?ver=3.1.9 HTTP/1.1" 304 0 "https://batconpakistan.org/upcoming-events/" "Mozilla/5.0 (Macintosh; Intel Mac OS X 10_15_7) AppleWebKit/605.1.15 (KHTML, like Gecko) Version/17.4 Safari/605.1.15 (Applebot/0.1; +http://www.apple.com/go/applebot)"
17.246.15.17 - - [29/Apr/2025:05:41:52 -0400] "GET /wp-content/themes/born-to-give/vendor/owl-carousel/js/owl.carousel.min.js?ver=2.3.1.8 HTTP/1.1" 304 0 "https://batconpakistan.org/upcoming-events/" "Mozilla/5.0 (Macintosh; Intel Mac OS X 10_15_7) AppleWebKit/605.1.15 (KHTML, like Gecko) Version/17.4 Safari/605.1.15 (Applebot/0.1; +http://www.apple.com/go/applebot)"
17.246.23.70 - - [29/Apr/2025:05:41:53 -0400] "GET /wp-content/plugins/js_composer/assets/js/dist/js_composer_front.min.js?ver=6.5.0 HTTP/1.1" 304 0 "https://batconpakistan.org/upcoming-events/" "Mozilla/5.0 (Macintosh; Intel Mac OS X 10_15_7) AppleWebKit/605.1.15 (KHTML, like Gecko) Version/17.4 Safari/605.1.15 (Applebot/0.1; +http://www.apple.com/go/applebot)"
17.246.19.7 - - [29/Apr/2025:05:41:53 -0400] "GET /wp-content/themes/born-to-give/vendor/fullcalendar/fullcalendar.min.js?ver=2.3.1.8 HTTP/1.1" 304 0 "https://batconpakistan.org/upcoming-events/" "Mozilla/5.0 (Macintosh; Intel Mac OS X 10_15_7) AppleWebKit/605.1.15 (KHTML, like Gecko) Version/17.4 Safari/605.1.15 (Applebot/0.1; +http://www.apple.com/go/applebot)"
17.246.23.113 - - [29/Apr/2025:05:41:53 -0400] "GET /wp-content/plugins/woocommerce/assets/js/sourcebuster/sourcebuster.min.js?ver=9.8.2 HTTP/1.1" 304 0 "https://batconpakistan.org/upcoming-events/" "Mozilla/5.0 (Macintosh; Intel Mac OS X 10_15_7) AppleWebKit/605.1.15 (KHTML, like Gecko) Version/17.4 Safari/605.1.15 (Applebot/0.1; +http://www.apple.com/go/applebot)"
17.246.19.66 - - [29/Apr/2025:05:41:55 -0400] "GET /wp-content/plugins/woocommerce/assets/js/frontend/order-attribution.min.js?ver=9.8.2 HTTP/1.1" 304 0 "https://batconpakistan.org/upcoming-events/" "Mozilla/5.0 (Macintosh; Intel Mac OS X 10_15_7) AppleWebKit/605.1.15 (KHTML, like Gecko) Version/17.4 Safari/605.1.15 (Applebot/0.1; +http://www.apple.com/go/applebot)"
17.246.15.211 - - [29/Apr/2025:05:41:55 -0400] "GET /wp-content/plugins/autoptimize/classes/external/js/lazysizes.min.js?ao_version=3.1.13 HTTP/1.1" 304 0 "https://batconpakistan.org/upcoming-events/" "Mozilla/5.0 (Macintosh; Intel Mac OS X 10_15_7) AppleWebKit/605.1.15 (KHTML, like Gecko) Version/17.4 Safari/605.1.15 (Applebot/0.1; +http://www.apple.com/go/applebot)"
162.14.71.213 - - [29/Apr/2025:05:45:22 -0400] "POST /xmlrpc.php HTTP/1.1" 403 1242 "-" "Mozilla/5.0 (X11; Fedora; Linux x86_64; rv:94.0) Gecko/20100101 Firefox/95.0"
130.44.201.123 - - [29/Apr/2025:06:00:32 -0400] "GET /contact-us/ HTTP/1.1" 200 17602 "-" "Mozilla/5.0 (Windows NT 10.0; Win64; x64) AppleWebKit/537.36 (KHTML, like Gecko) Chrome/114.0.0.0 Safari/537.36 OPR/89.0.4447.51"
162.0.235.240 - - [29/Apr/2025:06:00:59 -0400] "GET /wp-content/plugins/contact-form-7-style/admin/predefined-templates.json HTTP/1.1" 200 1323 "-" "WordPress/6.8; https://batconpakistan.org"
162.0.235.240 - - [29/Apr/2025:06:01:04 -0400] "POST /wp-cron.php?doing_wp_cron=1745920864.5032670497894287109375 HTTP/1.1" 200 0 "-" "WordPress/6.8; https://batconpakistan.org"
162.0.235.240 - - [29/Apr/2025:06:01:06 -0400] "GET /wp-content/plugins/contact-form-7-style/admin/predefined-templates.json HTTP/1.1" 200 1323 "-" "WordPress/6.8; https://batconpakistan.org"
130.44.201.123 - - [29/Apr/2025:06:00:40 -0400] "POST /wp-json/contact-form-7/v1/contact-forms/1324/feedback HTTP/1.1" 200 235 "https://batconpakistan.org/contact-us/" "Mozilla/5.0 (Windows NT 10.0; Win64; x64) AppleWebKit/537.36 (KHTML, like Gecko) Chrome/114.0.0.0 Safari/537.36 OPR/89.0.4447.51"
162.0.235.240 - - [29/Apr/2025:06:01:07 -0400] "POST /wp-admin/admin-ajax.php?action=async_litespeed&nonce=LogYXyulS9hp1GZuRfCXYaAHRWOLU9q4&litespeed_type=imgoptm HTTP/1.1" 200 0 "-" "WordPress/6.8; https://batconpakistan.org"
162.0.235.240 - - [29/Apr/2025:06:01:10 -0400] "GET /wp-content/plugins/contact-form-7-style/admin/predefined-templates.json HTTP/1.1" 200 1323 "-" "WordPress/6.8; https://batconpakistan.org"
162.0.235.240 - - [29/Apr/2025:06:11:31 -0400] "GET /wp-content/plugins/contact-form-7-style/admin/predefined-templates.json HTTP/1.1" 200 1323 "-" "WordPress/6.8; https://batconpakistan.org"
162.0.235.240 - - [29/Apr/2025:06:11:35 -0400] "POST /wp-cron.php?doing_wp_cron=1745921494.9616949558258056640625 HTTP/1.1" 200 0 "-" "WordPress/6.8; https://batconpakistan.org"
162.0.235.240 - - [29/Apr/2025:06:11:37 -0400] "GET /wp-content/plugins/contact-form-7-style/admin/predefined-templates.json HTTP/1.1" 200 1323 "-" "WordPress/6.8; https://batconpakistan.org"
2a03:2880:f800:c:: - - [29/Apr/2025:06:11:19 -0400] "GET /category/touseef-ahmed/ HTTP/1.1" 200 28421 "-" "meta-externalagent/1.1 (+https://developers.facebook.com/docs/sharing/webmasters/crawler)"
162.0.235.240 - - [29/Apr/2025:06:11:38 -0400] "POST /wp-admin/admin-ajax.php?action=async_litespeed&nonce=Gre0JDlz3JwiGCgoN3IKn9PbCNPuewK6&litespeed_type=imgoptm HTTP/1.1" 200 0 "-" "WordPress/6.8; https://batconpakistan.org"
162.0.235.240 - - [29/Apr/2025:06:11:40 -0400] "GET /wp-content/plugins/contact-form-7-style/admin/predefined-templates.json HTTP/1.1" 200 1323 "-" "WordPress/6.8; https://batconpakistan.org"
162.0.235.240 - - [29/Apr/2025:06:12:00 -0400] "GET /wp-content/plugins/contact-form-7-style/admin/predefined-templates.json HTTP/1.1" 200 1323 "-" "WordPress/6.8; https://batconpakistan.org"
162.0.235.240 - - [29/Apr/2025:06:12:01 -0400] "POST /wp-cron.php?doing_wp_cron=1745921520.7795019149780273437500 HTTP/1.1" 200 0 "-" "WordPress/6.8; https://batconpakistan.org"
51.222.253.7 - - [29/Apr/2025:06:11:58 -0400] "GET /Industrial-Electrical-A-Male-Left-Angled-degree-Cable-cm-412708-USB-Cables/ HTTP/1.1" 404 15890 "-" "Mozilla/5.0 (compatible; AhrefsBot/7.0; +http://ahrefs.com/robot/)"
162.0.235.240 - - [29/Apr/2025:06:12:02 -0400] "GET /wp-content/plugins/contact-form-7-style/admin/predefined-templates.json HTTP/1.1" 200 1323 "-" "WordPress/6.8; https://batconpakistan.org"
162.0.235.240 - - [29/Apr/2025:06:13:59 -0400] "GET /wp-content/plugins/contact-form-7-style/admin/predefined-templates.json HTTP/1.1" 200 1323 "-" "WordPress/6.8; https://batconpakistan.org"
162.0.235.240 - - [29/Apr/2025:06:14:00 -0400] "POST /wp-cron.php?doing_wp_cron=1745921640.0753529071807861328125 HTTP/1.1" 200 0 "-" "WordPress/6.8; https://batconpakistan.org"
87.250.224.221 - - [29/Apr/2025:06:13:55 -0400] "GET /blog-grid/href HTTP/1.1" 200 16009 "-" "Mozilla/5.0 (compatible; YandexFavicons/1.0; +http://yandex.com/bots)"
162.0.235.240 - - [29/Apr/2025:06:14:02 -0400] "GET /wp-content/plugins/contact-form-7-style/admin/predefined-templates.json HTTP/1.1" 200 1323 "-" "WordPress/6.8; https://batconpakistan.org"
162.0.235.240 - - [29/Apr/2025:06:14:03 -0400] "POST /wp-admin/admin-ajax.php?action=async_litespeed&nonce=Txl6tqFkLjowe9oaF0dmpyLzNpjxH4HV&litespeed_type=imgoptm HTTP/1.1" 200 0 "-" "WordPress/6.8; https://batconpakistan.org"
162.0.235.240 - - [29/Apr/2025:06:14:04 -0400] "GET /wp-content/plugins/contact-form-7-style/admin/predefined-templates.json HTTP/1.1" 200 1323 "-" "WordPress/6.8; https://batconpakistan.org"
162.0.235.240 - - [29/Apr/2025:06:14:22 -0400] "GET /wp-content/plugins/contact-form-7-style/admin/predefined-templates.json HTTP/1.1" 200 1323 "-" "WordPress/6.8; https://batconpakistan.org"
198.98.48.90 - - [29/Apr/2025:06:14:21 -0400] "GET /wp-login.php HTTP/1.1" 200 1888 "-" "Mozilla/5.0 (Windows NT 6.3; WOW64) AppleWebKit/537.36 (KHTML, like Gecko) Chrome/35.0.1916.153 Safari/537.36"
162.0.235.240 - - [29/Apr/2025:06:14:25 -0400] "GET /wp-content/plugins/contact-form-7-style/admin/predefined-templates.json HTTP/1.1" 200 1323 "-" "WordPress/6.8; https://batconpakistan.org"
198.98.48.90 - - [29/Apr/2025:06:14:24 -0400] "POST /wp-login.php HTTP/1.1" 200 2044 "-" "Mozilla/5.0 (Windows NT 6.3; WOW64) AppleWebKit/537.36 (KHTML, like Gecko) Chrome/35.0.1916.153 Safari/537.36"
196.251.80.168 - - [29/Apr/2025:06:14:39 -0400] "GET / HTTP/1.1" 200 23484 "-" "Mozlila/5.0 (Linux; Android 7.0; SM-G892A Bulid/NRD90M; wv) AppleWebKit/537.36 (KHTML, like Gecko) Version/4.0 Chrome/60.0.3112.107 Moblie Safari/537.36"
162.0.235.240 - - [29/Apr/2025:06:14:41 -0400] "GET /wp-content/plugins/contact-form-7-style/admin/predefined-templates.json HTTP/1.1" 200 1323 "-" "WordPress/6.8; https://batconpakistan.org"
162.0.235.240 - - [29/Apr/2025:06:14:41 -0400] "GET /wp-content/plugins/contact-form-7-style/admin/predefined-templates.json HTTP/1.1" 200 1323 "-" "WordPress/6.8; https://batconpakistan.org"
162.0.235.240 - - [29/Apr/2025:06:14:41 -0400] "GET /wp-content/plugins/contact-form-7-style/admin/predefined-templates.json HTTP/1.1" 200 1323 "-" "WordPress/6.8; https://batconpakistan.org"
162.0.235.240 - - [29/Apr/2025:06:14:41 -0400] "GET /wp-content/plugins/contact-form-7-style/admin/predefined-templates.json HTTP/1.1" 200 1323 "-" "WordPress/6.8; https://batconpakistan.org"
196.251.80.168 - - [29/Apr/2025:06:14:39 -0400] "POST /ALFA_DATA/alfacgiapi/perl.alfa HTTP/1.1" 404 15845 "www.google.com" "Mozlila/5.0 (Linux; Android 7.0; SM-G892A Bulid/NRD90M; wv) AppleWebKit/537.36 (KHTML, like Gecko) Version/4.0 Chrome/60.0.3112.107 Moblie Safari/537.36"
196.251.80.168 - - [29/Apr/2025:06:14:39 -0400] "POST /wp-plain.php HTTP/1.1" 404 15845 "www.google.com" "Mozilla/5.0 (Linux; Android 7.0; SM-G892A Bulid/NRD90M; wv) AppleWebKit/537.36 (KHTML, like Gecko) Version/4.0 Chrome/60.0.3112.107 Moblie Safari/537.36"
196.251.80.168 - - [29/Apr/2025:06:14:39 -0400] "GET /wp-content/themes/seotheme/db.php?u HTTP/1.1" 404 15890 "www.google.com" "Mozlila/5.0 (Linux; Android 7.0; SM-G892A Bulid/NRD90M; wv) AppleWebKit/537.36 (KHTML, like Gecko) Version/4.0 Chrome/60.0.3112.107 Moblie Safari/537.36"
196.251.80.168 - - [29/Apr/2025:06:14:39 -0400] "GET /wp-content/plugins/apikey/apikey.php?test=hello HTTP/1.1" 404 15894 "-" "Mozlila/5.0 (Linux; Android 7.0; SM-G892A Bulid/NRD90M; wv) AppleWebKit/537.36 (KHTML, like Gecko) Version/4.0 Chrome/60.0.3112.107 Moblie Safari/537.36"
196.251.80.168 - - [29/Apr/2025:06:14:43 -0400] "GET /wp-content/themes/seotheme/db.php?u HTTP/1.1" 404 15890 "www.google.com" "Mozlila/5.0 (Linux; Android 7.0; SM-G892A Bulid/NRD90M; wv) AppleWebKit/537.36 (KHTML, like Gecko) Version/4.0 Chrome/60.0.3112.107 Moblie Safari/537.36"
162.0.235.240 - - [29/Apr/2025:06:14:44 -0400] "GET /wp-content/plugins/contact-form-7-style/admin/predefined-templates.json HTTP/1.1" 200 1323 "-" "WordPress/6.8; https://batconpakistan.org"
162.0.235.240 - - [29/Apr/2025:06:14:44 -0400] "GET /wp-content/plugins/contact-form-7-style/admin/predefined-templates.json HTTP/1.1" 200 1323 "-" "WordPress/6.8; https://batconpakistan.org"
196.251.80.168 - - [29/Apr/2025:06:14:42 -0400] "POST /alfacgiapi/perl.alfa HTTP/1.1" 404 15841 "www.google.com" "Mozlila/5.0 (Linux; Android 7.0; SM-G892A Bulid/NRD90M; wv) AppleWebKit/537.36 (KHTML, like Gecko) Version/4.0 Chrome/60.0.3112.107 Moblie Safari/537.36"
162.0.235.240 - - [29/Apr/2025:06:14:44 -0400] "GET /wp-content/plugins/contact-form-7-style/admin/predefined-templates.json HTTP/1.1" 200 1323 "-" "WordPress/6.8; https://batconpakistan.org"
196.251.80.168 - - [29/Apr/2025:06:14:42 -0400] "GET /njabyvhg.php?Fox=d3wL7 HTTP/1.1" 404 15888 "www.google.com" "Mozilla/5.0 (Linux; Android 7.0; SM-G892A Bulid/NRD90M; wv) AppleWebKit/537.36 (KHTML, like Gecko) Version/4.0 Chrome/60.0.3112.107 Moblie Safari/537.36"
196.251.80.168 - - [29/Apr/2025:06:14:43 -0400] "GET /plugins/content/apismtp/apismtp.php?test=hello HTTP/1.1" 404 15890 "-" "Mozlila/5.0 (Linux; Android 7.0; SM-G892A Bulid/NRD90M; wv) AppleWebKit/537.36 (KHTML, like Gecko) Version/4.0 Chrome/60.0.3112.107 Moblie Safari/537.36"
162.0.235.240 - - [29/Apr/2025:06:14:47 -0400] "GET /wp-content/plugins/contact-form-7-style/admin/predefined-templates.json HTTP/1.1" 200 1323 "-" "WordPress/6.8; https://batconpakistan.org"
196.251.80.168 - - [29/Apr/2025:06:14:46 -0400] "GET /wp-content/plugins/apikey/apikey.php.suspected?test=hello HTTP/1.1" 404 15889 "-" "Mozlila/5.0 (Linux; Android 7.0; SM-G892A Bulid/NRD90M; wv) AppleWebKit/537.36 (KHTML, like Gecko) Version/4.0 Chrome/60.0.3112.107 Moblie Safari/537.36"
162.0.235.240 - - [29/Apr/2025:06:14:50 -0400] "GET /wp-content/plugins/contact-form-7-style/admin/predefined-templates.json HTTP/1.1" 200 1323 "-" "WordPress/6.8; https://batconpakistan.org"
196.251.80.168 - - [29/Apr/2025:06:14:48 -0400] "GET /plugins/content/apismtp/apismtp.php.suspected?test=hello HTTP/1.1" 404 15888 "-" "Mozlila/5.0 (Linux; Android 7.0; SM-G892A Bulid/NRD90M; wv) AppleWebKit/537.36 (KHTML, like Gecko) Version/4.0 Chrome/60.0.3112.107 Moblie Safari/537.36"
162.0.235.240 - - [29/Apr/2025:06:14:52 -0400] "GET /wp-content/plugins/contact-form-7-style/admin/predefined-templates.json HTTP/1.1" 200 1323 "-" "WordPress/6.8; https://batconpakistan.org"
5.255.231.56 - - [29/Apr/2025:06:14:50 -0400] "GET /team/dr-shafique-ahmed-awan/href HTTP/1.1" 404 15888 "-" "Mozilla/5.0 (compatible; YandexFavicons/1.0; +http://yandex.com/bots)"
162.0.235.240 - - [29/Apr/2025:06:14:56 -0400] "GET /wp-content/plugins/contact-form-7-style/admin/predefined-templates.json HTTP/1.1" 200 1323 "-" "WordPress/6.8; https://batconpakistan.org"
51.222.253.17 - - [29/Apr/2025:06:14:54 -0400] "GET /Industrial-Electrical-9P-Rs-Cable-Datalogic-Scanning-347764-Power-Cables/ HTTP/1.1" 404 15890 "-" "Mozilla/5.0 (compatible; AhrefsBot/7.0; +http://ahrefs.com/robot/)"
119.42.145.234 - - [29/Apr/2025:06:18:30 -0400] "GET /static/common/user/uedit/php/controller.php?action=catchimage HTTP/1.1" 200 0 "-" "Mozilla/5.0 (Windows NT 10.0; WOW64; rv:48.0) Gecko/20100101 Firefox/48.0"
162.0.235.240 - - [29/Apr/2025:06:18:42 -0400] "GET /wp-content/plugins/contact-form-7-style/admin/predefined-templates.json HTTP/1.1" 200 1323 "-" "WordPress/6.8; https://batconpakistan.org"
162.0.235.240 - - [29/Apr/2025:06:18:46 -0400] "POST /wp-cron.php?doing_wp_cron=1745921925.9150168895721435546875 HTTP/1.1" 200 0 "-" "WordPress/6.8; https://batconpakistan.org"
162.0.235.240 - - [29/Apr/2025:06:18:47 -0400] "GET /wp-content/plugins/contact-form-7-style/admin/predefined-templates.json HTTP/1.1" 200 1323 "-" "WordPress/6.8; https://batconpakistan.org"
162.0.235.240 - - [29/Apr/2025:06:18:47 -0400] "POST /wp-admin/admin-ajax.php?action=async_litespeed&nonce=LIqTxc9fy6ZwEDmKtYBqIMAnx8LTOyfx&litespeed_type=imgoptm HTTP/1.1" 200 0 "-" "WordPress/6.8; https://batconpakistan.org"
162.0.235.240 - - [29/Apr/2025:06:18:49 -0400] "GET /wp-content/plugins/contact-form-7-style/admin/predefined-templates.json HTTP/1.1" 200 1323 "-" "WordPress/6.8; https://batconpakistan.org"
104.248.45.30 - - [29/Apr/2025:06:19:02 -0400] "POST /xmlrpc.php HTTP/1.1" 403 1242 "-" "Mozilla/5.0 (X11; Fedora; Linux x86_64; rv:94.0) Gecko/20100101 Firefox/95.0"
198.98.48.90 - - [29/Apr/2025:06:20:33 -0400] "GET /wp-login.php HTTP/1.1" 200 1888 "-" "Mozilla/5.0 (X11; Linux x86_64) AppleWebKit/537.36 (KHTML, like Gecko) Chrome/36.0.1985.143 Safari/537.36"
162.0.235.240 - - [29/Apr/2025:06:20:40 -0400] "GET /wp-content/plugins/contact-form-7-style/admin/predefined-templates.json HTTP/1.1" 200 1323 "-" "WordPress/6.8; https://batconpakistan.org"
162.0.235.240 - - [29/Apr/2025:06:20:41 -0400] "POST /wp-cron.php?doing_wp_cron=1745922041.1461629867553710937500 HTTP/1.1" 200 0 "-" "WordPress/6.8; https://batconpakistan.org"
198.98.48.90 - - [29/Apr/2025:06:20:34 -0400] "POST /wp-login.php HTTP/1.1" 200 2225 "-" "Mozilla/5.0 (X11; Linux x86_64) AppleWebKit/537.36 (KHTML, like Gecko) Chrome/36.0.1985.143 Safari/537.36"
162.0.235.240 - - [29/Apr/2025:06:20:42 -0400] "GET /wp-content/plugins/contact-form-7-style/admin/predefined-templates.json HTTP/1.1" 200 1323 "-" "WordPress/6.8; https://batconpakistan.org"
162.0.235.240 - - [29/Apr/2025:06:20:43 -0400] "POST /wp-admin/admin-ajax.php?action=async_litespeed&nonce=itVmmie9VH9qN13RQZXLDQTJiMhIltzj&litespeed_type=imgoptm HTTP/1.1" 200 0 "-" "WordPress/6.8; https://batconpakistan.org"
162.0.235.240 - - [29/Apr/2025:06:20:45 -0400] "GET /wp-content/plugins/contact-form-7-style/admin/predefined-templates.json HTTP/1.1" 200 1323 "-" "WordPress/6.8; https://batconpakistan.org"
162.0.235.240 - - [29/Apr/2025:06:22:15 -0400] "GET /wp-content/plugins/contact-form-7-style/admin/predefined-templates.json HTTP/1.1" 200 1323 "-" "WordPress/6.8; https://batconpakistan.org"
162.0.235.240 - - [29/Apr/2025:06:22:16 -0400] "POST /wp-cron.php?doing_wp_cron=1745922136.4347209930419921875000 HTTP/1.1" 200 0 "-" "WordPress/6.8; https://batconpakistan.org"
162.0.235.240 - - [29/Apr/2025:06:22:17 -0400] "GET /wp-content/plugins/contact-form-7-style/admin/predefined-templates.json HTTP/1.1" 200 1323 "-" "WordPress/6.8; https://batconpakistan.org"
51.222.253.13 - - [29/Apr/2025:06:22:11 -0400] "GET /Industrial-Electrical-80x80mm-DC-Fan-mm-pcs-314800-Computer-Heatsinks/ HTTP/1.1" 200 16009 "-" "Mozilla/5.0 (compatible; AhrefsBot/7.0; +http://ahrefs.com/robot/)"
162.0.235.240 - - [29/Apr/2025:06:22:17 -0400] "POST /wp-admin/admin-ajax.php?action=async_litespeed&nonce=gEJTH52AnNZVjaeE5lNiwitP5IBUzOEC&litespeed_type=imgoptm HTTP/1.1" 200 0 "-" "WordPress/6.8; https://batconpakistan.org"
162.0.235.240 - - [29/Apr/2025:06:22:18 -0400] "GET /wp-content/plugins/contact-form-7-style/admin/predefined-templates.json HTTP/1.1" 200 1323 "-" "WordPress/6.8; https://batconpakistan.org"
196.251.89.173 - - [29/Apr/2025:06:23:03 -0400] "GET / HTTP/1.1" 200 23484 "-" "Mozilla/5.0 (Windows NT 10.0; Win64; x64) AppleWebKit/537.36 (KHTML, like Gecko) Chrome/89.0.4389.114 Safari/537.36"
196.251.89.173 - - [29/Apr/2025:06:23:06 -0400] "GET //wp-includes/wlwmanifest.xml HTTP/1.1" 200 369 "-" "Mozilla/5.0 (Windows NT 10.0; Win64; x64) AppleWebKit/537.36 (KHTML, like Gecko) Chrome/89.0.4389.114 Safari/537.36"
196.251.89.173 - - [29/Apr/2025:06:23:07 -0400] "GET //?author=1 HTTP/1.1" 403 1242 "-" "Mozilla/5.0 (Windows NT 10.0; Win64; x64) AppleWebKit/537.36 (KHTML, like Gecko) Chrome/89.0.4389.114 Safari/537.36"
196.251.89.173 - - [29/Apr/2025:06:23:07 -0400] "GET //?author=2 HTTP/1.1" 403 1242 "-" "Mozilla/5.0 (Windows NT 10.0; Win64; x64) AppleWebKit/537.36 (KHTML, like Gecko) Chrome/89.0.4389.114 Safari/537.36"
196.251.89.173 - - [29/Apr/2025:06:23:08 -0400] "GET //?author=3 HTTP/1.1" 403 1242 "-" "Mozilla/5.0 (Windows NT 10.0; Win64; x64) AppleWebKit/537.36 (KHTML, like Gecko) Chrome/89.0.4389.114 Safari/537.36"
196.251.89.173 - - [29/Apr/2025:06:23:08 -0400] "GET //wp-json/wp/v2/users/ HTTP/1.1" 403 1242 "-" "Mozilla/5.0 (Windows NT 10.0; Win64; x64) AppleWebKit/537.36 (KHTML, like Gecko) Chrome/89.0.4389.114 Safari/537.36"
162.0.235.240 - - [29/Apr/2025:06:23:09 -0400] "GET /wp-content/plugins/contact-form-7-style/admin/predefined-templates.json HTTP/1.1" 200 1323 "-" "WordPress/6.8; https://batconpakistan.org"
196.251.89.173 - - [29/Apr/2025:06:23:08 -0400] "GET //wp-json/oembed/1.0/embed?url=https://batconpakistan.org/ HTTP/1.1" 200 5971 "-" "Mozilla/5.0 (Windows NT 10.0; Win64; x64) AppleWebKit/537.36 (KHTML, like Gecko) Chrome/89.0.4389.114 Safari/537.36"
196.251.89.173 - - [29/Apr/2025:06:23:13 -0400] "POST //xmlrpc.php HTTP/1.1" 403 1242 "-" "Mozilla/5.0 (Windows NT 10.0; Win64; x64) AppleWebKit/537.36 (KHTML, like Gecko) Chrome/89.0.4389.114 Safari/537.36"
162.0.235.240 - - [29/Apr/2025:06:24:21 -0400] "GET /wp-content/plugins/contact-form-7-style/admin/predefined-templates.json HTTP/1.1" 200 1323 "-" "WordPress/6.8; https://batconpakistan.org"
162.0.235.240 - - [29/Apr/2025:06:24:21 -0400] "POST /wp-cron.php?doing_wp_cron=1745922261.6232678890228271484375 HTTP/1.1" 200 0 "-" "WordPress/6.8; https://batconpakistan.org"
213.180.203.57 - - [29/Apr/2025:06:24:19 -0400] "GET /robots.txt HTTP/1.1" 200 183 "-" "Mozilla/5.0 (compatible; YandexBot/3.0; +http://yandex.com/bots)"
162.0.235.240 - - [29/Apr/2025:06:24:22 -0400] "GET /wp-content/plugins/contact-form-7-style/admin/predefined-templates.json HTTP/1.1" 200 1323 "-" "WordPress/6.8; https://batconpakistan.org"
162.0.235.240 - - [29/Apr/2025:06:24:23 -0400] "GET /wp-content/plugins/contact-form-7-style/admin/predefined-templates.json HTTP/1.1" 200 1323 "-" "WordPress/6.8; https://batconpakistan.org"
162.0.235.240 - - [29/Apr/2025:06:24:23 -0400] "POST /wp-admin/admin-ajax.php?action=async_litespeed&nonce=HLkxHNnfbeCpRfQR1YwUYvACymr77Wsp&litespeed_type=imgoptm HTTP/1.1" 200 0 "-" "WordPress/6.8; https://batconpakistan.org"
5.255.231.172 - - [29/Apr/2025:06:24:22 -0400] "GET /campaign_category/water/href HTTP/1.1" 404 15889 "-" "Mozilla/5.0 (compatible; YandexFavicons/1.0; +http://yandex.com/bots)"
162.0.235.240 - - [29/Apr/2025:06:24:24 -0400] "GET /wp-content/plugins/contact-form-7-style/admin/predefined-templates.json HTTP/1.1" 200 1323 "-" "WordPress/6.8; https://batconpakistan.org"
162.0.235.240 - - [29/Apr/2025:06:25:39 -0400] "GET /wp-content/plugins/contact-form-7-style/admin/predefined-templates.json HTTP/1.1" 200 1323 "-" "WordPress/6.8; https://batconpakistan.org"
162.0.235.240 - - [29/Apr/2025:06:25:40 -0400] "POST /wp-cron.php?doing_wp_cron=1745922340.2537510395050048828125 HTTP/1.1" 200 0 "-" "WordPress/6.8; https://batconpakistan.org"
51.222.253.1 - - [29/Apr/2025:06:25:38 -0400] "GET /Industrial-Electrical-5x11mm-FineGold-for-Audio-EFirst-pcs-257646-Capacitors/ HTTP/1.1" 404 15889 "-" "Mozilla/5.0 (compatible; AhrefsBot/7.0; +http://ahrefs.com/robot/)"
162.0.235.240 - - [29/Apr/2025:06:25:41 -0400] "GET /wp-content/plugins/contact-form-7-style/admin/predefined-templates.json HTTP/1.1" 200 1323 "-" "WordPress/6.8; https://batconpakistan.org"
162.0.235.240 - - [29/Apr/2025:06:25:43 -0400] "POST /wp-admin/admin-ajax.php?action=async_litespeed&nonce=5VnLolH8dauQQhcoUbyzTVkRo8B9MRno&litespeed_type=imgoptm HTTP/1.1" 200 0 "-" "WordPress/6.8; https://batconpakistan.org"
162.0.235.240 - - [29/Apr/2025:06:25:44 -0400] "GET /wp-content/plugins/contact-form-7-style/admin/predefined-templates.json HTTP/1.1" 200 1323 "-" "WordPress/6.8; https://batconpakistan.org"
162.0.235.240 - - [29/Apr/2025:06:29:48 -0400] "GET /wp-content/plugins/contact-form-7-style/admin/predefined-templates.json HTTP/1.1" 200 1323 "-" "WordPress/6.8; https://batconpakistan.org"
162.0.235.240 - - [29/Apr/2025:06:29:53 -0400] "POST /wp-cron.php?doing_wp_cron=1745922592.9022519588470458984375 HTTP/1.1" 200 0 "-" "WordPress/6.8; https://batconpakistan.org"
162.0.235.240 - - [29/Apr/2025:06:29:55 -0400] "GET /wp-content/plugins/contact-form-7-style/admin/predefined-templates.json HTTP/1.1" 200 1323 "-" "WordPress/6.8; https://batconpakistan.org"
51.222.253.11 - - [29/Apr/2025:06:29:35 -0400] "GET /Industrial-Electrical-5E-PORT-RMS-ICC-INTL-325788-Cat-5e-Cables/ HTTP/1.1" 200 16010 "-" "Mozilla/5.0 (compatible; AhrefsBot/7.0; +http://ahrefs.com/robot/)"
162.0.235.240 - - [29/Apr/2025:06:29:55 -0400] "POST /wp-admin/admin-ajax.php?action=async_litespeed&nonce=n60iyxMWjiVEzCq3AD1IJAwmNPwNgOWx&litespeed_type=imgoptm HTTP/1.1" 200 0 "-" "WordPress/6.8; https://batconpakistan.org"
162.0.235.240 - - [29/Apr/2025:06:29:58 -0400] "GET /wp-content/plugins/contact-form-7-style/admin/predefined-templates.json HTTP/1.1" 200 1323 "-" "WordPress/6.8; https://batconpakistan.org"
162.0.235.240 - - [29/Apr/2025:06:32:38 -0400] "GET /wp-content/plugins/contact-form-7-style/admin/predefined-templates.json HTTP/1.1" 200 1323 "-" "WordPress/6.8; https://batconpakistan.org"
162.0.235.240 - - [29/Apr/2025:06:32:39 -0400] "POST /wp-cron.php?doing_wp_cron=1745922759.6379599571228027343750 HTTP/1.1" 200 0 "-" "WordPress/6.8; https://batconpakistan.org"
162.0.235.240 - - [29/Apr/2025:06:32:41 -0400] "GET /wp-content/plugins/contact-form-7-style/admin/predefined-templates.json HTTP/1.1" 200 1323 "-" "WordPress/6.8; https://batconpakistan.org"
51.222.253.6 - - [29/Apr/2025:06:32:29 -0400] "GET /shop/?add-to-cart=552 HTTP/1.1" 200 18199 "-" "Mozilla/5.0 (compatible; AhrefsBot/7.0; +http://ahrefs.com/robot/)"
162.0.235.240 - - [29/Apr/2025:06:32:42 -0400] "POST /wp-admin/admin-ajax.php?action=async_litespeed&nonce=hRJibT6Hs0a0HpHpmFnKUMaFGRqCbwW4&litespeed_type=imgoptm HTTP/1.1" 200 0 "-" "WordPress/6.8; https://batconpakistan.org"
162.0.235.240 - - [29/Apr/2025:06:32:44 -0400] "GET /wp-content/plugins/contact-form-7-style/admin/predefined-templates.json HTTP/1.1" 200 1323 "-" "WordPress/6.8; https://batconpakistan.org"
162.0.235.240 - - [29/Apr/2025:06:35:33 -0400] "GET /wp-content/plugins/contact-form-7-style/admin/predefined-templates.json HTTP/1.1" 200 1323 "-" "WordPress/6.8; https://batconpakistan.org"
162.0.235.240 - - [29/Apr/2025:06:35:34 -0400] "GET /wp-content/plugins/contact-form-7-style/admin/predefined-templates.json HTTP/1.1" 200 1323 "-" "WordPress/6.8; https://batconpakistan.org"
162.0.235.240 - - [29/Apr/2025:06:35:35 -0400] "POST /wp-cron.php?doing_wp_cron=1745922935.7678859233856201171875 HTTP/1.1" 200 0 "-" "WordPress/6.8; https://batconpakistan.org"
51.222.253.13 - - [29/Apr/2025:06:35:27 -0400] "GET /Industrial-Electrical-44S3002303N-286182-Switch-Encoders/ HTTP/1.1" 200 16010 "-" "Mozilla/5.0 (compatible; AhrefsBot/7.0; +http://ahrefs.com/robot/)"
2a03:2880:f800:5:: - - [29/Apr/2025:06:35:33 -0400] "GET /tag/bats/ HTTP/1.1" 200 21649 "-" "meta-externalagent/1.1 (+https://developers.facebook.com/docs/sharing/webmasters/crawler)"
162.0.235.240 - - [29/Apr/2025:06:35:37 -0400] "GET /wp-content/plugins/contact-form-7-style/admin/predefined-templates.json HTTP/1.1" 200 1323 "-" "WordPress/6.8; https://batconpakistan.org"
162.0.235.240 - - [29/Apr/2025:06:35:38 -0400] "POST /wp-admin/admin-ajax.php?action=async_litespeed&nonce=M78zWyxE394ocEEAfmmqI4WsBtEaUU08&litespeed_type=imgoptm HTTP/1.1" 200 0 "-" "WordPress/6.8; https://batconpakistan.org"
162.0.235.240 - - [29/Apr/2025:06:35:40 -0400] "GET /wp-content/plugins/contact-form-7-style/admin/predefined-templates.json HTTP/1.1" 200 1323 "-" "WordPress/6.8; https://batconpakistan.org"
162.0.235.240 - - [29/Apr/2025:06:36:31 -0400] "GET /wp-content/plugins/contact-form-7-style/admin/predefined-templates.json HTTP/1.1" 200 1323 "-" "WordPress/6.8; https://batconpakistan.org"
162.0.235.240 - - [29/Apr/2025:06:36:31 -0400] "POST /wp-cron.php?doing_wp_cron=1745922991.6040859222412109375000 HTTP/1.1" 200 0 "-" "WordPress/6.8; https://batconpakistan.org"
103.194.186.218 - - [29/Apr/2025:06:36:29 -0400] "GET /tools/upload_ajax.ashx?action=uploadimage HTTP/1.1" 301 0 "-" "Mozilla/5.0 (Windows NT 10.0; WOW64; rv:48.0) Gecko/20100101 Firefox/48.0"
162.0.235.240 - - [29/Apr/2025:06:36:33 -0400] "GET /wp-content/plugins/contact-form-7-style/admin/predefined-templates.json HTTP/1.1" 200 1323 "-" "WordPress/6.8; https://batconpakistan.org"
162.0.235.240 - - [29/Apr/2025:06:36:34 -0400] "GET /wp-content/plugins/contact-form-7-style/admin/predefined-templates.json HTTP/1.1" 200 1323 "-" "WordPress/6.8; https://batconpakistan.org"
162.0.235.240 - - [29/Apr/2025:06:36:34 -0400] "POST /wp-admin/admin-ajax.php?action=async_litespeed&nonce=7mwSe6hGPyrIslx8WbmHK2LPVVErCUDv&litespeed_type=imgoptm HTTP/1.1" 200 0 "-" "WordPress/6.8; https://batconpakistan.org"
103.194.186.218 - - [29/Apr/2025:06:36:33 -0400] "GET /tools/upload_ajax.ashx?action=uploadimage HTTP/1.1" 404 15890 "-" "Mozilla/5.0 (Windows NT 10.0; WOW64; rv:48.0) Gecko/20100101 Firefox/48.0"
162.0.235.240 - - [29/Apr/2025:06:36:35 -0400] "GET /wp-content/plugins/contact-form-7-style/admin/predefined-templates.json HTTP/1.1" 200 1323 "-" "WordPress/6.8; https://batconpakistan.org"
