162.0.235.240 - - [28/Apr/2025:07:29:08 -0400] "GET /wp-content/plugins/contact-form-7-style/admin/predefined-templates.json HTTP/1.1" 200 1323 "-" "WordPress/6.8; https://batconpakistan.org"
162.0.235.240 - - [28/Apr/2025:07:29:07 -0400] "POST /wp-admin/admin-ajax.php?action=async_litespeed&nonce=PKMLolMALNhTzWjWy8YEJt63ypIBzFBA&litespeed_type=imgoptm HTTP/1.1" 200 0 "-" "WordPress/6.8; https://batconpakistan.org"
13.94.89.74 - - [28/Apr/2025:07:29:07 -0400] "GET /wp-content/mu-plugins/about.php HTTP/1.1" 404 15877 "-" "-"
162.0.235.240 - - [28/Apr/2025:07:29:08 -0400] "GET /wp-content/plugins/contact-form-7-style/admin/predefined-templates.json HTTP/1.1" 200 1323 "-" "WordPress/6.8; https://batconpakistan.org"
162.0.235.240 - - [28/Apr/2025:07:29:10 -0400] "GET /wp-content/plugins/contact-form-7-style/admin/predefined-templates.json HTTP/1.1" 200 1323 "-" "WordPress/6.8; https://batconpakistan.org"
13.94.89.74 - - [28/Apr/2025:07:29:09 -0400] "GET /wp-content/mu-plugins/item.php HTTP/1.1" 404 15879 "-" "-"
162.0.235.240 - - [28/Apr/2025:07:29:11 -0400] "GET /wp-content/plugins/contact-form-7-style/admin/predefined-templates.json HTTP/1.1" 200 1323 "-" "WordPress/6.8; https://batconpakistan.org"
13.94.89.74 - - [28/Apr/2025:07:29:10 -0400] "GET /wp-content/packed.php HTTP/1.1" 404 15879 "-" "-"
162.0.235.240 - - [28/Apr/2025:07:29:13 -0400] "GET /wp-content/plugins/contact-form-7-style/admin/predefined-templates.json HTTP/1.1" 200 1323 "-" "WordPress/6.8; https://batconpakistan.org"
54.36.149.28 - - [28/Apr/2025:07:29:12 -0400] "GET /event-tag-sitemap.xml HTTP/1.1" 200 372 "-" "Mozilla/5.0 (compatible; AhrefsBot/7.0; +http://ahrefs.com/robot/)"
162.0.235.240 - - [28/Apr/2025:07:29:13 -0400] "GET /wp-content/plugins/contact-form-7-style/admin/predefined-templates.json HTTP/1.1" 200 1323 "-" "WordPress/6.8; https://batconpakistan.org"
13.94.89.74 - - [28/Apr/2025:07:29:12 -0400] "GET /wp-content/plugin.php HTTP/1.1" 404 15877 "-" "-"
13.94.89.74 - - [28/Apr/2025:07:29:14 -0400] "GET /wp-content/plugins/ HTTP/1.1" 200 0 "-" "-"
162.0.235.240 - - [28/Apr/2025:07:29:16 -0400] "GET /wp-content/plugins/contact-form-7-style/admin/predefined-templates.json HTTP/1.1" 200 1323 "-" "WordPress/6.8; https://batconpakistan.org"
13.94.89.74 - - [28/Apr/2025:07:29:14 -0400] "GET /wp-content/plugins//about.php HTTP/1.1" 301 0 "-" "-"
162.0.235.240 - - [28/Apr/2025:07:29:17 -0400] "GET /wp-content/plugins/contact-form-7-style/admin/predefined-templates.json HTTP/1.1" 200 1323 "-" "WordPress/6.8; https://batconpakistan.org"
13.94.89.74 - - [28/Apr/2025:07:29:16 -0400] "GET /wp-content/plugins/about.php HTTP/1.1" 404 15877 "-" "-"
13.94.89.74 - - [28/Apr/2025:07:29:18 -0400] "GET /wp-content/plugins//hello.php HTTP/1.1" 200 0 "-" "-"
162.0.235.240 - - [28/Apr/2025:07:29:19 -0400] "GET /wp-content/plugins/contact-form-7-style/admin/predefined-templates.json HTTP/1.1" 200 1323 "-" "WordPress/6.8; https://batconpakistan.org"
13.94.89.74 - - [28/Apr/2025:07:29:19 -0400] "GET /wp-content/plugins//index.php HTTP/1.1" 200 0 "-" "-"
54.36.149.24 - - [28/Apr/2025:07:29:18 -0400] "GET /team-category-sitemap.xml HTTP/1.1" 200 499 "-" "Mozilla/5.0 (compatible; AhrefsBot/7.0; +http://ahrefs.com/robot/)"
162.0.235.240 - - [28/Apr/2025:07:29:20 -0400] "GET /wp-content/plugins/contact-form-7-style/admin/predefined-templates.json HTTP/1.1" 200 1323 "-" "WordPress/6.8; https://batconpakistan.org"
13.94.89.74 - - [28/Apr/2025:07:29:19 -0400] "GET /wp-content/plugins/Duplicatepost/src/ui/sidwso.php HTTP/1.1" 404 15877 "-" "-"
13.94.89.74 - - [28/Apr/2025:07:29:21 -0400] "GET /wp-content/plugins/TOPXOH/wDR.php HTTP/1.1" 404 15877 "-" "-"
162.0.235.240 - - [28/Apr/2025:07:29:23 -0400] "GET /wp-content/plugins/contact-form-7-style/admin/predefined-templates.json HTTP/1.1" 200 1323 "-" "WordPress/6.8; https://batconpakistan.org"
13.94.89.74 - - [28/Apr/2025:07:29:21 -0400] "GET /wp-content/plugins/WordPressCore/ HTTP/1.1" 404 15876 "-" "-"
162.0.235.240 - - [28/Apr/2025:07:29:25 -0400] "GET /wp-content/plugins/contact-form-7-style/admin/predefined-templates.json HTTP/1.1" 200 1323 "-" "WordPress/6.8; https://batconpakistan.org"
162.0.235.240 - - [28/Apr/2025:07:29:25 -0400] "GET /wp-content/plugins/contact-form-7-style/admin/predefined-templates.json HTTP/1.1" 200 1323 "-" "WordPress/6.8; https://batconpakistan.org"
54.36.148.192 - - [28/Apr/2025:07:29:24 -0400] "GET /product_cat-sitemap.xml HTTP/1.1" 200 381 "-" "Mozilla/5.0 (compatible; AhrefsBot/7.0; +http://ahrefs.com/robot/)"
13.94.89.74 - - [28/Apr/2025:07:29:24 -0400] "GET /wp-content/plugins/WordPressCore/include.php HTTP/1.1" 404 15877 "-" "-"
13.94.89.74 - - [28/Apr/2025:07:29:26 -0400] "GET /wp-content/plugins/about.php HTTP/1.1" 404 15877 "-" "-"
162.0.235.240 - - [28/Apr/2025:07:29:27 -0400] "GET /wp-content/plugins/contact-form-7-style/admin/predefined-templates.json HTTP/1.1" 200 1323 "-" "WordPress/6.8; https://batconpakistan.org"
13.94.89.74 - - [28/Apr/2025:07:29:26 -0400] "GET /wp-content/plugins/about.php?p= HTTP/1.1" 301 0 "-" "-"
13.94.89.74 - - [28/Apr/2025:07:29:28 -0400] "GET /wp-content/plugins/about.php HTTP/1.1" 404 15877 "-" "-"
162.0.235.240 - - [28/Apr/2025:07:29:29 -0400] "GET /wp-content/plugins/contact-form-7-style/admin/predefined-templates.json HTTP/1.1" 200 1323 "-" "WordPress/6.8; https://batconpakistan.org"
162.0.235.240 - - [28/Apr/2025:07:29:30 -0400] "GET /wp-content/plugins/contact-form-7-style/admin/predefined-templates.json HTTP/1.1" 200 1323 "-" "WordPress/6.8; https://batconpakistan.org"
13.94.89.74 - - [28/Apr/2025:07:29:28 -0400] "GET /wp-content/plugins/admin.php HTTP/1.1" 404 15876 "-" "-"
54.36.148.91 - - [28/Apr/2025:07:29:29 -0400] "GET /campaign_category-sitemap.xml HTTP/1.1" 200 425 "-" "Mozilla/5.0 (compatible; AhrefsBot/7.0; +http://ahrefs.com/robot/)"
162.0.235.240 - - [28/Apr/2025:07:29:31 -0400] "GET /wp-content/plugins/contact-form-7-style/admin/predefined-templates.json HTTP/1.1" 200 1323 "-" "WordPress/6.8; https://batconpakistan.org"
13.94.89.74 - - [28/Apr/2025:07:29:30 -0400] "GET /wp-content/plugins/alfa-rex.php HTTP/1.1" 404 15876 "-" "-"
13.94.89.74 - - [28/Apr/2025:07:29:32 -0400] "GET /wp-content/plugins/ango/sett.php HTTP/1.1" 404 15878 "-" "-"
162.0.235.240 - - [28/Apr/2025:07:29:33 -0400] "GET /wp-content/plugins/contact-form-7-style/admin/predefined-templates.json HTTP/1.1" 200 1323 "-" "WordPress/6.8; https://batconpakistan.org"
13.94.89.74 - - [28/Apr/2025:07:29:32 -0400] "GET /wp-content/plugins/apikey/natural.php HTTP/1.1" 404 15879 "-" "-"
162.0.235.240 - - [28/Apr/2025:07:29:34 -0400] "GET /wp-content/plugins/contact-form-7-style/admin/predefined-templates.json HTTP/1.1" 200 1323 "-" "WordPress/6.8; https://batconpakistan.org"
54.36.148.129 - - [28/Apr/2025:07:29:33 -0400] "GET /campaign_tag-sitemap.xml HTTP/1.1" 200 413 "-" "Mozilla/5.0 (compatible; AhrefsBot/7.0; +http://ahrefs.com/robot/)"
162.0.235.240 - - [28/Apr/2025:07:29:35 -0400] "GET /wp-content/plugins/contact-form-7-style/admin/predefined-templates.json HTTP/1.1" 200 1323 "-" "WordPress/6.8; https://batconpakistan.org"
13.94.89.74 - - [28/Apr/2025:07:29:34 -0400] "GET /wp-content/plugins/b.php HTTP/1.1" 404 15875 "-" "-"
13.94.89.74 - - [28/Apr/2025:07:29:36 -0400] "GET /wp-content/plugins/classic-editor/ HTTP/1.1" 403 1242 "-" "-"
162.0.235.240 - - [28/Apr/2025:07:29:38 -0400] "GET /wp-content/plugins/contact-form-7-style/admin/predefined-templates.json HTTP/1.1" 200 1323 "-" "WordPress/6.8; https://batconpakistan.org"
13.94.89.74 - - [28/Apr/2025:07:29:37 -0400] "GET /wp-content/plugins/classic-editor//about.php HTTP/1.1" 301 0 "-" "-"
162.0.235.240 - - [28/Apr/2025:07:29:40 -0400] "GET /wp-content/plugins/contact-form-7-style/admin/predefined-templates.json HTTP/1.1" 200 1323 "-" "WordPress/6.8; https://batconpakistan.org"
162.0.235.240 - - [28/Apr/2025:07:29:40 -0400] "GET /wp-content/plugins/contact-form-7-style/admin/predefined-templates.json HTTP/1.1" 200 1323 "-" "WordPress/6.8; https://batconpakistan.org"
54.36.148.71 - - [28/Apr/2025:07:29:38 -0400] "GET /registrant-event-sitemap.xml HTTP/1.1" 200 364 "-" "Mozilla/5.0 (compatible; AhrefsBot/7.0; +http://ahrefs.com/robot/)"
162.0.235.240 - - [28/Apr/2025:07:29:40 -0400] "POST /wp-cron.php?doing_wp_cron=1745839780.5341489315032958984375 HTTP/1.1" 200 0 "-" "WordPress/6.8; https://batconpakistan.org"
13.94.89.74 - - [28/Apr/2025:07:29:38 -0400] "GET /wp-content/plugins/classic-editor/about.php HTTP/1.1" 404 15875 "-" "-"
162.0.235.240 - - [28/Apr/2025:07:29:41 -0400] "GET /wp-content/plugins/contact-form-7-style/admin/predefined-templates.json HTTP/1.1" 200 1323 "-" "WordPress/6.8; https://batconpakistan.org"
13.94.89.74 - - [28/Apr/2025:07:29:41 -0400] "GET /wp-content/plugins/classic-editor//classic-editor.php HTTP/1.1" 200 20 "-" "-"
162.0.235.240 - - [28/Apr/2025:07:29:42 -0400] "GET /wp-content/plugins/contact-form-7-style/admin/predefined-templates.json HTTP/1.1" 200 1323 "-" "WordPress/6.8; https://batconpakistan.org"
13.94.89.74 - - [28/Apr/2025:07:29:41 -0400] "GET /wp-content/plugins/core-plugin/include.php HTTP/1.1" 404 15878 "-" "-"
162.0.235.240 - - [28/Apr/2025:07:29:44 -0400] "GET /wp-content/plugins/contact-form-7-style/admin/predefined-templates.json HTTP/1.1" 200 1323 "-" "WordPress/6.8; https://batconpakistan.org"
54.36.148.88 - - [28/Apr/2025:07:29:43 -0400] "GET /style_category-sitemap.xml HTTP/1.1" 200 384 "-" "Mozilla/5.0 (compatible; AhrefsBot/7.0; +http://ahrefs.com/robot/)"
162.0.235.240 - - [28/Apr/2025:07:29:45 -0400] "GET /wp-content/plugins/contact-form-7-style/admin/predefined-templates.json HTTP/1.1" 200 1323 "-" "WordPress/6.8; https://batconpakistan.org"
13.94.89.74 - - [28/Apr/2025:07:29:44 -0400] "GET /wp-content/plugins/core-plugin/wp-error_log.php?dir=. HTTP/1.1" 404 15875 "-" "-"
162.0.235.240 - - [28/Apr/2025:07:29:47 -0400] "GET /wp-content/plugins/contact-form-7-style/admin/predefined-templates.json HTTP/1.1" 200 1323 "-" "WordPress/6.8; https://batconpakistan.org"
13.94.89.74 - - [28/Apr/2025:07:29:46 -0400] "GET /wp-content/plugins/core/include.php HTTP/1.1" 404 15876 "-" "-"
162.0.235.240 - - [28/Apr/2025:07:29:48 -0400] "GET /wp-content/plugins/contact-form-7-style/admin/predefined-templates.json HTTP/1.1" 200 1323 "-" "WordPress/6.8; https://batconpakistan.org"
162.0.235.240 - - [28/Apr/2025:07:29:48 -0400] "POST /wp-cron.php?doing_wp_cron=1745839788.7884449958801269531250 HTTP/1.1" 200 0 "-" "WordPress/6.8; https://batconpakistan.org"
54.36.148.110 - - [28/Apr/2025:07:29:47 -0400] "GET /author-sitemap.xml HTTP/1.1" 200 341 "-" "Mozilla/5.0 (compatible; AhrefsBot/7.0; +http://ahrefs.com/robot/)"
162.0.235.240 - - [28/Apr/2025:07:29:49 -0400] "GET /wp-content/plugins/contact-form-7-style/admin/predefined-templates.json HTTP/1.1" 200 1323 "-" "WordPress/6.8; https://batconpakistan.org"
162.0.235.240 - - [28/Apr/2025:07:29:49 -0400] "GET /wp-content/plugins/contact-form-7-style/admin/predefined-templates.json HTTP/1.1" 200 1323 "-" "WordPress/6.8; https://batconpakistan.org"
13.94.89.74 - - [28/Apr/2025:07:29:48 -0400] "GET /wp-content/plugins/dummyyummy/wp-signup.php HTTP/1.1" 404 15878 "-" "-"
13.94.89.74 - - [28/Apr/2025:07:29:50 -0400] "GET /wp-content/plugins/elementor/ HTTP/1.1" 403 1242 "-" "-"
162.0.235.240 - - [28/Apr/2025:07:29:51 -0400] "GET /wp-content/plugins/contact-form-7-style/admin/predefined-templates.json HTTP/1.1" 200 1323 "-" "WordPress/6.8; https://batconpakistan.org"
13.94.89.74 - - [28/Apr/2025:07:29:50 -0400] "GET /wp-content/plugins/elementor//elementor-object.php HTTP/1.1" 301 0 "-" "-"
162.0.235.240 - - [28/Apr/2025:07:29:52 -0400] "GET /wp-content/plugins/contact-form-7-style/admin/predefined-templates.json HTTP/1.1" 200 1323 "-" "WordPress/6.8; https://batconpakistan.org"
13.94.89.74 - - [28/Apr/2025:07:29:51 -0400] "GET /wp-content/plugins/elementor/elementor-object.php HTTP/1.1" 404 15877 "-" "-"
162.0.235.240 - - [28/Apr/2025:07:29:54 -0400] "GET /wp-content/plugins/contact-form-7-style/admin/predefined-templates.json HTTP/1.1" 200 1323 "-" "WordPress/6.8; https://batconpakistan.org"
162.0.235.240 - - [28/Apr/2025:07:29:55 -0400] "POST /wp-cron.php?doing_wp_cron=1745839795.1453580856323242187500 HTTP/1.1" 200 0 "-" "WordPress/6.8; https://batconpakistan.org"
13.94.89.74 - - [28/Apr/2025:07:29:53 -0400] "GET /wp-content/plugins/elementor//wp-login.php HTTP/1.1" 301 0 "-" "-"
162.0.235.240 - - [28/Apr/2025:07:29:55 -0400] "GET /wp-content/plugins/contact-form-7-style/admin/predefined-templates.json HTTP/1.1" 200 1323 "-" "WordPress/6.8; https://batconpakistan.org"
162.0.235.240 - - [28/Apr/2025:07:29:56 -0400] "GET /wp-content/plugins/contact-form-7-style/admin/predefined-templates.json HTTP/1.1" 200 1323 "-" "WordPress/6.8; https://batconpakistan.org"
13.94.89.74 - - [28/Apr/2025:07:29:55 -0400] "GET /wp-content/plugins/elementor/wp-login.php HTTP/1.1" 404 15877 "-" "-"
162.0.235.240 - - [28/Apr/2025:07:29:58 -0400] "GET /wp-content/plugins/contact-form-7-style/admin/predefined-templates.json HTTP/1.1" 200 1323 "-" "WordPress/6.8; https://batconpakistan.org"
13.94.89.74 - - [28/Apr/2025:07:29:57 -0400] "GET /wp-content/plugins/elementor/about.php HTTP/1.1" 404 15878 "-" "-"
13.94.89.74 - - [28/Apr/2025:07:29:59 -0400] "GET /wp-content/plugins/elementor/includes/settings/ HTTP/1.1" 403 1242 "-" "-"
162.0.235.240 - - [28/Apr/2025:07:30:00 -0400] "GET /wp-content/plugins/contact-form-7-style/admin/predefined-templates.json HTTP/1.1" 200 1323 "-" "WordPress/6.8; https://batconpakistan.org"
13.94.89.74 - - [28/Apr/2025:07:29:59 -0400] "GET /wp-content/plugins/elementor/wp-error_log.php HTTP/1.1" 404 15878 "-" "-"
162.0.235.240 - - [28/Apr/2025:07:30:02 -0400] "GET /wp-content/plugins/contact-form-7-style/admin/predefined-templates.json HTTP/1.1" 200 1323 "-" "WordPress/6.8; https://batconpakistan.org"
13.94.89.74 - - [28/Apr/2025:07:30:01 -0400] "GET /wp-content/plugins/erinyani/ HTTP/1.1" 404 15878 "-" "-"
162.0.235.240 - - [28/Apr/2025:07:30:05 -0400] "GET /wp-content/plugins/contact-form-7-style/admin/predefined-templates.json HTTP/1.1" 200 1323 "-" "WordPress/6.8; https://batconpakistan.org"
162.0.235.240 - - [28/Apr/2025:07:30:06 -0400] "POST /wp-cron.php?doing_wp_cron=1745839806.2448170185089111328125 HTTP/1.1" 200 0 "-" "WordPress/6.8; https://batconpakistan.org"
13.94.89.74 - - [28/Apr/2025:07:30:03 -0400] "GET /wp-content/plugins/erinyani/yani/ HTTP/1.1" 404 15876 "-" "-"
162.0.235.240 - - [28/Apr/2025:07:30:07 -0400] "GET /wp-content/plugins/contact-form-7-style/admin/predefined-templates.json HTTP/1.1" 200 1323 "-" "WordPress/6.8; https://batconpakistan.org"
162.0.235.240 - - [28/Apr/2025:07:30:08 -0400] "POST /wp-admin/admin-ajax.php?action=async_litespeed&nonce=stpSl5HcYSi4zJWTGuFMUMSRqamyPL0o&litespeed_type=imgoptm HTTP/1.1" 200 0 "-" "WordPress/6.8; https://batconpakistan.org"
162.0.235.240 - - [28/Apr/2025:07:30:09 -0400] "GET /wp-content/plugins/contact-form-7-style/admin/predefined-templates.json HTTP/1.1" 200 1323 "-" "WordPress/6.8; https://batconpakistan.org"
162.0.235.240 - - [28/Apr/2025:07:30:09 -0400] "GET /wp-content/plugins/contact-form-7-style/admin/predefined-templates.json HTTP/1.1" 200 1323 "-" "WordPress/6.8; https://batconpakistan.org"
13.94.89.74 - - [28/Apr/2025:07:30:07 -0400] "GET /wp-content/plugins/fix/00.php HTTP/1.1" 404 15876 "-" "-"
162.0.235.240 - - [28/Apr/2025:07:30:12 -0400] "GET /wp-content/plugins/contact-form-7-style/admin/predefined-templates.json HTTP/1.1" 200 1323 "-" "WordPress/6.8; https://batconpakistan.org"
13.94.89.74 - - [28/Apr/2025:07:30:10 -0400] "GET /wp-content/plugins/fix/up.php HTTP/1.1" 404 15877 "-" "-"
162.0.235.240 - - [28/Apr/2025:07:30:15 -0400] "GET /wp-content/plugins/contact-form-7-style/admin/predefined-templates.json HTTP/1.1" 200 1323 "-" "WordPress/6.8; https://batconpakistan.org"
13.94.89.74 - - [28/Apr/2025:07:30:14 -0400] "GET /wp-content/plugins/goods.php HTTP/1.1" 404 15875 "-" "-"
162.0.235.240 - - [28/Apr/2025:07:30:18 -0400] "GET /wp-content/plugins/contact-form-7-style/admin/predefined-templates.json HTTP/1.1" 200 1323 "-" "WordPress/6.8; https://batconpakistan.org"
13.94.89.74 - - [28/Apr/2025:07:30:16 -0400] "GET /wp-content/plugins/hellopress/wp_filemanager.php HTTP/1.1" 404 15876 "-" "-"
162.0.235.240 - - [28/Apr/2025:07:30:21 -0400] "GET /wp-content/plugins/contact-form-7-style/admin/predefined-templates.json HTTP/1.1" 200 1323 "-" "WordPress/6.8; https://batconpakistan.org"
13.94.89.74 - - [28/Apr/2025:07:30:19 -0400] "GET /wp-content/plugins/html404/index.html HTTP/1.1" 404 15876 "-" "-"
13.94.89.74 - - [28/Apr/2025:07:30:22 -0400] "GET /wp-content/plugins/index.php HTTP/1.1" 200 0 "-" "-"
13.94.89.74 - - [28/Apr/2025:07:30:22 -0400] "GET /wp-content/plugins/index.php?p= HTTP/1.1" 200 0 "-" "-"
162.0.235.240 - - [28/Apr/2025:07:30:24 -0400] "GET /wp-content/plugins/contact-form-7-style/admin/predefined-templates.json HTTP/1.1" 200 1323 "-" "WordPress/6.8; https://batconpakistan.org"
13.94.89.74 - - [28/Apr/2025:07:30:23 -0400] "GET /wp-content/plugins/ioxi/ioxi/ HTTP/1.1" 404 15876 "-" "-"
162.0.235.240 - - [28/Apr/2025:07:30:27 -0400] "GET /wp-content/plugins/contact-form-7-style/admin/predefined-templates.json HTTP/1.1" 200 1323 "-" "WordPress/6.8; https://batconpakistan.org"
13.94.89.74 - - [28/Apr/2025:07:30:26 -0400] "GET /wp-content/plugins/linkpreview/ HTTP/1.1" 404 15876 "-" "-"
162.0.235.240 - - [28/Apr/2025:07:30:29 -0400] "GET /wp-content/plugins/contact-form-7-style/admin/predefined-templates.json HTTP/1.1" 200 1323 "-" "WordPress/6.8; https://batconpakistan.org"
13.94.89.74 - - [28/Apr/2025:07:30:28 -0400] "GET /wp-content/plugins/linkpreview/db.php?u HTTP/1.1" 404 15877 "-" "-"
162.0.235.240 - - [28/Apr/2025:07:30:31 -0400] "GET /wp-content/plugins/contact-form-7-style/admin/predefined-templates.json HTTP/1.1" 200 1323 "-" "WordPress/6.8; https://batconpakistan.org"
13.94.89.74 - - [28/Apr/2025:07:30:30 -0400] "GET /wp-content/plugins/linkpreview/index.php HTTP/1.1" 301 0 "-" "-"
13.94.89.74 - - [28/Apr/2025:07:30:32 -0400] "GET /wp-content/plugins/linkpreview/ HTTP/1.1" 404 15876 "-" "-"
162.0.235.240 - - [28/Apr/2025:07:30:34 -0400] "GET /wp-content/plugins/contact-form-7-style/admin/predefined-templates.json HTTP/1.1" 200 1323 "-" "WordPress/6.8; https://batconpakistan.org"
13.94.89.74 - - [28/Apr/2025:07:30:33 -0400] "GET /wp-content/plugins/not/includes/about.php HTTP/1.1" 404 15878 "-" "-"
162.0.235.240 - - [28/Apr/2025:07:30:36 -0400] "GET /wp-content/plugins/contact-form-7-style/admin/predefined-templates.json HTTP/1.1" 200 1323 "-" "WordPress/6.8; https://batconpakistan.org"
13.94.89.74 - - [28/Apr/2025:07:30:35 -0400] "GET /wp-content/plugins/one-click-demo-import//about.php HTTP/1.1" 301 0 "-" "-"
162.0.235.240 - - [28/Apr/2025:07:30:38 -0400] "GET /wp-content/plugins/contact-form-7-style/admin/predefined-templates.json HTTP/1.1" 200 1323 "-" "WordPress/6.8; https://batconpakistan.org"
13.94.89.74 - - [28/Apr/2025:07:30:37 -0400] "GET /wp-content/plugins/one-click-demo-import/about.php HTTP/1.1" 404 15876 "-" "-"
162.0.235.240 - - [28/Apr/2025:07:30:40 -0400] "GET /wp-content/plugins/contact-form-7-style/admin/predefined-templates.json HTTP/1.1" 200 1323 "-" "WordPress/6.8; https://batconpakistan.org"
162.0.235.240 - - [28/Apr/2025:07:30:40 -0400] "POST /wp-cron.php?doing_wp_cron=1745839840.7483119964599609375000 HTTP/1.1" 200 0 "-" "WordPress/6.8; https://batconpakistan.org"
13.94.89.74 - - [28/Apr/2025:07:30:39 -0400] "GET /wp-content/plugins/pwnd-1/pwnd.php HTTP/1.1" 404 15875 "-" "-"
162.0.235.240 - - [28/Apr/2025:07:30:41 -0400] "GET /wp-content/plugins/contact-form-7-style/admin/predefined-templates.json HTTP/1.1" 200 1323 "-" "WordPress/6.8; https://batconpakistan.org"
162.0.235.240 - - [28/Apr/2025:07:30:42 -0400] "GET /wp-content/plugins/contact-form-7-style/admin/predefined-templates.json HTTP/1.1" 200 1323 "-" "WordPress/6.8; https://batconpakistan.org"
13.94.89.74 - - [28/Apr/2025:07:30:41 -0400] "GET /wp-content/plugins/pwnd/block-support.php HTTP/1.1" 404 15878 "-" "-"
162.0.235.240 - - [28/Apr/2025:07:30:45 -0400] "GET /wp-content/plugins/contact-form-7-style/admin/predefined-templates.json HTTP/1.1" 200 1323 "-" "WordPress/6.8; https://batconpakistan.org"
13.94.89.74 - - [28/Apr/2025:07:30:43 -0400] "GET /wp-content/plugins/pwnd/pwnd.php HTTP/1.1" 404 15876 "-" "-"
162.0.235.240 - - [28/Apr/2025:07:30:47 -0400] "GET /wp-content/plugins/contact-form-7-style/admin/predefined-templates.json HTTP/1.1" 200 1323 "-" "WordPress/6.8; https://batconpakistan.org"
13.94.89.74 - - [28/Apr/2025:07:30:45 -0400] "GET /wp-content/plugins/pwnd/pwnd.php/ HTTP/1.1" 404 15876 "-" "-"
162.0.235.240 - - [28/Apr/2025:07:30:49 -0400] "GET /wp-content/plugins/contact-form-7-style/admin/predefined-templates.json HTTP/1.1" 200 1323 "-" "WordPress/6.8; https://batconpakistan.org"
162.0.235.240 - - [28/Apr/2025:07:30:50 -0400] "POST /wp-cron.php?doing_wp_cron=1745839849.9010729789733886718750 HTTP/1.1" 200 0 "-" "WordPress/6.8; https://batconpakistan.org"
13.94.89.74 - - [28/Apr/2025:07:30:48 -0400] "GET /wp-content/plugins/pwnd/z4x.php HTTP/1.1" 404 15875 "-" "-"
13.94.89.74 - - [28/Apr/2025:07:30:51 -0400] "GET /wp-content/plugins/revslider/includes/external/page/ HTTP/1.1" 404 15878 "-" "-"
162.0.235.240 - - [28/Apr/2025:07:30:51 -0400] "GET /wp-content/plugins/contact-form-7-style/admin/predefined-templates.json HTTP/1.1" 200 1323 "-" "WordPress/6.8; https://batconpakistan.org"
162.0.235.240 - - [28/Apr/2025:07:30:52 -0400] "GET /wp-content/plugins/contact-form-7-style/admin/predefined-templates.json HTTP/1.1" 200 1323 "-" "WordPress/6.8; https://batconpakistan.org"
13.94.89.74 - - [28/Apr/2025:07:30:51 -0400] "GET /wp-content/plugins/revslider/includes/external/page/index.php HTTP/1.1" 301 0 "-" "-"
13.94.89.74 - - [28/Apr/2025:07:30:53 -0400] "GET /wp-content/plugins/revslider/includes/external/page/ HTTP/1.1" 404 15878 "-" "-"
162.0.235.240 - - [28/Apr/2025:07:30:55 -0400] "GET /wp-content/plugins/contact-form-7-style/admin/predefined-templates.json HTTP/1.1" 200 1323 "-" "WordPress/6.8; https://batconpakistan.org"
162.0.235.240 - - [28/Apr/2025:07:30:55 -0400] "POST /wp-cron.php?doing_wp_cron=1745839855.4418470859527587890625 HTTP/1.1" 200 0 "-" "WordPress/6.8; https://batconpakistan.org"
13.94.89.74 - - [28/Apr/2025:07:30:54 -0400] "GET /wp-content/plugins/seo-by-rank-math//wp-casper.php HTTP/1.1" 301 0 "-" "-"
162.0.235.240 - - [28/Apr/2025:07:30:56 -0400] "GET /wp-content/plugins/contact-form-7-style/admin/predefined-templates.json HTTP/1.1" 200 1323 "-" "WordPress/6.8; https://batconpakistan.org"
162.0.235.240 - - [28/Apr/2025:07:30:57 -0400] "GET /wp-content/plugins/contact-form-7-style/admin/predefined-templates.json HTTP/1.1" 200 1323 "-" "WordPress/6.8; https://batconpakistan.org"
13.94.89.74 - - [28/Apr/2025:07:30:55 -0400] "GET /wp-content/plugins/seo-by-rank-math/wp-casper.php HTTP/1.1" 404 15878 "-" "-"
162.0.235.240 - - [28/Apr/2025:07:30:59 -0400] "GET /wp-content/plugins/contact-form-7-style/admin/predefined-templates.json HTTP/1.1" 200 1323 "-" "WordPress/6.8; https://batconpakistan.org"
13.94.89.74 - - [28/Apr/2025:07:30:58 -0400] "GET /wp-content/plugins/seoo/wsoyanz.php HTTP/1.1" 404 15878 "-" "-"
162.0.235.240 - - [28/Apr/2025:07:31:01 -0400] "GET /wp-content/plugins/contact-form-7-style/admin/predefined-templates.json HTTP/1.1" 200 1323 "-" "WordPress/6.8; https://batconpakistan.org"
13.94.89.74 - - [28/Apr/2025:07:31:00 -0400] "GET /wp-content/plugins/seoo/wsoyanz1.php HTTP/1.1" 404 15876 "-" "-"
162.0.235.240 - - [28/Apr/2025:07:31:03 -0400] "GET /wp-content/plugins/contact-form-7-style/admin/predefined-templates.json HTTP/1.1" 200 1323 "-" "WordPress/6.8; https://batconpakistan.org"
13.94.89.74 - - [28/Apr/2025:07:31:02 -0400] "GET /wp-content/plugins/seoplugins/ HTTP/1.1" 404 15877 "-" "-"
162.0.235.240 - - [28/Apr/2025:07:31:05 -0400] "GET /wp-content/plugins/contact-form-7-style/admin/predefined-templates.json HTTP/1.1" 200 1323 "-" "WordPress/6.8; https://batconpakistan.org"
162.0.235.240 - - [28/Apr/2025:07:31:05 -0400] "POST /wp-cron.php?doing_wp_cron=1745839865.6979980468750000000000 HTTP/1.1" 200 0 "-" "WordPress/6.8; https://batconpakistan.org"
13.94.89.74 - - [28/Apr/2025:07:31:04 -0400] "GET /wp-content/plugins/seoplugins/db.php?u HTTP/1.1" 404 15876 "-" "-"
162.0.235.240 - - [28/Apr/2025:07:31:06 -0400] "GET /wp-content/plugins/contact-form-7-style/admin/predefined-templates.json HTTP/1.1" 200 1323 "-" "WordPress/6.8; https://batconpakistan.org"
162.0.235.240 - - [28/Apr/2025:07:31:07 -0400] "GET /wp-content/plugins/contact-form-7-style/admin/predefined-templates.json HTTP/1.1" 200 1323 "-" "WordPress/6.8; https://batconpakistan.org"
13.94.89.74 - - [28/Apr/2025:07:31:06 -0400] "GET /wp-content/plugins/seoplugins/index.php HTTP/1.1" 301 0 "-" "-"
13.94.89.74 - - [28/Apr/2025:07:31:08 -0400] "GET /wp-content/plugins/seoplugins/ HTTP/1.1" 404 15877 "-" "-"
162.0.235.240 - - [28/Apr/2025:07:31:07 -0400] "POST /wp-admin/admin-ajax.php?action=async_litespeed&nonce=5nG5hEaUrVF1777Zto1vtmR8sFK33QGi&litespeed_type=imgoptm HTTP/1.1" 200 0 "-" "WordPress/6.8; https://batconpakistan.org"
162.0.235.240 - - [28/Apr/2025:07:31:08 -0400] "GET /wp-content/plugins/contact-form-7-style/admin/predefined-templates.json HTTP/1.1" 200 1323 "-" "WordPress/6.8; https://batconpakistan.org"
162.0.235.240 - - [28/Apr/2025:07:31:09 -0400] "GET /wp-content/plugins/contact-form-7-style/admin/predefined-templates.json HTTP/1.1" 200 1323 "-" "WordPress/6.8; https://batconpakistan.org"
13.94.89.74 - - [28/Apr/2025:07:31:08 -0400] "GET /wp-content/plugins/seoplugins/mar.php HTTP/1.1" 404 15878 "-" "-"
162.0.235.240 - - [28/Apr/2025:07:31:11 -0400] "GET /wp-content/plugins/contact-form-7-style/admin/predefined-templates.json HTTP/1.1" 200 1323 "-" "WordPress/6.8; https://batconpakistan.org"
13.94.89.74 - - [28/Apr/2025:07:31:10 -0400] "GET /wp-content/plugins/seox/ HTTP/1.1" 404 15876 "-" "-"
162.0.235.240 - - [28/Apr/2025:07:31:13 -0400] "GET /wp-content/plugins/contact-form-7-style/admin/predefined-templates.json HTTP/1.1" 200 1323 "-" "WordPress/6.8; https://batconpakistan.org"
13.94.89.74 - - [28/Apr/2025:07:31:12 -0400] "GET /wp-content/plugins/sid/sidwso.php HTTP/1.1" 404 15876 "-" "-"
162.0.235.240 - - [28/Apr/2025:07:31:15 -0400] "GET /wp-content/plugins/contact-form-7-style/admin/predefined-templates.json HTTP/1.1" 200 1323 "-" "WordPress/6.8; https://batconpakistan.org"
13.94.89.74 - - [28/Apr/2025:07:31:14 -0400] "GET /wp-content/plugins/ubh/up.php HTTP/1.1" 404 15876 "-" "-"
162.0.235.240 - - [28/Apr/2025:07:31:17 -0400] "GET /wp-content/plugins/contact-form-7-style/admin/predefined-templates.json HTTP/1.1" 200 1323 "-" "WordPress/6.8; https://batconpakistan.org"
13.94.89.74 - - [28/Apr/2025:07:31:16 -0400] "GET /wp-content/plugins/wordpresss3cll/includes.php HTTP/1.1" 404 15877 "-" "-"
162.0.235.240 - - [28/Apr/2025:07:31:19 -0400] "GET /wp-content/plugins/contact-form-7-style/admin/predefined-templates.json HTTP/1.1" 200 1323 "-" "WordPress/6.8; https://batconpakistan.org"
13.94.89.74 - - [28/Apr/2025:07:31:18 -0400] "GET /wp-content/plugins/wordpresss3cll/wp-login.php HTTP/1.1" 404 15876 "-" "-"
162.0.235.240 - - [28/Apr/2025:07:31:21 -0400] "GET /wp-content/plugins/contact-form-7-style/admin/predefined-templates.json HTTP/1.1" 200 1323 "-" "WordPress/6.8; https://batconpakistan.org"
13.94.89.74 - - [28/Apr/2025:07:31:20 -0400] "GET /wp-content/plugins/wp-conflg.php HTTP/1.1" 404 15876 "-" "-"
162.0.235.240 - - [28/Apr/2025:07:31:23 -0400] "GET /wp-content/plugins/contact-form-7-style/admin/predefined-templates.json HTTP/1.1" 200 1323 "-" "WordPress/6.8; https://batconpakistan.org"
13.94.89.74 - - [28/Apr/2025:07:31:22 -0400] "GET /wp-content/plugins/wp-conflg.php?p= HTTP/1.1" 301 0 "-" "-"
13.94.89.74 - - [28/Apr/2025:07:31:24 -0400] "GET /wp-content/plugins/wp-conflg.php HTTP/1.1" 404 15876 "-" "-"
162.0.235.240 - - [28/Apr/2025:07:31:26 -0400] "GET /wp-content/plugins/contact-form-7-style/admin/predefined-templates.json HTTP/1.1" 200 1323 "-" "WordPress/6.8; https://batconpakistan.org"
13.94.89.74 - - [28/Apr/2025:07:31:25 -0400] "GET /wp-content/plugins/wp-help/ HTTP/1.1" 404 15877 "-" "-"
162.0.235.240 - - [28/Apr/2025:07:31:28 -0400] "GET /wp-content/plugins/contact-form-7-style/admin/predefined-templates.json HTTP/1.1" 200 1323 "-" "WordPress/6.8; https://batconpakistan.org"
13.94.89.74 - - [28/Apr/2025:07:31:27 -0400] "GET /wp-content/plugins/wp-help/admin/wp-fclass.php HTTP/1.1" 404 15876 "-" "-"
162.0.235.240 - - [28/Apr/2025:07:31:30 -0400] "GET /wp-content/plugins/contact-form-7-style/admin/predefined-templates.json HTTP/1.1" 200 1323 "-" "WordPress/6.8; https://batconpakistan.org"
13.94.89.74 - - [28/Apr/2025:07:31:29 -0400] "GET /wp-content/plugins/wp-help/index.php HTTP/1.1" 301 0 "-" "-"
13.94.89.74 - - [28/Apr/2025:07:31:31 -0400] "GET /wp-content/plugins/wp-help/ HTTP/1.1" 404 15877 "-" "-"
162.0.235.240 - - [28/Apr/2025:07:31:32 -0400] "GET /wp-content/plugins/contact-form-7-style/admin/predefined-templates.json HTTP/1.1" 200 1323 "-" "WordPress/6.8; https://batconpakistan.org"
13.94.89.74 - - [28/Apr/2025:07:31:31 -0400] "GET /wp-content/plugins/wp-help/mini.php HTTP/1.1" 404 15878 "-" "-"
162.0.235.240 - - [28/Apr/2025:07:31:35 -0400] "GET /wp-content/plugins/contact-form-7-style/admin/predefined-templates.json HTTP/1.1" 200 1323 "-" "WordPress/6.8; https://batconpakistan.org"
13.94.89.74 - - [28/Apr/2025:07:31:33 -0400] "GET /wp-content/plugins/wp-login.php HTTP/1.1" 404 15875 "-" "-"
162.0.235.240 - - [28/Apr/2025:07:31:38 -0400] "GET /wp-content/plugins/contact-form-7-style/admin/predefined-templates.json HTTP/1.1" 200 1323 "-" "WordPress/6.8; https://batconpakistan.org"
13.94.89.74 - - [28/Apr/2025:07:31:36 -0400] "GET /wp-content/plugins/wp-sec/ab.php HTTP/1.1" 404 15879 "-" "-"
162.0.235.240 - - [28/Apr/2025:07:31:41 -0400] "GET /wp-content/plugins/contact-form-7-style/admin/predefined-templates.json HTTP/1.1" 200 1323 "-" "WordPress/6.8; https://batconpakistan.org"
162.0.235.240 - - [28/Apr/2025:07:31:41 -0400] "POST /wp-cron.php?doing_wp_cron=1745839901.3290181159973144531250 HTTP/1.1" 200 0 "-" "WordPress/6.8; https://batconpakistan.org"
13.94.89.74 - - [28/Apr/2025:07:31:39 -0400] "GET /wp-content/plugins/wp-theme-editor/include.php HTTP/1.1" 404 15877 "-" "-"
162.0.235.240 - - [28/Apr/2025:07:31:42 -0400] "GET /wp-content/plugins/contact-form-7-style/admin/predefined-templates.json HTTP/1.1" 200 1323 "-" "WordPress/6.8; https://batconpakistan.org"
162.0.235.240 - - [28/Apr/2025:07:31:44 -0400] "GET /wp-content/plugins/contact-form-7-style/admin/predefined-templates.json HTTP/1.1" 200 1323 "-" "WordPress/6.8; https://batconpakistan.org"
162.0.235.240 - - [28/Apr/2025:07:31:45 -0400] "GET /wp-content/plugins/contact-form-7-style/admin/predefined-templates.json HTTP/1.1" 200 1323 "-" "WordPress/6.8; https://batconpakistan.org"
13.94.89.74 - - [28/Apr/2025:07:31:42 -0400] "GET /wp-content/plugins/wp.php HTTP/1.1" 404 15877 "-" "-"
54.36.148.205 - - [28/Apr/2025:07:31:43 -0400] "GET /product/ninja-silhouette/ HTTP/1.1" 200 19522 "-" "Mozilla/5.0 (compatible; AhrefsBot/7.0; +http://ahrefs.com/robot/)"
162.0.235.240 - - [28/Apr/2025:07:31:47 -0400] "GET /wp-content/plugins/contact-form-7-style/admin/predefined-templates.json HTTP/1.1" 200 1323 "-" "WordPress/6.8; https://batconpakistan.org"
13.94.89.74 - - [28/Apr/2025:07:31:45 -0400] "GET /wp-content/plugins/x/index.php HTTP/1.1" 301 0 "-" "-"
162.0.235.240 - - [28/Apr/2025:07:31:49 -0400] "GET /wp-content/plugins/contact-form-7-style/admin/predefined-templates.json HTTP/1.1" 200 1323 "-" "WordPress/6.8; https://batconpakistan.org"
162.0.235.240 - - [28/Apr/2025:07:31:50 -0400] "POST /wp-cron.php?doing_wp_cron=1745839910.4849219322204589843750 HTTP/1.1" 200 0 "-" "WordPress/6.8; https://batconpakistan.org"
13.94.89.74 - - [28/Apr/2025:07:31:47 -0400] "GET /wp-content/plugins/x/ HTTP/1.1" 404 15875 "-" "-"
162.0.235.240 - - [28/Apr/2025:07:31:51 -0400] "GET /wp-content/plugins/contact-form-7-style/admin/predefined-templates.json HTTP/1.1" 200 1323 "-" "WordPress/6.8; https://batconpakistan.org"
162.0.235.240 - - [28/Apr/2025:07:31:53 -0400] "GET /wp-content/plugins/contact-form-7-style/admin/predefined-templates.json HTTP/1.1" 200 1323 "-" "WordPress/6.8; https://batconpakistan.org"
13.94.89.74 - - [28/Apr/2025:07:31:51 -0400] "GET /wp-content/plugins/yyobang/mar.php HTTP/1.1" 404 15877 "-" "-"
162.0.235.240 - - [28/Apr/2025:07:31:55 -0400] "GET /wp-content/plugins/contact-form-7-style/admin/predefined-templates.json HTTP/1.1" 200 1323 "-" "WordPress/6.8; https://batconpakistan.org"
162.0.235.240 - - [28/Apr/2025:07:31:56 -0400] "POST /wp-cron.php?doing_wp_cron=1745839916.2939510345458984375000 HTTP/1.1" 200 0 "-" "WordPress/6.8; https://batconpakistan.org"
13.94.89.74 - - [28/Apr/2025:07:31:54 -0400] "GET /wp-content/radio.php HTTP/1.1" 404 15877 "-" "-"
162.0.235.240 - - [28/Apr/2025:07:31:57 -0400] "GET /wp-content/plugins/contact-form-7-style/admin/predefined-templates.json HTTP/1.1" 200 1323 "-" "WordPress/6.8; https://batconpakistan.org"
162.0.235.240 - - [28/Apr/2025:07:31:58 -0400] "GET /wp-content/plugins/contact-form-7-style/admin/predefined-templates.json HTTP/1.1" 200 1323 "-" "WordPress/6.8; https://batconpakistan.org"
13.94.89.74 - - [28/Apr/2025:07:31:57 -0400] "GET /wp-content/shell20211028.php HTTP/1.1" 404 15876 "-" "-"
13.94.89.74 - - [28/Apr/2025:07:31:59 -0400] "GET /wp-content/themes/ HTTP/1.1" 200 0 "-" "-"
162.0.235.240 - - [28/Apr/2025:07:32:00 -0400] "GET /wp-content/plugins/contact-form-7-style/admin/predefined-templates.json HTTP/1.1" 200 1323 "-" "WordPress/6.8; https://batconpakistan.org"
13.94.89.74 - - [28/Apr/2025:07:31:59 -0400] "GET /wp-content/themes//inpust.php HTTP/1.1" 301 0 "-" "-"
162.0.235.240 - - [28/Apr/2025:07:32:01 -0400] "GET /wp-content/plugins/contact-form-7-style/admin/predefined-templates.json HTTP/1.1" 200 1323 "-" "WordPress/6.8; https://batconpakistan.org"
13.94.89.74 - - [28/Apr/2025:07:32:00 -0400] "GET /wp-content/themes/inpust.php HTTP/1.1" 404 15877 "-" "-"
162.0.235.240 - - [28/Apr/2025:07:32:03 -0400] "GET /wp-content/plugins/contact-form-7-style/admin/predefined-templates.json HTTP/1.1" 200 1323 "-" "WordPress/6.8; https://batconpakistan.org"
13.94.89.74 - - [28/Apr/2025:07:32:02 -0400] "GET /wp-content/themes/Divi/includes/builder/frontend-builder/assets/vendors/plugins/fullscreen/ HTTP/1.1" 404 15876 "-" "-"
162.0.235.240 - - [28/Apr/2025:07:32:05 -0400] "GET /wp-content/plugins/contact-form-7-style/admin/predefined-templates.json HTTP/1.1" 200 1323 "-" "WordPress/6.8; https://batconpakistan.org"
162.0.235.240 - - [28/Apr/2025:07:32:06 -0400] "POST /wp-cron.php?doing_wp_cron=1745839925.9112529754638671875000 HTTP/1.1" 200 0 "-" "WordPress/6.8; https://batconpakistan.org"
13.94.89.74 - - [28/Apr/2025:07:32:04 -0400] "GET /wp-content/themes/aahana/ HTTP/1.1" 404 15878 "-" "-"
162.0.235.240 - - [28/Apr/2025:07:32:06 -0400] "GET /wp-content/plugins/contact-form-7-style/admin/predefined-templates.json HTTP/1.1" 200 1323 "-" "WordPress/6.8; https://batconpakistan.org"
162.0.235.240 - - [28/Apr/2025:07:32:07 -0400] "GET /wp-content/plugins/contact-form-7-style/admin/predefined-templates.json HTTP/1.1" 200 1323 "-" "WordPress/6.8; https://batconpakistan.org"
162.0.235.240 - - [28/Apr/2025:07:32:07 -0400] "POST /wp-admin/admin-ajax.php?action=async_litespeed&nonce=tkQTis8QSNENZUaVudU7Bz7mNN2Sd8as&litespeed_type=imgoptm HTTP/1.1" 200 0 "-" "WordPress/6.8; https://batconpakistan.org"
162.0.235.240 - - [28/Apr/2025:07:32:08 -0400] "GET /wp-content/plugins/contact-form-7-style/admin/predefined-templates.json HTTP/1.1" 200 1323 "-" "WordPress/6.8; https://batconpakistan.org"
13.94.89.74 - - [28/Apr/2025:07:32:06 -0400] "GET /wp-content/themes/aahana/json.php HTTP/1.1" 404 15879 "-" "-"
13.94.89.74 - - [28/Apr/2025:07:32:09 -0400] "GET /wp-content/themes/about.php HTTP/1.1" 404 15877 "-" "-"
162.0.235.240 - - [28/Apr/2025:07:32:10 -0400] "GET /wp-content/plugins/contact-form-7-style/admin/predefined-templates.json HTTP/1.1" 200 1323 "-" "WordPress/6.8; https://batconpakistan.org"
13.94.89.74 - - [28/Apr/2025:07:32:09 -0400] "GET /wp-content/themes/about.php?p= HTTP/1.1" 301 0 "-" "-"
13.94.89.74 - - [28/Apr/2025:07:32:11 -0400] "GET /wp-content/themes/about.php HTTP/1.1" 404 15877 "-" "-"
162.0.235.240 - - [28/Apr/2025:07:32:13 -0400] "GET /wp-content/plugins/contact-form-7-style/admin/predefined-templates.json HTTP/1.1" 200 1323 "-" "WordPress/6.8; https://batconpakistan.org"
13.94.89.74 - - [28/Apr/2025:07:32:11 -0400] "GET /wp-content/themes/admin.php HTTP/1.1" 404 15876 "-" "-"
162.0.235.240 - - [28/Apr/2025:07:32:15 -0400] "GET /wp-content/plugins/contact-form-7-style/admin/predefined-templates.json HTTP/1.1" 200 1323 "-" "WordPress/6.8; https://batconpakistan.org"
13.94.89.74 - - [28/Apr/2025:07:32:14 -0400] "GET /wp-content/themes/alera/alpha.php HTTP/1.1" 404 15876 "-" "-"
162.0.235.240 - - [28/Apr/2025:07:32:17 -0400] "GET /wp-content/plugins/contact-form-7-style/admin/predefined-templates.json HTTP/1.1" 200 1323 "-" "WordPress/6.8; https://batconpakistan.org"
13.94.89.74 - - [28/Apr/2025:07:32:16 -0400] "GET /wp-content/themes/astra/inc/fm.php HTTP/1.1" 404 15876 "-" "-"
162.0.235.240 - - [28/Apr/2025:07:32:19 -0400] "GET /wp-content/plugins/contact-form-7-style/admin/predefined-templates.json HTTP/1.1" 200 1323 "-" "WordPress/6.8; https://batconpakistan.org"
13.94.89.74 - - [28/Apr/2025:07:32:18 -0400] "GET /wp-content/themes/astra/inc/ki1k.php HTTP/1.1" 404 15878 "-" "-"
162.0.235.240 - - [28/Apr/2025:07:32:21 -0400] "GET /wp-content/plugins/contact-form-7-style/admin/predefined-templates.json HTTP/1.1" 200 1323 "-" "WordPress/6.8; https://batconpakistan.org"
13.94.89.74 - - [28/Apr/2025:07:32:20 -0400] "GET /wp-content/themes/astra/inc/network.php HTTP/1.1" 404 15879 "-" "-"
162.0.235.240 - - [28/Apr/2025:07:32:23 -0400] "GET /wp-content/plugins/contact-form-7-style/admin/predefined-templates.json HTTP/1.1" 200 1323 "-" "WordPress/6.8; https://batconpakistan.org"
13.94.89.74 - - [28/Apr/2025:07:32:22 -0400] "GET /wp-content/themes/autoload_classmap.php HTTP/1.1" 404 15877 "-" "-"
162.0.235.240 - - [28/Apr/2025:07:32:25 -0400] "GET /wp-content/plugins/contact-form-7-style/admin/predefined-templates.json HTTP/1.1" 200 1323 "-" "WordPress/6.8; https://batconpakistan.org"
13.94.89.74 - - [28/Apr/2025:07:32:24 -0400] "GET /wp-content/themes/cay-van-phong/filemanager.php HTTP/1.1" 404 15876 "-" "-"
162.0.235.240 - - [28/Apr/2025:07:32:27 -0400] "GET /wp-content/plugins/contact-form-7-style/admin/predefined-templates.json HTTP/1.1" 200 1323 "-" "WordPress/6.8; https://batconpakistan.org"
13.94.89.74 - - [28/Apr/2025:07:32:26 -0400] "GET /wp-content/themes/classic/inc/ HTTP/1.1" 404 15875 "-" "-"
162.0.235.240 - - [28/Apr/2025:07:32:29 -0400] "GET /wp-content/plugins/contact-form-7-style/admin/predefined-templates.json HTTP/1.1" 200 1323 "-" "WordPress/6.8; https://batconpakistan.org"
13.94.89.74 - - [28/Apr/2025:07:32:28 -0400] "GET /wp-content/themes/classic/inc/admiin.php HTTP/1.1" 404 15877 "-" "-"
162.0.235.240 - - [28/Apr/2025:07:32:32 -0400] "GET /wp-content/plugins/contact-form-7-style/admin/predefined-templates.json HTTP/1.1" 200 1323 "-" "WordPress/6.8; https://batconpakistan.org"
13.94.89.74 - - [28/Apr/2025:07:32:30 -0400] "GET /wp-content/themes/digital-download/ HTTP/1.1" 404 15876 "-" "-"
162.0.235.240 - - [28/Apr/2025:07:32:34 -0400] "GET /wp-content/plugins/contact-form-7-style/admin/predefined-templates.json HTTP/1.1" 200 1323 "-" "WordPress/6.8; https://batconpakistan.org"
13.94.89.74 - - [28/Apr/2025:07:32:33 -0400] "GET /wp-content/themes/file.php HTTP/1.1" 404 15876 "-" "-"
162.0.235.240 - - [28/Apr/2025:07:32:37 -0400] "GET /wp-content/plugins/contact-form-7-style/admin/predefined-templates.json HTTP/1.1" 200 1323 "-" "WordPress/6.8; https://batconpakistan.org"
13.94.89.74 - - [28/Apr/2025:07:32:35 -0400] "GET /wp-content/themes/finley/min.php HTTP/1.1" 404 15876 "-" "-"
162.0.235.240 - - [28/Apr/2025:07:32:40 -0400] "GET /wp-content/plugins/contact-form-7-style/admin/predefined-templates.json HTTP/1.1" 200 1323 "-" "WordPress/6.8; https://batconpakistan.org"
162.0.235.240 - - [28/Apr/2025:07:32:41 -0400] "POST /wp-cron.php?doing_wp_cron=1745839961.0132989883422851562500 HTTP/1.1" 200 0 "-" "WordPress/6.8; https://batconpakistan.org"
13.94.89.74 - - [28/Apr/2025:07:32:39 -0400] "GET /wp-content/themes/fitnessbase/404.php?ok HTTP/1.1" 404 15879 "-" "-"
13.94.89.74 - - [28/Apr/2025:07:32:42 -0400] "GET /wp-content/themes/hello-element/footer.php HTTP/1.1" 404 15876 "-" "-"
162.0.235.240 - - [28/Apr/2025:07:32:42 -0400] "GET /wp-content/plugins/contact-form-7-style/admin/predefined-templates.json HTTP/1.1" 200 1323 "-" "WordPress/6.8; https://batconpakistan.org"
162.0.235.240 - - [28/Apr/2025:07:32:43 -0400] "GET /wp-content/plugins/contact-form-7-style/admin/predefined-templates.json HTTP/1.1" 200 1323 "-" "WordPress/6.8; https://batconpakistan.org"
13.94.89.74 - - [28/Apr/2025:07:32:42 -0400] "GET /wp-content/themes/hideo/network.php HTTP/1.1" 404 15877 "-" "-"
162.0.235.240 - - [28/Apr/2025:07:32:46 -0400] "GET /wp-content/plugins/contact-form-7-style/admin/predefined-templates.json HTTP/1.1" 200 1323 "-" "WordPress/6.8; https://batconpakistan.org"
13.94.89.74 - - [28/Apr/2025:07:32:44 -0400] "GET /wp-content/themes/include.php HTTP/1.1" 404 15877 "-" "-"
13.94.89.74 - - [28/Apr/2025:07:32:47 -0400] "GET /wp-content/themes/index.php HTTP/1.1" 200 0 "-" "-"
13.94.89.74 - - [28/Apr/2025:07:32:47 -0400] "GET /wp-content/themes/index.php?p= HTTP/1.1" 200 0 "-" "-"
13.94.89.74 - - [28/Apr/2025:07:32:48 -0400] "GET /wp-content/themes/index.php?pass=1313 HTTP/1.1" 200 0 "-" "-"
162.0.235.240 - - [28/Apr/2025:07:32:49 -0400] "GET /wp-content/plugins/contact-form-7-style/admin/predefined-templates.json HTTP/1.1" 200 1323 "-" "WordPress/6.8; https://batconpakistan.org"
162.0.235.240 - - [28/Apr/2025:07:32:49 -0400] "POST /wp-cron.php?doing_wp_cron=1745839969.6327180862426757812500 HTTP/1.1" 200 0 "-" "WordPress/6.8; https://batconpakistan.org"
13.94.89.74 - - [28/Apr/2025:07:32:48 -0400] "GET /wp-content/themes/intense/block-css.php?mode=upload HTTP/1.1" 404 15876 "-" "-"
162.0.235.240 - - [28/Apr/2025:07:32:50 -0400] "GET /wp-content/plugins/contact-form-7-style/admin/predefined-templates.json HTTP/1.1" 200 1323 "-" "WordPress/6.8; https://batconpakistan.org"
162.0.235.240 - - [28/Apr/2025:07:32:51 -0400] "GET /wp-content/plugins/contact-form-7-style/admin/predefined-templates.json HTTP/1.1" 200 1323 "-" "WordPress/6.8; https://batconpakistan.org"
13.94.89.74 - - [28/Apr/2025:07:32:50 -0400] "GET /wp-content/themes/newstoday/lang.php HTTP/1.1" 404 15877 "-" "-"
162.0.235.240 - - [28/Apr/2025:07:32:54 -0400] "GET /wp-content/plugins/contact-form-7-style/admin/predefined-templates.json HTTP/1.1" 200 1323 "-" "WordPress/6.8; https://batconpakistan.org"
13.94.89.74 - - [28/Apr/2025:07:32:52 -0400] "GET /wp-content/themes/pridmag/1.php HTTP/1.1" 404 15876 "-" "-"
162.0.235.240 - - [28/Apr/2025:07:32:56 -0400] "GET /wp-content/plugins/contact-form-7-style/admin/predefined-templates.json HTTP/1.1" 200 1323 "-" "WordPress/6.8; https://batconpakistan.org"
162.0.235.240 - - [28/Apr/2025:07:32:56 -0400] "POST /wp-cron.php?doing_wp_cron=1745839976.7947540283203125000000 HTTP/1.1" 200 0 "-" "WordPress/6.8; https://batconpakistan.org"
13.94.89.74 - - [28/Apr/2025:07:32:55 -0400] "GET /wp-content/themes/pridmag/db.php HTTP/1.1" 404 15878 "-" "-"
13.94.89.74 - - [28/Apr/2025:07:32:57 -0400] "GET /wp-content/themes/pridmag/db.php?u HTTP/1.1" 404 15877 "-" "-"
162.0.235.240 - - [28/Apr/2025:07:32:58 -0400] "GET /wp-content/plugins/contact-form-7-style/admin/predefined-templates.json HTTP/1.1" 200 1323 "-" "WordPress/6.8; https://batconpakistan.org"
162.0.235.240 - - [28/Apr/2025:07:32:59 -0400] "GET /wp-content/plugins/contact-form-7-style/admin/predefined-templates.json HTTP/1.1" 200 1323 "-" "WordPress/6.8; https://batconpakistan.org"
13.94.89.74 - - [28/Apr/2025:07:32:58 -0400] "GET /wp-content/themes/seotheme/ HTTP/1.1" 404 15877 "-" "-"
162.0.235.240 - - [28/Apr/2025:07:33:02 -0400] "GET /wp-content/plugins/contact-form-7-style/admin/predefined-templates.json HTTP/1.1" 200 1323 "-" "WordPress/6.8; https://batconpakistan.org"
13.94.89.74 - - [28/Apr/2025:07:33:01 -0400] "GET /wp-content/themes/seotheme/db.php?u HTTP/1.1" 404 15877 "-" "-"
13.94.89.74 - - [28/Apr/2025:07:33:03 -0400] "GET /wp-content/themes/seotheme/mar.php HTTP/1.1" 404 15878 "-" "-"
162.0.235.240 - - [28/Apr/2025:07:33:05 -0400] "GET /wp-content/plugins/contact-form-7-style/admin/predefined-templates.json HTTP/1.1" 200 1323 "-" "WordPress/6.8; https://batconpakistan.org"
162.0.235.240 - - [28/Apr/2025:07:33:06 -0400] "POST /wp-cron.php?doing_wp_cron=1745839985.8945109844207763671875 HTTP/1.1" 200 0 "-" "WordPress/6.8; https://batconpakistan.org"
13.94.89.74 - - [28/Apr/2025:07:33:04 -0400] "GET /wp-content/themes/seotheme/mar.php?d=2f6e61732f636f6e74656e742f6c6976652f72616368656c73626c6f672f77702d636f6e74656e742f7468656d65732f73656f7468656d65&1 HTTP/1.1" 404 15876 "-" "-"
162.0.235.240 - - [28/Apr/2025:07:33:06 -0400] "GET /wp-content/plugins/contact-form-7-style/admin/predefined-templates.json HTTP/1.1" 200 1323 "-" "WordPress/6.8; https://batconpakistan.org"
162.0.235.240 - - [28/Apr/2025:07:33:07 -0400] "POST /wp-admin/admin-ajax.php?action=async_litespeed&nonce=Q04N6BvcouqnCfUQAQAFLxYkMdJ8gDAa&litespeed_type=imgoptm HTTP/1.1" 200 0 "-" "WordPress/6.8; https://batconpakistan.org"
162.0.235.240 - - [28/Apr/2025:07:33:08 -0400] "GET /wp-content/plugins/contact-form-7-style/admin/predefined-templates.json HTTP/1.1" 200 1323 "-" "WordPress/6.8; https://batconpakistan.org"
162.0.235.240 - - [28/Apr/2025:07:33:08 -0400] "GET /wp-content/plugins/contact-form-7-style/admin/predefined-templates.json HTTP/1.1" 200 1323 "-" "WordPress/6.8; https://batconpakistan.org"
13.94.89.74 - - [28/Apr/2025:07:33:07 -0400] "GET /wp-content/themes/sketch/404.php HTTP/1.1" 404 15877 "-" "-"
162.0.235.240 - - [28/Apr/2025:07:33:10 -0400] "GET /wp-content/plugins/contact-form-7-style/admin/predefined-templates.json HTTP/1.1" 200 1323 "-" "WordPress/6.8; https://batconpakistan.org"
13.94.89.74 - - [28/Apr/2025:07:33:09 -0400] "GET /wp-content/themes/tflow/up.php HTTP/1.1" 404 15876 "-" "-"
162.0.235.240 - - [28/Apr/2025:07:33:12 -0400] "GET /wp-content/plugins/contact-form-7-style/admin/predefined-templates.json HTTP/1.1" 200 1323 "-" "WordPress/6.8; https://batconpakistan.org"
13.94.89.74 - - [28/Apr/2025:07:33:11 -0400] "GET /wp-content/themes/travel/issue.php HTTP/1.1" 404 15877 "-" "-"
162.0.235.240 - - [28/Apr/2025:07:33:15 -0400] "GET /wp-content/plugins/contact-form-7-style/admin/predefined-templates.json HTTP/1.1" 200 1323 "-" "WordPress/6.8; https://batconpakistan.org"
13.94.89.74 - - [28/Apr/2025:07:33:13 -0400] "GET /wp-content/themes/twenty/twenty.php HTTP/1.1" 404 15877 "-" "-"
162.0.235.240 - - [28/Apr/2025:07:33:18 -0400] "GET /wp-content/plugins/contact-form-7-style/admin/predefined-templates.json HTTP/1.1" 200 1323 "-" "WordPress/6.8; https://batconpakistan.org"
13.94.89.74 - - [28/Apr/2025:07:33:16 -0400] "GET /wp-content/themes/twentyfive/include.php HTTP/1.1" 404 15876 "-" "-"
162.0.235.240 - - [28/Apr/2025:07:33:20 -0400] "GET /wp-content/plugins/contact-form-7-style/admin/predefined-templates.json HTTP/1.1" 200 1323 "-" "WordPress/6.8; https://batconpakistan.org"
13.94.89.74 - - [28/Apr/2025:07:33:19 -0400] "GET /wp-content/themes/twentytwenty/ HTTP/1.1" 404 15879 "-" "-"
162.0.235.240 - - [28/Apr/2025:07:33:22 -0400] "GET /wp-content/plugins/contact-form-7-style/admin/predefined-templates.json HTTP/1.1" 200 1323 "-" "WordPress/6.8; https://batconpakistan.org"
13.94.89.74 - - [28/Apr/2025:07:33:21 -0400] "GET /wp-content/themes/twentytwenty/404.php HTTP/1.1" 404 15877 "-" "-"
162.0.235.240 - - [28/Apr/2025:07:33:25 -0400] "GET /wp-content/plugins/contact-form-7-style/admin/predefined-templates.json HTTP/1.1" 200 1323 "-" "WordPress/6.8; https://batconpakistan.org"
13.94.89.74 - - [28/Apr/2025:07:33:24 -0400] "GET /wp-content/themes/twentytwentyfour/ HTTP/1.1" 404 15876 "-" "-"
162.0.235.240 - - [28/Apr/2025:07:33:27 -0400] "GET /wp-content/plugins/contact-form-7-style/admin/predefined-templates.json HTTP/1.1" 200 1323 "-" "WordPress/6.8; https://batconpakistan.org"
13.94.89.74 - - [28/Apr/2025:07:33:26 -0400] "GET /wp-content/themes/twentytwentythree/patterns/index.php HTTP/1.1" 301 0 "-" "-"
162.0.235.240 - - [28/Apr/2025:07:33:29 -0400] "GET /wp-content/plugins/contact-form-7-style/admin/predefined-templates.json HTTP/1.1" 200 1323 "-" "WordPress/6.8; https://batconpakistan.org"
13.94.89.74 - - [28/Apr/2025:07:33:28 -0400] "GET /wp-content/themes/twentytwentythree/patterns/ HTTP/1.1" 404 15876 "-" "-"
162.0.235.240 - - [28/Apr/2025:07:33:32 -0400] "GET /wp-content/plugins/contact-form-7-style/admin/predefined-templates.json HTTP/1.1" 200 1323 "-" "WordPress/6.8; https://batconpakistan.org"
13.94.89.74 - - [28/Apr/2025:07:33:30 -0400] "GET /wp-content/themes/twentytwentytwo/index.php HTTP/1.1" 301 0 "-" "-"
195.26.245.159 - - [28/Apr/2025:07:33:32 -0400] "POST /xmlrpc.php HTTP/1.1" 403 1242 "https://batconpakistan.org" "Mozilla/5.0 (Macintosh; Intel Mac OS X 10_15_7) AppleWebKit/537.36 (KHTML, like Gecko) Chrome/116.0.5845.96 Safari/537.36"
162.0.235.240 - - [28/Apr/2025:07:33:33 -0400] "GET /wp-content/plugins/contact-form-7-style/admin/predefined-templates.json HTTP/1.1" 200 1323 "-" "WordPress/6.8; https://batconpakistan.org"
13.94.89.74 - - [28/Apr/2025:07:33:32 -0400] "GET /wp-content/themes/twentytwentytwo/ HTTP/1.1" 404 15876 "-" "-"
