162.0.235.240 - - [28/Apr/2025:17:46:22 -0400] "GET /wp-content/plugins/contact-form-7-style/admin/predefined-templates.json HTTP/1.1" 200 1323 "-" "WordPress/6.8; https://batconpakistan.org"
13.74.68.224 - - [28/Apr/2025:17:46:21 -0400] "GET /wp-content/languages/wp-login.php HTTP/1.1" 301 0 "-" "-"
162.0.235.240 - - [28/Apr/2025:17:46:23 -0400] "GET /wp-content/plugins/contact-form-7-style/admin/predefined-templates.json HTTP/1.1" 200 1323 "-" "WordPress/6.8; https://batconpakistan.org"
13.74.68.224 - - [28/Apr/2025:17:46:23 -0400] "GET /wp-content/languages/wp-login.php HTTP/1.1" 404 15890 "-" "-"
162.0.235.240 - - [28/Apr/2025:17:46:25 -0400] "GET /wp-content/plugins/contact-form-7-style/admin/predefined-templates.json HTTP/1.1" 200 1323 "-" "WordPress/6.8; https://batconpakistan.org"
13.74.68.224 - - [28/Apr/2025:17:46:24 -0400] "GET /wp-content/plugins/xt/ HTTP/1.1" 301 0 "-" "-"
162.0.235.240 - - [28/Apr/2025:17:46:26 -0400] "GET /wp-content/plugins/contact-form-7-style/admin/predefined-templates.json HTTP/1.1" 200 1323 "-" "WordPress/6.8; https://batconpakistan.org"
13.74.68.224 - - [28/Apr/2025:17:46:26 -0400] "GET /wp-content/plugins/xt/ HTTP/1.1" 404 15890 "-" "-"
162.0.235.240 - - [28/Apr/2025:17:46:28 -0400] "GET /wp-content/plugins/contact-form-7-style/admin/predefined-templates.json HTTP/1.1" 200 1323 "-" "WordPress/6.8; https://batconpakistan.org"
13.74.68.224 - - [28/Apr/2025:17:46:27 -0400] "GET //wp-configs.php HTTP/1.1" 301 0 "-" "-"
13.74.68.224 - - [28/Apr/2025:17:46:28 -0400] "GET /wp-configs.php HTTP/1.1" 404 15888 "-" "-"
162.0.235.240 - - [28/Apr/2025:17:46:30 -0400] "GET /wp-content/plugins/contact-form-7-style/admin/predefined-templates.json HTTP/1.1" 200 1323 "-" "WordPress/6.8; https://batconpakistan.org"
13.74.68.224 - - [28/Apr/2025:17:46:29 -0400] "GET /help.php HTTP/1.1" 301 0 "-" "-"
162.0.235.240 - - [28/Apr/2025:17:46:31 -0400] "GET /wp-content/plugins/contact-form-7-style/admin/predefined-templates.json HTTP/1.1" 200 1323 "-" "WordPress/6.8; https://batconpakistan.org"
13.74.68.224 - - [28/Apr/2025:17:46:30 -0400] "GET /help.php HTTP/1.1" 404 15888 "-" "-"
162.0.235.240 - - [28/Apr/2025:17:46:33 -0400] "GET /wp-content/plugins/contact-form-7-style/admin/predefined-templates.json HTTP/1.1" 200 1323 "-" "WordPress/6.8; https://batconpakistan.org"
13.74.68.224 - - [28/Apr/2025:17:46:32 -0400] "GET /wp-back.php HTTP/1.1" 301 0 "-" "-"
162.0.235.240 - - [28/Apr/2025:17:46:34 -0400] "GET /wp-content/plugins/contact-form-7-style/admin/predefined-templates.json HTTP/1.1" 200 1323 "-" "WordPress/6.8; https://batconpakistan.org"
13.74.68.224 - - [28/Apr/2025:17:46:33 -0400] "GET /wp-back.php HTTP/1.1" 404 15889 "-" "-"
162.0.235.240 - - [28/Apr/2025:17:46:35 -0400] "GET /wp-content/plugins/contact-form-7-style/admin/predefined-templates.json HTTP/1.1" 200 1323 "-" "WordPress/6.8; https://batconpakistan.org"
13.74.68.224 - - [28/Apr/2025:17:46:35 -0400] "GET /wp-content//autoload_classmap.php HTTP/1.1" 301 0 "-" "-"
13.74.68.224 - - [28/Apr/2025:17:46:36 -0400] "GET /wp-content/autoload_classmap.php HTTP/1.1" 404 15888 "-" "-"
162.0.235.240 - - [28/Apr/2025:17:46:37 -0400] "GET /wp-content/plugins/contact-form-7-style/admin/predefined-templates.json HTTP/1.1" 200 1323 "-" "WordPress/6.8; https://batconpakistan.org"
13.74.68.224 - - [28/Apr/2025:17:46:36 -0400] "GET /wp-content/plugins/about.php HTTP/1.1" 301 0 "-" "-"
162.0.235.240 - - [28/Apr/2025:17:46:38 -0400] "GET /wp-content/plugins/contact-form-7-style/admin/predefined-templates.json HTTP/1.1" 200 1323 "-" "WordPress/6.8; https://batconpakistan.org"
13.74.68.224 - - [28/Apr/2025:17:46:37 -0400] "GET /wp-content/plugins/about.php HTTP/1.1" 404 15888 "-" "-"
162.0.235.240 - - [28/Apr/2025:17:46:40 -0400] "GET /wp-content/plugins/contact-form-7-style/admin/predefined-templates.json HTTP/1.1" 200 1323 "-" "WordPress/6.8; https://batconpakistan.org"
162.0.235.240 - - [28/Apr/2025:17:46:40 -0400] "POST /wp-cron.php?doing_wp_cron=1745876800.5227880477905273437500 HTTP/1.1" 200 0 "-" "WordPress/6.8; https://batconpakistan.org"
13.74.68.224 - - [28/Apr/2025:17:46:39 -0400] "GET /home/function.php HTTP/1.1" 301 0 "-" "-"
162.0.235.240 - - [28/Apr/2025:17:46:41 -0400] "GET /wp-content/plugins/contact-form-7-style/admin/predefined-templates.json HTTP/1.1" 200 1323 "-" "WordPress/6.8; https://batconpakistan.org"
162.0.235.240 - - [28/Apr/2025:17:46:41 -0400] "GET /wp-content/plugins/contact-form-7-style/admin/predefined-templates.json HTTP/1.1" 200 1323 "-" "WordPress/6.8; https://batconpakistan.org"
13.74.68.224 - - [28/Apr/2025:17:46:40 -0400] "GET /home/function.php HTTP/1.1" 404 15889 "-" "-"
162.0.235.240 - - [28/Apr/2025:17:46:43 -0400] "GET /wp-content/plugins/contact-form-7-style/admin/predefined-templates.json HTTP/1.1" 200 1323 "-" "WordPress/6.8; https://batconpakistan.org"
13.74.68.224 - - [28/Apr/2025:17:46:42 -0400] "GET /wp-content/plugins/simple/simple.php HTTP/1.1" 301 0 "-" "-"
162.0.235.240 - - [28/Apr/2025:17:46:44 -0400] "GET /wp-content/plugins/contact-form-7-style/admin/predefined-templates.json HTTP/1.1" 200 1323 "-" "WordPress/6.8; https://batconpakistan.org"
13.74.68.224 - - [28/Apr/2025:17:46:43 -0400] "GET /wp-content/plugins/simple/simple.php HTTP/1.1" 404 15890 "-" "-"
162.0.235.240 - - [28/Apr/2025:17:46:45 -0400] "GET /wp-content/plugins/contact-form-7-style/admin/predefined-templates.json HTTP/1.1" 200 1323 "-" "WordPress/6.8; https://batconpakistan.org"
13.74.68.224 - - [28/Apr/2025:17:46:45 -0400] "GET /wp-admin/css/colors/blue/about.php HTTP/1.1" 301 0 "-" "-"
162.0.235.240 - - [28/Apr/2025:17:46:47 -0400] "GET /wp-content/plugins/contact-form-7-style/admin/predefined-templates.json HTTP/1.1" 200 1323 "-" "WordPress/6.8; https://batconpakistan.org"
13.74.68.224 - - [28/Apr/2025:17:46:46 -0400] "GET /wp-admin/css/colors/blue/about.php HTTP/1.1" 404 15890 "-" "-"
162.0.235.240 - - [28/Apr/2025:17:46:48 -0400] "GET /wp-content/plugins/contact-form-7-style/admin/predefined-templates.json HTTP/1.1" 200 1323 "-" "WordPress/6.8; https://batconpakistan.org"
162.0.235.240 - - [28/Apr/2025:17:46:48 -0400] "POST /wp-cron.php?doing_wp_cron=1745876808.8511679172515869140625 HTTP/1.1" 200 0 "-" "WordPress/6.8; https://batconpakistan.org"
13.74.68.224 - - [28/Apr/2025:17:46:47 -0400] "GET /wp-admin/css/colors/midnight/colors.php HTTP/1.1" 301 0 "-" "-"
162.0.235.240 - - [28/Apr/2025:17:46:49 -0400] "GET /wp-content/plugins/contact-form-7-style/admin/predefined-templates.json HTTP/1.1" 200 1323 "-" "WordPress/6.8; https://batconpakistan.org"
162.0.235.240 - - [28/Apr/2025:17:46:49 -0400] "GET /wp-content/plugins/contact-form-7-style/admin/predefined-templates.json HTTP/1.1" 200 1323 "-" "WordPress/6.8; https://batconpakistan.org"
13.74.68.224 - - [28/Apr/2025:17:46:49 -0400] "GET /wp-admin/css/colors/midnight/colors.php HTTP/1.1" 404 15890 "-" "-"
162.0.235.240 - - [28/Apr/2025:17:46:51 -0400] "GET /wp-content/plugins/contact-form-7-style/admin/predefined-templates.json HTTP/1.1" 200 1323 "-" "WordPress/6.8; https://batconpakistan.org"
13.74.68.224 - - [28/Apr/2025:17:46:50 -0400] "GET /alfanew.php7 HTTP/1.1" 301 0 "-" "-"
162.0.235.240 - - [28/Apr/2025:17:46:52 -0400] "GET /wp-content/plugins/contact-form-7-style/admin/predefined-templates.json HTTP/1.1" 200 1323 "-" "WordPress/6.8; https://batconpakistan.org"
13.74.68.224 - - [28/Apr/2025:17:46:52 -0400] "GET /alfanew.php7 HTTP/1.1" 404 15888 "-" "-"
162.0.235.240 - - [28/Apr/2025:17:46:54 -0400] "GET /wp-content/plugins/contact-form-7-style/admin/predefined-templates.json HTTP/1.1" 200 1323 "-" "WordPress/6.8; https://batconpakistan.org"
13.74.68.224 - - [28/Apr/2025:17:46:53 -0400] "GET /themes/index.php HTTP/1.1" 301 0 "-" "-"
162.0.235.240 - - [28/Apr/2025:17:46:55 -0400] "GET /wp-content/plugins/contact-form-7-style/admin/predefined-templates.json HTTP/1.1" 200 1323 "-" "WordPress/6.8; https://batconpakistan.org"
162.0.235.240 - - [28/Apr/2025:17:46:56 -0400] "POST /wp-cron.php?doing_wp_cron=1745876815.9313490390777587890625 HTTP/1.1" 200 0 "-" "WordPress/6.8; https://batconpakistan.org"
13.74.68.224 - - [28/Apr/2025:17:46:54 -0400] "GET /themes/ HTTP/1.1" 404 15889 "-" "-"
162.0.235.240 - - [28/Apr/2025:17:46:56 -0400] "GET /wp-content/plugins/contact-form-7-style/admin/predefined-templates.json HTTP/1.1" 200 1323 "-" "WordPress/6.8; https://batconpakistan.org"
162.0.235.240 - - [28/Apr/2025:17:46:57 -0400] "GET /wp-content/plugins/contact-form-7-style/admin/predefined-templates.json HTTP/1.1" 200 1323 "-" "WordPress/6.8; https://batconpakistan.org"
13.74.68.224 - - [28/Apr/2025:17:46:56 -0400] "GET /moderation.php HTTP/1.1" 301 0 "-" "-"
162.0.235.240 - - [28/Apr/2025:17:46:58 -0400] "GET /wp-content/plugins/contact-form-7-style/admin/predefined-templates.json HTTP/1.1" 200 1323 "-" "WordPress/6.8; https://batconpakistan.org"
13.74.68.224 - - [28/Apr/2025:17:46:57 -0400] "GET /moderation.php HTTP/1.1" 404 15889 "-" "-"
162.0.235.240 - - [28/Apr/2025:17:46:59 -0400] "GET /wp-content/plugins/contact-form-7-style/admin/predefined-templates.json HTTP/1.1" 200 1323 "-" "WordPress/6.8; https://batconpakistan.org"
13.74.68.224 - - [28/Apr/2025:17:46:59 -0400] "GET /wp-content/plugins/xt HTTP/1.1" 301 0 "-" "-"
162.0.235.240 - - [28/Apr/2025:17:47:00 -0400] "GET /wp-content/plugins/contact-form-7-style/admin/predefined-templates.json HTTP/1.1" 200 1323 "-" "WordPress/6.8; https://batconpakistan.org"
13.74.68.224 - - [28/Apr/2025:17:47:00 -0400] "GET /wp-content/plugins/xt HTTP/1.1" 404 15890 "-" "-"
47.79.198.11 - - [28/Apr/2025:17:48:21 -0400] "GET / HTTP/1.1" 200 23495 "https://www.google.com/" "Mozilla/5.0 (Windows NT 10.0; Win64; x64) AppleWebKit/537.36 (KHTML, like Gecko) Chrome/132.0.0.0 Safari/537.36"
66.249.66.76 - - [28/Apr/2025:17:49:03 -0400] "GET / HTTP/1.1" 200 23495 "-" "Mozilla/5.0 (compatible; Googlebot/2.1; +http://www.google.com/bot.html)"
66.249.66.75 - - [28/Apr/2025:17:49:06 -0400] "GET /wp-content/plugins/revslider/public/assets/js/jquery.themepunch.revolution.min.js?ver=5.3.1.5 HTTP/1.1" 304 0 "https://batconpakistan.org/" "Mozilla/5.0 AppleWebKit/537.36 (KHTML, like Gecko; compatible; Googlebot/2.1; +http://www.google.com/bot.html) Chrome/134.0.6998.165 Safari/537.36"
66.249.66.76 - - [28/Apr/2025:17:49:06 -0400] "GET /wp-includes/js/jquery/jquery.min.js?ver=3.7.1 HTTP/1.1" 304 0 "https://batconpakistan.org/" "Mozilla/5.0 AppleWebKit/537.36 (KHTML, like Gecko; compatible; Googlebot/2.1; +http://www.google.com/bot.html) Chrome/134.0.6998.165 Safari/537.36"
66.249.66.75 - - [28/Apr/2025:17:49:07 -0400] "GET /wp-content/plugins/woocommerce/assets/js/jquery-blockui/jquery.blockUI.min.js?ver=2.7.0-wc.9.8.2 HTTP/1.1" 304 0 "https://batconpakistan.org/" "Mozilla/5.0 AppleWebKit/537.36 (KHTML, like Gecko; compatible; Googlebot/2.1; +http://www.google.com/bot.html) Chrome/134.0.6998.165 Safari/537.36"
66.249.66.75 - - [28/Apr/2025:17:49:07 -0400] "GET /wp-content/uploads/dynamic-mobmenu.css?ver=2.8.7-611 HTTP/1.1" 200 1744 "https://batconpakistan.org/" "Mozilla/5.0 AppleWebKit/537.36 (KHTML, like Gecko; compatible; Googlebot/2.1; +http://www.google.com/bot.html) Chrome/134.0.6998.165 Safari/537.36"
66.249.66.75 - - [28/Apr/2025:17:49:08 -0400] "GET /wp-content/themes/born-to-give/vendor/fullcalendar/lib/moment.min.js?ver=2.3.1.8 HTTP/1.1" 304 0 "https://batconpakistan.org/" "Mozilla/5.0 AppleWebKit/537.36 (KHTML, like Gecko; compatible; Googlebot/2.1; +http://www.google.com/bot.html) Chrome/134.0.6998.165 Safari/537.36"
66.249.66.75 - - [28/Apr/2025:17:49:09 -0400] "GET /wp-includes/js/jquery/jquery-migrate.min.js?ver=3.4.1 HTTP/1.1" 304 0 "https://batconpakistan.org/" "Mozilla/5.0 AppleWebKit/537.36 (KHTML, like Gecko; compatible; Googlebot/2.1; +http://www.google.com/bot.html) Chrome/134.0.6998.165 Safari/537.36"
66.249.66.75 - - [28/Apr/2025:17:49:10 -0400] "GET /wp-content/plugins/charitable/assets/js/charitable-session.min.js?ver=1.8.5.2 HTTP/1.1" 304 0 "https://batconpakistan.org/" "Mozilla/5.0 AppleWebKit/537.36 (KHTML, like Gecko; compatible; Googlebot/2.1; +http://www.google.com/bot.html) Chrome/134.0.6998.165 Safari/537.36"
66.249.66.76 - - [28/Apr/2025:17:49:10 -0400] "GET /wp-content/plugins/woocommerce/assets/js/frontend/add-to-cart.min.js?ver=9.8.2 HTTP/1.1" 304 0 "https://batconpakistan.org/" "Mozilla/5.0 AppleWebKit/537.36 (KHTML, like Gecko; compatible; Googlebot/2.1; +http://www.google.com/bot.html) Chrome/134.0.6998.165 Safari/537.36"
66.249.66.76 - - [28/Apr/2025:17:49:11 -0400] "GET /wp-content/plugins/charitable/assets/js/libraries/js-cookie.min.js?ver=2.1.4 HTTP/1.1" 304 0 "https://batconpakistan.org/" "Mozilla/5.0 AppleWebKit/537.36 (KHTML, like Gecko; compatible; Googlebot/2.1; +http://www.google.com/bot.html) Chrome/134.0.6998.165 Safari/537.36"
66.249.66.75 - - [28/Apr/2025:17:49:12 -0400] "GET /wp-content/plugins/revslider/public/assets/js/jquery.themepunch.tools.min.js?ver=5.3.1.5 HTTP/1.1" 304 0 "https://batconpakistan.org/" "Mozilla/5.0 AppleWebKit/537.36 (KHTML, like Gecko; compatible; Googlebot/2.1; +http://www.google.com/bot.html) Chrome/134.0.6998.165 Safari/537.36"
66.249.66.75 - - [28/Apr/2025:17:49:12 -0400] "GET /wp-content/plugins/contact-form-7-style/js/frontend-min.js?ver=3.1.9 HTTP/1.1" 304 0 "https://batconpakistan.org/" "Mozilla/5.0 AppleWebKit/537.36 (KHTML, like Gecko; compatible; Googlebot/2.1; +http://www.google.com/bot.html) Chrome/134.0.6998.165 Safari/537.36"
66.249.66.75 - - [28/Apr/2025:17:49:13 -0400] "GET /wp-includes/js/dist/hooks.min.js?ver=4d63a3d491d11ffd8ac6 HTTP/1.1" 304 0 "https://batconpakistan.org/" "Mozilla/5.0 AppleWebKit/537.36 (KHTML, like Gecko; compatible; Googlebot/2.1; +http://www.google.com/bot.html) Chrome/134.0.6998.165 Safari/537.36"
66.249.66.75 - - [28/Apr/2025:17:49:13 -0400] "GET /wp-includes/js/dist/i18n.min.js?ver=5e580eb46a90c2b997e6 HTTP/1.1" 304 0 "https://batconpakistan.org/" "Mozilla/5.0 AppleWebKit/537.36 (KHTML, like Gecko; compatible; Googlebot/2.1; +http://www.google.com/bot.html) Chrome/134.0.6998.165 Safari/537.36"
66.249.66.75 - - [28/Apr/2025:17:49:14 -0400] "GET /wp-content/plugins/charitable/assets/js/charitable-frontend.min.js?ver=1.8.5.2 HTTP/1.1" 304 0 "https://batconpakistan.org/" "Mozilla/5.0 AppleWebKit/537.36 (KHTML, like Gecko; compatible; Googlebot/2.1; +http://www.google.com/bot.html) Chrome/134.0.6998.165 Safari/537.36"
66.249.66.75 - - [28/Apr/2025:17:49:14 -0400] "GET /wp-content/themes/born-to-give/vendor/magnific/jquery.magnific-popup.min.js?ver=2.3.1.8 HTTP/1.1" 304 0 "https://batconpakistan.org/" "Mozilla/5.0 AppleWebKit/537.36 (KHTML, like Gecko; compatible; Googlebot/2.1; +http://www.google.com/bot.html) Chrome/134.0.6998.165 Safari/537.36"
66.249.66.75 - - [28/Apr/2025:17:49:15 -0400] "GET /wp-content/themes/born-to-give/vendor/owl-carousel/js/owl.carousel.min.js?ver=2.3.1.8 HTTP/1.1" 304 0 "https://batconpakistan.org/" "Mozilla/5.0 AppleWebKit/537.36 (KHTML, like Gecko; compatible; Googlebot/2.1; +http://www.google.com/bot.html) Chrome/134.0.6998.165 Safari/537.36"
66.249.66.75 - - [28/Apr/2025:17:49:16 -0400] "GET /wp-content/themes/born-to-give/vendor/fullcalendar/fullcalendar.min.js?ver=2.3.1.8 HTTP/1.1" 304 0 "https://batconpakistan.org/" "Mozilla/5.0 AppleWebKit/537.36 (KHTML, like Gecko; compatible; Googlebot/2.1; +http://www.google.com/bot.html) Chrome/134.0.6998.165 Safari/537.36"
66.249.66.75 - - [28/Apr/2025:17:49:17 -0400] "GET /wp-content/plugins/woocommerce/assets/js/sourcebuster/sourcebuster.min.js?ver=9.8.2 HTTP/1.1" 304 0 "https://batconpakistan.org/" "Mozilla/5.0 AppleWebKit/537.36 (KHTML, like Gecko; compatible; Googlebot/2.1; +http://www.google.com/bot.html) Chrome/134.0.6998.165 Safari/537.36"
66.249.66.75 - - [28/Apr/2025:17:49:17 -0400] "GET /wp-content/plugins/woocommerce/assets/js/frontend/order-attribution.min.js?ver=9.8.2 HTTP/1.1" 304 0 "https://batconpakistan.org/" "Mozilla/5.0 AppleWebKit/537.36 (KHTML, like Gecko; compatible; Googlebot/2.1; +http://www.google.com/bot.html) Chrome/134.0.6998.165 Safari/537.36"
66.249.66.75 - - [28/Apr/2025:17:49:18 -0400] "GET /wp-content/plugins/js_composer/assets/js/dist/js_composer_front.min.js?ver=6.5.0 HTTP/1.1" 304 0 "https://batconpakistan.org/" "Mozilla/5.0 AppleWebKit/537.36 (KHTML, like Gecko; compatible; Googlebot/2.1; +http://www.google.com/bot.html) Chrome/134.0.6998.165 Safari/537.36"
66.249.66.75 - - [28/Apr/2025:17:49:18 -0400] "GET /wp-content/plugins/js_composer/assets/lib/bower/skrollr/dist/skrollr.min.js?ver=6.5.0 HTTP/1.1" 304 0 "https://batconpakistan.org/" "Mozilla/5.0 AppleWebKit/537.36 (KHTML, like Gecko; compatible; Googlebot/2.1; +http://www.google.com/bot.html) Chrome/134.0.6998.165 Safari/537.36"
66.249.66.75 - - [28/Apr/2025:17:49:19 -0400] "GET /wp-content/plugins/woocommerce/assets/js/frontend/woocommerce.min.js?ver=9.8.2 HTTP/1.1" 304 0 "https://batconpakistan.org/" "Mozilla/5.0 AppleWebKit/537.36 (KHTML, like Gecko; compatible; Googlebot/2.1; +http://www.google.com/bot.html) Chrome/134.0.6998.165 Safari/537.36"
66.249.66.75 - - [28/Apr/2025:17:49:20 -0400] "GET /wp-content/plugins/autoptimize/classes/external/js/lazysizes.min.js?ao_version=3.1.13 HTTP/1.1" 304 0 "https://batconpakistan.org/" "Mozilla/5.0 AppleWebKit/537.36 (KHTML, like Gecko; compatible; Googlebot/2.1; +http://www.google.com/bot.html) Chrome/134.0.6998.165 Safari/537.36"
66.249.66.75 - - [28/Apr/2025:17:49:20 -0400] "GET /wp-includes/js/wp-emoji-release.min.js?ver=6.8 HTTP/1.1" 304 0 "https://batconpakistan.org/" "Mozilla/5.0 AppleWebKit/537.36 (KHTML, like Gecko; compatible; Googlebot/2.1; +http://www.google.com/bot.html) Chrome/134.0.6998.165 Safari/537.36"
66.249.66.75 - - [28/Apr/2025:17:49:25 -0400] "GET /wp-content/plugins/revslider/public/assets/js/extensions/revolution.extension.layeranimation.min.js?version=5.3.1.4 HTTP/1.1" 304 0 "https://batconpakistan.org/" "Mozilla/5.0 AppleWebKit/537.36 (KHTML, like Gecko; compatible; Googlebot/2.1; +http://www.google.com/bot.html) Chrome/134.0.6998.165 Safari/537.36"
66.249.66.75 - - [28/Apr/2025:17:49:26 -0400] "GET /wp-content/plugins/revslider/public/assets/js/extensions/revolution.extension.navigation.min.js?version=5.3.1.4 HTTP/1.1" 304 0 "https://batconpakistan.org/" "Mozilla/5.0 AppleWebKit/537.36 (KHTML, like Gecko; compatible; Googlebot/2.1; +http://www.google.com/bot.html) Chrome/134.0.6998.165 Safari/537.36"
66.249.66.75 - - [28/Apr/2025:17:49:26 -0400] "GET /wp-content/plugins/revslider/public/assets/js/extensions/revolution.extension.slideanims.min.js?version=5.3.1.4 HTTP/1.1" 304 0 "https://batconpakistan.org/" "Mozilla/5.0 AppleWebKit/537.36 (KHTML, like Gecko; compatible; Googlebot/2.1; +http://www.google.com/bot.html) Chrome/134.0.6998.165 Safari/537.36"
66.249.66.75 - - [28/Apr/2025:17:49:27 -0400] "GET /wp-content/plugins/revslider/public/assets/js/extensions/revolution.extension.actions.min.js?version=5.3.1.4 HTTP/1.1" 304 0 "https://batconpakistan.org/" "Mozilla/5.0 AppleWebKit/537.36 (KHTML, like Gecko; compatible; Googlebot/2.1; +http://www.google.com/bot.html) Chrome/134.0.6998.165 Safari/537.36"
74.114.154.10 - - [28/Apr/2025:17:52:09 -0400] "GET /team/dr-touseef-ahmed-awan/ HTTP/1.1" 200 0 "-" "Tumblr/14.0.835.186"
162.0.235.240 - - [28/Apr/2025:17:52:12 -0400] "GET /wp-content/plugins/contact-form-7-style/admin/predefined-templates.json HTTP/1.1" 200 1323 "-" "WordPress/6.8; https://batconpakistan.org"
162.0.235.240 - - [28/Apr/2025:17:52:13 -0400] "POST /wp-cron.php?doing_wp_cron=1745877133.4633889198303222656250 HTTP/1.1" 200 0 "-" "WordPress/6.8; https://batconpakistan.org"
162.0.235.240 - - [28/Apr/2025:17:52:14 -0400] "GET /wp-content/plugins/contact-form-7-style/admin/predefined-templates.json HTTP/1.1" 200 1323 "-" "WordPress/6.8; https://batconpakistan.org"
162.0.235.240 - - [28/Apr/2025:17:52:14 -0400] "POST /wp-admin/admin-ajax.php?action=async_litespeed&nonce=2YdoUPlvoiKbyBENASdUc52ksmk6s9ht&litespeed_type=imgoptm HTTP/1.1" 200 0 "-" "WordPress/6.8; https://batconpakistan.org"
162.0.235.240 - - [28/Apr/2025:17:52:15 -0400] "GET /wp-content/plugins/contact-form-7-style/admin/predefined-templates.json HTTP/1.1" 200 1323 "-" "WordPress/6.8; https://batconpakistan.org"
162.0.235.240 - - [28/Apr/2025:17:53:28 -0400] "GET /wp-content/plugins/contact-form-7-style/admin/predefined-templates.json HTTP/1.1" 200 1323 "-" "WordPress/6.8; https://batconpakistan.org"
162.0.235.240 - - [28/Apr/2025:17:53:28 -0400] "POST /wp-cron.php?doing_wp_cron=1745877208.2645258903503417968750 HTTP/1.1" 200 0 "-" "WordPress/6.8; https://batconpakistan.org"
54.36.149.39 - - [28/Apr/2025:17:53:27 -0400] "GET /author/admin/ HTTP/1.1" 200 40472 "-" "Mozilla/5.0 (compatible; AhrefsBot/7.0; +http://ahrefs.com/robot/)"
162.0.235.240 - - [28/Apr/2025:17:53:29 -0400] "GET /wp-content/plugins/contact-form-7-style/admin/predefined-templates.json HTTP/1.1" 200 1323 "-" "WordPress/6.8; https://batconpakistan.org"
162.0.235.240 - - [28/Apr/2025:17:53:29 -0400] "POST /wp-admin/admin-ajax.php?action=async_litespeed&nonce=0jlXLpU3SyYymowGjI6KSNbMTL8Raou6&litespeed_type=imgoptm HTTP/1.1" 200 0 "-" "WordPress/6.8; https://batconpakistan.org"
162.0.235.240 - - [28/Apr/2025:17:53:30 -0400] "GET /wp-content/plugins/contact-form-7-style/admin/predefined-templates.json HTTP/1.1" 200 1323 "-" "WordPress/6.8; https://batconpakistan.org"
162.0.235.240 - - [28/Apr/2025:17:57:20 -0400] "GET /wp-content/plugins/contact-form-7-style/admin/predefined-templates.json HTTP/1.1" 200 1323 "-" "WordPress/6.8; https://batconpakistan.org"
162.0.235.240 - - [28/Apr/2025:17:57:21 -0400] "POST /wp-cron.php?doing_wp_cron=1745877441.2495710849761962890625 HTTP/1.1" 200 0 "-" "WordPress/6.8; https://batconpakistan.org"
54.36.148.31 - - [28/Apr/2025:17:57:17 -0400] "GET /Science-Education-Terbium-Tb-mm-Metal-Disc-774410-Early-Learning-Classroom-Supplies/ HTTP/1.1" 200 16009 "-" "Mozilla/5.0 (compatible; AhrefsBot/7.0; +http://ahrefs.com/robot/)"
162.0.235.240 - - [28/Apr/2025:17:57:21 -0400] "GET /wp-content/plugins/contact-form-7-style/admin/predefined-templates.json HTTP/1.1" 200 1323 "-" "WordPress/6.8; https://batconpakistan.org"
162.0.235.240 - - [28/Apr/2025:17:57:22 -0400] "POST /wp-admin/admin-ajax.php?action=async_litespeed&nonce=yzh97FuARmjgIb6CQMqHHrsHpqZ3GJ48&litespeed_type=imgoptm HTTP/1.1" 200 0 "-" "WordPress/6.8; https://batconpakistan.org"
162.0.235.240 - - [28/Apr/2025:17:57:23 -0400] "GET /wp-content/plugins/contact-form-7-style/admin/predefined-templates.json HTTP/1.1" 200 1323 "-" "WordPress/6.8; https://batconpakistan.org"
13.52.219.124 - - [28/Apr/2025:17:58:25 -0400] "GET / HTTP/1.1" 200 23495 "-" "Mozilla/5.0 (X11; Linux x86_64) AppleWebKit/537.36 (KHTML, like Gecko) Chrome/51.0.2704.103 Safari/537.36"
162.0.235.240 - - [28/Apr/2025:18:00:48 -0400] "GET /wp-content/plugins/contact-form-7-style/admin/predefined-templates.json HTTP/1.1" 200 1323 "-" "WordPress/6.8; https://batconpakistan.org"
162.0.235.240 - - [28/Apr/2025:18:00:49 -0400] "POST /wp-cron.php?doing_wp_cron=1745877649.4836819171905517578125 HTTP/1.1" 200 0 "-" "WordPress/6.8; https://batconpakistan.org"
54.36.149.43 - - [28/Apr/2025:18:00:44 -0400] "GET /Science-Education-Natural-Ammonite-775394-Fossils/ HTTP/1.1" 200 16008 "-" "Mozilla/5.0 (compatible; AhrefsBot/7.0; +http://ahrefs.com/robot/)"
162.0.235.240 - - [28/Apr/2025:18:00:50 -0400] "GET /wp-content/plugins/contact-form-7-style/admin/predefined-templates.json HTTP/1.1" 200 1323 "-" "WordPress/6.8; https://batconpakistan.org"
162.0.235.240 - - [28/Apr/2025:18:00:50 -0400] "POST /wp-admin/admin-ajax.php?action=async_litespeed&nonce=LtJFx2SmeI3XZHdmQXNOo3W50ySbxDZu&litespeed_type=imgoptm HTTP/1.1" 200 0 "-" "WordPress/6.8; https://batconpakistan.org"
162.0.235.240 - - [28/Apr/2025:18:00:52 -0400] "GET /wp-content/plugins/contact-form-7-style/admin/predefined-templates.json HTTP/1.1" 200 1323 "-" "WordPress/6.8; https://batconpakistan.org"
/home/batcwwjx/johnsnowanalytics.monster/../access-logs/batconpakistan.org-ssl_log