52.164.243.23 - - [28/Apr/2025:17:12:48 -0400] "GET /wp-content/smaxx.php HTTP/1.1" 404 15889 "-" "-"
162.0.235.240 - - [28/Apr/2025:17:12:50 -0400] "GET /wp-content/plugins/contact-form-7-style/admin/predefined-templates.json HTTP/1.1" 200 1323 "-" "WordPress/6.8; https://batconpakistan.org"
162.0.235.240 - - [28/Apr/2025:17:12:51 -0400] "GET /wp-content/plugins/contact-form-7-style/admin/predefined-templates.json HTTP/1.1" 200 1323 "-" "WordPress/6.8; https://batconpakistan.org"
52.164.243.23 - - [28/Apr/2025:17:12:50 -0400] "GET /wp-content/themes/twentyfive/smaxx.php HTTP/1.1" 404 15891 "-" "-"
162.0.235.240 - - [28/Apr/2025:17:12:53 -0400] "GET /wp-content/plugins/contact-form-7-style/admin/predefined-templates.json HTTP/1.1" 200 1323 "-" "WordPress/6.8; https://batconpakistan.org"
52.164.243.23 - - [28/Apr/2025:17:12:52 -0400] "GET /wp-content/upgrade/sx.php HTTP/1.1" 404 15889 "-" "-"
52.164.243.23 - - [28/Apr/2025:17:12:53 -0400] "GET /.well-known/pki-validation/sx.php HTTP/1.1" 404 1251 "-" "-"
162.0.235.240 - - [28/Apr/2025:17:12:54 -0400] "GET /wp-content/plugins/contact-form-7-style/admin/predefined-templates.json HTTP/1.1" 200 1323 "-" "WordPress/6.8; https://batconpakistan.org"
162.0.235.240 - - [28/Apr/2025:17:12:55 -0400] "POST /wp-cron.php?doing_wp_cron=1745874775.2213609218597412109375 HTTP/1.1" 200 0 "-" "WordPress/6.8; https://batconpakistan.org"
52.164.243.23 - - [28/Apr/2025:17:12:54 -0400] "GET /wp-admin/user/sx.php HTTP/1.1" 404 15890 "-" "-"
162.0.235.240 - - [28/Apr/2025:17:12:55 -0400] "GET /wp-content/plugins/contact-form-7-style/admin/predefined-templates.json HTTP/1.1" 200 1323 "-" "WordPress/6.8; https://batconpakistan.org"
162.0.235.240 - - [28/Apr/2025:17:12:56 -0400] "GET /wp-content/plugins/contact-form-7-style/admin/predefined-templates.json HTTP/1.1" 200 1323 "-" "WordPress/6.8; https://batconpakistan.org"
52.164.243.23 - - [28/Apr/2025:17:12:55 -0400] "GET /wp-includes/ID3/sx.php HTTP/1.1" 404 15890 "-" "-"
162.0.235.240 - - [28/Apr/2025:17:12:58 -0400] "GET /wp-content/plugins/contact-form-7-style/admin/predefined-templates.json HTTP/1.1" 200 1323 "-" "WordPress/6.8; https://batconpakistan.org"
52.164.243.23 - - [28/Apr/2025:17:12:57 -0400] "GET /wp-includes/blocks/sx.php HTTP/1.1" 404 15888 "-" "-"
162.0.235.240 - - [28/Apr/2025:17:13:00 -0400] "GET /wp-content/plugins/contact-form-7-style/admin/predefined-templates.json HTTP/1.1" 200 1323 "-" "WordPress/6.8; https://batconpakistan.org"
52.164.243.23 - - [28/Apr/2025:17:12:59 -0400] "GET /wp-includes/sx.php HTTP/1.1" 404 15888 "-" "-"
162.0.235.240 - - [28/Apr/2025:17:13:01 -0400] "GET /wp-content/plugins/contact-form-7-style/admin/predefined-templates.json HTTP/1.1" 200 1323 "-" "WordPress/6.8; https://batconpakistan.org"
52.164.243.23 - - [28/Apr/2025:17:13:00 -0400] "GET /wp-admin/sx.php HTTP/1.1" 404 15890 "-" "-"
162.0.235.240 - - [28/Apr/2025:17:13:03 -0400] "GET /wp-content/plugins/contact-form-7-style/admin/predefined-templates.json HTTP/1.1" 200 1323 "-" "WordPress/6.8; https://batconpakistan.org"
52.164.243.23 - - [28/Apr/2025:17:13:02 -0400] "GET /wp-content/plugins/fix/sx.php HTTP/1.1" 404 15890 "-" "-"
162.0.235.240 - - [28/Apr/2025:17:13:05 -0400] "GET /wp-content/plugins/contact-form-7-style/admin/predefined-templates.json HTTP/1.1" 200 1323 "-" "WordPress/6.8; https://batconpakistan.org"
162.0.235.240 - - [28/Apr/2025:17:13:05 -0400] "POST /wp-cron.php?doing_wp_cron=1745874785.7514379024505615234375 HTTP/1.1" 200 0 "-" "WordPress/6.8; https://batconpakistan.org"
52.164.243.23 - - [28/Apr/2025:17:13:04 -0400] "GET /wp-admin/includes/sx.php HTTP/1.1" 404 15888 "-" "-"
162.0.235.240 - - [28/Apr/2025:17:13:06 -0400] "GET /wp-content/plugins/contact-form-7-style/admin/predefined-templates.json HTTP/1.1" 200 1323 "-" "WordPress/6.8; https://batconpakistan.org"
162.0.235.240 - - [28/Apr/2025:17:13:07 -0400] "GET /wp-content/plugins/contact-form-7-style/admin/predefined-templates.json HTTP/1.1" 200 1323 "-" "WordPress/6.8; https://batconpakistan.org"
162.0.235.240 - - [28/Apr/2025:17:13:06 -0400] "POST /wp-admin/admin-ajax.php?action=async_litespeed&nonce=sin0t63Tma76D7SPYUZO6F7CX3Ib0WqH&litespeed_type=imgoptm HTTP/1.1" 200 0 "-" "WordPress/6.8; https://batconpakistan.org"
162.0.235.240 - - [28/Apr/2025:17:13:07 -0400] "GET /wp-content/plugins/contact-form-7-style/admin/predefined-templates.json HTTP/1.1" 200 1323 "-" "WordPress/6.8; https://batconpakistan.org"
52.164.243.23 - - [28/Apr/2025:17:13:06 -0400] "GET /cgi-bin/sx.php HTTP/1.1" 404 15888 "-" "-"
162.0.235.240 - - [28/Apr/2025:17:13:09 -0400] "GET /wp-content/plugins/contact-form-7-style/admin/predefined-templates.json HTTP/1.1" 200 1323 "-" "WordPress/6.8; https://batconpakistan.org"
52.164.243.23 - - [28/Apr/2025:17:13:08 -0400] "GET /wp-admin/css/sx.php HTTP/1.1" 404 15890 "-" "-"
162.0.235.240 - - [28/Apr/2025:17:13:11 -0400] "GET /wp-content/plugins/contact-form-7-style/admin/predefined-templates.json HTTP/1.1" 200 1323 "-" "WordPress/6.8; https://batconpakistan.org"
52.164.243.23 - - [28/Apr/2025:17:13:10 -0400] "GET /wp-admin/network/sx.php HTTP/1.1" 404 15890 "-" "-"
162.0.235.240 - - [28/Apr/2025:17:13:12 -0400] "GET /wp-content/plugins/contact-form-7-style/admin/predefined-templates.json HTTP/1.1" 200 1323 "-" "WordPress/6.8; https://batconpakistan.org"
52.164.243.23 - - [28/Apr/2025:17:13:11 -0400] "GET /wp-includes/block-supports/sx.php HTTP/1.1" 404 15890 "-" "-"
162.0.235.240 - - [28/Apr/2025:17:13:14 -0400] "GET /wp-content/plugins/contact-form-7-style/admin/predefined-templates.json HTTP/1.1" 200 1323 "-" "WordPress/6.8; https://batconpakistan.org"
52.164.243.23 - - [28/Apr/2025:17:13:13 -0400] "GET /wp-includes/IXR/sx.php HTTP/1.1" 404 15889 "-" "-"
162.0.235.240 - - [28/Apr/2025:17:13:15 -0400] "GET /wp-content/plugins/contact-form-7-style/admin/predefined-templates.json HTTP/1.1" 200 1323 "-" "WordPress/6.8; https://batconpakistan.org"
52.164.243.23 - - [28/Apr/2025:17:13:15 -0400] "GET /.well-known/sx.php HTTP/1.1" 404 15890 "-" "-"
162.0.235.240 - - [28/Apr/2025:17:13:17 -0400] "GET /wp-content/plugins/contact-form-7-style/admin/predefined-templates.json HTTP/1.1" 200 1323 "-" "WordPress/6.8; https://batconpakistan.org"
52.164.243.23 - - [28/Apr/2025:17:13:16 -0400] "GET /wp-includes/js/tinymce/skins/lightgray/fonts/sx.php HTTP/1.1" 404 15889 "-" "-"
162.0.235.240 - - [28/Apr/2025:17:13:19 -0400] "GET /wp-content/plugins/contact-form-7-style/admin/predefined-templates.json HTTP/1.1" 200 1323 "-" "WordPress/6.8; https://batconpakistan.org"
52.164.243.23 - - [28/Apr/2025:17:13:18 -0400] "GET /wp-content/sx.php HTTP/1.1" 404 15890 "-" "-"
162.0.235.240 - - [28/Apr/2025:17:13:21 -0400] "GET /wp-content/plugins/contact-form-7-style/admin/predefined-templates.json HTTP/1.1" 200 1323 "-" "WordPress/6.8; https://batconpakistan.org"
52.164.243.23 - - [28/Apr/2025:17:13:20 -0400] "GET /wp-content/plugins/elementor/sx.php HTTP/1.1" 404 15889 "-" "-"
162.0.235.240 - - [28/Apr/2025:17:13:23 -0400] "GET /wp-content/plugins/contact-form-7-style/admin/predefined-templates.json HTTP/1.1" 200 1323 "-" "WordPress/6.8; https://batconpakistan.org"
52.164.243.23 - - [28/Apr/2025:17:13:22 -0400] "GET /.well-known/acme-challenge/sx.php HTTP/1.1" 404 15889 "-" "-"
162.0.235.240 - - [28/Apr/2025:17:13:25 -0400] "GET /wp-content/plugins/contact-form-7-style/admin/predefined-templates.json HTTP/1.1" 200 1323 "-" "WordPress/6.8; https://batconpakistan.org"
52.164.243.23 - - [28/Apr/2025:17:13:24 -0400] "GET /wp-includes/js/jcrop/sx.php HTTP/1.1" 404 15890 "-" "-"
162.0.235.240 - - [28/Apr/2025:17:13:26 -0400] "GET /wp-content/plugins/contact-form-7-style/admin/predefined-templates.json HTTP/1.1" 200 1323 "-" "WordPress/6.8; https://batconpakistan.org"
52.164.243.23 - - [28/Apr/2025:17:13:25 -0400] "GET /wp-includes/rest-api/sx.php HTTP/1.1" 404 15890 "-" "-"
162.0.235.240 - - [28/Apr/2025:17:13:29 -0400] "GET /wp-content/plugins/contact-form-7-style/admin/predefined-templates.json HTTP/1.1" 200 1323 "-" "WordPress/6.8; https://batconpakistan.org"
52.164.243.23 - - [28/Apr/2025:17:13:27 -0400] "GET /wp-admin/images/sx.php HTTP/1.1" 404 15890 "-" "-"
162.0.235.240 - - [28/Apr/2025:17:13:30 -0400] "GET /wp-content/plugins/contact-form-7-style/admin/predefined-templates.json HTTP/1.1" 200 1323 "-" "WordPress/6.8; https://batconpakistan.org"
52.164.243.23 - - [28/Apr/2025:17:13:29 -0400] "GET /wp-admin/css/colors/blue/blue.php HTTP/1.1" 404 15888 "-" "-"
162.0.235.240 - - [28/Apr/2025:17:13:32 -0400] "GET /wp-content/plugins/contact-form-7-style/admin/predefined-templates.json HTTP/1.1" 200 1323 "-" "WordPress/6.8; https://batconpakistan.org"
52.164.243.23 - - [28/Apr/2025:17:13:31 -0400] "GET /chosen HTTP/1.1" 404 15890 "-" "-"
162.0.235.240 - - [28/Apr/2025:17:13:35 -0400] "GET /wp-content/plugins/contact-form-7-style/admin/predefined-templates.json HTTP/1.1" 200 1323 "-" "WordPress/6.8; https://batconpakistan.org"
52.164.243.23 - - [28/Apr/2025:17:13:33 -0400] "GET /wp-content/plugins/fix/up.php HTTP/1.1" 404 15888 "-" "-"
162.0.235.240 - - [28/Apr/2025:17:13:37 -0400] "GET /wp-content/plugins/contact-form-7-style/admin/predefined-templates.json HTTP/1.1" 200 1323 "-" "WordPress/6.8; https://batconpakistan.org"
52.164.243.23 - - [28/Apr/2025:17:13:36 -0400] "GET /install.php HTTP/1.1" 404 15891 "-" "-"
162.0.235.240 - - [28/Apr/2025:17:13:38 -0400] "GET /wp-content/plugins/contact-form-7-style/admin/predefined-templates.json HTTP/1.1" 200 1323 "-" "WordPress/6.8; https://batconpakistan.org"
52.164.243.23 - - [28/Apr/2025:17:13:38 -0400] "GET /wp-includes/images/include.php HTTP/1.1" 404 15890 "-" "-"
162.0.235.240 - - [28/Apr/2025:17:13:40 -0400] "GET /wp-content/plugins/contact-form-7-style/admin/predefined-templates.json HTTP/1.1" 200 1323 "-" "WordPress/6.8; https://batconpakistan.org"
162.0.235.240 - - [28/Apr/2025:17:13:41 -0400] "POST /wp-cron.php?doing_wp_cron=1745874820.9913239479064941406250 HTTP/1.1" 200 0 "-" "WordPress/6.8; https://batconpakistan.org"
52.164.243.23 - - [28/Apr/2025:17:13:39 -0400] "GET /wp-content/themes/wp-classic/inc/index.php HTTP/1.1" 301 0 "-" "-"
162.0.235.240 - - [28/Apr/2025:17:13:41 -0400] "GET /wp-content/plugins/contact-form-7-style/admin/predefined-templates.json HTTP/1.1" 200 1323 "-" "WordPress/6.8; https://batconpakistan.org"
162.0.235.240 - - [28/Apr/2025:17:13:42 -0400] "GET /wp-content/plugins/contact-form-7-style/admin/predefined-templates.json HTTP/1.1" 200 1323 "-" "WordPress/6.8; https://batconpakistan.org"
52.164.243.23 - - [28/Apr/2025:17:13:41 -0400] "GET /wp-content/themes/wp-classic/inc/ HTTP/1.1" 404 15890 "-" "-"
162.0.235.240 - - [28/Apr/2025:17:13:44 -0400] "GET /wp-content/plugins/contact-form-7-style/admin/predefined-templates.json HTTP/1.1" 200 1323 "-" "WordPress/6.8; https://batconpakistan.org"
52.164.243.23 - - [28/Apr/2025:17:13:43 -0400] "GET /assets/images/1p.php HTTP/1.1" 404 15887 "-" "-"
162.0.235.240 - - [28/Apr/2025:17:13:46 -0400] "GET /wp-content/plugins/contact-form-7-style/admin/predefined-templates.json HTTP/1.1" 200 1323 "-" "WordPress/6.8; https://batconpakistan.org"
52.164.243.23 - - [28/Apr/2025:17:13:45 -0400] "GET /class.api.php HTTP/1.1" 404 15888 "-" "-"
162.0.235.240 - - [28/Apr/2025:17:13:48 -0400] "GET /wp-content/plugins/contact-form-7-style/admin/predefined-templates.json HTTP/1.1" 200 1323 "-" "WordPress/6.8; https://batconpakistan.org"
162.0.235.240 - - [28/Apr/2025:17:13:48 -0400] "POST /wp-cron.php?doing_wp_cron=1745874828.4929020404815673828125 HTTP/1.1" 200 0 "-" "WordPress/6.8; https://batconpakistan.org"
52.164.243.23 - - [28/Apr/2025:17:13:47 -0400] "GET /plugin.php HTTP/1.1" 404 15890 "-" "-"
162.0.235.240 - - [28/Apr/2025:17:13:49 -0400] "GET /wp-content/plugins/contact-form-7-style/admin/predefined-templates.json HTTP/1.1" 200 1323 "-" "WordPress/6.8; https://batconpakistan.org"
162.0.235.240 - - [28/Apr/2025:17:13:50 -0400] "GET /wp-content/plugins/contact-form-7-style/admin/predefined-templates.json HTTP/1.1" 200 1323 "-" "WordPress/6.8; https://batconpakistan.org"
52.164.243.23 - - [28/Apr/2025:17:13:49 -0400] "GET /wp-mail.php HTTP/1.1" 403 942 "-" "-"
162.0.235.240 - - [28/Apr/2025:17:13:51 -0400] "GET /wp-content/plugins/contact-form-7-style/admin/predefined-templates.json HTTP/1.1" 200 1323 "-" "WordPress/6.8; https://batconpakistan.org"
52.164.243.23 - - [28/Apr/2025:17:13:50 -0400] "GET /cong.php HTTP/1.1" 404 15889 "-" "-"
52.164.243.23 - - [28/Apr/2025:17:13:52 -0400] "GET /wp-content/index.php HTTP/1.1" 200 0 "-" "-"
52.164.243.23 - - [28/Apr/2025:17:13:52 -0400] "GET /.well-known/acme-challenge/xmrlpc.php HTTP/1.1" 404 15888 "-" "-"
162.0.235.240 - - [28/Apr/2025:17:13:54 -0400] "GET /wp-content/plugins/contact-form-7-style/admin/predefined-templates.json HTTP/1.1" 200 1323 "-" "WordPress/6.8; https://batconpakistan.org"
52.164.243.23 - - [28/Apr/2025:17:13:53 -0400] "GET /wp-configs.php HTTP/1.1" 404 15888 "-" "-"
162.0.235.240 - - [28/Apr/2025:17:13:55 -0400] "GET /wp-content/plugins/contact-form-7-style/admin/predefined-templates.json HTTP/1.1" 200 1323 "-" "WordPress/6.8; https://batconpakistan.org"
162.0.235.240 - - [28/Apr/2025:17:13:55 -0400] "POST /wp-cron.php?doing_wp_cron=1745874835.7815029621124267578125 HTTP/1.1" 200 0 "-" "WordPress/6.8; https://batconpakistan.org"
52.164.243.23 - - [28/Apr/2025:17:13:54 -0400] "GET /input.php HTTP/1.1" 404 15890 "-" "-"
162.0.235.240 - - [28/Apr/2025:17:13:56 -0400] "GET /wp-content/plugins/contact-form-7-style/admin/predefined-templates.json HTTP/1.1" 200 1323 "-" "WordPress/6.8; https://batconpakistan.org"
162.0.235.240 - - [28/Apr/2025:17:13:57 -0400] "GET /wp-content/plugins/contact-form-7-style/admin/predefined-templates.json HTTP/1.1" 200 1323 "-" "WordPress/6.8; https://batconpakistan.org"
52.164.243.23 - - [28/Apr/2025:17:13:56 -0400] "GET /0z.php HTTP/1.1" 404 15889 "-" "-"
162.0.235.240 - - [28/Apr/2025:17:13:59 -0400] "GET /wp-content/plugins/contact-form-7-style/admin/predefined-templates.json HTTP/1.1" 200 1323 "-" "WordPress/6.8; https://batconpakistan.org"
52.164.243.23 - - [28/Apr/2025:17:13:58 -0400] "GET /media.php HTTP/1.1" 404 15890 "-" "-"
162.0.235.240 - - [28/Apr/2025:17:14:00 -0400] "GET /wp-content/plugins/contact-form-7-style/admin/predefined-templates.json HTTP/1.1" 200 1323 "-" "WordPress/6.8; https://batconpakistan.org"
52.164.243.23 - - [28/Apr/2025:17:14:00 -0400] "GET /chosen.php HTTP/1.1" 404 15890 "-" "-"
162.0.235.240 - - [28/Apr/2025:17:14:02 -0400] "GET /wp-content/plugins/contact-form-7-style/admin/predefined-templates.json HTTP/1.1" 200 1323 "-" "WordPress/6.8; https://batconpakistan.org"
52.164.243.23 - - [28/Apr/2025:17:14:01 -0400] "GET /wp-includes/fonts/wp-login.php HTTP/1.1" 404 15890 "-" "-"
162.0.235.240 - - [28/Apr/2025:17:14:04 -0400] "GET /wp-content/plugins/contact-form-7-style/admin/predefined-templates.json HTTP/1.1" 200 1323 "-" "WordPress/6.8; https://batconpakistan.org"
52.164.243.23 - - [28/Apr/2025:17:14:03 -0400] "GET /wp-admin/users.php HTTP/1.1" 302 0 "-" "-"
162.0.235.240 - - [28/Apr/2025:17:14:05 -0400] "GET /wp-content/plugins/contact-form-7-style/admin/predefined-templates.json HTTP/1.1" 200 1323 "-" "WordPress/6.8; https://batconpakistan.org"
162.0.235.240 - - [28/Apr/2025:17:14:06 -0400] "POST /wp-cron.php?doing_wp_cron=1745874845.9415190219879150390625 HTTP/1.1" 200 0 "-" "WordPress/6.8; https://batconpakistan.org"
52.164.243.23 - - [28/Apr/2025:17:14:04 -0400] "GET /wp-login.php?redirect_to=https%3A%2F%2Fbatconpakistan.org%2Fwp-admin%2Fusers.php&reauth=1 HTTP/1.1" 200 1889 "-" "-"
162.0.235.240 - - [28/Apr/2025:17:14:06 -0400] "GET /wp-content/plugins/contact-form-7-style/admin/predefined-templates.json HTTP/1.1" 200 1323 "-" "WordPress/6.8; https://batconpakistan.org"
162.0.235.240 - - [28/Apr/2025:17:14:07 -0400] "GET /wp-content/plugins/contact-form-7-style/admin/predefined-templates.json HTTP/1.1" 200 1323 "-" "WordPress/6.8; https://batconpakistan.org"
162.0.235.240 - - [28/Apr/2025:17:14:06 -0400] "POST /wp-admin/admin-ajax.php?action=async_litespeed&nonce=h8Ds3p3QyJcHnavgWdgAavbbdLlyR9lZ&litespeed_type=imgoptm HTTP/1.1" 200 0 "-" "WordPress/6.8; https://batconpakistan.org"
52.164.243.23 - - [28/Apr/2025:17:14:06 -0400] "GET /wp-content/uploads/cache.php HTTP/1.1" 404 15889 "-" "-"
162.0.235.240 - - [28/Apr/2025:17:14:08 -0400] "GET /wp-content/plugins/contact-form-7-style/admin/predefined-templates.json HTTP/1.1" 200 1323 "-" "WordPress/6.8; https://batconpakistan.org"
162.0.235.240 - - [28/Apr/2025:17:14:09 -0400] "GET /wp-content/plugins/contact-form-7-style/admin/predefined-templates.json HTTP/1.1" 200 1323 "-" "WordPress/6.8; https://batconpakistan.org"
52.164.243.23 - - [28/Apr/2025:17:14:08 -0400] "GET /.wp-cli/wp-login.php HTTP/1.1" 404 15890 "-" "-"
162.0.235.240 - - [28/Apr/2025:17:14:11 -0400] "GET /wp-content/plugins/contact-form-7-style/admin/predefined-templates.json HTTP/1.1" 200 1323 "-" "WordPress/6.8; https://batconpakistan.org"
52.164.243.23 - - [28/Apr/2025:17:14:10 -0400] "GET /authorize.php HTTP/1.1" 404 15888 "-" "-"
162.0.235.240 - - [28/Apr/2025:17:14:13 -0400] "GET /wp-content/plugins/contact-form-7-style/admin/predefined-templates.json HTTP/1.1" 200 1323 "-" "WordPress/6.8; https://batconpakistan.org"
52.164.243.23 - - [28/Apr/2025:17:14:12 -0400] "GET /wp-admin/css/colors/blue/CasperExV1.php HTTP/1.1" 404 15890 "-" "-"
162.0.235.240 - - [28/Apr/2025:17:14:14 -0400] "GET /wp-content/plugins/contact-form-7-style/admin/predefined-templates.json HTTP/1.1" 200 1323 "-" "WordPress/6.8; https://batconpakistan.org"
52.164.243.23 - - [28/Apr/2025:17:14:13 -0400] "GET /wp-admin/includes/users.php HTTP/1.1" 404 15888 "-" "-"
162.0.235.240 - - [28/Apr/2025:17:14:16 -0400] "GET /wp-content/plugins/contact-form-7-style/admin/predefined-templates.json HTTP/1.1" 200 1323 "-" "WordPress/6.8; https://batconpakistan.org"
52.164.243.23 - - [28/Apr/2025:17:14:15 -0400] "GET /wp.php HTTP/1.1" 404 15889 "-" "-"
162.0.235.240 - - [28/Apr/2025:17:14:18 -0400] "GET /wp-content/plugins/contact-form-7-style/admin/predefined-templates.json HTTP/1.1" 200 1323 "-" "WordPress/6.8; https://batconpakistan.org"
52.164.243.23 - - [28/Apr/2025:17:14:17 -0400] "GET /wp-content/plugins/WordPressCore/include.php HTTP/1.1" 404 15890 "-" "-"
162.0.235.240 - - [28/Apr/2025:17:14:20 -0400] "GET /wp-content/plugins/contact-form-7-style/admin/predefined-templates.json HTTP/1.1" 200 1323 "-" "WordPress/6.8; https://batconpakistan.org"
52.164.243.23 - - [28/Apr/2025:17:14:19 -0400] "GET /themes.php HTTP/1.1" 404 15888 "-" "-"
162.0.235.240 - - [28/Apr/2025:17:14:22 -0400] "GET /wp-content/plugins/contact-form-7-style/admin/predefined-templates.json HTTP/1.1" 200 1323 "-" "WordPress/6.8; https://batconpakistan.org"
52.164.243.23 - - [28/Apr/2025:17:14:20 -0400] "GET /wp-admin/network/index.php HTTP/1.1" 302 0 "-" "-"
162.0.235.240 - - [28/Apr/2025:17:14:23 -0400] "GET /wp-content/plugins/contact-form-7-style/admin/predefined-templates.json HTTP/1.1" 200 1323 "-" "WordPress/6.8; https://batconpakistan.org"
52.164.243.23 - - [28/Apr/2025:17:14:22 -0400] "GET /wp-login.php?redirect_to=https%3A%2F%2Fbatconpakistan.org%2Fwp-admin%2Fnetwork%2Findex.php&reauth=1 HTTP/1.1" 200 1891 "-" "-"
162.0.235.240 - - [28/Apr/2025:17:14:25 -0400] "GET /wp-content/plugins/contact-form-7-style/admin/predefined-templates.json HTTP/1.1" 200 1323 "-" "WordPress/6.8; https://batconpakistan.org"
52.164.243.23 - - [28/Apr/2025:17:14:24 -0400] "GET /wp-content/plugins/WordPressCore/blkfqnikz.php HTTP/1.1" 404 15890 "-" "-"
162.0.235.240 - - [28/Apr/2025:17:14:27 -0400] "GET /wp-content/plugins/contact-form-7-style/admin/predefined-templates.json HTTP/1.1" 200 1323 "-" "WordPress/6.8; https://batconpakistan.org"
52.164.243.23 - - [28/Apr/2025:17:14:26 -0400] "GET /wp/wp-admin/includes/class-wp-page-mvb2yr.php HTTP/1.1" 404 15887 "-" "-"
162.0.235.240 - - [28/Apr/2025:17:14:28 -0400] "GET /wp-content/plugins/contact-form-7-style/admin/predefined-templates.json HTTP/1.1" 200 1323 "-" "WordPress/6.8; https://batconpakistan.org"
52.164.243.23 - - [28/Apr/2025:17:14:28 -0400] "GET /st.php HTTP/1.1" 404 15890 "-" "-"
162.0.235.240 - - [28/Apr/2025:17:14:30 -0400] "GET /wp-content/plugins/contact-form-7-style/admin/predefined-templates.json HTTP/1.1" 200 1323 "-" "WordPress/6.8; https://batconpakistan.org"
52.164.243.23 - - [28/Apr/2025:17:14:29 -0400] "GET /wp-includes/images/smilies/about.php HTTP/1.1" 404 15889 "-" "-"
162.0.235.240 - - [28/Apr/2025:17:14:32 -0400] "GET /wp-content/plugins/contact-form-7-style/admin/predefined-templates.json HTTP/1.1" 200 1323 "-" "WordPress/6.8; https://batconpakistan.org"
52.164.243.23 - - [28/Apr/2025:17:14:31 -0400] "GET /ynz.PhP7 HTTP/1.1" 404 15890 "-" "-"
162.0.235.240 - - [28/Apr/2025:17:14:33 -0400] "GET /wp-content/plugins/contact-form-7-style/admin/predefined-templates.json HTTP/1.1" 200 1323 "-" "WordPress/6.8; https://batconpakistan.org"
162.0.235.240 - - [28/Apr/2025:17:14:34 -0400] "GET /wp-content/plugins/contact-form-7-style/admin/predefined-templates.json HTTP/1.1" 200 1323 "-" "WordPress/6.8; https://batconpakistan.org"
52.167.144.66 - - [28/Apr/2025:17:14:32 -0400] "GET /robots.txt HTTP/1.1" 200 183 "-" "Mozilla/5.0 AppleWebKit/537.36 (KHTML, like Gecko; compatible; bingbot/2.0; +http://www.bing.com/bingbot.htm) Chrome/116.0.1938.76 Safari/537.36"
52.164.243.23 - - [28/Apr/2025:17:14:33 -0400] "GET /wp-content/style-css.php HTTP/1.1" 404 15888 "-" "-"
162.0.235.240 - - [28/Apr/2025:17:14:35 -0400] "GET /wp-content/plugins/contact-form-7-style/admin/predefined-templates.json HTTP/1.1" 200 1323 "-" "WordPress/6.8; https://batconpakistan.org"
52.164.243.23 - - [28/Apr/2025:17:14:34 -0400] "GET /wp-includes/IXR/wp-login.php HTTP/1.1" 404 15888 "-" "-"
162.0.235.240 - - [28/Apr/2025:17:14:37 -0400] "GET /wp-content/plugins/contact-form-7-style/admin/predefined-templates.json HTTP/1.1" 200 1323 "-" "WordPress/6.8; https://batconpakistan.org"
52.164.243.23 - - [28/Apr/2025:17:14:36 -0400] "GET /.well-known/acme-challenge/about.php HTTP/1.1" 404 15891 "-" "-"
162.0.235.240 - - [28/Apr/2025:17:14:39 -0400] "GET /wp-content/plugins/contact-form-7-style/admin/predefined-templates.json HTTP/1.1" 200 1323 "-" "WordPress/6.8; https://batconpakistan.org"
52.164.243.23 - - [28/Apr/2025:17:14:38 -0400] "GET /wordpress/wp-includes/IXR/allez.php HTTP/1.1" 404 15888 "-" "-"
162.0.235.240 - - [28/Apr/2025:17:14:41 -0400] "GET /wp-content/plugins/contact-form-7-style/admin/predefined-templates.json HTTP/1.1" 200 1323 "-" "WordPress/6.8; https://batconpakistan.org"
162.0.235.240 - - [28/Apr/2025:17:14:41 -0400] "POST /wp-cron.php?doing_wp_cron=1745874881.7133860588073730468750 HTTP/1.1" 200 0 "-" "WordPress/6.8; https://batconpakistan.org"
52.164.243.23 - - [28/Apr/2025:17:14:40 -0400] "GET /rendixd.php HTTP/1.1" 404 15889 "-" "-"
162.0.235.240 - - [28/Apr/2025:17:14:42 -0400] "GET /wp-content/plugins/contact-form-7-style/admin/predefined-templates.json HTTP/1.1" 200 1323 "-" "WordPress/6.8; https://batconpakistan.org"
162.0.235.240 - - [28/Apr/2025:17:14:43 -0400] "GET /wp-content/plugins/contact-form-7-style/admin/predefined-templates.json HTTP/1.1" 200 1323 "-" "WordPress/6.8; https://batconpakistan.org"
52.164.243.23 - - [28/Apr/2025:17:14:42 -0400] "GET /wp-admin/css/admin.php HTTP/1.1" 404 15889 "-" "-"
162.0.235.240 - - [28/Apr/2025:17:14:45 -0400] "GET /wp-content/plugins/contact-form-7-style/admin/predefined-templates.json HTTP/1.1" 200 1323 "-" "WordPress/6.8; https://batconpakistan.org"
52.164.243.23 - - [28/Apr/2025:17:14:44 -0400] "GET /filefuns.php HTTP/1.1" 404 15890 "-" "-"
162.0.235.240 - - [28/Apr/2025:17:14:47 -0400] "GET /wp-content/plugins/contact-form-7-style/admin/predefined-templates.json HTTP/1.1" 200 1323 "-" "WordPress/6.8; https://batconpakistan.org"
52.164.243.23 - - [28/Apr/2025:17:14:46 -0400] "GET /options.php HTTP/1.1" 404 15890 "-" "-"
162.0.235.240 - - [28/Apr/2025:17:14:49 -0400] "GET /wp-content/plugins/contact-form-7-style/admin/predefined-templates.json HTTP/1.1" 200 1323 "-" "WordPress/6.8; https://batconpakistan.org"
162.0.235.240 - - [28/Apr/2025:17:14:49 -0400] "POST /wp-cron.php?doing_wp_cron=1745874889.6463389396667480468750 HTTP/1.1" 200 0 "-" "WordPress/6.8; https://batconpakistan.org"
52.164.243.23 - - [28/Apr/2025:17:14:48 -0400] "GET /wp-includes/js/tinymce/skins/lightgray/img/index.php HTTP/1.1" 301 0 "-" "-"
52.164.243.23 - - [28/Apr/2025:17:14:50 -0400] "GET /wp-includes/js/tinymce/skins/lightgray/img/ HTTP/1.1" 403 1242 "-" "-"
162.0.235.240 - - [28/Apr/2025:17:14:50 -0400] "GET /wp-content/plugins/contact-form-7-style/admin/predefined-templates.json HTTP/1.1" 200 1323 "-" "WordPress/6.8; https://batconpakistan.org"
162.0.235.240 - - [28/Apr/2025:17:14:51 -0400] "GET /wp-content/plugins/contact-form-7-style/admin/predefined-templates.json HTTP/1.1" 200 1323 "-" "WordPress/6.8; https://batconpakistan.org"
52.164.243.23 - - [28/Apr/2025:17:14:50 -0400] "GET /edit.php HTTP/1.1" 404 15888 "-" "-"
162.0.235.240 - - [28/Apr/2025:17:14:53 -0400] "GET /wp-content/plugins/contact-form-7-style/admin/predefined-templates.json HTTP/1.1" 200 1323 "-" "WordPress/6.8; https://batconpakistan.org"
52.164.243.23 - - [28/Apr/2025:17:14:52 -0400] "GET /user.php HTTP/1.1" 404 15888 "-" "-"
162.0.235.240 - - [28/Apr/2025:17:14:55 -0400] "GET /wp-content/plugins/contact-form-7-style/admin/predefined-templates.json HTTP/1.1" 200 1323 "-" "WordPress/6.8; https://batconpakistan.org"
162.0.235.240 - - [28/Apr/2025:17:14:56 -0400] "POST /wp-cron.php?doing_wp_cron=1745874895.8434889316558837890625 HTTP/1.1" 200 0 "-" "WordPress/6.8; https://batconpakistan.org"
52.164.243.23 - - [28/Apr/2025:17:14:54 -0400] "GET /worm0.PhP7 HTTP/1.1" 404 15888 "-" "-"
162.0.235.240 - - [28/Apr/2025:17:14:56 -0400] "GET /wp-content/plugins/contact-form-7-style/admin/predefined-templates.json HTTP/1.1" 200 1323 "-" "WordPress/6.8; https://batconpakistan.org"
162.0.235.240 - - [28/Apr/2025:17:14:57 -0400] "GET /wp-content/plugins/contact-form-7-style/admin/predefined-templates.json HTTP/1.1" 200 1323 "-" "WordPress/6.8; https://batconpakistan.org"
52.164.243.23 - - [28/Apr/2025:17:14:56 -0400] "GET /wp-includes/js/tinymce/skins/wordpress/images/index.php HTTP/1.1" 301 0 "-" "-"
52.164.243.23 - - [28/Apr/2025:17:14:58 -0400] "GET /wp-includes/js/tinymce/skins/wordpress/images/ HTTP/1.1" 403 1242 "-" "-"
162.0.235.240 - - [28/Apr/2025:17:14:59 -0400] "GET /wp-content/plugins/contact-form-7-style/admin/predefined-templates.json HTTP/1.1" 200 1323 "-" "WordPress/6.8; https://batconpakistan.org"
52.164.243.23 - - [28/Apr/2025:17:14:58 -0400] "GET /.well-known//.well-known/owlmailer.php HTTP/1.1" 301 0 "-" "-"
162.0.235.240 - - [28/Apr/2025:17:15:00 -0400] "GET /wp-content/plugins/contact-form-7-style/admin/predefined-templates.json HTTP/1.1" 200 1323 "-" "WordPress/6.8; https://batconpakistan.org"
52.164.243.23 - - [28/Apr/2025:17:14:59 -0400] "GET /.well-known/.well-known/owlmailer.php HTTP/1.1" 404 15889 "-" "-"
162.0.235.240 - - [28/Apr/2025:17:15:03 -0400] "GET /wp-content/plugins/contact-form-7-style/admin/predefined-templates.json HTTP/1.1" 200 1323 "-" "WordPress/6.8; https://batconpakistan.org"
52.164.243.23 - - [28/Apr/2025:17:15:01 -0400] "GET /wp-content/uploads/cong.php HTTP/1.1" 404 15892 "-" "-"
162.0.235.240 - - [28/Apr/2025:17:15:06 -0400] "GET /wp-content/plugins/contact-form-7-style/admin/predefined-templates.json HTTP/1.1" 200 1323 "-" "WordPress/6.8; https://batconpakistan.org"
162.0.235.240 - - [28/Apr/2025:17:15:07 -0400] "POST /wp-cron.php?doing_wp_cron=1745874907.0034449100494384765625 HTTP/1.1" 200 0 "-" "WordPress/6.8; https://batconpakistan.org"
52.164.243.23 - - [28/Apr/2025:17:15:05 -0400] "GET /01.php HTTP/1.1" 404 15889 "-" "-"
162.0.235.240 - - [28/Apr/2025:17:15:08 -0400] "GET /wp-content/plugins/contact-form-7-style/admin/predefined-templates.json HTTP/1.1" 200 1323 "-" "WordPress/6.8; https://batconpakistan.org"
162.0.235.240 - - [28/Apr/2025:17:15:09 -0400] "GET /wp-content/plugins/contact-form-7-style/admin/predefined-templates.json HTTP/1.1" 200 1323 "-" "WordPress/6.8; https://batconpakistan.org"
52.164.243.23 - - [28/Apr/2025:17:15:08 -0400] "GET /wp-content/uploads/wp-login.php.suspected HTTP/1.1" 404 15890 "-" "-"
162.0.235.240 - - [28/Apr/2025:17:15:10 -0400] "POST /wp-admin/admin-ajax.php?action=async_litespeed&nonce=cTAe4DLfll5o1kw43IVV4bV8USHaTBDo&litespeed_type=imgoptm HTTP/1.1" 200 0 "-" "WordPress/6.8; https://batconpakistan.org"
162.0.235.240 - - [28/Apr/2025:17:15:11 -0400] "GET /wp-content/plugins/contact-form-7-style/admin/predefined-templates.json HTTP/1.1" 200 1323 "-" "WordPress/6.8; https://batconpakistan.org"
162.0.235.240 - - [28/Apr/2025:17:15:12 -0400] "GET /wp-content/plugins/contact-form-7-style/admin/predefined-templates.json HTTP/1.1" 200 1323 "-" "WordPress/6.8; https://batconpakistan.org"
52.164.243.23 - - [28/Apr/2025:17:15:10 -0400] "GET /wp-includes/rest-api/endpoints/html.php HTTP/1.1" 404 15888 "-" "-"
162.0.235.240 - - [28/Apr/2025:17:15:14 -0400] "GET /wp-content/plugins/contact-form-7-style/admin/predefined-templates.json HTTP/1.1" 200 1323 "-" "WordPress/6.8; https://batconpakistan.org"
52.164.243.23 - - [28/Apr/2025:17:15:13 -0400] "GET /wp-admin/js/widgets/cong.php HTTP/1.1" 404 15890 "-" "-"
162.0.235.240 - - [28/Apr/2025:17:15:16 -0400] "GET /wp-content/plugins/contact-form-7-style/admin/predefined-templates.json HTTP/1.1" 200 1323 "-" "WordPress/6.8; https://batconpakistan.org"
52.164.243.23 - - [28/Apr/2025:17:15:15 -0400] "GET /doc.php HTTP/1.1" 404 15889 "-" "-"
162.0.235.240 - - [28/Apr/2025:17:15:18 -0400] "GET /wp-content/plugins/contact-form-7-style/admin/predefined-templates.json HTTP/1.1" 200 1323 "-" "WordPress/6.8; https://batconpakistan.org"
52.164.243.23 - - [28/Apr/2025:17:15:17 -0400] "GET /link.php HTTP/1.1" 404 15890 "-" "-"
162.0.235.240 - - [28/Apr/2025:17:15:20 -0400] "GET /wp-content/plugins/contact-form-7-style/admin/predefined-templates.json HTTP/1.1" 200 1323 "-" "WordPress/6.8; https://batconpakistan.org"
52.164.243.23 - - [28/Apr/2025:17:15:19 -0400] "GET /autoload_classmap.php HTTP/1.1" 404 15890 "-" "-"
162.0.235.240 - - [28/Apr/2025:17:15:22 -0400] "GET /wp-content/plugins/contact-form-7-style/admin/predefined-templates.json HTTP/1.1" 200 1323 "-" "WordPress/6.8; https://batconpakistan.org"
52.164.243.23 - - [28/Apr/2025:17:15:21 -0400] "GET /wp-admin/js/privacy-tools.min.php HTTP/1.1" 404 15888 "-" "-"
162.0.235.240 - - [28/Apr/2025:17:15:24 -0400] "GET /wp-content/plugins/contact-form-7-style/admin/predefined-templates.json HTTP/1.1" 200 1323 "-" "WordPress/6.8; https://batconpakistan.org"
52.164.243.23 - - [28/Apr/2025:17:15:23 -0400] "GET /wp-includes/pomo/wp-login.php HTTP/1.1" 404 15890 "-" "-"
162.0.235.240 - - [28/Apr/2025:17:15:26 -0400] "GET /wp-content/plugins/contact-form-7-style/admin/predefined-templates.json HTTP/1.1" 200 1323 "-" "WordPress/6.8; https://batconpakistan.org"
52.164.243.23 - - [28/Apr/2025:17:15:25 -0400] "GET /db.php HTTP/1.1" 404 15887 "-" "-"
162.0.235.240 - - [28/Apr/2025:17:15:28 -0400] "GET /wp-content/plugins/contact-form-7-style/admin/predefined-templates.json HTTP/1.1" 200 1323 "-" "WordPress/6.8; https://batconpakistan.org"
52.164.243.23 - - [28/Apr/2025:17:15:27 -0400] "GET /wp-content/uploads/error_log.php HTTP/1.1" 404 15888 "-" "-"
162.0.235.240 - - [28/Apr/2025:17:15:30 -0400] "GET /wp-content/plugins/contact-form-7-style/admin/predefined-templates.json HTTP/1.1" 200 1323 "-" "WordPress/6.8; https://batconpakistan.org"
52.164.243.23 - - [28/Apr/2025:17:15:29 -0400] "GET /google.php HTTP/1.1" 404 15890 "-" "-"
162.0.235.240 - - [28/Apr/2025:17:15:31 -0400] "GET /wp-content/plugins/contact-form-7-style/admin/predefined-templates.json HTTP/1.1" 200 1323 "-" "WordPress/6.8; https://batconpakistan.org"
52.164.243.23 - - [28/Apr/2025:17:15:31 -0400] "GET /wp-includes/pomo/fgertreyersd.php.suspected HTTP/1.1" 404 15890 "-" "-"
162.0.235.240 - - [28/Apr/2025:17:15:33 -0400] "GET /wp-content/plugins/contact-form-7-style/admin/predefined-templates.json HTTP/1.1" 200 1323 "-" "WordPress/6.8; https://batconpakistan.org"
52.164.243.23 - - [28/Apr/2025:17:15:32 -0400] "GET /wp-includes/Requests/dropdown.php HTTP/1.1" 404 15888 "-" "-"
162.0.235.240 - - [28/Apr/2025:17:15:35 -0400] "GET /wp-content/plugins/contact-form-7-style/admin/predefined-templates.json HTTP/1.1" 200 1323 "-" "WordPress/6.8; https://batconpakistan.org"
52.164.243.23 - - [28/Apr/2025:17:15:34 -0400] "GET /wp-content/install.php HTTP/1.1" 404 15888 "-" "-"
162.0.235.240 - - [28/Apr/2025:17:15:37 -0400] "GET /wp-content/plugins/contact-form-7-style/admin/predefined-templates.json HTTP/1.1" 200 1323 "-" "WordPress/6.8; https://batconpakistan.org"
52.164.243.23 - - [28/Apr/2025:17:15:36 -0400] "GET /.well-known/admin.php HTTP/1.1" 404 15887 "-" "-"
162.0.235.240 - - [28/Apr/2025:17:15:39 -0400] "GET /wp-content/plugins/contact-form-7-style/admin/predefined-templates.json HTTP/1.1" 200 1323 "-" "WordPress/6.8; https://batconpakistan.org"
52.164.243.23 - - [28/Apr/2025:17:15:38 -0400] "GET /revision.php HTTP/1.1" 404 15888 "-" "-"
162.0.235.240 - - [28/Apr/2025:17:15:40 -0400] "GET /wp-content/plugins/contact-form-7-style/admin/predefined-templates.json HTTP/1.1" 200 1323 "-" "WordPress/6.8; https://batconpakistan.org"
162.0.235.240 - - [28/Apr/2025:17:15:41 -0400] "POST /wp-cron.php?doing_wp_cron=1745874941.2449929714202880859375 HTTP/1.1" 200 0 "-" "WordPress/6.8; https://batconpakistan.org"
52.164.243.23 - - [28/Apr/2025:17:15:40 -0400] "GET /css/sgd.php HTTP/1.1" 404 15889 "-" "-"
162.0.235.240 - - [28/Apr/2025:17:15:42 -0400] "GET /wp-content/plugins/contact-form-7-style/admin/predefined-templates.json HTTP/1.1" 200 1323 "-" "WordPress/6.8; https://batconpakistan.org"
52.164.243.23 - - [28/Apr/2025:17:15:42 -0400] "GET /wp-content/plugins/index.php HTTP/1.1" 200 0 "-" "-"
162.0.235.240 - - [28/Apr/2025:17:18:02 -0400] "GET /wp-content/plugins/contact-form-7-style/admin/predefined-templates.json HTTP/1.1" 200 1323 "-" "WordPress/6.8; https://batconpakistan.org"
162.0.235.240 - - [28/Apr/2025:17:18:03 -0400] "POST /wp-cron.php?doing_wp_cron=1745875083.4712131023406982421875 HTTP/1.1" 200 0 "-" "WordPress/6.8; https://batconpakistan.org"
185.81.128.21 - - [28/Apr/2025:17:17:58 -0400] "GET /wp-content/plugins/quiz-maker/readme.txt HTTP/1.1" 200 16009 "-" "Mozilla/5.0 (Windows NT 10.0; Win64; x64) AppleWebKit/529.36 (KHTML, like Gecko) Chrome/120.1.2.3 Safari/537.36 Edg/121.0.2221.86"
162.0.235.240 - - [28/Apr/2025:17:18:04 -0400] "GET /wp-content/plugins/contact-form-7-style/admin/predefined-templates.json HTTP/1.1" 200 1323 "-" "WordPress/6.8; https://batconpakistan.org"
162.0.235.240 - - [28/Apr/2025:17:18:04 -0400] "POST /wp-admin/admin-ajax.php?action=async_litespeed&nonce=3tBzRqOljeTGHg8QkfHwGIpR6QV4JeQo&litespeed_type=imgoptm HTTP/1.1" 200 0 "-" "WordPress/6.8; https://batconpakistan.org"
162.0.235.240 - - [28/Apr/2025:17:18:05 -0400] "GET /wp-content/plugins/contact-form-7-style/admin/predefined-templates.json HTTP/1.1" 200 1323 "-" "WordPress/6.8; https://batconpakistan.org"
162.0.235.240 - - [28/Apr/2025:17:19:58 -0400] "GET /wp-content/plugins/contact-form-7-style/admin/predefined-templates.json HTTP/1.1" 200 1323 "-" "WordPress/6.8; https://batconpakistan.org"
162.0.235.240 - - [28/Apr/2025:17:19:58 -0400] "POST /wp-cron.php?doing_wp_cron=1745875198.7454030513763427734375 HTTP/1.1" 200 0 "-" "WordPress/6.8; https://batconpakistan.org"
162.0.235.240 - - [28/Apr/2025:17:19:59 -0400] "GET /wp-content/plugins/contact-form-7-style/admin/predefined-templates.json HTTP/1.1" 200 1323 "-" "WordPress/6.8; https://batconpakistan.org"
2a03:2880:f800:5:: - - [28/Apr/2025:17:19:54 -0400] "GET /wp-json/wp/v2/product/554 HTTP/1.1" 200 2498 "-" "meta-externalagent/1.1 (+https://developers.facebook.com/docs/sharing/webmasters/crawler)"
162.0.235.240 - - [28/Apr/2025:17:20:00 -0400] "POST /wp-admin/admin-ajax.php?action=async_litespeed&nonce=UGyp9Q5Z5mCdbF7aSjIUFtSPzkNHpOQK&litespeed_type=imgoptm HTTP/1.1" 200 0 "-" "WordPress/6.8; https://batconpakistan.org"
162.0.235.240 - - [28/Apr/2025:17:20:01 -0400] "GET /wp-content/plugins/contact-form-7-style/admin/predefined-templates.json HTTP/1.1" 200 1323 "-" "WordPress/6.8; https://batconpakistan.org"
162.0.235.240 - - [28/Apr/2025:17:27:11 -0400] "GET /wp-content/plugins/contact-form-7-style/admin/predefined-templates.json HTTP/1.1" 200 1323 "-" "WordPress/6.8; https://batconpakistan.org"
162.0.235.240 - - [28/Apr/2025:17:27:12 -0400] "POST /wp-cron.php?doing_wp_cron=1745875632.0346980094909667968750 HTTP/1.1" 200 0 "-" "WordPress/6.8; https://batconpakistan.org"
52.167.144.203 - - [28/Apr/2025:17:27:07 -0400] "GET /Power-Transmission-Products-DEG-AMI-UC21030C4HR-NEW-590566-SelfAligning-Ball-Bearings/ HTTP/1.1" 200 16010 "-" "Mozilla/5.0 AppleWebKit/537.36 (KHTML, like Gecko; compatible; bingbot/2.0; +http://www.bing.com/bingbot.htm) Chrome/116.0.1938.76 Safari/537.36"
162.0.235.240 - - [28/Apr/2025:17:27:12 -0400] "GET /wp-content/plugins/contact-form-7-style/admin/predefined-templates.json HTTP/1.1" 200 1323 "-" "WordPress/6.8; https://batconpakistan.org"
162.0.235.240 - - [28/Apr/2025:17:27:13 -0400] "POST /wp-admin/admin-ajax.php?action=async_litespeed&nonce=og9Jbi7CG4RAT3IpXF3dhgq4ZZaVnHD7&litespeed_type=imgoptm HTTP/1.1" 200 0 "-" "WordPress/6.8; https://batconpakistan.org"
162.0.235.240 - - [28/Apr/2025:17:27:14 -0400] "GET /wp-content/plugins/contact-form-7-style/admin/predefined-templates.json HTTP/1.1" 200 1323 "-" "WordPress/6.8; https://batconpakistan.org"
162.0.235.240 - - [28/Apr/2025:17:27:18 -0400] "GET /wp-content/plugins/contact-form-7-style/admin/predefined-templates.json HTTP/1.1" 200 1323 "-" "WordPress/6.8; https://batconpakistan.org"
52.167.144.203 - - [28/Apr/2025:17:27:17 -0400] "GET /Retail-Store-Fixtures-&-Equipment-Kit-with-Pole-and-Ground-Spike-Pack-of-760306-Store-Signs/ HTTP/1.1" 404 15889 "-" "Mozilla/5.0 AppleWebKit/537.36 (KHTML, like Gecko; compatible; bingbot/2.0; +http://www.bing.com/bingbot.htm) Chrome/116.0.1938.76 Safari/537.36"
162.0.235.240 - - [28/Apr/2025:17:35:07 -0400] "GET /wp-content/plugins/contact-form-7-style/admin/predefined-templates.json HTTP/1.1" 200 1323 "-" "WordPress/6.8; https://batconpakistan.org"
162.0.235.240 - - [28/Apr/2025:17:35:08 -0400] "POST /wp-cron.php?doing_wp_cron=1745876108.0744359493255615234375 HTTP/1.1" 200 0 "-" "WordPress/6.8; https://batconpakistan.org"
13.74.68.224 - - [28/Apr/2025:17:35:03 -0400] "GET /jquery.php HTTP/1.1" 200 194 "-" "-"
13.74.68.224 - - [28/Apr/2025:17:35:08 -0400] "GET /cgi-bin/index.php HTTP/1.1" 404 1251 "-" "-"
162.0.235.240 - - [28/Apr/2025:17:35:09 -0400] "GET /wp-content/plugins/contact-form-7-style/admin/predefined-templates.json HTTP/1.1" 200 1323 "-" "WordPress/6.8; https://batconpakistan.org"
162.0.235.240 - - [28/Apr/2025:17:35:09 -0400] "GET /wp-content/plugins/contact-form-7-style/admin/predefined-templates.json HTTP/1.1" 200 1323 "-" "WordPress/6.8; https://batconpakistan.org"
13.74.68.224 - - [28/Apr/2025:17:35:08 -0400] "GET /wp-includes/autoload_classmap.php HTTP/1.1" 301 0 "-" "-"
162.0.235.240 - - [28/Apr/2025:17:35:09 -0400] "POST /wp-admin/admin-ajax.php?action=async_litespeed&nonce=0pFXNgMfKwO2Jv63wNgeGM5ac393WOE7&litespeed_type=imgoptm HTTP/1.1" 200 0 "-" "WordPress/6.8; https://batconpakistan.org"
162.0.235.240 - - [28/Apr/2025:17:35:10 -0400] "GET /wp-content/plugins/contact-form-7-style/admin/predefined-templates.json HTTP/1.1" 200 1323 "-" "WordPress/6.8; https://batconpakistan.org"
162.0.235.240 - - [28/Apr/2025:17:35:11 -0400] "GET /wp-content/plugins/contact-form-7-style/admin/predefined-templates.json HTTP/1.1" 200 1323 "-" "WordPress/6.8; https://batconpakistan.org"
13.74.68.224 - - [28/Apr/2025:17:35:10 -0400] "GET /wp-includes/autoload_classmap.php HTTP/1.1" 404 15890 "-" "-"
162.0.235.240 - - [28/Apr/2025:17:35:13 -0400] "GET /wp-content/plugins/contact-form-7-style/admin/predefined-templates.json HTTP/1.1" 200 1323 "-" "WordPress/6.8; https://batconpakistan.org"
13.74.68.224 - - [28/Apr/2025:17:35:12 -0400] "GET /index/function.php HTTP/1.1" 301 0 "-" "-"
162.0.235.240 - - [28/Apr/2025:17:35:14 -0400] "GET /wp-content/plugins/contact-form-7-style/admin/predefined-templates.json HTTP/1.1" 200 1323 "-" "WordPress/6.8; https://batconpakistan.org"
13.74.68.224 - - [28/Apr/2025:17:35:13 -0400] "GET /index/function.php HTTP/1.1" 404 15890 "-" "-"
162.0.235.240 - - [28/Apr/2025:17:35:16 -0400] "GET /wp-content/plugins/contact-form-7-style/admin/predefined-templates.json HTTP/1.1" 200 1323 "-" "WordPress/6.8; https://batconpakistan.org"
13.74.68.224 - - [28/Apr/2025:17:35:15 -0400] "GET /doc.php HTTP/1.1" 301 0 "-" "-"
13.74.68.224 - - [28/Apr/2025:17:35:16 -0400] "GET /doc.php HTTP/1.1" 404 15889 "-" "-"
162.0.235.240 - - [28/Apr/2025:17:35:18 -0400] "GET /wp-content/plugins/contact-form-7-style/admin/predefined-templates.json HTTP/1.1" 200 1323 "-" "WordPress/6.8; https://batconpakistan.org"
13.74.68.224 - - [28/Apr/2025:17:35:17 -0400] "GET /fm.php HTTP/1.1" 301 0 "-" "-"
162.0.235.240 - - [28/Apr/2025:17:35:19 -0400] "GET /wp-content/plugins/contact-form-7-style/admin/predefined-templates.json HTTP/1.1" 200 1323 "-" "WordPress/6.8; https://batconpakistan.org"
13.74.68.224 - - [28/Apr/2025:17:35:18 -0400] "GET /fm.php HTTP/1.1" 404 15890 "-" "-"
162.0.235.240 - - [28/Apr/2025:17:35:20 -0400] "GET /wp-content/plugins/contact-form-7-style/admin/predefined-templates.json HTTP/1.1" 200 1323 "-" "WordPress/6.8; https://batconpakistan.org"
13.74.68.224 - - [28/Apr/2025:17:35:20 -0400] "GET /wp-includes/Requests/library/about.php HTTP/1.1" 301 0 "-" "-"
162.0.235.240 - - [28/Apr/2025:17:35:21 -0400] "GET /wp-content/plugins/contact-form-7-style/admin/predefined-templates.json HTTP/1.1" 200 1323 "-" "WordPress/6.8; https://batconpakistan.org"
13.74.68.224 - - [28/Apr/2025:17:35:21 -0400] "GET /wp-includes/Requests/library/about.php HTTP/1.1" 404 15889 "-" "-"
162.0.235.240 - - [28/Apr/2025:17:35:23 -0400] "GET /wp-content/plugins/contact-form-7-style/admin/predefined-templates.json HTTP/1.1" 200 1323 "-" "WordPress/6.8; https://batconpakistan.org"
13.74.68.224 - - [28/Apr/2025:17:35:22 -0400] "GET /manager.php HTTP/1.1" 301 0 "-" "-"
162.0.235.240 - - [28/Apr/2025:17:35:24 -0400] "GET /wp-content/plugins/contact-form-7-style/admin/predefined-templates.json HTTP/1.1" 200 1323 "-" "WordPress/6.8; https://batconpakistan.org"
13.74.68.224 - - [28/Apr/2025:17:35:23 -0400] "GET /manager.php HTTP/1.1" 404 15889 "-" "-"
162.0.235.240 - - [28/Apr/2025:17:35:26 -0400] "GET /wp-content/plugins/contact-form-7-style/admin/predefined-templates.json HTTP/1.1" 200 1323 "-" "WordPress/6.8; https://batconpakistan.org"
13.74.68.224 - - [28/Apr/2025:17:35:25 -0400] "GET /info.php HTTP/1.1" 301 0 "-" "-"
162.0.235.240 - - [28/Apr/2025:17:35:27 -0400] "GET /wp-content/plugins/contact-form-7-style/admin/predefined-templates.json HTTP/1.1" 200 1323 "-" "WordPress/6.8; https://batconpakistan.org"
13.74.68.224 - - [28/Apr/2025:17:35:26 -0400] "GET /info.php HTTP/1.1" 404 15890 "-" "-"
162.0.235.240 - - [28/Apr/2025:17:35:28 -0400] "GET /wp-content/plugins/contact-form-7-style/admin/predefined-templates.json HTTP/1.1" 200 1323 "-" "WordPress/6.8; https://batconpakistan.org"
13.74.68.224 - - [28/Apr/2025:17:35:27 -0400] "GET /wp-admin/maint/about.php HTTP/1.1" 301 0 "-" "-"
162.0.235.240 - - [28/Apr/2025:17:35:29 -0400] "GET /wp-content/plugins/contact-form-7-style/admin/predefined-templates.json HTTP/1.1" 200 1323 "-" "WordPress/6.8; https://batconpakistan.org"
13.74.68.224 - - [28/Apr/2025:17:35:29 -0400] "GET /wp-admin/maint/about.php HTTP/1.1" 404 15888 "-" "-"
162.0.235.240 - - [28/Apr/2025:17:35:31 -0400] "GET /wp-content/plugins/contact-form-7-style/admin/predefined-templates.json HTTP/1.1" 200 1323 "-" "WordPress/6.8; https://batconpakistan.org"
13.74.68.224 - - [28/Apr/2025:17:35:30 -0400] "GET /go.php HTTP/1.1" 301 0 "-" "-"
162.0.235.240 - - [28/Apr/2025:17:35:32 -0400] "GET /wp-content/plugins/contact-form-7-style/admin/predefined-templates.json HTTP/1.1" 200 1323 "-" "WordPress/6.8; https://batconpakistan.org"
13.74.68.224 - - [28/Apr/2025:17:35:31 -0400] "GET /go.php HTTP/1.1" 404 15890 "-" "-"
162.0.235.240 - - [28/Apr/2025:17:35:34 -0400] "GET /wp-content/plugins/contact-form-7-style/admin/predefined-templates.json HTTP/1.1" 200 1323 "-" "WordPress/6.8; https://batconpakistan.org"
13.74.68.224 - - [28/Apr/2025:17:35:33 -0400] "GET /as/function.php HTTP/1.1" 301 0 "-" "-"
162.0.235.240 - - [28/Apr/2025:17:35:35 -0400] "GET /wp-content/plugins/contact-form-7-style/admin/predefined-templates.json HTTP/1.1" 200 1323 "-" "WordPress/6.8; https://batconpakistan.org"
13.74.68.224 - - [28/Apr/2025:17:35:34 -0400] "GET /as/function.php HTTP/1.1" 404 15888 "-" "-"
162.0.235.240 - - [28/Apr/2025:17:35:36 -0400] "GET /wp-content/plugins/contact-form-7-style/admin/predefined-templates.json HTTP/1.1" 200 1323 "-" "WordPress/6.8; https://batconpakistan.org"
13.74.68.224 - - [28/Apr/2025:17:35:36 -0400] "GET /wp-content/cache/index.php HTTP/1.1" 301 0 "-" "-"
13.74.68.224 - - [28/Apr/2025:17:35:37 -0400] "GET /wp-content/cache/ HTTP/1.1" 403 1242 "-" "-"
162.0.235.240 - - [28/Apr/2025:17:35:38 -0400] "GET /wp-content/plugins/contact-form-7-style/admin/predefined-templates.json HTTP/1.1" 200 1323 "-" "WordPress/6.8; https://batconpakistan.org"
13.74.68.224 - - [28/Apr/2025:17:35:37 -0400] "GET /about.php HTTP/1.1" 301 0 "-" "-"
13.74.68.224 - - [28/Apr/2025:17:35:38 -0400] "GET /about.php HTTP/1.1" 404 15890 "-" "-"
162.0.235.240 - - [28/Apr/2025:17:35:39 -0400] "GET /wp-content/plugins/contact-form-7-style/admin/predefined-templates.json HTTP/1.1" 200 1323 "-" "WordPress/6.8; https://batconpakistan.org"
162.0.235.240 - - [28/Apr/2025:17:35:40 -0400] "POST /wp-cron.php?doing_wp_cron=1745876140.0469219684600830078125 HTTP/1.1" 200 0 "-" "WordPress/6.8; https://batconpakistan.org"
13.74.68.224 - - [28/Apr/2025:17:35:39 -0400] "GET /wp-includes/pomo/about.php HTTP/1.1" 301 0 "-" "-"
13.74.68.224 - - [28/Apr/2025:17:35:40 -0400] "GET /wp-includes/pomo/about.php HTTP/1.1" 404 15889 "-" "-"
162.0.235.240 - - [28/Apr/2025:17:35:40 -0400] "GET /wp-content/plugins/contact-form-7-style/admin/predefined-templates.json HTTP/1.1" 200 1323 "-" "WordPress/6.8; https://batconpakistan.org"
162.0.235.240 - - [28/Apr/2025:17:35:41 -0400] "GET /wp-content/plugins/contact-form-7-style/admin/predefined-templates.json HTTP/1.1" 200 1323 "-" "WordPress/6.8; https://batconpakistan.org"
13.74.68.224 - - [28/Apr/2025:17:35:40 -0400] "GET /wp-admin/images/about.php HTTP/1.1" 301 0 "-" "-"
13.74.68.224 - - [28/Apr/2025:17:35:41 -0400] "GET /wp-admin/images/about.php HTTP/1.1" 404 15888 "-" "-"
162.0.235.240 - - [28/Apr/2025:17:35:42 -0400] "GET /wp-content/plugins/contact-form-7-style/admin/predefined-templates.json HTTP/1.1" 200 1323 "-" "WordPress/6.8; https://batconpakistan.org"
13.74.68.224 - - [28/Apr/2025:17:35:42 -0400] "GET /xx.php HTTP/1.1" 301 0 "-" "-"
162.0.235.240 - - [28/Apr/2025:17:35:43 -0400] "GET /wp-content/plugins/contact-form-7-style/admin/predefined-templates.json HTTP/1.1" 200 1323 "-" "WordPress/6.8; https://batconpakistan.org"
13.74.68.224 - - [28/Apr/2025:17:35:43 -0400] "GET /xx.php HTTP/1.1" 404 15890 "-" "-"
162.0.235.240 - - [28/Apr/2025:17:35:45 -0400] "GET /wp-content/plugins/contact-form-7-style/admin/predefined-templates.json HTTP/1.1" 200 1323 "-" "WordPress/6.8; https://batconpakistan.org"
13.74.68.224 - - [28/Apr/2025:17:35:44 -0400] "GET /ioxi-o.php HTTP/1.1" 301 0 "-" "-"
162.0.235.240 - - [28/Apr/2025:17:35:46 -0400] "GET /wp-content/plugins/contact-form-7-style/admin/predefined-templates.json HTTP/1.1" 200 1323 "-" "WordPress/6.8; https://batconpakistan.org"
13.74.68.224 - - [28/Apr/2025:17:35:45 -0400] "GET /ioxi-o.php HTTP/1.1" 404 15887 "-" "-"
162.0.235.240 - - [28/Apr/2025:17:35:48 -0400] "GET /wp-content/plugins/contact-form-7-style/admin/predefined-templates.json HTTP/1.1" 200 1323 "-" "WordPress/6.8; https://batconpakistan.org"
162.0.235.240 - - [28/Apr/2025:17:35:48 -0400] "POST /wp-cron.php?doing_wp_cron=1745876148.3169469833374023437500 HTTP/1.1" 200 0 "-" "WordPress/6.8; https://batconpakistan.org"
13.74.68.224 - - [28/Apr/2025:17:35:47 -0400] "GET /dropdown.php HTTP/1.1" 301 0 "-" "-"
162.0.235.240 - - [28/Apr/2025:17:35:48 -0400] "GET /wp-content/plugins/contact-form-7-style/admin/predefined-templates.json HTTP/1.1" 200 1323 "-" "WordPress/6.8; https://batconpakistan.org"
162.0.235.240 - - [28/Apr/2025:17:35:49 -0400] "GET /wp-content/plugins/contact-form-7-style/admin/predefined-templates.json HTTP/1.1" 200 1323 "-" "WordPress/6.8; https://batconpakistan.org"
13.74.68.224 - - [28/Apr/2025:17:35:48 -0400] "GET /dropdown.php HTTP/1.1" 404 15889 "-" "-"
162.0.235.240 - - [28/Apr/2025:17:35:50 -0400] "GET /wp-content/plugins/contact-form-7-style/admin/predefined-templates.json HTTP/1.1" 200 1323 "-" "WordPress/6.8; https://batconpakistan.org"
13.74.68.224 - - [28/Apr/2025:17:35:50 -0400] "GET /wp-atom.php HTTP/1.1" 301 0 "-" "-"
162.0.235.240 - - [28/Apr/2025:17:35:52 -0400] "GET /wp-content/plugins/contact-form-7-style/admin/predefined-templates.json HTTP/1.1" 200 1323 "-" "WordPress/6.8; https://batconpakistan.org"
13.74.68.224 - - [28/Apr/2025:17:35:51 -0400] "GET /feed/atom/ HTTP/1.1" 200 101989 "-" "-"
162.0.235.240 - - [28/Apr/2025:17:35:53 -0400] "GET /wp-content/plugins/contact-form-7-style/admin/predefined-templates.json HTTP/1.1" 200 1323 "-" "WordPress/6.8; https://batconpakistan.org"
13.74.68.224 - - [28/Apr/2025:17:35:53 -0400] "GET /file.php HTTP/1.1" 301 0 "-" "-"
162.0.235.240 - - [28/Apr/2025:17:35:55 -0400] "GET /wp-content/plugins/contact-form-7-style/admin/predefined-templates.json HTTP/1.1" 200 1323 "-" "WordPress/6.8; https://batconpakistan.org"
