13.94.89.74 - - [28/Apr/2025:07:15:20 -0400] "GET /sim.php HTTP/1.1" 404 15877 "-" "-"
162.0.235.240 - - [28/Apr/2025:07:15:24 -0400] "GET /wp-content/plugins/contact-form-7-style/admin/predefined-templates.json HTTP/1.1" 200 1323 "-" "WordPress/6.8; https://batconpakistan.org"
13.94.89.74 - - [28/Apr/2025:07:15:23 -0400] "GET /sim.php/wp-includes/certificates/ HTTP/1.1" 404 15878 "-" "-"
162.0.235.240 - - [28/Apr/2025:07:15:27 -0400] "GET /wp-content/plugins/contact-form-7-style/admin/predefined-templates.json HTTP/1.1" 200 1323 "-" "WordPress/6.8; https://batconpakistan.org"
13.94.89.74 - - [28/Apr/2025:07:15:25 -0400] "GET /sim.php/wp-includes/certificates/plugins.php HTTP/1.1" 404 15878 "-" "-"
13.94.89.74 - - [28/Apr/2025:07:15:28 -0400] "GET /simple.php HTTP/1.1" 404 15877 "-" "-"
162.0.235.240 - - [28/Apr/2025:07:15:29 -0400] "GET /wp-content/plugins/contact-form-7-style/admin/predefined-templates.json HTTP/1.1" 200 1323 "-" "WordPress/6.8; https://batconpakistan.org"
13.94.89.74 - - [28/Apr/2025:07:15:28 -0400] "GET /simple/function.php HTTP/1.1" 404 15875 "-" "-"
162.0.235.240 - - [28/Apr/2025:07:15:32 -0400] "GET /wp-content/plugins/contact-form-7-style/admin/predefined-templates.json HTTP/1.1" 200 1323 "-" "WordPress/6.8; https://batconpakistan.org"
13.94.89.74 - - [28/Apr/2025:07:15:30 -0400] "GET /simple/function.php?p= HTTP/1.1" 301 0 "-" "-"
13.94.89.74 - - [28/Apr/2025:07:15:32 -0400] "GET /simple/function.php HTTP/1.1" 404 15875 "-" "-"
162.0.235.240 - - [28/Apr/2025:07:15:34 -0400] "GET /wp-content/plugins/contact-form-7-style/admin/predefined-templates.json HTTP/1.1" 200 1323 "-" "WordPress/6.8; https://batconpakistan.org"
13.94.89.74 - - [28/Apr/2025:07:15:33 -0400] "GET /site/ HTTP/1.1" 404 15876 "-" "-"
162.0.235.240 - - [28/Apr/2025:07:15:38 -0400] "GET /wp-content/plugins/contact-form-7-style/admin/predefined-templates.json HTTP/1.1" 200 1323 "-" "WordPress/6.8; https://batconpakistan.org"
13.94.89.74 - - [28/Apr/2025:07:15:36 -0400] "GET /sitemap.php HTTP/1.1" 404 15876 "-" "-"
162.0.235.240 - - [28/Apr/2025:07:15:40 -0400] "GET /wp-content/plugins/contact-form-7-style/admin/predefined-templates.json HTTP/1.1" 200 1323 "-" "WordPress/6.8; https://batconpakistan.org"
162.0.235.240 - - [28/Apr/2025:07:15:41 -0400] "POST /wp-cron.php?doing_wp_cron=1745838941.2563629150390625000000 HTTP/1.1" 200 0 "-" "WordPress/6.8; https://batconpakistan.org"
13.94.89.74 - - [28/Apr/2025:07:15:39 -0400] "GET /sites/default/files/ HTTP/1.1" 404 15876 "-" "-"
162.0.235.240 - - [28/Apr/2025:07:15:42 -0400] "GET /wp-content/plugins/contact-form-7-style/admin/predefined-templates.json HTTP/1.1" 200 1323 "-" "WordPress/6.8; https://batconpakistan.org"
162.0.235.240 - - [28/Apr/2025:07:15:43 -0400] "GET /wp-content/plugins/contact-form-7-style/admin/predefined-templates.json HTTP/1.1" 200 1323 "-" "WordPress/6.8; https://batconpakistan.org"
13.94.89.74 - - [28/Apr/2025:07:15:42 -0400] "GET /small.php HTTP/1.1" 404 15877 "-" "-"
162.0.235.240 - - [28/Apr/2025:07:15:46 -0400] "GET /wp-content/plugins/contact-form-7-style/admin/predefined-templates.json HTTP/1.1" 200 1323 "-" "WordPress/6.8; https://batconpakistan.org"
13.94.89.74 - - [28/Apr/2025:07:15:44 -0400] "GET /st.php HTTP/1.1" 404 15877 "-" "-"
162.0.235.240 - - [28/Apr/2025:07:15:48 -0400] "GET /wp-content/plugins/contact-form-7-style/admin/predefined-templates.json HTTP/1.1" 200 1323 "-" "WordPress/6.8; https://batconpakistan.org"
162.0.235.240 - - [28/Apr/2025:07:15:49 -0400] "POST /wp-cron.php?doing_wp_cron=1745838949.1648418903350830078125 HTTP/1.1" 200 0 "-" "WordPress/6.8; https://batconpakistan.org"
13.94.89.74 - - [28/Apr/2025:07:15:47 -0400] "GET /storage/ HTTP/1.1" 404 15876 "-" "-"
162.0.235.240 - - [28/Apr/2025:07:15:50 -0400] "GET /wp-content/plugins/contact-form-7-style/admin/predefined-templates.json HTTP/1.1" 200 1323 "-" "WordPress/6.8; https://batconpakistan.org"
162.0.235.240 - - [28/Apr/2025:07:15:51 -0400] "GET /wp-content/plugins/contact-form-7-style/admin/predefined-templates.json HTTP/1.1" 200 1323 "-" "WordPress/6.8; https://batconpakistan.org"
13.94.89.74 - - [28/Apr/2025:07:15:50 -0400] "GET /sts.php HTTP/1.1" 404 15876 "-" "-"
162.0.235.240 - - [28/Apr/2025:07:15:54 -0400] "GET /wp-content/plugins/contact-form-7-style/admin/predefined-templates.json HTTP/1.1" 200 1323 "-" "WordPress/6.8; https://batconpakistan.org"
13.94.89.74 - - [28/Apr/2025:07:15:52 -0400] "GET /sx.php HTTP/1.1" 404 15878 "-" "-"
162.0.235.240 - - [28/Apr/2025:07:15:56 -0400] "GET /wp-content/plugins/contact-form-7-style/admin/predefined-templates.json HTTP/1.1" 200 1323 "-" "WordPress/6.8; https://batconpakistan.org"
162.0.235.240 - - [28/Apr/2025:07:15:57 -0400] "POST /wp-cron.php?doing_wp_cron=1745838956.9936010837554931640625 HTTP/1.1" 200 0 "-" "WordPress/6.8; https://batconpakistan.org"
13.94.89.74 - - [28/Apr/2025:07:15:55 -0400] "GET /sym403.php HTTP/1.1" 404 15876 "-" "-"
162.0.235.240 - - [28/Apr/2025:07:15:58 -0400] "GET /wp-content/plugins/contact-form-7-style/admin/predefined-templates.json HTTP/1.1" 200 1323 "-" "WordPress/6.8; https://batconpakistan.org"
162.0.235.240 - - [28/Apr/2025:07:15:59 -0400] "GET /wp-content/plugins/contact-form-7-style/admin/predefined-templates.json HTTP/1.1" 200 1323 "-" "WordPress/6.8; https://batconpakistan.org"
13.94.89.74 - - [28/Apr/2025:07:15:58 -0400] "GET /system.php HTTP/1.1" 404 15879 "-" "-"
162.0.235.240 - - [28/Apr/2025:07:16:01 -0400] "GET /wp-content/plugins/contact-form-7-style/admin/predefined-templates.json HTTP/1.1" 200 1323 "-" "WordPress/6.8; https://batconpakistan.org"
13.94.89.74 - - [28/Apr/2025:07:15:59 -0400] "GET /system/ HTTP/1.1" 404 15876 "-" "-"
162.0.235.240 - - [28/Apr/2025:07:16:03 -0400] "GET /wp-content/plugins/contact-form-7-style/admin/predefined-templates.json HTTP/1.1" 200 1323 "-" "WordPress/6.8; https://batconpakistan.org"
13.94.89.74 - - [28/Apr/2025:07:16:02 -0400] "GET /system//default.php HTTP/1.1" 301 0 "-" "-"
162.0.235.240 - - [28/Apr/2025:07:16:05 -0400] "GET /wp-content/plugins/contact-form-7-style/admin/predefined-templates.json HTTP/1.1" 200 1323 "-" "WordPress/6.8; https://batconpakistan.org"
162.0.235.240 - - [28/Apr/2025:07:16:06 -0400] "POST /wp-cron.php?doing_wp_cron=1745838965.9700019359588623046875 HTTP/1.1" 200 0 "-" "WordPress/6.8; https://batconpakistan.org"
13.94.89.74 - - [28/Apr/2025:07:16:04 -0400] "GET /system/default.php HTTP/1.1" 404 15876 "-" "-"
162.0.235.240 - - [28/Apr/2025:07:16:07 -0400] "GET /wp-content/plugins/contact-form-7-style/admin/predefined-templates.json HTTP/1.1" 200 1323 "-" "WordPress/6.8; https://batconpakistan.org"
162.0.235.240 - - [28/Apr/2025:07:16:08 -0400] "GET /wp-content/plugins/contact-form-7-style/admin/predefined-templates.json HTTP/1.1" 200 1323 "-" "WordPress/6.8; https://batconpakistan.org"
162.0.235.240 - - [28/Apr/2025:07:16:07 -0400] "POST /wp-admin/admin-ajax.php?action=async_litespeed&nonce=ZofccH75suDOFkhSOZSxaNGcsihdVfld&litespeed_type=imgoptm HTTP/1.1" 200 0 "-" "WordPress/6.8; https://batconpakistan.org"
13.94.89.74 - - [28/Apr/2025:07:16:07 -0400] "GET /system_log.php HTTP/1.1" 404 15878 "-" "-"
162.0.235.240 - - [28/Apr/2025:07:16:09 -0400] "GET /wp-content/plugins/contact-form-7-style/admin/predefined-templates.json HTTP/1.1" 200 1323 "-" "WordPress/6.8; https://batconpakistan.org"
162.0.235.240 - - [28/Apr/2025:07:16:10 -0400] "GET /wp-content/plugins/contact-form-7-style/admin/predefined-templates.json HTTP/1.1" 200 1323 "-" "WordPress/6.8; https://batconpakistan.org"
13.94.89.74 - - [28/Apr/2025:07:16:09 -0400] "GET /system_log.php?p= HTTP/1.1" 301 0 "-" "-"
13.94.89.74 - - [28/Apr/2025:07:16:11 -0400] "GET /system_log.php HTTP/1.1" 404 15878 "-" "-"
162.0.235.240 - - [28/Apr/2025:07:16:12 -0400] "GET /wp-content/plugins/contact-form-7-style/admin/predefined-templates.json HTTP/1.1" 200 1323 "-" "WordPress/6.8; https://batconpakistan.org"
13.94.89.74 - - [28/Apr/2025:07:16:11 -0400] "GET /t.php HTTP/1.1" 404 15877 "-" "-"
162.0.235.240 - - [28/Apr/2025:07:16:14 -0400] "GET /wp-content/plugins/contact-form-7-style/admin/predefined-templates.json HTTP/1.1" 200 1323 "-" "WordPress/6.8; https://batconpakistan.org"
13.94.89.74 - - [28/Apr/2025:07:16:13 -0400] "GET /t4MyJ.php HTTP/1.1" 404 15878 "-" "-"
162.0.235.240 - - [28/Apr/2025:07:16:16 -0400] "GET /wp-content/plugins/contact-form-7-style/admin/predefined-templates.json HTTP/1.1" 200 1323 "-" "WordPress/6.8; https://batconpakistan.org"
13.94.89.74 - - [28/Apr/2025:07:16:15 -0400] "GET /tB.php HTTP/1.1" 404 15878 "-" "-"
162.0.235.240 - - [28/Apr/2025:07:16:18 -0400] "GET /wp-content/plugins/contact-form-7-style/admin/predefined-templates.json HTTP/1.1" 200 1323 "-" "WordPress/6.8; https://batconpakistan.org"
13.94.89.74 - - [28/Apr/2025:07:16:17 -0400] "GET /templates/ HTTP/1.1" 404 15877 "-" "-"
162.0.235.240 - - [28/Apr/2025:07:16:21 -0400] "GET /wp-content/plugins/contact-form-7-style/admin/predefined-templates.json HTTP/1.1" 200 1323 "-" "WordPress/6.8; https://batconpakistan.org"
13.94.89.74 - - [28/Apr/2025:07:16:19 -0400] "GET /templates/atomic/error.php HTTP/1.1" 404 15876 "-" "-"
162.0.235.240 - - [28/Apr/2025:07:16:23 -0400] "GET /wp-content/plugins/contact-form-7-style/admin/predefined-templates.json HTTP/1.1" 200 1323 "-" "WordPress/6.8; https://batconpakistan.org"
13.94.89.74 - - [28/Apr/2025:07:16:22 -0400] "GET /templates/beez3/ HTTP/1.1" 404 15876 "-" "-"
162.0.235.240 - - [28/Apr/2025:07:16:26 -0400] "GET /wp-content/plugins/contact-form-7-style/admin/predefined-templates.json HTTP/1.1" 200 1323 "-" "WordPress/6.8; https://batconpakistan.org"
13.94.89.74 - - [28/Apr/2025:07:16:24 -0400] "GET /templates/beez3/index.php HTTP/1.1" 301 0 "-" "-"
13.94.89.74 - - [28/Apr/2025:07:16:26 -0400] "GET /templates/beez3/ HTTP/1.1" 404 15876 "-" "-"
162.0.235.240 - - [28/Apr/2025:07:16:28 -0400] "GET /wp-content/plugins/contact-form-7-style/admin/predefined-templates.json HTTP/1.1" 200 1323 "-" "WordPress/6.8; https://batconpakistan.org"
198.54.126.2 - - [28/Apr/2025:07:16:28 -0400] "POST /xmlrpc.php HTTP/1.1" 403 1242 "https://batconpakistan.org" "Mozilla/5.0 (Windows NT 10.0; Win64; x64) AppleWebKit/537.36 (KHTML, like Gecko) Chrome/116.0.5845.96 Safari/537.36 Edg/116.0.1938.62"
13.94.89.74 - - [28/Apr/2025:07:16:27 -0400] "GET /templates/natural.php HTTP/1.1" 404 15878 "-" "-"
162.0.235.240 - - [28/Apr/2025:07:16:30 -0400] "GET /wp-content/plugins/contact-form-7-style/admin/predefined-templates.json HTTP/1.1" 200 1323 "-" "WordPress/6.8; https://batconpakistan.org"
13.94.89.74 - - [28/Apr/2025:07:16:29 -0400] "GET /templates/protostar/index.php HTTP/1.1" 301 0 "-" "-"
162.0.235.240 - - [28/Apr/2025:07:16:32 -0400] "GET /wp-content/plugins/contact-form-7-style/admin/predefined-templates.json HTTP/1.1" 200 1323 "-" "WordPress/6.8; https://batconpakistan.org"
13.94.89.74 - - [28/Apr/2025:07:16:31 -0400] "GET /templates/protostar/ HTTP/1.1" 404 15877 "-" "-"
13.94.89.74 - - [28/Apr/2025:07:16:33 -0400] "GET /test.php HTTP/1.1" 404 15878 "-" "-"
162.0.235.240 - - [28/Apr/2025:07:16:35 -0400] "GET /wp-content/plugins/contact-form-7-style/admin/predefined-templates.json HTTP/1.1" 200 1323 "-" "WordPress/6.8; https://batconpakistan.org"
13.94.89.74 - - [28/Apr/2025:07:16:34 -0400] "GET /test.php?p= HTTP/1.1" 301 0 "-" "-"
13.94.89.74 - - [28/Apr/2025:07:16:36 -0400] "GET /test.php HTTP/1.1" 404 15878 "-" "-"
162.0.235.240 - - [28/Apr/2025:07:16:37 -0400] "GET /wp-content/plugins/contact-form-7-style/admin/predefined-templates.json HTTP/1.1" 200 1323 "-" "WordPress/6.8; https://batconpakistan.org"
13.94.89.74 - - [28/Apr/2025:07:16:36 -0400] "GET /test/ HTTP/1.1" 404 15875 "-" "-"
162.0.235.240 - - [28/Apr/2025:07:16:40 -0400] "GET /wp-content/plugins/contact-form-7-style/admin/predefined-templates.json HTTP/1.1" 200 1323 "-" "WordPress/6.8; https://batconpakistan.org"
162.0.235.240 - - [28/Apr/2025:07:16:41 -0400] "POST /wp-cron.php?doing_wp_cron=1745839001.0944790840148925781250 HTTP/1.1" 200 0 "-" "WordPress/6.8; https://batconpakistan.org"
13.94.89.74 - - [28/Apr/2025:07:16:39 -0400] "GET /text.php HTTP/1.1" 404 15878 "-" "-"
162.0.235.240 - - [28/Apr/2025:07:16:42 -0400] "GET /wp-content/plugins/contact-form-7-style/admin/predefined-templates.json HTTP/1.1" 200 1323 "-" "WordPress/6.8; https://batconpakistan.org"
162.0.235.240 - - [28/Apr/2025:07:16:43 -0400] "GET /wp-content/plugins/contact-form-7-style/admin/predefined-templates.json HTTP/1.1" 200 1323 "-" "WordPress/6.8; https://batconpakistan.org"
13.94.89.74 - - [28/Apr/2025:07:16:42 -0400] "GET /tghuGZVrERD.php HTTP/1.1" 404 15877 "-" "-"
162.0.235.240 - - [28/Apr/2025:07:16:45 -0400] "GET /wp-content/plugins/contact-form-7-style/admin/predefined-templates.json HTTP/1.1" 200 1323 "-" "WordPress/6.8; https://batconpakistan.org"
13.94.89.74 - - [28/Apr/2025:07:16:44 -0400] "GET /themes.php HTTP/1.1" 404 15877 "-" "-"
162.0.235.240 - - [28/Apr/2025:07:16:48 -0400] "GET /wp-content/plugins/contact-form-7-style/admin/predefined-templates.json HTTP/1.1" 200 1323 "-" "WordPress/6.8; https://batconpakistan.org"
162.0.235.240 - - [28/Apr/2025:07:16:48 -0400] "POST /wp-cron.php?doing_wp_cron=1745839008.7468180656433105468750 HTTP/1.1" 200 0 "-" "WordPress/6.8; https://batconpakistan.org"
13.94.89.74 - - [28/Apr/2025:07:16:47 -0400] "GET /themes/index.php HTTP/1.1" 301 0 "-" "-"
162.0.235.240 - - [28/Apr/2025:07:16:49 -0400] "GET /wp-content/plugins/contact-form-7-style/admin/predefined-templates.json HTTP/1.1" 200 1323 "-" "WordPress/6.8; https://batconpakistan.org"
162.0.235.240 - - [28/Apr/2025:07:16:50 -0400] "GET /wp-content/plugins/contact-form-7-style/admin/predefined-templates.json HTTP/1.1" 200 1323 "-" "WordPress/6.8; https://batconpakistan.org"
13.94.89.74 - - [28/Apr/2025:07:16:49 -0400] "GET /themes/ HTTP/1.1" 404 15875 "-" "-"
162.0.235.240 - - [28/Apr/2025:07:16:52 -0400] "GET /wp-content/plugins/contact-form-7-style/admin/predefined-templates.json HTTP/1.1" 200 1323 "-" "WordPress/6.8; https://batconpakistan.org"
13.94.89.74 - - [28/Apr/2025:07:16:51 -0400] "GET /themes/zMousse/otuz1.php HTTP/1.1" 404 15876 "-" "-"
162.0.235.240 - - [28/Apr/2025:07:16:55 -0400] "GET /wp-content/plugins/contact-form-7-style/admin/predefined-templates.json HTTP/1.1" 200 1323 "-" "WordPress/6.8; https://batconpakistan.org"
162.0.235.240 - - [28/Apr/2025:07:16:55 -0400] "POST /wp-cron.php?doing_wp_cron=1745839015.2801549434661865234375 HTTP/1.1" 200 0 "-" "WordPress/6.8; https://batconpakistan.org"
13.94.89.74 - - [28/Apr/2025:07:16:54 -0400] "GET /tiny.php HTTP/1.1" 404 15876 "-" "-"
162.0.235.240 - - [28/Apr/2025:07:16:56 -0400] "GET /wp-content/plugins/contact-form-7-style/admin/predefined-templates.json HTTP/1.1" 200 1323 "-" "WordPress/6.8; https://batconpakistan.org"
162.0.235.240 - - [28/Apr/2025:07:16:57 -0400] "GET /wp-content/plugins/contact-form-7-style/admin/predefined-templates.json HTTP/1.1" 200 1323 "-" "WordPress/6.8; https://batconpakistan.org"
13.94.89.74 - - [28/Apr/2025:07:16:56 -0400] "GET /tiny.php?p= HTTP/1.1" 301 0 "-" "-"
13.94.89.74 - - [28/Apr/2025:07:16:57 -0400] "GET /tiny.php HTTP/1.1" 404 15876 "-" "-"
162.0.235.240 - - [28/Apr/2025:07:16:59 -0400] "GET /wp-content/plugins/contact-form-7-style/admin/predefined-templates.json HTTP/1.1" 200 1323 "-" "WordPress/6.8; https://batconpakistan.org"
13.94.89.74 - - [28/Apr/2025:07:16:58 -0400] "GET /tinyfilemanager.php HTTP/1.1" 404 15877 "-" "-"
162.0.235.240 - - [28/Apr/2025:07:17:01 -0400] "GET /wp-content/plugins/contact-form-7-style/admin/predefined-templates.json HTTP/1.1" 200 1323 "-" "WordPress/6.8; https://batconpakistan.org"
13.94.89.74 - - [28/Apr/2025:07:17:00 -0400] "GET /tinyfilemanager.php?p= HTTP/1.1" 301 0 "-" "-"
13.94.89.74 - - [28/Apr/2025:07:17:01 -0400] "GET /tinyfilemanager.php HTTP/1.1" 404 15877 "-" "-"
162.0.235.240 - - [28/Apr/2025:07:17:03 -0400] "GET /wp-content/plugins/contact-form-7-style/admin/predefined-templates.json HTTP/1.1" 200 1323 "-" "WordPress/6.8; https://batconpakistan.org"
13.94.89.74 - - [28/Apr/2025:07:17:02 -0400] "GET /tinyfilemanager/ HTTP/1.1" 404 15879 "-" "-"
162.0.235.240 - - [28/Apr/2025:07:17:05 -0400] "GET /wp-content/plugins/contact-form-7-style/admin/predefined-templates.json HTTP/1.1" 200 1323 "-" "WordPress/6.8; https://batconpakistan.org"
162.0.235.240 - - [28/Apr/2025:07:17:05 -0400] "POST /wp-cron.php?doing_wp_cron=1745839025.5498208999633789062500 HTTP/1.1" 200 0 "-" "WordPress/6.8; https://batconpakistan.org"
13.94.89.74 - - [28/Apr/2025:07:17:03 -0400] "GET /tinyfilemanager/tinyfilemanager.php HTTP/1.1" 404 15878 "-" "-"
162.0.235.240 - - [28/Apr/2025:07:17:06 -0400] "GET /wp-content/plugins/contact-form-7-style/admin/predefined-templates.json HTTP/1.1" 200 1323 "-" "WordPress/6.8; https://batconpakistan.org"
162.0.235.240 - - [28/Apr/2025:07:17:07 -0400] "GET /wp-content/plugins/contact-form-7-style/admin/predefined-templates.json HTTP/1.1" 200 1323 "-" "WordPress/6.8; https://batconpakistan.org"
162.0.235.240 - - [28/Apr/2025:07:17:06 -0400] "POST /wp-admin/admin-ajax.php?action=async_litespeed&nonce=2sQpSKbAK9ZhW10zsqQpI1aTEi2kfqGa&litespeed_type=imgoptm HTTP/1.1" 200 0 "-" "WordPress/6.8; https://batconpakistan.org"
13.94.89.74 - - [28/Apr/2025:07:17:06 -0400] "GET /tkpKSqOfFIE.php HTTP/1.1" 404 15876 "-" "-"
162.0.235.240 - - [28/Apr/2025:07:17:07 -0400] "GET /wp-content/plugins/contact-form-7-style/admin/predefined-templates.json HTTP/1.1" 200 1323 "-" "WordPress/6.8; https://batconpakistan.org"
162.0.235.240 - - [28/Apr/2025:07:17:09 -0400] "GET /wp-content/plugins/contact-form-7-style/admin/predefined-templates.json HTTP/1.1" 200 1323 "-" "WordPress/6.8; https://batconpakistan.org"
13.94.89.74 - - [28/Apr/2025:07:17:08 -0400] "GET /tmpls.php HTTP/1.1" 404 15879 "-" "-"
162.0.235.240 - - [28/Apr/2025:07:17:11 -0400] "GET /wp-content/plugins/contact-form-7-style/admin/predefined-templates.json HTTP/1.1" 200 1323 "-" "WordPress/6.8; https://batconpakistan.org"
13.94.89.74 - - [28/Apr/2025:07:17:10 -0400] "GET /tqy.php HTTP/1.1" 404 15876 "-" "-"
162.0.235.240 - - [28/Apr/2025:07:17:13 -0400] "GET /wp-content/plugins/contact-form-7-style/admin/predefined-templates.json HTTP/1.1" 200 1323 "-" "WordPress/6.8; https://batconpakistan.org"
13.94.89.74 - - [28/Apr/2025:07:17:12 -0400] "GET /tsRBxmo.php HTTP/1.1" 404 15875 "-" "-"
162.0.235.240 - - [28/Apr/2025:07:17:16 -0400] "GET /wp-content/plugins/contact-form-7-style/admin/predefined-templates.json HTTP/1.1" 200 1323 "-" "WordPress/6.8; https://batconpakistan.org"
13.94.89.74 - - [28/Apr/2025:07:17:14 -0400] "GET /ty.php HTTP/1.1" 404 15876 "-" "-"
162.0.235.240 - - [28/Apr/2025:07:17:18 -0400] "GET /wp-content/plugins/contact-form-7-style/admin/predefined-templates.json HTTP/1.1" 200 1323 "-" "WordPress/6.8; https://batconpakistan.org"
13.94.89.74 - - [28/Apr/2025:07:17:17 -0400] "GET /ty.php?p= HTTP/1.1" 301 0 "-" "-"
13.94.89.74 - - [28/Apr/2025:07:17:19 -0400] "GET /ty.php HTTP/1.1" 404 15876 "-" "-"
162.0.235.240 - - [28/Apr/2025:07:17:21 -0400] "GET /wp-content/plugins/contact-form-7-style/admin/predefined-templates.json HTTP/1.1" 200 1323 "-" "WordPress/6.8; https://batconpakistan.org"
13.94.89.74 - - [28/Apr/2025:07:17:19 -0400] "GET /u.php HTTP/1.1" 404 15877 "-" "-"
162.0.235.240 - - [28/Apr/2025:07:17:23 -0400] "GET /wp-content/plugins/contact-form-7-style/admin/predefined-templates.json HTTP/1.1" 200 1323 "-" "WordPress/6.8; https://batconpakistan.org"
13.94.89.74 - - [28/Apr/2025:07:17:22 -0400] "GET /uWjxHmRO9AM.php HTTP/1.1" 404 15876 "-" "-"
162.0.235.240 - - [28/Apr/2025:07:17:25 -0400] "GET /wp-content/plugins/contact-form-7-style/admin/predefined-templates.json HTTP/1.1" 200 1323 "-" "WordPress/6.8; https://batconpakistan.org"
13.94.89.74 - - [28/Apr/2025:07:17:24 -0400] "GET /up.php HTTP/1.1" 404 15877 "-" "-"
162.0.235.240 - - [28/Apr/2025:07:17:28 -0400] "GET /wp-content/plugins/contact-form-7-style/admin/predefined-templates.json HTTP/1.1" 200 1323 "-" "WordPress/6.8; https://batconpakistan.org"
13.94.89.74 - - [28/Apr/2025:07:17:27 -0400] "GET /up.php?p= HTTP/1.1" 301 0 "-" "-"
13.94.89.74 - - [28/Apr/2025:07:17:29 -0400] "GET /up.php HTTP/1.1" 404 15877 "-" "-"
162.0.235.240 - - [28/Apr/2025:07:17:30 -0400] "GET /wp-content/plugins/contact-form-7-style/admin/predefined-templates.json HTTP/1.1" 200 1323 "-" "WordPress/6.8; https://batconpakistan.org"
13.94.89.74 - - [28/Apr/2025:07:17:29 -0400] "GET /updates.php HTTP/1.1" 404 15877 "-" "-"
162.0.235.240 - - [28/Apr/2025:07:17:32 -0400] "GET /wp-content/plugins/contact-form-7-style/admin/predefined-templates.json HTTP/1.1" 200 1323 "-" "WordPress/6.8; https://batconpakistan.org"
13.94.89.74 - - [28/Apr/2025:07:17:31 -0400] "GET /upload.php HTTP/1.1" 404 15876 "-" "-"
162.0.235.240 - - [28/Apr/2025:07:17:35 -0400] "GET /wp-content/plugins/contact-form-7-style/admin/predefined-templates.json HTTP/1.1" 200 1323 "-" "WordPress/6.8; https://batconpakistan.org"
13.94.89.74 - - [28/Apr/2025:07:17:34 -0400] "GET /upload/ HTTP/1.1" 404 15878 "-" "-"
162.0.235.240 - - [28/Apr/2025:07:17:37 -0400] "GET /wp-content/plugins/contact-form-7-style/admin/predefined-templates.json HTTP/1.1" 200 1323 "-" "WordPress/6.8; https://batconpakistan.org"
13.94.89.74 - - [28/Apr/2025:07:17:36 -0400] "GET /upload/image/ HTTP/1.1" 404 15877 "-" "-"
162.0.235.240 - - [28/Apr/2025:07:17:40 -0400] "GET /wp-content/plugins/contact-form-7-style/admin/predefined-templates.json HTTP/1.1" 200 1323 "-" "WordPress/6.8; https://batconpakistan.org"
162.0.235.240 - - [28/Apr/2025:07:17:40 -0400] "POST /wp-cron.php?doing_wp_cron=1745839060.5691049098968505859375 HTTP/1.1" 200 0 "-" "WordPress/6.8; https://batconpakistan.org"
13.94.89.74 - - [28/Apr/2025:07:17:39 -0400] "GET /upload/upload.php HTTP/1.1" 404 15876 "-" "-"
162.0.235.240 - - [28/Apr/2025:07:17:41 -0400] "GET /wp-content/plugins/contact-form-7-style/admin/predefined-templates.json HTTP/1.1" 200 1323 "-" "WordPress/6.8; https://batconpakistan.org"
162.0.235.240 - - [28/Apr/2025:07:17:42 -0400] "GET /wp-content/plugins/contact-form-7-style/admin/predefined-templates.json HTTP/1.1" 200 1323 "-" "WordPress/6.8; https://batconpakistan.org"
13.94.89.74 - - [28/Apr/2025:07:17:41 -0400] "GET /upload/wp-info.php HTTP/1.1" 404 15883 "-" "-"
162.0.235.240 - - [28/Apr/2025:07:17:45 -0400] "GET /wp-content/plugins/contact-form-7-style/admin/predefined-templates.json HTTP/1.1" 200 1323 "-" "WordPress/6.8; https://batconpakistan.org"
13.94.89.74 - - [28/Apr/2025:07:17:43 -0400] "GET /uploads/ HTTP/1.1" 404 15877 "-" "-"
162.0.235.240 - - [28/Apr/2025:07:17:47 -0400] "GET /wp-content/plugins/contact-form-7-style/admin/predefined-templates.json HTTP/1.1" 200 1323 "-" "WordPress/6.8; https://batconpakistan.org"
13.94.89.74 - - [28/Apr/2025:07:17:46 -0400] "GET /uploads/.1/ HTTP/1.1" 404 15878 "-" "-"
162.0.235.240 - - [28/Apr/2025:07:17:50 -0400] "GET /wp-content/plugins/contact-form-7-style/admin/predefined-templates.json HTTP/1.1" 200 1323 "-" "WordPress/6.8; https://batconpakistan.org"
162.0.235.240 - - [28/Apr/2025:07:17:50 -0400] "POST /wp-cron.php?doing_wp_cron=1745839070.4777750968933105468750 HTTP/1.1" 200 0 "-" "WordPress/6.8; https://batconpakistan.org"
13.94.89.74 - - [28/Apr/2025:07:17:48 -0400] "GET /uploads/index.php HTTP/1.1" 301 0 "-" "-"
13.94.89.74 - - [28/Apr/2025:07:17:50 -0400] "GET /uploads/ HTTP/1.1" 404 15877 "-" "-"
162.0.235.240 - - [28/Apr/2025:07:17:51 -0400] "GET /wp-content/plugins/contact-form-7-style/admin/predefined-templates.json HTTP/1.1" 200 1323 "-" "WordPress/6.8; https://batconpakistan.org"
162.0.235.240 - - [28/Apr/2025:07:17:52 -0400] "GET /wp-content/plugins/contact-form-7-style/admin/predefined-templates.json HTTP/1.1" 200 1323 "-" "WordPress/6.8; https://batconpakistan.org"
13.94.89.74 - - [28/Apr/2025:07:17:51 -0400] "GET /uploads/test.php HTTP/1.1" 404 15876 "-" "-"
4.157.252.80 - - [28/Apr/2025:07:17:53 -0400] "GET /wp-content/uploads/2021/01/Fi5FThmWYAAyQYa.jpg HTTP/1.1" 200 193895 "-" "Mozilla/5.0 (Windows NT 10.0; Win64; x64) AppleWebKit/537.36 (KHTML, like Gecko) Chrome/109.0.0.0 Safari/537.36"
162.0.235.240 - - [28/Apr/2025:07:17:55 -0400] "GET /wp-content/plugins/contact-form-7-style/admin/predefined-templates.json HTTP/1.1" 200 1323 "-" "WordPress/6.8; https://batconpakistan.org"
162.0.235.240 - - [28/Apr/2025:07:17:55 -0400] "POST /wp-cron.php?doing_wp_cron=1745839075.5307269096374511718750 HTTP/1.1" 200 0 "-" "WordPress/6.8; https://batconpakistan.org"
13.94.89.74 - - [28/Apr/2025:07:17:53 -0400] "GET /uploads/up.php HTTP/1.1" 404 15877 "-" "-"
162.0.235.240 - - [28/Apr/2025:07:17:56 -0400] "GET /wp-content/plugins/contact-form-7-style/admin/predefined-templates.json HTTP/1.1" 200 1323 "-" "WordPress/6.8; https://batconpakistan.org"
162.0.235.240 - - [28/Apr/2025:07:17:57 -0400] "GET /wp-content/plugins/contact-form-7-style/admin/predefined-templates.json HTTP/1.1" 200 1323 "-" "WordPress/6.8; https://batconpakistan.org"
13.94.89.74 - - [28/Apr/2025:07:17:56 -0400] "GET /used HTTP/1.1" 404 15876 "-" "-"
13.94.89.74 - - [28/Apr/2025:07:17:59 -0400] "GET /user.php HTTP/1.1" 404 15879 "-" "-"
162.0.235.240 - - [28/Apr/2025:07:18:00 -0400] "GET /wp-content/plugins/contact-form-7-style/admin/predefined-templates.json HTTP/1.1" 200 1323 "-" "WordPress/6.8; https://batconpakistan.org"
13.94.89.74 - - [28/Apr/2025:07:17:59 -0400] "GET /users.php HTTP/1.1" 404 15876 "-" "-"
162.0.235.240 - - [28/Apr/2025:07:18:02 -0400] "GET /wp-content/plugins/contact-form-7-style/admin/predefined-templates.json HTTP/1.1" 200 1323 "-" "WordPress/6.8; https://batconpakistan.org"
13.94.89.74 - - [28/Apr/2025:07:18:01 -0400] "GET /uvrDZ.php HTTP/1.1" 404 15877 "-" "-"
162.0.235.240 - - [28/Apr/2025:07:18:05 -0400] "GET /wp-content/plugins/contact-form-7-style/admin/predefined-templates.json HTTP/1.1" 200 1323 "-" "WordPress/6.8; https://batconpakistan.org"
162.0.235.240 - - [28/Apr/2025:07:18:06 -0400] "POST /wp-cron.php?doing_wp_cron=1745839085.8688910007476806640625 HTTP/1.1" 200 0 "-" "WordPress/6.8; https://batconpakistan.org"
13.94.89.74 - - [28/Apr/2025:07:18:04 -0400] "GET /v.php HTTP/1.1" 404 15878 "-" "-"
162.0.235.240 - - [28/Apr/2025:07:18:07 -0400] "GET /wp-content/plugins/contact-form-7-style/admin/predefined-templates.json HTTP/1.1" 200 1323 "-" "WordPress/6.8; https://batconpakistan.org"
162.0.235.240 - - [28/Apr/2025:07:18:08 -0400] "GET /wp-content/plugins/contact-form-7-style/admin/predefined-templates.json HTTP/1.1" 200 1323 "-" "WordPress/6.8; https://batconpakistan.org"
162.0.235.240 - - [28/Apr/2025:07:18:07 -0400] "POST /wp-admin/admin-ajax.php?action=async_litespeed&nonce=ZcC6fZBgTcD8QOf2j57v0EOiDHc9KUP6&litespeed_type=imgoptm HTTP/1.1" 200 0 "-" "WordPress/6.8; https://batconpakistan.org"
162.0.235.240 - - [28/Apr/2025:07:18:08 -0400] "GET /wp-content/plugins/contact-form-7-style/admin/predefined-templates.json HTTP/1.1" 200 1323 "-" "WordPress/6.8; https://batconpakistan.org"
13.94.89.74 - - [28/Apr/2025:07:18:06 -0400] "GET /vSiY7GNIxVH.php HTTP/1.1" 404 15878 "-" "-"
162.0.235.240 - - [28/Apr/2025:07:18:10 -0400] "GET /wp-content/plugins/contact-form-7-style/admin/predefined-templates.json HTTP/1.1" 200 1323 "-" "WordPress/6.8; https://batconpakistan.org"
13.94.89.74 - - [28/Apr/2025:07:18:09 -0400] "GET /var/www/html/uploads/ HTTP/1.1" 404 15877 "-" "-"
162.0.235.240 - - [28/Apr/2025:07:18:13 -0400] "GET /wp-content/plugins/contact-form-7-style/admin/predefined-templates.json HTTP/1.1" 200 1323 "-" "WordPress/6.8; https://batconpakistan.org"
13.94.89.74 - - [28/Apr/2025:07:18:11 -0400] "GET /vendor/ HTTP/1.1" 404 15877 "-" "-"
162.0.235.240 - - [28/Apr/2025:07:18:15 -0400] "GET /wp-content/plugins/contact-form-7-style/admin/predefined-templates.json HTTP/1.1" 200 1323 "-" "WordPress/6.8; https://batconpakistan.org"
13.94.89.74 - - [28/Apr/2025:07:18:14 -0400] "GET /w.php HTTP/1.1" 404 15877 "-" "-"
162.0.235.240 - - [28/Apr/2025:07:18:18 -0400] "GET /wp-content/plugins/contact-form-7-style/admin/predefined-templates.json HTTP/1.1" 200 1323 "-" "WordPress/6.8; https://batconpakistan.org"
13.94.89.74 - - [28/Apr/2025:07:18:16 -0400] "GET /wb.php HTTP/1.1" 404 15877 "-" "-"
162.0.235.240 - - [28/Apr/2025:07:18:20 -0400] "GET /wp-content/plugins/contact-form-7-style/admin/predefined-templates.json HTTP/1.1" 200 1323 "-" "WordPress/6.8; https://batconpakistan.org"
13.94.89.74 - - [28/Apr/2025:07:18:19 -0400] "GET /wcqLft7.php HTTP/1.1" 404 15877 "-" "-"
162.0.235.240 - - [28/Apr/2025:07:18:22 -0400] "GET /wp-content/plugins/contact-form-7-style/admin/predefined-templates.json HTTP/1.1" 200 1323 "-" "WordPress/6.8; https://batconpakistan.org"
13.94.89.74 - - [28/Apr/2025:07:18:21 -0400] "GET /we.php HTTP/1.1" 404 15876 "-" "-"
162.0.235.240 - - [28/Apr/2025:07:18:24 -0400] "GET /wp-content/plugins/contact-form-7-style/admin/predefined-templates.json HTTP/1.1" 200 1323 "-" "WordPress/6.8; https://batconpakistan.org"
13.94.89.74 - - [28/Apr/2025:07:18:23 -0400] "GET /web.php HTTP/1.1" 404 15877 "-" "-"
162.0.235.240 - - [28/Apr/2025:07:18:26 -0400] "GET /wp-content/plugins/contact-form-7-style/admin/predefined-templates.json HTTP/1.1" 200 1323 "-" "WordPress/6.8; https://batconpakistan.org"
13.94.89.74 - - [28/Apr/2025:07:18:25 -0400] "GET /webadmin.php HTTP/1.1" 404 15877 "-" "-"
162.0.235.240 - - [28/Apr/2025:07:18:29 -0400] "GET /wp-content/plugins/contact-form-7-style/admin/predefined-templates.json HTTP/1.1" 200 1323 "-" "WordPress/6.8; https://batconpakistan.org"
13.94.89.74 - - [28/Apr/2025:07:18:28 -0400] "GET /wi.php HTTP/1.1" 404 15878 "-" "-"
162.0.235.240 - - [28/Apr/2025:07:18:31 -0400] "GET /wp-content/plugins/contact-form-7-style/admin/predefined-templates.json HTTP/1.1" 200 1323 "-" "WordPress/6.8; https://batconpakistan.org"
13.94.89.74 - - [28/Apr/2025:07:18:30 -0400] "GET /wikindex.php HTTP/1.1" 404 15879 "-" "-"
162.0.235.240 - - [28/Apr/2025:07:18:32 -0400] "GET /wp-content/plugins/contact-form-7-style/admin/predefined-templates.json HTTP/1.1" 200 1323 "-" "WordPress/6.8; https://batconpakistan.org"
13.94.89.74 - - [28/Apr/2025:07:18:31 -0400] "GET /winamp/index.php HTTP/1.1" 301 0 "-" "-"
162.0.235.240 - - [28/Apr/2025:07:18:34 -0400] "GET /wp-content/plugins/contact-form-7-style/admin/predefined-templates.json HTTP/1.1" 200 1323 "-" "WordPress/6.8; https://batconpakistan.org"
13.94.89.74 - - [28/Apr/2025:07:18:33 -0400] "GET /winamp/ HTTP/1.1" 404 15878 "-" "-"
162.0.235.240 - - [28/Apr/2025:07:18:36 -0400] "GET /wp-content/plugins/contact-form-7-style/admin/predefined-templates.json HTTP/1.1" 200 1323 "-" "WordPress/6.8; https://batconpakistan.org"
13.94.89.74 - - [28/Apr/2025:07:18:35 -0400] "GET /wkG.php HTTP/1.1" 404 15877 "-" "-"
162.0.235.240 - - [28/Apr/2025:07:18:38 -0400] "GET /wp-content/plugins/contact-form-7-style/admin/predefined-templates.json HTTP/1.1" 200 1323 "-" "WordPress/6.8; https://batconpakistan.org"
13.94.89.74 - - [28/Apr/2025:07:18:37 -0400] "GET /woh.php HTTP/1.1" 404 15876 "-" "-"
162.0.235.240 - - [28/Apr/2025:07:18:40 -0400] "GET /wp-content/plugins/contact-form-7-style/admin/predefined-templates.json HTTP/1.1" 200 1323 "-" "WordPress/6.8; https://batconpakistan.org"
162.0.235.240 - - [28/Apr/2025:07:18:41 -0400] "POST /wp-cron.php?doing_wp_cron=1745839121.0497500896453857421875 HTTP/1.1" 200 0 "-" "WordPress/6.8; https://batconpakistan.org"
13.94.89.74 - - [28/Apr/2025:07:18:39 -0400] "GET /wordpress/wp-includes/IXR/allez.php HTTP/1.1" 404 15876 "-" "-"
162.0.235.240 - - [28/Apr/2025:07:18:41 -0400] "GET /wp-content/plugins/contact-form-7-style/admin/predefined-templates.json HTTP/1.1" 200 1323 "-" "WordPress/6.8; https://batconpakistan.org"
162.0.235.240 - - [28/Apr/2025:07:18:42 -0400] "GET /wp-content/plugins/contact-form-7-style/admin/predefined-templates.json HTTP/1.1" 200 1323 "-" "WordPress/6.8; https://batconpakistan.org"
13.94.89.74 - - [28/Apr/2025:07:18:41 -0400] "GET /wordpress/wp-includes/wp-config-sample.php HTTP/1.1" 404 15876 "-" "-"
162.0.235.240 - - [28/Apr/2025:07:18:44 -0400] "GET /wp-content/plugins/contact-form-7-style/admin/predefined-templates.json HTTP/1.1" 200 1323 "-" "WordPress/6.8; https://batconpakistan.org"
13.94.89.74 - - [28/Apr/2025:07:18:43 -0400] "GET /worm0.PhP7 HTTP/1.1" 404 15876 "-" "-"
13.94.89.74 - - [28/Apr/2025:07:18:45 -0400] "GET /wp-2019.php HTTP/1.1" 404 15876 "-" "-"
162.0.235.240 - - [28/Apr/2025:07:18:46 -0400] "GET /wp-content/plugins/contact-form-7-style/admin/predefined-templates.json HTTP/1.1" 200 1323 "-" "WordPress/6.8; https://batconpakistan.org"
13.94.89.74 - - [28/Apr/2025:07:18:45 -0400] "GET /wp-Owl.php HTTP/1.1" 404 15877 "-" "-"
13.94.89.74 - - [28/Apr/2025:07:18:47 -0400] "GET /wp-add-admin.php HTTP/1.1" 404 15876 "-" "-"
4.157.252.80 - - [28/Apr/2025:07:18:48 -0400] "GET /wp-content/uploads/2021/01/Batcon-Pakistan-Transparent-LArge.png HTTP/1.1" 200 26472 "-" "Mozilla/5.0 (Windows NT 10.0; Win64; x64) AppleWebKit/537.36 (KHTML, like Gecko) Chrome/109.0.0.0 Safari/537.36"
162.0.235.240 - - [28/Apr/2025:07:18:48 -0400] "GET /wp-content/plugins/contact-form-7-style/admin/predefined-templates.json HTTP/1.1" 200 1323 "-" "WordPress/6.8; https://batconpakistan.org"
162.0.235.240 - - [28/Apr/2025:07:18:49 -0400] "POST /wp-cron.php?doing_wp_cron=1745839129.0955040454864501953125 HTTP/1.1" 200 0 "-" "WordPress/6.8; https://batconpakistan.org"
13.94.89.74 - - [28/Apr/2025:07:18:47 -0400] "GET /wp-admin.php HTTP/1.1" 404 15880 "-" "-"
162.0.235.240 - - [28/Apr/2025:07:18:49 -0400] "GET /wp-content/plugins/contact-form-7-style/admin/predefined-templates.json HTTP/1.1" 200 1323 "-" "WordPress/6.8; https://batconpakistan.org"
162.0.235.240 - - [28/Apr/2025:07:18:50 -0400] "GET /wp-content/plugins/contact-form-7-style/admin/predefined-templates.json HTTP/1.1" 200 1323 "-" "WordPress/6.8; https://batconpakistan.org"
13.94.89.74 - - [28/Apr/2025:07:18:49 -0400] "GET /wp-admin.phphttps://diegun.com/autoload_classmap.php HTTP/1.1" 301 0 "-" "-"
162.0.235.240 - - [28/Apr/2025:07:18:52 -0400] "GET /wp-content/plugins/contact-form-7-style/admin/predefined-templates.json HTTP/1.1" 200 1323 "-" "WordPress/6.8; https://batconpakistan.org"
13.94.89.74 - - [28/Apr/2025:07:18:51 -0400] "GET /wp-admin.phphttps:/diegun.com/autoload_classmap.php HTTP/1.1" 404 15875 "-" "-"
162.0.235.240 - - [28/Apr/2025:07:18:55 -0400] "GET /wp-content/plugins/contact-form-7-style/admin/predefined-templates.json HTTP/1.1" 200 1323 "-" "WordPress/6.8; https://batconpakistan.org"
162.0.235.240 - - [28/Apr/2025:07:18:55 -0400] "POST /wp-cron.php?doing_wp_cron=1745839135.6959071159362792968750 HTTP/1.1" 200 0 "-" "WordPress/6.8; https://batconpakistan.org"
13.94.89.74 - - [28/Apr/2025:07:18:53 -0400] "GET /wp-admin/ HTTP/1.1" 302 0 "-" "-"
162.0.235.240 - - [28/Apr/2025:07:18:56 -0400] "GET /wp-content/plugins/contact-form-7-style/admin/predefined-templates.json HTTP/1.1" 200 1323 "-" "WordPress/6.8; https://batconpakistan.org"
162.0.235.240 - - [28/Apr/2025:07:18:58 -0400] "GET /wp-content/plugins/contact-form-7-style/admin/predefined-templates.json HTTP/1.1" 200 1323 "-" "WordPress/6.8; https://batconpakistan.org"
13.94.89.74 - - [28/Apr/2025:07:18:56 -0400] "GET /wp-login.php?redirect_to=https%3A%2F%2Fmail.batconpakistan.org%2Fwp-admin%2F&reauth=1 HTTP/1.1" 200 1888 "-" "-"
162.0.235.240 - - [28/Apr/2025:07:18:59 -0400] "GET /wp-content/plugins/contact-form-7-style/admin/predefined-templates.json HTTP/1.1" 200 1323 "-" "WordPress/6.8; https://batconpakistan.org"
13.94.89.74 - - [28/Apr/2025:07:18:58 -0400] "GET /wp-admin//fmadmin.php HTTP/1.1" 301 0 "-" "-"
162.0.235.240 - - [28/Apr/2025:07:19:01 -0400] "GET /wp-content/plugins/contact-form-7-style/admin/predefined-templates.json HTTP/1.1" 200 1323 "-" "WordPress/6.8; https://batconpakistan.org"
13.94.89.74 - - [28/Apr/2025:07:19:00 -0400] "GET /wp-admin/fmadmin.php HTTP/1.1" 404 15875 "-" "-"
162.0.235.240 - - [28/Apr/2025:07:19:04 -0400] "GET /wp-content/plugins/contact-form-7-style/admin/predefined-templates.json HTTP/1.1" 200 1323 "-" "WordPress/6.8; https://batconpakistan.org"
13.94.89.74 - - [28/Apr/2025:07:19:02 -0400] "GET /wp-admin/31eqRsJgQ6n.php HTTP/1.1" 404 15879 "-" "-"
162.0.235.240 - - [28/Apr/2025:07:19:06 -0400] "GET /wp-content/plugins/contact-form-7-style/admin/predefined-templates.json HTTP/1.1" 200 1323 "-" "WordPress/6.8; https://batconpakistan.org"
162.0.235.240 - - [28/Apr/2025:07:19:06 -0400] "POST /wp-cron.php?doing_wp_cron=1745839146.8408470153808593750000 HTTP/1.1" 200 0 "-" "WordPress/6.8; https://batconpakistan.org"
13.94.89.74 - - [28/Apr/2025:07:19:05 -0400] "GET /wp-admin/404.php HTTP/1.1" 404 15877 "-" "-"
162.0.235.240 - - [28/Apr/2025:07:19:08 -0400] "GET /wp-content/plugins/contact-form-7-style/admin/predefined-templates.json HTTP/1.1" 200 1323 "-" "WordPress/6.8; https://batconpakistan.org"
162.0.235.240 - - [28/Apr/2025:07:19:09 -0400] "GET /wp-content/plugins/contact-form-7-style/admin/predefined-templates.json HTTP/1.1" 200 1323 "-" "WordPress/6.8; https://batconpakistan.org"
162.0.235.240 - - [28/Apr/2025:07:19:08 -0400] "POST /wp-admin/admin-ajax.php?action=async_litespeed&nonce=CagnIjjdZ30IIfezO5WVBOwwSb9utSQR&litespeed_type=imgoptm HTTP/1.1" 200 0 "-" "WordPress/6.8; https://batconpakistan.org"
162.0.235.240 - - [28/Apr/2025:07:19:10 -0400] "GET /wp-content/plugins/contact-form-7-style/admin/predefined-templates.json HTTP/1.1" 200 1323 "-" "WordPress/6.8; https://batconpakistan.org"
13.94.89.74 - - [28/Apr/2025:07:19:07 -0400] "GET /wp-admin/5gTfXRhIqkW.php HTTP/1.1" 404 15877 "-" "-"
162.0.235.240 - - [28/Apr/2025:07:19:12 -0400] "GET /wp-content/plugins/contact-form-7-style/admin/predefined-templates.json HTTP/1.1" 200 1323 "-" "WordPress/6.8; https://batconpakistan.org"
13.94.89.74 - - [28/Apr/2025:07:19:10 -0400] "GET /wp-admin/7EPezNYMy84.php HTTP/1.1" 404 15877 "-" "-"
162.0.235.240 - - [28/Apr/2025:07:19:16 -0400] "GET /wp-content/plugins/contact-form-7-style/admin/predefined-templates.json HTTP/1.1" 200 1323 "-" "WordPress/6.8; https://batconpakistan.org"
13.94.89.74 - - [28/Apr/2025:07:19:14 -0400] "GET /wp-admin/8h4AoSFJCLO.php HTTP/1.1" 404 15877 "-" "-"
162.0.235.240 - - [28/Apr/2025:07:19:19 -0400] "GET /wp-content/plugins/contact-form-7-style/admin/predefined-templates.json HTTP/1.1" 200 1323 "-" "WordPress/6.8; https://batconpakistan.org"
13.94.89.74 - - [28/Apr/2025:07:19:17 -0400] "GET /wp-admin/9pX1s4oMLtC.php HTTP/1.1" 404 15877 "-" "-"
162.0.235.240 - - [28/Apr/2025:07:19:22 -0400] "GET /wp-content/plugins/contact-form-7-style/admin/predefined-templates.json HTTP/1.1" 200 1323 "-" "WordPress/6.8; https://batconpakistan.org"
13.94.89.74 - - [28/Apr/2025:07:19:20 -0400] "GET /wp-admin/AhqPecJ6oky.php HTTP/1.1" 404 15876 "-" "-"
162.0.235.240 - - [28/Apr/2025:07:19:25 -0400] "GET /wp-content/plugins/contact-form-7-style/admin/predefined-templates.json HTTP/1.1" 200 1323 "-" "WordPress/6.8; https://batconpakistan.org"
13.94.89.74 - - [28/Apr/2025:07:19:23 -0400] "GET /wp-admin/FriUsGzT5d7.php HTTP/1.1" 404 15879 "-" "-"
162.0.235.240 - - [28/Apr/2025:07:19:28 -0400] "GET /wp-content/plugins/contact-form-7-style/admin/predefined-templates.json HTTP/1.1" 200 1323 "-" "WordPress/6.8; https://batconpakistan.org"
13.94.89.74 - - [28/Apr/2025:07:19:26 -0400] "GET /wp-admin/GkXRTpxowKQ.php HTTP/1.1" 404 15877 "-" "-"
162.0.235.240 - - [28/Apr/2025:07:19:30 -0400] "GET /wp-content/plugins/contact-form-7-style/admin/predefined-templates.json HTTP/1.1" 200 1323 "-" "WordPress/6.8; https://batconpakistan.org"
13.94.89.74 - - [28/Apr/2025:07:19:29 -0400] "GET /wp-admin/ILNqJhgUpAG.php HTTP/1.1" 404 15876 "-" "-"
162.0.235.240 - - [28/Apr/2025:07:19:34 -0400] "GET /wp-content/plugins/contact-form-7-style/admin/predefined-templates.json HTTP/1.1" 200 1323 "-" "WordPress/6.8; https://batconpakistan.org"
13.94.89.74 - - [28/Apr/2025:07:19:32 -0400] "GET /wp-admin/LaAkNhWMyOQ.php HTTP/1.1" 404 15879 "-" "-"
162.0.235.240 - - [28/Apr/2025:07:19:36 -0400] "GET /wp-content/plugins/contact-form-7-style/admin/predefined-templates.json HTTP/1.1" 200 1323 "-" "WordPress/6.8; https://batconpakistan.org"
13.94.89.74 - - [28/Apr/2025:07:19:35 -0400] "GET /wp-admin/MDO8adG9euX.php HTTP/1.1" 404 15877 "-" "-"
162.0.235.240 - - [28/Apr/2025:07:19:39 -0400] "GET /wp-content/plugins/contact-form-7-style/admin/predefined-templates.json HTTP/1.1" 200 1323 "-" "WordPress/6.8; https://batconpakistan.org"
162.0.235.240 - - [28/Apr/2025:07:19:40 -0400] "POST /wp-cron.php?doing_wp_cron=1745839180.1031870841979980468750 HTTP/1.1" 200 0 "-" "WordPress/6.8; https://batconpakistan.org"
13.94.89.74 - - [28/Apr/2025:07:19:38 -0400] "GET /wp-admin/NFBqIyOZcQL.php HTTP/1.1" 404 15875 "-" "-"
162.0.235.240 - - [28/Apr/2025:07:19:41 -0400] "GET /wp-content/plugins/contact-form-7-style/admin/predefined-templates.json HTTP/1.1" 200 1323 "-" "WordPress/6.8; https://batconpakistan.org"
162.0.235.240 - - [28/Apr/2025:07:19:42 -0400] "GET /wp-content/plugins/contact-form-7-style/admin/predefined-templates.json HTTP/1.1" 200 1323 "-" "WordPress/6.8; https://batconpakistan.org"
13.94.89.74 - - [28/Apr/2025:07:19:41 -0400] "GET /wp-admin/O5pANR6rDXx.php HTTP/1.1" 404 15876 "-" "-"
162.0.235.240 - - [28/Apr/2025:07:19:44 -0400] "GET /wp-content/plugins/contact-form-7-style/admin/predefined-templates.json HTTP/1.1" 200 1323 "-" "WordPress/6.8; https://batconpakistan.org"
13.94.89.74 - - [28/Apr/2025:07:19:42 -0400] "GET /wp-admin/RqdXEex3Jfb.php HTTP/1.1" 404 15876 "-" "-"
162.0.235.240 - - [28/Apr/2025:07:19:46 -0400] "GET /wp-content/plugins/contact-form-7-style/admin/predefined-templates.json HTTP/1.1" 200 1323 "-" "WordPress/6.8; https://batconpakistan.org"
13.94.89.74 - - [28/Apr/2025:07:19:45 -0400] "GET /wp-admin/UmpVR1Ersn8.php HTTP/1.1" 404 15877 "-" "-"
162.0.235.240 - - [28/Apr/2025:07:19:49 -0400] "GET /wp-content/plugins/contact-form-7-style/admin/predefined-templates.json HTTP/1.1" 200 1323 "-" "WordPress/6.8; https://batconpakistan.org"
162.0.235.240 - - [28/Apr/2025:07:19:49 -0400] "POST /wp-cron.php?doing_wp_cron=1745839189.4469759464263916015625 HTTP/1.1" 200 0 "-" "WordPress/6.8; https://batconpakistan.org"
13.94.89.74 - - [28/Apr/2025:07:19:47 -0400] "GET /wp-admin/WvASxq1D2c8.php HTTP/1.1" 404 15877 "-" "-"
162.0.235.240 - - [28/Apr/2025:07:19:50 -0400] "GET /wp-content/plugins/contact-form-7-style/admin/predefined-templates.json HTTP/1.1" 200 1323 "-" "WordPress/6.8; https://batconpakistan.org"
162.0.235.240 - - [28/Apr/2025:07:19:51 -0400] "GET /wp-content/plugins/contact-form-7-style/admin/predefined-templates.json HTTP/1.1" 200 1323 "-" "WordPress/6.8; https://batconpakistan.org"
13.94.89.74 - - [28/Apr/2025:07:19:50 -0400] "GET /wp-admin/about.php HTTP/1.1" 302 0 "-" "-"
162.0.235.240 - - [28/Apr/2025:07:19:53 -0400] "GET /wp-content/plugins/contact-form-7-style/admin/predefined-templates.json HTTP/1.1" 200 1323 "-" "WordPress/6.8; https://batconpakistan.org"
13.94.89.74 - - [28/Apr/2025:07:19:52 -0400] "GET /wp-login.php?redirect_to=https%3A%2F%2Fmail.batconpakistan.org%2Fwp-admin%2Fabout.php&reauth=1 HTTP/1.1" 200 1898 "-" "-"
162.0.235.240 - - [28/Apr/2025:07:19:55 -0400] "GET /wp-content/plugins/contact-form-7-style/admin/predefined-templates.json HTTP/1.1" 200 1323 "-" "WordPress/6.8; https://batconpakistan.org"
162.0.235.240 - - [28/Apr/2025:07:19:55 -0400] "POST /wp-cron.php?doing_wp_cron=1745839195.8572950363159179687500 HTTP/1.1" 200 0 "-" "WordPress/6.8; https://batconpakistan.org"
13.94.89.74 - - [28/Apr/2025:07:19:54 -0400] "GET /wp-admin/admiin.php HTTP/1.1" 404 15877 "-" "-"
162.0.235.240 - - [28/Apr/2025:07:19:56 -0400] "GET /wp-content/plugins/contact-form-7-style/admin/predefined-templates.json HTTP/1.1" 200 1323 "-" "WordPress/6.8; https://batconpakistan.org"
162.0.235.240 - - [28/Apr/2025:07:19:57 -0400] "GET /wp-content/plugins/contact-form-7-style/admin/predefined-templates.json HTTP/1.1" 200 1323 "-" "WordPress/6.8; https://batconpakistan.org"
13.94.89.74 - - [28/Apr/2025:07:19:56 -0400] "GET /wp-admin/admin.php HTTP/1.1" 302 0 "-" "-"
162.0.235.240 - - [28/Apr/2025:07:19:59 -0400] "GET /wp-content/plugins/contact-form-7-style/admin/predefined-templates.json HTTP/1.1" 200 1323 "-" "WordPress/6.8; https://batconpakistan.org"
13.94.89.74 - - [28/Apr/2025:07:19:58 -0400] "GET /wp-login.php?redirect_to=https%3A%2F%2Fmail.batconpakistan.org%2Fwp-admin%2Fadmin.php&reauth=1 HTTP/1.1" 200 1895 "-" "-"
162.0.235.240 - - [28/Apr/2025:07:20:00 -0400] "GET /wp-content/plugins/contact-form-7-style/admin/predefined-templates.json HTTP/1.1" 200 1323 "-" "WordPress/6.8; https://batconpakistan.org"
13.94.89.74 - - [28/Apr/2025:07:19:59 -0400] "GET /wp-admin/alfa.php HTTP/1.1" 404 15878 "-" "-"
162.0.235.240 - - [28/Apr/2025:07:20:04 -0400] "GET /wp-content/plugins/contact-form-7-style/admin/predefined-templates.json HTTP/1.1" 200 1323 "-" "WordPress/6.8; https://batconpakistan.org"
13.94.89.74 - - [28/Apr/2025:07:20:02 -0400] "GET /wp-admin/atomlib.php HTTP/1.1" 404 15876 "-" "-"
162.0.235.240 - - [28/Apr/2025:07:20:07 -0400] "GET /wp-content/plugins/contact-form-7-style/admin/predefined-templates.json HTTP/1.1" 200 1323 "-" "WordPress/6.8; https://batconpakistan.org"
162.0.235.240 - - [28/Apr/2025:07:20:08 -0400] "POST /wp-cron.php?doing_wp_cron=1745839208.3541340827941894531250 HTTP/1.1" 200 0 "-" "WordPress/6.8; https://batconpakistan.org"
13.94.89.74 - - [28/Apr/2025:07:20:05 -0400] "GET /wp-admin/autoload_classmap.php HTTP/1.1" 404 15876 "-" "-"
162.0.235.240 - - [28/Apr/2025:07:20:10 -0400] "GET /wp-content/plugins/contact-form-7-style/admin/predefined-templates.json HTTP/1.1" 200 1323 "-" "WordPress/6.8; https://batconpakistan.org"
162.0.235.240 - - [28/Apr/2025:07:20:11 -0400] "GET /wp-content/plugins/contact-form-7-style/admin/predefined-templates.json HTTP/1.1" 200 1323 "-" "WordPress/6.8; https://batconpakistan.org"
162.0.235.240 - - [28/Apr/2025:07:20:11 -0400] "POST /wp-admin/admin-ajax.php?action=async_litespeed&nonce=qtzGJeTGx2ysmHnaskvBgltPNsXcqpaK&litespeed_type=imgoptm HTTP/1.1" 200 0 "-" "WordPress/6.8; https://batconpakistan.org"
13.94.89.74 - - [28/Apr/2025:07:20:09 -0400] "GET /wp-admin/ccx/ HTTP/1.1" 404 15876 "-" "-"
162.0.235.240 - - [28/Apr/2025:07:20:13 -0400] "GET /wp-content/plugins/contact-form-7-style/admin/predefined-templates.json HTTP/1.1" 200 1323 "-" "WordPress/6.8; https://batconpakistan.org"
162.0.235.240 - - [28/Apr/2025:07:20:14 -0400] "GET /wp-content/plugins/contact-form-7-style/admin/predefined-templates.json HTTP/1.1" 200 1323 "-" "WordPress/6.8; https://batconpakistan.org"
13.94.89.74 - - [28/Apr/2025:07:20:12 -0400] "GET /wp-admin/chosen.php HTTP/1.1" 404 15877 "-" "-"
162.0.235.240 - - [28/Apr/2025:07:20:17 -0400] "GET /wp-content/plugins/contact-form-7-style/admin/predefined-templates.json HTTP/1.1" 200 1323 "-" "WordPress/6.8; https://batconpakistan.org"
13.94.89.74 - - [28/Apr/2025:07:20:15 -0400] "GET /wp-admin/classwithtostring.php HTTP/1.1" 404 15877 "-" "-"
162.0.235.240 - - [28/Apr/2025:07:20:19 -0400] "GET /wp-content/plugins/contact-form-7-style/admin/predefined-templates.json HTTP/1.1" 200 1323 "-" "WordPress/6.8; https://batconpakistan.org"
13.94.89.74 - - [28/Apr/2025:07:20:18 -0400] "GET /wp-admin/cong.php HTTP/1.1" 404 15876 "-" "-"
13.94.89.74 - - [28/Apr/2025:07:20:21 -0400] "GET /wp-admin/css/ HTTP/1.1" 403 1242 "-" "-"
162.0.235.240 - - [28/Apr/2025:07:20:24 -0400] "GET /wp-content/plugins/contact-form-7-style/admin/predefined-templates.json HTTP/1.1" 200 1323 "-" "WordPress/6.8; https://batconpakistan.org"
13.94.89.74 - - [28/Apr/2025:07:20:22 -0400] "GET /wp-admin/css//about.php HTTP/1.1" 301 0 "-" "-"
162.0.235.240 - - [28/Apr/2025:07:20:26 -0400] "GET /wp-content/plugins/contact-form-7-style/admin/predefined-templates.json HTTP/1.1" 200 1323 "-" "WordPress/6.8; https://batconpakistan.org"
13.94.89.74 - - [28/Apr/2025:07:20:25 -0400] "GET /wp-admin/css/about.php HTTP/1.1" 404 15876 "-" "-"
162.0.235.240 - - [28/Apr/2025:07:20:30 -0400] "GET /wp-content/plugins/contact-form-7-style/admin/predefined-templates.json HTTP/1.1" 200 1323 "-" "WordPress/6.8; https://batconpakistan.org"
13.94.89.74 - - [28/Apr/2025:07:20:29 -0400] "GET /wp-admin/css//forbidden.php HTTP/1.1" 301 0 "-" "-"
162.0.235.240 - - [28/Apr/2025:07:20:34 -0400] "GET /wp-content/plugins/contact-form-7-style/admin/predefined-templates.json HTTP/1.1" 200 1323 "-" "WordPress/6.8; https://batconpakistan.org"
13.94.89.74 - - [28/Apr/2025:07:20:31 -0400] "GET /wp-admin/css/forbidden.php HTTP/1.1" 404 15877 "-" "-"
162.0.235.240 - - [28/Apr/2025:07:20:37 -0400] "GET /wp-content/plugins/contact-form-7-style/admin/predefined-templates.json HTTP/1.1" 200 1323 "-" "WordPress/6.8; https://batconpakistan.org"
13.94.89.74 - - [28/Apr/2025:07:20:36 -0400] "GET /wp-admin/css//item.php HTTP/1.1" 301 0 "-" "-"
162.0.235.240 - - [28/Apr/2025:07:20:40 -0400] "GET /wp-content/plugins/contact-form-7-style/admin/predefined-templates.json HTTP/1.1" 200 1323 "-" "WordPress/6.8; https://batconpakistan.org"
162.0.235.240 - - [28/Apr/2025:07:20:41 -0400] "POST /wp-cron.php?doing_wp_cron=1745839241.1786038875579833984375 HTTP/1.1" 200 0 "-" "WordPress/6.8; https://batconpakistan.org"
13.94.89.74 - - [28/Apr/2025:07:20:38 -0400] "GET /wp-admin/css/item.php HTTP/1.1" 404 15877 "-" "-"
162.0.235.240 - - [28/Apr/2025:07:20:42 -0400] "GET /wp-content/plugins/contact-form-7-style/admin/predefined-templates.json HTTP/1.1" 200 1323 "-" "WordPress/6.8; https://batconpakistan.org"
13.94.89.74 - - [28/Apr/2025:07:20:43 -0400] "GET /wp-admin/css/about.php HTTP/1.1" 404 15876 "-" "-"
162.0.235.240 - - [28/Apr/2025:07:20:45 -0400] "GET /wp-content/plugins/contact-form-7-style/admin/predefined-templates.json HTTP/1.1" 200 1323 "-" "WordPress/6.8; https://batconpakistan.org"
13.94.89.74 - - [28/Apr/2025:07:20:44 -0400] "GET /wp-admin/css/about.php/alfacgiapi/ HTTP/1.1" 404 15878 "-" "-"
