2607:5300:203:2dd8::1 - - [28/Apr/2025:11:00:18 -0400] "POST /xmlrpc.php HTTP/1.1" 403 1242 "https://batconpakistan.org" "Mozilla/5.0 (Macintosh; Intel Mac OS X 10_15_7; rv:129.0) Gecko/20100101 Firefox/129.0"
40.123.38.81 - - [28/Apr/2025:11:00:18 -0400] "GET /wp-includes/css/ HTTP/1.1" 403 1242 "-" "-"
162.0.235.240 - - [28/Apr/2025:11:00:20 -0400] "GET /wp-content/plugins/contact-form-7-style/admin/predefined-templates.json HTTP/1.1" 200 1323 "-" "WordPress/6.8; https://batconpakistan.org"
40.123.38.81 - - [28/Apr/2025:11:00:19 -0400] "GET /wp-includes/css//xc.php HTTP/1.1" 301 0 "-" "-"
162.0.235.240 - - [28/Apr/2025:11:00:23 -0400] "GET /wp-content/plugins/contact-form-7-style/admin/predefined-templates.json HTTP/1.1" 200 1323 "-" "WordPress/6.8; https://batconpakistan.org"
40.123.38.81 - - [28/Apr/2025:11:00:21 -0400] "GET /wp-includes/css/xc.php HTTP/1.1" 404 15877 "-" "-"
162.0.235.240 - - [28/Apr/2025:11:00:25 -0400] "GET /wp-content/plugins/contact-form-7-style/admin/predefined-templates.json HTTP/1.1" 200 1323 "-" "WordPress/6.8; https://batconpakistan.org"
40.123.38.81 - - [28/Apr/2025:11:00:24 -0400] "GET /wp-includes/images//about.php HTTP/1.1" 301 0 "-" "-"
162.0.235.240 - - [28/Apr/2025:11:00:28 -0400] "GET /wp-content/plugins/contact-form-7-style/admin/predefined-templates.json HTTP/1.1" 200 1323 "-" "WordPress/6.8; https://batconpakistan.org"
40.123.38.81 - - [28/Apr/2025:11:00:26 -0400] "GET /wp-includes/images/about.php HTTP/1.1" 404 15877 "-" "-"
162.0.235.240 - - [28/Apr/2025:11:00:30 -0400] "GET /wp-content/plugins/contact-form-7-style/admin/predefined-templates.json HTTP/1.1" 200 1323 "-" "WordPress/6.8; https://batconpakistan.org"
40.123.38.81 - - [28/Apr/2025:11:00:29 -0400] "GET /wp-includes/images/crystal//index.php HTTP/1.1" 301 0 "-" "-"
40.123.38.81 - - [28/Apr/2025:11:00:31 -0400] "GET /wp-includes/images/crystal/ HTTP/1.1" 403 1242 "-" "-"
162.0.235.240 - - [28/Apr/2025:11:00:33 -0400] "GET /wp-content/plugins/contact-form-7-style/admin/predefined-templates.json HTTP/1.1" 200 1323 "-" "WordPress/6.8; https://batconpakistan.org"
40.123.38.81 - - [28/Apr/2025:11:00:32 -0400] "GET /wp//index.php HTTP/1.1" 301 0 "-" "-"
162.0.235.240 - - [28/Apr/2025:11:00:36 -0400] "GET /wp-content/plugins/contact-form-7-style/admin/predefined-templates.json HTTP/1.1" 200 1323 "-" "WordPress/6.8; https://batconpakistan.org"
40.123.38.81 - - [28/Apr/2025:11:00:34 -0400] "GET /wp/ HTTP/1.1" 404 15877 "-" "-"
162.0.235.240 - - [28/Apr/2025:11:00:39 -0400] "GET /wp-content/plugins/contact-form-7-style/admin/predefined-templates.json HTTP/1.1" 200 1323 "-" "WordPress/6.8; https://batconpakistan.org"
162.0.235.240 - - [28/Apr/2025:11:00:40 -0400] "POST /wp-cron.php?doing_wp_cron=1745852440.4618790149688720703125 HTTP/1.1" 200 0 "-" "WordPress/6.8; https://batconpakistan.org"
40.123.38.81 - - [28/Apr/2025:11:00:37 -0400] "GET /user.php HTTP/1.1" 404 15878 "-" "-"
162.0.235.240 - - [28/Apr/2025:11:00:42 -0400] "GET /wp-content/plugins/contact-form-7-style/admin/predefined-templates.json HTTP/1.1" 200 1323 "-" "WordPress/6.8; https://batconpakistan.org"
162.0.235.240 - - [28/Apr/2025:11:00:44 -0400] "GET /wp-content/plugins/contact-form-7-style/admin/predefined-templates.json HTTP/1.1" 200 1323 "-" "WordPress/6.8; https://batconpakistan.org"
40.123.38.81 - - [28/Apr/2025:11:00:41 -0400] "GET /wp-2019.php HTTP/1.1" 404 15877 "-" "-"
162.0.235.240 - - [28/Apr/2025:11:00:48 -0400] "GET /wp-content/plugins/contact-form-7-style/admin/predefined-templates.json HTTP/1.1" 200 1323 "-" "WordPress/6.8; https://batconpakistan.org"
162.0.235.240 - - [28/Apr/2025:11:00:48 -0400] "POST /wp-cron.php?doing_wp_cron=1745852448.6209270954132080078125 HTTP/1.1" 200 0 "-" "WordPress/6.8; https://batconpakistan.org"
40.123.38.81 - - [28/Apr/2025:11:00:45 -0400] "GET /chosen.php HTTP/1.1" 404 15877 "-" "-"
162.0.235.240 - - [28/Apr/2025:11:00:50 -0400] "GET /wp-content/plugins/contact-form-7-style/admin/predefined-templates.json HTTP/1.1" 200 1323 "-" "WordPress/6.8; https://batconpakistan.org"
162.0.235.240 - - [28/Apr/2025:11:00:52 -0400] "GET /wp-content/plugins/contact-form-7-style/admin/predefined-templates.json HTTP/1.1" 200 1323 "-" "WordPress/6.8; https://batconpakistan.org"
40.123.38.81 - - [28/Apr/2025:11:00:50 -0400] "GET /functions.php HTTP/1.1" 404 15876 "-" "-"
162.0.235.240 - - [28/Apr/2025:11:00:55 -0400] "GET /wp-content/plugins/contact-form-7-style/admin/predefined-templates.json HTTP/1.1" 200 1323 "-" "WordPress/6.8; https://batconpakistan.org"
162.0.235.240 - - [28/Apr/2025:11:00:55 -0400] "POST /wp-cron.php?doing_wp_cron=1745852455.8321590423583984375000 HTTP/1.1" 200 0 "-" "WordPress/6.8; https://batconpakistan.org"
40.123.38.81 - - [28/Apr/2025:11:00:53 -0400] "GET /cron.php HTTP/1.1" 404 15876 "-" "-"
162.0.235.240 - - [28/Apr/2025:11:00:57 -0400] "GET /wp-content/plugins/contact-form-7-style/admin/predefined-templates.json HTTP/1.1" 200 1323 "-" "WordPress/6.8; https://batconpakistan.org"
162.0.235.240 - - [28/Apr/2025:11:00:59 -0400] "GET /wp-content/plugins/contact-form-7-style/admin/predefined-templates.json HTTP/1.1" 200 1323 "-" "WordPress/6.8; https://batconpakistan.org"
40.123.38.81 - - [28/Apr/2025:11:00:57 -0400] "GET /edit.php HTTP/1.1" 404 15879 "-" "-"
162.0.235.240 - - [28/Apr/2025:11:01:01 -0400] "GET /wp-content/plugins/contact-form-7-style/admin/predefined-templates.json HTTP/1.1" 200 1323 "-" "WordPress/6.8; https://batconpakistan.org"
40.123.38.81 - - [28/Apr/2025:11:01:00 -0400] "GET /gecko-new.php HTTP/1.1" 404 15877 "-" "-"
162.0.235.240 - - [28/Apr/2025:11:01:04 -0400] "GET /wp-content/plugins/contact-form-7-style/admin/predefined-templates.json HTTP/1.1" 200 1323 "-" "WordPress/6.8; https://batconpakistan.org"
40.123.38.81 - - [28/Apr/2025:11:01:02 -0400] "GET /cookie.php HTTP/1.1" 404 15877 "-" "-"
162.0.235.240 - - [28/Apr/2025:11:01:07 -0400] "GET /wp-content/plugins/contact-form-7-style/admin/predefined-templates.json HTTP/1.1" 200 1323 "-" "WordPress/6.8; https://batconpakistan.org"
162.0.235.240 - - [28/Apr/2025:11:01:08 -0400] "POST /wp-cron.php?doing_wp_cron=1745852468.2644300460815429687500 HTTP/1.1" 200 0 "-" "WordPress/6.8; https://batconpakistan.org"
40.123.38.81 - - [28/Apr/2025:11:01:05 -0400] "GET /xleet.php HTTP/1.1" 404 15876 "-" "-"
162.0.235.240 - - [28/Apr/2025:11:01:10 -0400] "GET /wp-content/plugins/contact-form-7-style/admin/predefined-templates.json HTTP/1.1" 200 1323 "-" "WordPress/6.8; https://batconpakistan.org"
162.0.235.240 - - [28/Apr/2025:11:01:11 -0400] "GET /wp-content/plugins/contact-form-7-style/admin/predefined-templates.json HTTP/1.1" 200 1323 "-" "WordPress/6.8; https://batconpakistan.org"
162.0.235.240 - - [28/Apr/2025:11:01:11 -0400] "POST /wp-admin/admin-ajax.php?action=async_litespeed&nonce=cv0UMYLOqzWd9RB8oAzspTgcX7EXZfSw&litespeed_type=imgoptm HTTP/1.1" 200 0 "-" "WordPress/6.8; https://batconpakistan.org"
40.123.38.81 - - [28/Apr/2025:11:01:09 -0400] "GET /spip.php HTTP/1.1" 404 15875 "-" "-"
162.0.235.240 - - [28/Apr/2025:11:01:14 -0400] "GET /wp-content/plugins/contact-form-7-style/admin/predefined-templates.json HTTP/1.1" 200 1323 "-" "WordPress/6.8; https://batconpakistan.org"
162.0.235.240 - - [28/Apr/2025:11:01:16 -0400] "GET /wp-content/plugins/contact-form-7-style/admin/predefined-templates.json HTTP/1.1" 200 1323 "-" "WordPress/6.8; https://batconpakistan.org"
40.123.38.81 - - [28/Apr/2025:11:01:13 -0400] "GET /22.php HTTP/1.1" 404 15877 "-" "-"
40.123.38.81 - - [28/Apr/2025:11:01:17 -0400] "GET /room.php HTTP/1.1" 404 15877 "-" "-"
162.0.235.240 - - [28/Apr/2025:11:01:21 -0400] "GET /wp-content/plugins/contact-form-7-style/admin/predefined-templates.json HTTP/1.1" 200 1323 "-" "WordPress/6.8; https://batconpakistan.org"
40.123.38.81 - - [28/Apr/2025:11:01:19 -0400] "GET /disagreed.php HTTP/1.1" 404 15875 "-" "-"
162.0.235.240 - - [28/Apr/2025:11:01:24 -0400] "GET /wp-content/plugins/contact-form-7-style/admin/predefined-templates.json HTTP/1.1" 200 1323 "-" "WordPress/6.8; https://batconpakistan.org"
40.123.38.81 - - [28/Apr/2025:11:01:23 -0400] "GET /text.php HTTP/1.1" 404 15876 "-" "-"
162.0.235.240 - - [28/Apr/2025:11:01:26 -0400] "GET /wp-content/plugins/contact-form-7-style/admin/predefined-templates.json HTTP/1.1" 200 1323 "-" "WordPress/6.8; https://batconpakistan.org"
40.123.38.81 - - [28/Apr/2025:11:01:25 -0400] "GET /alfa-rex.php HTTP/1.1" 404 15877 "-" "-"
162.0.235.240 - - [28/Apr/2025:11:01:29 -0400] "GET /wp-content/plugins/contact-form-7-style/admin/predefined-templates.json HTTP/1.1" 200 1323 "-" "WordPress/6.8; https://batconpakistan.org"
40.123.38.81 - - [28/Apr/2025:11:01:27 -0400] "GET /alfa-rex.php7 HTTP/1.1" 404 15877 "-" "-"
162.0.235.240 - - [28/Apr/2025:11:01:31 -0400] "GET /wp-content/plugins/contact-form-7-style/admin/predefined-templates.json HTTP/1.1" 200 1323 "-" "WordPress/6.8; https://batconpakistan.org"
40.123.38.81 - - [28/Apr/2025:11:01:30 -0400] "GET /feeds.php HTTP/1.1" 404 15877 "-" "-"
162.0.235.240 - - [28/Apr/2025:11:01:34 -0400] "GET /wp-content/plugins/contact-form-7-style/admin/predefined-templates.json HTTP/1.1" 200 1323 "-" "WordPress/6.8; https://batconpakistan.org"
40.123.38.81 - - [28/Apr/2025:11:01:32 -0400] "GET /radio.php HTTP/1.1" 404 15877 "-" "-"
162.0.235.240 - - [28/Apr/2025:11:01:36 -0400] "GET /wp-content/plugins/contact-form-7-style/admin/predefined-templates.json HTTP/1.1" 200 1323 "-" "WordPress/6.8; https://batconpakistan.org"
40.123.38.81 - - [28/Apr/2025:11:01:35 -0400] "GET /dropdown.php HTTP/1.1" 404 15878 "-" "-"
162.0.235.240 - - [28/Apr/2025:11:01:38 -0400] "GET /wp-content/plugins/contact-form-7-style/admin/predefined-templates.json HTTP/1.1" 200 1323 "-" "WordPress/6.8; https://batconpakistan.org"
40.123.38.81 - - [28/Apr/2025:11:01:37 -0400] "GET /defaults.php HTTP/1.1" 404 15879 "-" "-"
162.0.235.240 - - [28/Apr/2025:11:01:40 -0400] "GET /wp-content/plugins/contact-form-7-style/admin/predefined-templates.json HTTP/1.1" 200 1323 "-" "WordPress/6.8; https://batconpakistan.org"
162.0.235.240 - - [28/Apr/2025:11:01:40 -0400] "POST /wp-cron.php?doing_wp_cron=1745852500.5025401115417480468750 HTTP/1.1" 200 0 "-" "WordPress/6.8; https://batconpakistan.org"
40.123.38.81 - - [28/Apr/2025:11:01:39 -0400] "GET /system.php HTTP/1.1" 404 15879 "-" "-"
40.123.38.81 - - [28/Apr/2025:11:01:41 -0400] "GET /xmlrpc.php HTTP/1.1" 403 1242 "-" "-"
162.0.235.240 - - [28/Apr/2025:11:01:41 -0400] "GET /wp-content/plugins/contact-form-7-style/admin/predefined-templates.json HTTP/1.1" 200 1323 "-" "WordPress/6.8; https://batconpakistan.org"
162.0.235.240 - - [28/Apr/2025:11:01:42 -0400] "GET /wp-content/plugins/contact-form-7-style/admin/predefined-templates.json HTTP/1.1" 200 1323 "-" "WordPress/6.8; https://batconpakistan.org"
40.123.38.81 - - [28/Apr/2025:11:01:41 -0400] "GET /xmlrpc.php0 HTTP/1.1" 404 15877 "-" "-"
162.0.235.240 - - [28/Apr/2025:11:01:43 -0400] "GET /wp-content/plugins/contact-form-7-style/admin/predefined-templates.json HTTP/1.1" 200 1323 "-" "WordPress/6.8; https://batconpakistan.org"
40.123.38.81 - - [28/Apr/2025:11:01:42 -0400] "GET /colors.php HTTP/1.1" 404 15876 "-" "-"
162.0.235.240 - - [28/Apr/2025:11:01:45 -0400] "GET /wp-content/plugins/contact-form-7-style/admin/predefined-templates.json HTTP/1.1" 200 1323 "-" "WordPress/6.8; https://batconpakistan.org"
40.123.38.81 - - [28/Apr/2025:11:01:44 -0400] "GET /updates.php HTTP/1.1" 404 15876 "-" "-"
162.0.235.240 - - [28/Apr/2025:11:01:48 -0400] "GET /wp-content/plugins/contact-form-7-style/admin/predefined-templates.json HTTP/1.1" 200 1323 "-" "WordPress/6.8; https://batconpakistan.org"
162.0.235.240 - - [28/Apr/2025:11:01:49 -0400] "POST /wp-cron.php?doing_wp_cron=1745852509.3075449466705322265625 HTTP/1.1" 200 0 "-" "WordPress/6.8; https://batconpakistan.org"
40.123.38.81 - - [28/Apr/2025:11:01:46 -0400] "GET /alfa-rex1.php HTTP/1.1" 404 15877 "-" "-"
162.0.235.240 - - [28/Apr/2025:11:01:50 -0400] "GET /wp-content/plugins/contact-form-7-style/admin/predefined-templates.json HTTP/1.1" 200 1323 "-" "WordPress/6.8; https://batconpakistan.org"
162.0.235.240 - - [28/Apr/2025:11:01:52 -0400] "GET /wp-content/plugins/contact-form-7-style/admin/predefined-templates.json HTTP/1.1" 200 1323 "-" "WordPress/6.8; https://batconpakistan.org"
40.123.38.81 - - [28/Apr/2025:11:01:50 -0400] "GET /wp-index.php HTTP/1.1" 404 15878 "-" "-"
162.0.235.240 - - [28/Apr/2025:11:01:54 -0400] "GET /wp-content/plugins/contact-form-7-style/admin/predefined-templates.json HTTP/1.1" 200 1323 "-" "WordPress/6.8; https://batconpakistan.org"
40.123.38.81 - - [28/Apr/2025:11:01:53 -0400] "GET /wp-admin.php HTTP/1.1" 404 15878 "-" "-"
162.0.235.240 - - [28/Apr/2025:11:01:55 -0400] "GET /wp-content/plugins/contact-form-7-style/admin/predefined-templates.json HTTP/1.1" 200 1323 "-" "WordPress/6.8; https://batconpakistan.org"
162.0.235.240 - - [28/Apr/2025:11:01:56 -0400] "POST /wp-cron.php?doing_wp_cron=1745852516.0756030082702636718750 HTTP/1.1" 200 0 "-" "WordPress/6.8; https://batconpakistan.org"
40.123.38.81 - - [28/Apr/2025:11:01:54 -0400] "GET /alfa.php HTTP/1.1" 404 15879 "-" "-"
162.0.235.240 - - [28/Apr/2025:11:01:57 -0400] "GET /wp-content/plugins/contact-form-7-style/admin/predefined-templates.json HTTP/1.1" 200 1323 "-" "WordPress/6.8; https://batconpakistan.org"
162.0.235.240 - - [28/Apr/2025:11:01:58 -0400] "GET /wp-content/plugins/contact-form-7-style/admin/predefined-templates.json HTTP/1.1" 200 1323 "-" "WordPress/6.8; https://batconpakistan.org"
40.123.38.81 - - [28/Apr/2025:11:01:56 -0400] "GET /alfanew.php7 HTTP/1.1" 404 15876 "-" "-"
162.0.235.240 - - [28/Apr/2025:11:02:07 -0400] "GET /wp-content/plugins/contact-form-7-style/admin/predefined-templates.json HTTP/1.1" 200 1323 "-" "WordPress/6.8; https://batconpakistan.org"
162.0.235.240 - - [28/Apr/2025:11:02:08 -0400] "POST /wp-cron.php?doing_wp_cron=1745852527.8053929805755615234375 HTTP/1.1" 200 0 "-" "WordPress/6.8; https://batconpakistan.org"
40.123.38.81 - - [28/Apr/2025:11:01:58 -0400] "GET /locale.php HTTP/1.1" 404 15877 "-" "-"
162.0.235.240 - - [28/Apr/2025:11:02:08 -0400] "GET /wp-content/plugins/contact-form-7-style/admin/predefined-templates.json HTTP/1.1" 200 1323 "-" "WordPress/6.8; https://batconpakistan.org"
162.0.235.240 - - [28/Apr/2025:11:02:10 -0400] "GET /wp-content/plugins/contact-form-7-style/admin/predefined-templates.json HTTP/1.1" 200 1323 "-" "WordPress/6.8; https://batconpakistan.org"
162.0.235.240 - - [28/Apr/2025:11:02:09 -0400] "POST /wp-admin/admin-ajax.php?action=async_litespeed&nonce=lrtG2oISyHa27pO3XeqVlfw4JhWhA4py&litespeed_type=imgoptm HTTP/1.1" 200 0 "-" "WordPress/6.8; https://batconpakistan.org"
40.123.38.81 - - [28/Apr/2025:11:02:08 -0400] "GET /wxo.php HTTP/1.1" 404 15879 "-" "-"
162.0.235.240 - - [28/Apr/2025:11:02:11 -0400] "GET /wp-content/plugins/contact-form-7-style/admin/predefined-templates.json HTTP/1.1" 200 1323 "-" "WordPress/6.8; https://batconpakistan.org"
162.0.235.240 - - [28/Apr/2025:11:02:12 -0400] "GET /wp-content/plugins/contact-form-7-style/admin/predefined-templates.json HTTP/1.1" 200 1323 "-" "WordPress/6.8; https://batconpakistan.org"
40.123.38.81 - - [28/Apr/2025:11:02:11 -0400] "GET /colour.php HTTP/1.1" 404 15879 "-" "-"
162.0.235.240 - - [28/Apr/2025:11:02:14 -0400] "GET /wp-content/plugins/contact-form-7-style/admin/predefined-templates.json HTTP/1.1" 200 1323 "-" "WordPress/6.8; https://batconpakistan.org"
40.123.38.81 - - [28/Apr/2025:11:02:13 -0400] "GET /files.php HTTP/1.1" 404 15877 "-" "-"
162.0.235.240 - - [28/Apr/2025:11:02:17 -0400] "GET /wp-content/plugins/contact-form-7-style/admin/predefined-templates.json HTTP/1.1" 200 1323 "-" "WordPress/6.8; https://batconpakistan.org"
40.123.38.81 - - [28/Apr/2025:11:02:15 -0400] "GET /install.php HTTP/1.1" 404 15876 "-" "-"
162.0.235.240 - - [28/Apr/2025:11:02:19 -0400] "GET /wp-content/plugins/contact-form-7-style/admin/predefined-templates.json HTTP/1.1" 200 1323 "-" "WordPress/6.8; https://batconpakistan.org"
40.123.38.81 - - [28/Apr/2025:11:02:18 -0400] "GET /wp-contentt.php HTTP/1.1" 404 15876 "-" "-"
162.0.235.240 - - [28/Apr/2025:11:02:21 -0400] "GET /wp-content/plugins/contact-form-7-style/admin/predefined-templates.json HTTP/1.1" 200 1323 "-" "WordPress/6.8; https://batconpakistan.org"
40.123.38.81 - - [28/Apr/2025:11:02:20 -0400] "GET /config.php7 HTTP/1.1" 404 15878 "-" "-"
162.0.235.240 - - [28/Apr/2025:11:02:25 -0400] "GET /wp-content/plugins/contact-form-7-style/admin/predefined-templates.json HTTP/1.1" 200 1323 "-" "WordPress/6.8; https://batconpakistan.org"
40.123.38.81 - - [28/Apr/2025:11:02:22 -0400] "GET /config.php HTTP/1.1" 404 15879 "-" "-"
162.0.235.240 - - [28/Apr/2025:11:02:27 -0400] "GET /wp-content/plugins/contact-form-7-style/admin/predefined-templates.json HTTP/1.1" 200 1323 "-" "WordPress/6.8; https://batconpakistan.org"
40.123.38.81 - - [28/Apr/2025:11:02:25 -0400] "GET /theme.php HTTP/1.1" 404 15877 "-" "-"
162.0.235.240 - - [28/Apr/2025:11:02:29 -0400] "GET /wp-content/plugins/contact-form-7-style/admin/predefined-templates.json HTTP/1.1" 200 1323 "-" "WordPress/6.8; https://batconpakistan.org"
40.123.38.81 - - [28/Apr/2025:11:02:28 -0400] "GET /block-bindings.php HTTP/1.1" 404 15877 "-" "-"
162.0.235.240 - - [28/Apr/2025:11:02:32 -0400] "GET /wp-content/plugins/contact-form-7-style/admin/predefined-templates.json HTTP/1.1" 200 1323 "-" "WordPress/6.8; https://batconpakistan.org"
40.123.38.81 - - [28/Apr/2025:11:02:30 -0400] "GET /class_api.php HTTP/1.1" 404 15876 "-" "-"
162.0.235.240 - - [28/Apr/2025:11:02:34 -0400] "GET /wp-content/plugins/contact-form-7-style/admin/predefined-templates.json HTTP/1.1" 200 1323 "-" "WordPress/6.8; https://batconpakistan.org"
40.123.38.81 - - [28/Apr/2025:11:02:33 -0400] "GET /inputs.php HTTP/1.1" 404 15875 "-" "-"
162.0.235.240 - - [28/Apr/2025:11:02:36 -0400] "GET /wp-content/plugins/contact-form-7-style/admin/predefined-templates.json HTTP/1.1" 200 1323 "-" "WordPress/6.8; https://batconpakistan.org"
40.123.38.81 - - [28/Apr/2025:11:02:35 -0400] "GET /root.php HTTP/1.1" 404 15876 "-" "-"
162.0.235.240 - - [28/Apr/2025:11:02:39 -0400] "GET /wp-content/plugins/contact-form-7-style/admin/predefined-templates.json HTTP/1.1" 200 1323 "-" "WordPress/6.8; https://batconpakistan.org"
40.123.38.81 - - [28/Apr/2025:11:02:37 -0400] "GET /menu.php HTTP/1.1" 404 15879 "-" "-"
162.0.235.240 - - [28/Apr/2025:11:02:41 -0400] "GET /wp-content/plugins/contact-form-7-style/admin/predefined-templates.json HTTP/1.1" 200 1323 "-" "WordPress/6.8; https://batconpakistan.org"
162.0.235.240 - - [28/Apr/2025:11:02:42 -0400] "POST /wp-cron.php?doing_wp_cron=1745852561.8703820705413818359375 HTTP/1.1" 200 0 "-" "WordPress/6.8; https://batconpakistan.org"
40.123.38.81 - - [28/Apr/2025:11:02:40 -0400] "GET /plugin.php HTTP/1.1" 404 15879 "-" "-"
162.0.235.240 - - [28/Apr/2025:11:02:43 -0400] "GET /wp-content/plugins/contact-form-7-style/admin/predefined-templates.json HTTP/1.1" 200 1323 "-" "WordPress/6.8; https://batconpakistan.org"
162.0.235.240 - - [28/Apr/2025:11:02:44 -0400] "GET /wp-content/plugins/contact-form-7-style/admin/predefined-templates.json HTTP/1.1" 200 1323 "-" "WordPress/6.8; https://batconpakistan.org"
40.123.38.81 - - [28/Apr/2025:11:02:42 -0400] "GET /cloud.php HTTP/1.1" 404 15876 "-" "-"
162.0.235.240 - - [28/Apr/2025:11:02:47 -0400] "GET /wp-content/plugins/contact-form-7-style/admin/predefined-templates.json HTTP/1.1" 200 1323 "-" "WordPress/6.8; https://batconpakistan.org"
40.123.38.81 - - [28/Apr/2025:11:02:45 -0400] "GET /configs.php HTTP/1.1" 404 15877 "-" "-"
162.0.235.240 - - [28/Apr/2025:11:02:49 -0400] "GET /wp-content/plugins/contact-form-7-style/admin/predefined-templates.json HTTP/1.1" 200 1323 "-" "WordPress/6.8; https://batconpakistan.org"
162.0.235.240 - - [28/Apr/2025:11:02:50 -0400] "POST /wp-cron.php?doing_wp_cron=1745852570.1121280193328857421875 HTTP/1.1" 200 0 "-" "WordPress/6.8; https://batconpakistan.org"
40.123.38.81 - - [28/Apr/2025:11:02:48 -0400] "GET /wp-configs.php HTTP/1.1" 404 15877 "-" "-"
162.0.235.240 - - [28/Apr/2025:11:02:51 -0400] "GET /wp-content/plugins/contact-form-7-style/admin/predefined-templates.json HTTP/1.1" 200 1323 "-" "WordPress/6.8; https://batconpakistan.org"
162.0.235.240 - - [28/Apr/2025:11:02:52 -0400] "GET /wp-content/plugins/contact-form-7-style/admin/predefined-templates.json HTTP/1.1" 200 1323 "-" "WordPress/6.8; https://batconpakistan.org"
40.123.38.81 - - [28/Apr/2025:11:02:50 -0400] "GET /update.php HTTP/1.1" 404 15875 "-" "-"
162.0.235.240 - - [28/Apr/2025:11:02:54 -0400] "GET /wp-content/plugins/contact-form-7-style/admin/predefined-templates.json HTTP/1.1" 200 1323 "-" "WordPress/6.8; https://batconpakistan.org"
40.123.38.81 - - [28/Apr/2025:11:02:53 -0400] "GET /2.php HTTP/1.1" 404 15876 "-" "-"
162.0.235.240 - - [28/Apr/2025:11:02:56 -0400] "GET /wp-content/plugins/contact-form-7-style/admin/predefined-templates.json HTTP/1.1" 200 1323 "-" "WordPress/6.8; https://batconpakistan.org"
162.0.235.240 - - [28/Apr/2025:11:02:57 -0400] "POST /wp-cron.php?doing_wp_cron=1745852577.2736010551452636718750 HTTP/1.1" 200 0 "-" "WordPress/6.8; https://batconpakistan.org"
40.123.38.81 - - [28/Apr/2025:11:02:55 -0400] "GET /input.php HTTP/1.1" 404 15876 "-" "-"
162.0.235.240 - - [28/Apr/2025:11:02:58 -0400] "GET /wp-content/plugins/contact-form-7-style/admin/predefined-templates.json HTTP/1.1" 200 1323 "-" "WordPress/6.8; https://batconpakistan.org"
162.0.235.240 - - [28/Apr/2025:11:02:59 -0400] "GET /wp-content/plugins/contact-form-7-style/admin/predefined-templates.json HTTP/1.1" 200 1323 "-" "WordPress/6.8; https://batconpakistan.org"
40.123.38.81 - - [28/Apr/2025:11:02:57 -0400] "GET /aaa.php HTTP/1.1" 404 15877 "-" "-"
2a03:2880:f800:3:: - - [28/Apr/2025:11:03:34 -0400] "GET /vision-mission/ HTTP/1.1" 200 17978 "-" "meta-externalagent/1.1 (+https://developers.facebook.com/docs/sharing/webmasters/crawler)"
162.0.235.240 - - [28/Apr/2025:11:05:29 -0400] "GET /wp-content/plugins/contact-form-7-style/admin/predefined-templates.json HTTP/1.1" 200 1323 "-" "WordPress/6.8; https://batconpakistan.org"
162.0.235.240 - - [28/Apr/2025:11:05:30 -0400] "POST /wp-cron.php?doing_wp_cron=1745852730.2436959743499755859375 HTTP/1.1" 200 0 "-" "WordPress/6.8; https://batconpakistan.org"
54.36.148.255 - - [28/Apr/2025:11:05:24 -0400] "GET /Raw-Materials-Lathe-Bar-CNC-Lather-Rod-uxcell-673878-Rods/ HTTP/1.1" 200 16006 "-" "Mozilla/5.0 (compatible; AhrefsBot/7.0; +http://ahrefs.com/robot/)"
162.0.235.240 - - [28/Apr/2025:11:05:33 -0400] "GET /wp-content/plugins/contact-form-7-style/admin/predefined-templates.json HTTP/1.1" 200 1323 "-" "WordPress/6.8; https://batconpakistan.org"
162.0.235.240 - - [28/Apr/2025:11:05:34 -0400] "POST /wp-admin/admin-ajax.php?action=async_litespeed&nonce=tCze6mUNjvvHuhW7nWgd27cTxCEYQnfo&litespeed_type=imgoptm HTTP/1.1" 200 0 "-" "WordPress/6.8; https://batconpakistan.org"
162.0.235.240 - - [28/Apr/2025:11:05:36 -0400] "GET /wp-content/plugins/contact-form-7-style/admin/predefined-templates.json HTTP/1.1" 200 1323 "-" "WordPress/6.8; https://batconpakistan.org"
162.0.235.240 - - [28/Apr/2025:11:08:28 -0400] "GET /wp-content/plugins/contact-form-7-style/admin/predefined-templates.json HTTP/1.1" 200 1323 "-" "WordPress/6.8; https://batconpakistan.org"
162.0.235.240 - - [28/Apr/2025:11:08:30 -0400] "POST /wp-cron.php?doing_wp_cron=1745852909.8284690380096435546875 HTTP/1.1" 200 0 "-" "WordPress/6.8; https://batconpakistan.org"
54.36.148.43 - - [28/Apr/2025:11:08:23 -0400] "GET /Raw-Materials-Grade-Gr-GR-Metal-Rod-Diameter-674944-Rods/ HTTP/1.1" 200 16007 "-" "Mozilla/5.0 (compatible; AhrefsBot/7.0; +http://ahrefs.com/robot/)"
162.0.235.240 - - [28/Apr/2025:11:08:31 -0400] "GET /wp-content/plugins/contact-form-7-style/admin/predefined-templates.json HTTP/1.1" 200 1323 "-" "WordPress/6.8; https://batconpakistan.org"
162.0.235.240 - - [28/Apr/2025:11:08:33 -0400] "POST /wp-admin/admin-ajax.php?action=async_litespeed&nonce=ZpI1VAonPRoMhbOs4i7nPsQ3T2aI5AgE&litespeed_type=imgoptm HTTP/1.1" 200 0 "-" "WordPress/6.8; https://batconpakistan.org"
162.0.235.240 - - [28/Apr/2025:11:08:34 -0400] "GET /wp-content/plugins/contact-form-7-style/admin/predefined-templates.json HTTP/1.1" 200 1323 "-" "WordPress/6.8; https://batconpakistan.org"
162.0.235.240 - - [28/Apr/2025:11:11:42 -0400] "GET /wp-content/plugins/contact-form-7-style/admin/predefined-templates.json HTTP/1.1" 200 1323 "-" "WordPress/6.8; https://batconpakistan.org"
162.0.235.240 - - [28/Apr/2025:11:11:43 -0400] "POST /wp-cron.php?doing_wp_cron=1745853103.5988268852233886718750 HTTP/1.1" 200 0 "-" "WordPress/6.8; https://batconpakistan.org"
162.0.235.240 - - [28/Apr/2025:11:11:46 -0400] "GET /wp-content/plugins/contact-form-7-style/admin/predefined-templates.json HTTP/1.1" 200 1323 "-" "WordPress/6.8; https://batconpakistan.org"
54.36.148.232 - - [28/Apr/2025:11:11:34 -0400] "GET /Raw-Materials-00030x-ID-679536-Round-Shims/ HTTP/1.1" 200 16009 "-" "Mozilla/5.0 (compatible; AhrefsBot/7.0; +http://ahrefs.com/robot/)"
162.0.235.240 - - [28/Apr/2025:11:11:48 -0400] "POST /wp-admin/admin-ajax.php?action=async_litespeed&nonce=03oNsk9IhwGBBAnR201K7Ur7fLz5DV37&litespeed_type=imgoptm HTTP/1.1" 200 0 "-" "WordPress/6.8; https://batconpakistan.org"
162.0.235.240 - - [28/Apr/2025:11:11:52 -0400] "GET /wp-content/plugins/contact-form-7-style/admin/predefined-templates.json HTTP/1.1" 200 1323 "-" "WordPress/6.8; https://batconpakistan.org"
162.0.235.240 - - [28/Apr/2025:11:18:23 -0400] "GET /wp-content/plugins/contact-form-7-style/admin/predefined-templates.json HTTP/1.1" 200 1323 "-" "WordPress/6.8; https://batconpakistan.org"
162.0.235.240 - - [28/Apr/2025:11:18:24 -0400] "POST /wp-cron.php?doing_wp_cron=1745853504.6247239112854003906250 HTTP/1.1" 200 0 "-" "WordPress/6.8; https://batconpakistan.org"
54.36.148.46 - - [28/Apr/2025:11:18:17 -0400] "GET /Power-Transmission-Products-x-x-x-x-649852-Ball-Screws/ HTTP/1.1" 200 16007 "-" "Mozilla/5.0 (compatible; AhrefsBot/7.0; +http://ahrefs.com/robot/)"
162.0.235.240 - - [28/Apr/2025:11:18:26 -0400] "GET /wp-content/plugins/contact-form-7-style/admin/predefined-templates.json HTTP/1.1" 200 1323 "-" "WordPress/6.8; https://batconpakistan.org"
162.0.235.240 - - [28/Apr/2025:11:18:26 -0400] "POST /wp-admin/admin-ajax.php?action=async_litespeed&nonce=4i2sg4ONSmAqV2W0ZbtjvigW9giw3vYl&litespeed_type=imgoptm HTTP/1.1" 200 0 "-" "WordPress/6.8; https://batconpakistan.org"
162.0.235.240 - - [28/Apr/2025:11:18:28 -0400] "GET /wp-content/plugins/contact-form-7-style/admin/predefined-templates.json HTTP/1.1" 200 1323 "-" "WordPress/6.8; https://batconpakistan.org"
68.221.67.199 - - [28/Apr/2025:11:20:33 -0400] "GET /robots.txt HTTP/1.1" 200 183 "-" "Mozilla/5.0 AppleWebKit/537.36 (KHTML, like Gecko); compatible; ChatGPT-User/1.0; +https://openai.com/bot"
162.0.235.240 - - [28/Apr/2025:11:20:34 -0400] "GET /wp-content/plugins/contact-form-7-style/admin/predefined-templates.json HTTP/1.1" 200 1323 "-" "WordPress/6.8; https://batconpakistan.org"
162.0.235.240 - - [28/Apr/2025:11:20:35 -0400] "POST /wp-cron.php?doing_wp_cron=1745853635.0727910995483398437500 HTTP/1.1" 200 0 "-" "WordPress/6.8; https://batconpakistan.org"
40.77.167.132 - - [28/Apr/2025:11:20:28 -0400] "GET /Industrial-Electrical-34volts-J-A-210988-Varistors/ HTTP/1.1" 200 16008 "-" "Mozilla/5.0 AppleWebKit/537.36 (KHTML, like Gecko; compatible; bingbot/2.0; +http://www.bing.com/bingbot.htm) Chrome/116.0.1938.76 Safari/537.36"
162.0.235.240 - - [28/Apr/2025:11:20:36 -0400] "GET /wp-content/plugins/contact-form-7-style/admin/predefined-templates.json HTTP/1.1" 200 1323 "-" "WordPress/6.8; https://batconpakistan.org"
68.221.67.196 - - [28/Apr/2025:11:20:37 -0400] "GET /bat-convervation-pakistan/our-team/ HTTP/1.1" 200 24261 "-" "Mozilla/5.0 AppleWebKit/537.36 (KHTML, like Gecko); compatible; ChatGPT-User/1.0; +https://openai.com/bot"
162.0.235.240 - - [28/Apr/2025:11:20:37 -0400] "POST /wp-admin/admin-ajax.php?action=async_litespeed&nonce=52BkpMtTi8F1GR8fzC2NucF00EWnGS2E&litespeed_type=imgoptm HTTP/1.1" 200 0 "-" "WordPress/6.8; https://batconpakistan.org"
162.0.235.240 - - [28/Apr/2025:11:20:39 -0400] "GET /wp-content/plugins/contact-form-7-style/admin/predefined-templates.json HTTP/1.1" 200 1323 "-" "WordPress/6.8; https://batconpakistan.org"
66.249.66.67 - - [28/Apr/2025:11:23:23 -0400] "GET / HTTP/1.1" 200 23496 "-" "Mozilla/5.0 (compatible; Googlebot/2.1; +http://www.google.com/bot.html)"
66.249.66.66 - - [28/Apr/2025:11:23:26 -0400] "GET /wp-content/uploads/dynamic-mobmenu.css?ver=2.8.7-982 HTTP/1.1" 200 1744 "https://batconpakistan.org/" "Mozilla/5.0 AppleWebKit/537.36 (KHTML, like Gecko; compatible; Googlebot/2.1; +http://www.google.com/bot.html) Chrome/134.0.6998.165 Safari/537.36"
66.249.66.65 - - [28/Apr/2025:11:23:28 -0400] "GET /wp-content/plugins/charitable/assets/js/libraries/js-cookie.min.js?ver=2.1.4 HTTP/1.1" 304 0 "https://batconpakistan.org/" "Mozilla/5.0 AppleWebKit/537.36 (KHTML, like Gecko; compatible; Googlebot/2.1; +http://www.google.com/bot.html) Chrome/134.0.6998.165 Safari/537.36"
66.249.66.65 - - [28/Apr/2025:11:23:29 -0400] "GET /wp-content/plugins/revslider/public/assets/js/jquery.themepunch.revolution.min.js?ver=5.3.1.5 HTTP/1.1" 304 0 "https://batconpakistan.org/" "Mozilla/5.0 AppleWebKit/537.36 (KHTML, like Gecko; compatible; Googlebot/2.1; +http://www.google.com/bot.html) Chrome/134.0.6998.165 Safari/537.36"
66.249.66.65 - - [28/Apr/2025:11:23:29 -0400] "GET /wp-includes/js/jquery/jquery.min.js?ver=3.7.1 HTTP/1.1" 304 0 "https://batconpakistan.org/" "Mozilla/5.0 AppleWebKit/537.36 (KHTML, like Gecko; compatible; Googlebot/2.1; +http://www.google.com/bot.html) Chrome/134.0.6998.165 Safari/537.36"
66.249.66.66 - - [28/Apr/2025:11:23:30 -0400] "GET /wp-content/plugins/woocommerce/assets/js/jquery-blockui/jquery.blockUI.min.js?ver=2.7.0-wc.9.8.2 HTTP/1.1" 304 0 "https://batconpakistan.org/" "Mozilla/5.0 AppleWebKit/537.36 (KHTML, like Gecko; compatible; Googlebot/2.1; +http://www.google.com/bot.html) Chrome/134.0.6998.165 Safari/537.36"
66.249.66.66 - - [28/Apr/2025:11:23:31 -0400] "GET /wp-content/plugins/charitable/assets/js/charitable-session.min.js?ver=1.8.5.2 HTTP/1.1" 200 731 "https://batconpakistan.org/" "Mozilla/5.0 AppleWebKit/537.36 (KHTML, like Gecko; compatible; Googlebot/2.1; +http://www.google.com/bot.html) Chrome/134.0.6998.165 Safari/537.36"
66.249.66.65 - - [28/Apr/2025:11:23:31 -0400] "GET /wp-content/themes/born-to-give/vendor/fullcalendar/lib/moment.min.js?ver=2.3.1.8 HTTP/1.1" 304 0 "https://batconpakistan.org/" "Mozilla/5.0 AppleWebKit/537.36 (KHTML, like Gecko; compatible; Googlebot/2.1; +http://www.google.com/bot.html) Chrome/134.0.6998.165 Safari/537.36"
66.249.66.65 - - [28/Apr/2025:11:23:32 -0400] "GET /wp-content/plugins/revslider/public/assets/js/jquery.themepunch.tools.min.js?ver=5.3.1.5 HTTP/1.1" 304 0 "https://batconpakistan.org/" "Mozilla/5.0 AppleWebKit/537.36 (KHTML, like Gecko; compatible; Googlebot/2.1; +http://www.google.com/bot.html) Chrome/134.0.6998.165 Safari/537.36"
66.249.66.65 - - [28/Apr/2025:11:23:32 -0400] "GET /wp-includes/js/jquery/jquery-migrate.min.js?ver=3.4.1 HTTP/1.1" 304 0 "https://batconpakistan.org/" "Mozilla/5.0 AppleWebKit/537.36 (KHTML, like Gecko; compatible; Googlebot/2.1; +http://www.google.com/bot.html) Chrome/134.0.6998.165 Safari/537.36"
66.249.66.65 - - [28/Apr/2025:11:23:33 -0400] "GET /wp-content/plugins/woocommerce/assets/js/frontend/add-to-cart.min.js?ver=9.8.2 HTTP/1.1" 304 0 "https://batconpakistan.org/" "Mozilla/5.0 AppleWebKit/537.36 (KHTML, like Gecko; compatible; Googlebot/2.1; +http://www.google.com/bot.html) Chrome/134.0.6998.165 Safari/537.36"
66.249.66.65 - - [28/Apr/2025:11:23:33 -0400] "GET /wp-content/plugins/contact-form-7-style/js/frontend-min.js?ver=3.1.9 HTTP/1.1" 304 0 "https://batconpakistan.org/" "Mozilla/5.0 AppleWebKit/537.36 (KHTML, like Gecko; compatible; Googlebot/2.1; +http://www.google.com/bot.html) Chrome/134.0.6998.165 Safari/537.36"
66.249.66.65 - - [28/Apr/2025:11:23:34 -0400] "GET /wp-includes/js/dist/hooks.min.js?ver=4d63a3d491d11ffd8ac6 HTTP/1.1" 304 0 "https://batconpakistan.org/" "Mozilla/5.0 AppleWebKit/537.36 (KHTML, like Gecko; compatible; Googlebot/2.1; +http://www.google.com/bot.html) Chrome/134.0.6998.165 Safari/537.36"
66.249.66.65 - - [28/Apr/2025:11:23:35 -0400] "GET /wp-includes/js/dist/i18n.min.js?ver=5e580eb46a90c2b997e6 HTTP/1.1" 304 0 "https://batconpakistan.org/" "Mozilla/5.0 AppleWebKit/537.36 (KHTML, like Gecko; compatible; Googlebot/2.1; +http://www.google.com/bot.html) Chrome/134.0.6998.165 Safari/537.36"
66.249.66.65 - - [28/Apr/2025:11:23:36 -0400] "GET /wp-content/plugins/charitable/assets/js/charitable-frontend.min.js?ver=1.8.5.2 HTTP/1.1" 304 0 "https://batconpakistan.org/" "Mozilla/5.0 AppleWebKit/537.36 (KHTML, like Gecko; compatible; Googlebot/2.1; +http://www.google.com/bot.html) Chrome/134.0.6998.165 Safari/537.36"
66.249.66.65 - - [28/Apr/2025:11:23:38 -0400] "GET /wp-content/themes/born-to-give/vendor/owl-carousel/js/owl.carousel.min.js?ver=2.3.1.8 HTTP/1.1" 304 0 "https://batconpakistan.org/" "Mozilla/5.0 AppleWebKit/537.36 (KHTML, like Gecko; compatible; Googlebot/2.1; +http://www.google.com/bot.html) Chrome/134.0.6998.165 Safari/537.36"
66.249.66.65 - - [28/Apr/2025:11:23:38 -0400] "GET /wp-content/themes/born-to-give/vendor/magnific/jquery.magnific-popup.min.js?ver=2.3.1.8 HTTP/1.1" 304 0 "https://batconpakistan.org/" "Mozilla/5.0 AppleWebKit/537.36 (KHTML, like Gecko; compatible; Googlebot/2.1; +http://www.google.com/bot.html) Chrome/134.0.6998.165 Safari/537.36"
66.249.66.65 - - [28/Apr/2025:11:23:39 -0400] "GET /wp-content/plugins/woocommerce/assets/js/sourcebuster/sourcebuster.min.js?ver=9.8.2 HTTP/1.1" 304 0 "https://batconpakistan.org/" "Mozilla/5.0 AppleWebKit/537.36 (KHTML, like Gecko; compatible; Googlebot/2.1; +http://www.google.com/bot.html) Chrome/134.0.6998.165 Safari/537.36"
66.249.66.65 - - [28/Apr/2025:11:23:40 -0400] "GET /wp-content/plugins/woocommerce/assets/js/frontend/order-attribution.min.js?ver=9.8.2 HTTP/1.1" 304 0 "https://batconpakistan.org/" "Mozilla/5.0 AppleWebKit/537.36 (KHTML, like Gecko; compatible; Googlebot/2.1; +http://www.google.com/bot.html) Chrome/134.0.6998.165 Safari/537.36"
66.249.66.65 - - [28/Apr/2025:11:23:40 -0400] "GET /wp-content/themes/born-to-give/vendor/fullcalendar/fullcalendar.min.js?ver=2.3.1.8 HTTP/1.1" 304 0 "https://batconpakistan.org/" "Mozilla/5.0 AppleWebKit/537.36 (KHTML, like Gecko; compatible; Googlebot/2.1; +http://www.google.com/bot.html) Chrome/134.0.6998.165 Safari/537.36"
66.249.66.65 - - [28/Apr/2025:11:23:41 -0400] "GET /wp-content/plugins/js_composer/assets/js/dist/js_composer_front.min.js?ver=6.5.0 HTTP/1.1" 304 0 "https://batconpakistan.org/" "Mozilla/5.0 AppleWebKit/537.36 (KHTML, like Gecko; compatible; Googlebot/2.1; +http://www.google.com/bot.html) Chrome/134.0.6998.165 Safari/537.36"
66.249.66.65 - - [28/Apr/2025:11:23:41 -0400] "GET /wp-content/plugins/woocommerce/assets/js/frontend/woocommerce.min.js?ver=9.8.2 HTTP/1.1" 304 0 "https://batconpakistan.org/" "Mozilla/5.0 AppleWebKit/537.36 (KHTML, like Gecko; compatible; Googlebot/2.1; +http://www.google.com/bot.html) Chrome/134.0.6998.165 Safari/537.36"
66.249.66.65 - - [28/Apr/2025:11:23:42 -0400] "GET /wp-content/plugins/autoptimize/classes/external/js/lazysizes.min.js?ao_version=3.1.13 HTTP/1.1" 304 0 "https://batconpakistan.org/" "Mozilla/5.0 AppleWebKit/537.36 (KHTML, like Gecko; compatible; Googlebot/2.1; +http://www.google.com/bot.html) Chrome/134.0.6998.165 Safari/537.36"
66.249.66.65 - - [28/Apr/2025:11:23:44 -0400] "GET /wp-content/plugins/js_composer/assets/lib/bower/skrollr/dist/skrollr.min.js?ver=6.5.0 HTTP/1.1" 304 0 "https://batconpakistan.org/" "Mozilla/5.0 AppleWebKit/537.36 (KHTML, like Gecko; compatible; Googlebot/2.1; +http://www.google.com/bot.html) Chrome/134.0.6998.165 Safari/537.36"
66.249.66.65 - - [28/Apr/2025:11:23:45 -0400] "GET /wp-includes/js/wp-emoji-release.min.js?ver=6.8 HTTP/1.1" 304 0 "https://batconpakistan.org/" "Mozilla/5.0 AppleWebKit/537.36 (KHTML, like Gecko; compatible; Googlebot/2.1; +http://www.google.com/bot.html) Chrome/134.0.6998.165 Safari/537.36"
66.249.66.65 - - [28/Apr/2025:11:23:57 -0400] "GET /wp-content/plugins/revslider/public/assets/js/extensions/revolution.extension.layeranimation.min.js?version=5.3.1.4 HTTP/1.1" 304 0 "https://batconpakistan.org/" "Mozilla/5.0 AppleWebKit/537.36 (KHTML, like Gecko; compatible; Googlebot/2.1; +http://www.google.com/bot.html) Chrome/134.0.6998.165 Safari/537.36"
66.249.66.65 - - [28/Apr/2025:11:23:57 -0400] "GET /wp-content/plugins/revslider/public/assets/js/extensions/revolution.extension.actions.min.js?version=5.3.1.4 HTTP/1.1" 304 0 "https://batconpakistan.org/" "Mozilla/5.0 AppleWebKit/537.36 (KHTML, like Gecko; compatible; Googlebot/2.1; +http://www.google.com/bot.html) Chrome/134.0.6998.165 Safari/537.36"
66.249.66.65 - - [28/Apr/2025:11:23:58 -0400] "GET /wp-content/plugins/revslider/public/assets/js/extensions/revolution.extension.slideanims.min.js?version=5.3.1.4 HTTP/1.1" 304 0 "https://batconpakistan.org/" "Mozilla/5.0 AppleWebKit/537.36 (KHTML, like Gecko; compatible; Googlebot/2.1; +http://www.google.com/bot.html) Chrome/134.0.6998.165 Safari/537.36"
66.249.66.65 - - [28/Apr/2025:11:24:00 -0400] "GET /wp-content/plugins/revslider/public/assets/js/extensions/revolution.extension.navigation.min.js?version=5.3.1.4 HTTP/1.1" 304 0 "https://batconpakistan.org/" "Mozilla/5.0 AppleWebKit/537.36 (KHTML, like Gecko; compatible; Googlebot/2.1; +http://www.google.com/bot.html) Chrome/134.0.6998.165 Safari/537.36"
66.249.66.67 - - [28/Apr/2025:11:34:10 -0400] "GET / HTTP/1.1" 200 23496 "-" "Mozilla/5.0 (compatible; Googlebot/2.1; +http://www.google.com/bot.html)"
66.249.66.65 - - [28/Apr/2025:11:34:16 -0400] "GET /wp-content/plugins/charitable/assets/js/charitable-session.min.js?ver=1.8.5.2 HTTP/1.1" 304 0 "https://batconpakistan.org/" "Mozilla/5.0 AppleWebKit/537.36 (KHTML, like Gecko; compatible; Googlebot/2.1; +http://www.google.com/bot.html) Chrome/134.0.6998.165 Safari/537.36"
66.249.66.66 - - [28/Apr/2025:11:34:17 -0400] "GET /wp-content/plugins/woocommerce/assets/js/jquery-blockui/jquery.blockUI.min.js?ver=2.7.0-wc.9.8.2 HTTP/1.1" 304 0 "https://batconpakistan.org/" "Mozilla/5.0 AppleWebKit/537.36 (KHTML, like Gecko; compatible; Googlebot/2.1; +http://www.google.com/bot.html) Chrome/134.0.6998.165 Safari/537.36"
162.0.235.240 - - [28/Apr/2025:11:47:25 -0400] "GET /wp-content/plugins/contact-form-7-style/admin/predefined-templates.json HTTP/1.1" 200 1323 "-" "WordPress/6.8; https://batconpakistan.org"
162.0.235.240 - - [28/Apr/2025:11:47:27 -0400] "POST /wp-cron.php?doing_wp_cron=1745855246.7273030281066894531250 HTTP/1.1" 200 0 "-" "WordPress/6.8; https://batconpakistan.org"
20.15.133.174 - - [28/Apr/2025:11:47:15 -0400] "GET /Cutting-Tools-CarbideTipped-CMT-Horizontal-67570-Straight/ HTTP/1.1" 200 16009 "-" "Mozilla/5.0 AppleWebKit/537.36 (KHTML, like Gecko; compatible; bingbot/2.0; +http://www.bing.com/bingbot.htm) Chrome/116.0.1938.76 Safari/537.36"
162.0.235.240 - - [28/Apr/2025:11:47:28 -0400] "GET /wp-content/plugins/contact-form-7-style/admin/predefined-templates.json HTTP/1.1" 200 1323 "-" "WordPress/6.8; https://batconpakistan.org"
162.0.235.240 - - [28/Apr/2025:11:47:28 -0400] "POST /wp-admin/admin-ajax.php?action=async_litespeed&nonce=8JqKgIg52ov4ooeUnoQq1fTzIIqfI68L&litespeed_type=imgoptm HTTP/1.1" 200 0 "-" "WordPress/6.8; https://batconpakistan.org"
162.0.235.240 - - [28/Apr/2025:11:47:30 -0400] "GET /wp-content/plugins/contact-form-7-style/admin/predefined-templates.json HTTP/1.1" 200 1323 "-" "WordPress/6.8; https://batconpakistan.org"
84.239.42.4 - - [28/Apr/2025:11:49:37 -0400] "GET /contact-us/ HTTP/1.1" 200 17600 "-" "Mozilla/5.0 (Windows NT 10.0; Win64; x64) AppleWebKit/537.36 (KHTML, like Gecko) Chrome/114.0.0.0 Safari/537.36 Edg/114.0.1264.71"
162.0.235.240 - - [28/Apr/2025:11:49:42 -0400] "GET /wp-content/plugins/contact-form-7-style/admin/predefined-templates.json HTTP/1.1" 200 1323 "-" "WordPress/6.8; https://batconpakistan.org"
162.0.235.240 - - [28/Apr/2025:11:49:43 -0400] "POST /wp-cron.php?doing_wp_cron=1745855383.1137850284576416015625 HTTP/1.1" 200 0 "-" "WordPress/6.8; https://batconpakistan.org"
162.0.235.240 - - [28/Apr/2025:11:49:43 -0400] "GET /wp-content/plugins/contact-form-7-style/admin/predefined-templates.json HTTP/1.1" 200 1323 "-" "WordPress/6.8; https://batconpakistan.org"
84.239.42.4 - - [28/Apr/2025:11:49:38 -0400] "POST /wp-json/contact-form-7/v1/contact-forms/1324/feedback HTTP/1.1" 200 235 "https://batconpakistan.org/contact-us/" "Mozilla/5.0 (Windows NT 10.0; Win64; x64) AppleWebKit/537.36 (KHTML, like Gecko) Chrome/114.0.0.0 Safari/537.36 Edg/114.0.1264.71"
162.0.235.240 - - [28/Apr/2025:11:49:44 -0400] "POST /wp-admin/admin-ajax.php?action=async_litespeed&nonce=3yuumqqPgNjqqv40rZpp4kBdy1TRzmDq&litespeed_type=imgoptm HTTP/1.1" 200 0 "-" "WordPress/6.8; https://batconpakistan.org"
162.0.235.240 - - [28/Apr/2025:11:49:46 -0400] "GET /wp-content/plugins/contact-form-7-style/admin/predefined-templates.json HTTP/1.1" 200 1323 "-" "WordPress/6.8; https://batconpakistan.org"
162.0.235.240 - - [28/Apr/2025:11:53:12 -0400] "GET /wp-content/plugins/contact-form-7-style/admin/predefined-templates.json HTTP/1.1" 200 1323 "-" "WordPress/6.8; https://batconpakistan.org"
162.0.235.240 - - [28/Apr/2025:11:53:13 -0400] "POST /wp-cron.php?doing_wp_cron=1745855592.9273290634155273437500 HTTP/1.1" 200 0 "-" "WordPress/6.8; https://batconpakistan.org"
52.167.144.233 - - [28/Apr/2025:11:53:07 -0400] "GET /Power-Transmission-Products-Dichtomatik-Partner-Factory-TBH-Type-TCM-TBHBX-NBR-Buna-Rubber-650590-Ball-Screws/ HTTP/1.1" 200 16006 "-" "Mozilla/5.0 AppleWebKit/537.36 (KHTML, like Gecko; compatible; bingbot/2.0; +http://www.bing.com/bingbot.htm) Chrome/116.0.1938.76 Safari/537.36"
162.0.235.240 - - [28/Apr/2025:11:53:13 -0400] "GET /wp-content/plugins/contact-form-7-style/admin/predefined-templates.json HTTP/1.1" 200 1323 "-" "WordPress/6.8; https://batconpakistan.org"
162.0.235.240 - - [28/Apr/2025:11:53:14 -0400] "POST /wp-admin/admin-ajax.php?action=async_litespeed&nonce=AADuJL8FjHJZHb0QvZV8SfhhCpZOAyMD&litespeed_type=imgoptm HTTP/1.1" 200 0 "-" "WordPress/6.8; https://batconpakistan.org"
162.0.235.240 - - [28/Apr/2025:11:53:15 -0400] "GET /wp-content/plugins/contact-form-7-style/admin/predefined-templates.json HTTP/1.1" 200 1323 "-" "WordPress/6.8; https://batconpakistan.org"
162.0.235.240 - - [28/Apr/2025:11:54:23 -0400] "GET /wp-content/plugins/contact-form-7-style/admin/predefined-templates.json HTTP/1.1" 200 1323 "-" "WordPress/6.8; https://batconpakistan.org"
162.0.235.240 - - [28/Apr/2025:11:54:23 -0400] "POST /wp-cron.php?doing_wp_cron=1745855663.2925360202789306640625 HTTP/1.1" 200 0 "-" "WordPress/6.8; https://batconpakistan.org"
52.167.144.21 - - [28/Apr/2025:11:54:21 -0400] "GET /Fasteners-Alloy-Steel-Black-Oxide-Pk-111112-Shoulder-Screws/ HTTP/1.1" 404 15888 "-" "Mozilla/5.0 AppleWebKit/537.36 (KHTML, like Gecko; compatible; bingbot/2.0; +http://www.bing.com/bingbot.htm) Chrome/116.0.1938.76 Safari/537.36"
162.0.235.240 - - [28/Apr/2025:11:54:24 -0400] "GET /wp-content/plugins/contact-form-7-style/admin/predefined-templates.json HTTP/1.1" 200 1323 "-" "WordPress/6.8; https://batconpakistan.org"
162.0.235.240 - - [28/Apr/2025:11:54:24 -0400] "POST /wp-admin/admin-ajax.php?action=async_litespeed&nonce=k7JmM6dxxZYeJpVUe9oynd0X5dKMMGFU&litespeed_type=imgoptm HTTP/1.1" 200 0 "-" "WordPress/6.8; https://batconpakistan.org"
162.0.235.240 - - [28/Apr/2025:11:54:26 -0400] "GET /wp-content/plugins/contact-form-7-style/admin/predefined-templates.json HTTP/1.1" 200 1323 "-" "WordPress/6.8; https://batconpakistan.org"
162.0.235.240 - - [28/Apr/2025:11:54:41 -0400] "GET /wp-content/plugins/contact-form-7-style/admin/predefined-templates.json HTTP/1.1" 200 1323 "-" "WordPress/6.8; https://batconpakistan.org"
162.0.235.240 - - [28/Apr/2025:11:54:42 -0400] "POST /wp-cron.php?doing_wp_cron=1745855682.1827220916748046875000 HTTP/1.1" 200 0 "-" "WordPress/6.8; https://batconpakistan.org"
182.44.8.254 - - [28/Apr/2025:11:54:40 -0400] "GET / HTTP/1.1" 301 0 "http://www.batconpakistan.org" "Mozilla/5.0 (iPhone; CPU iPhone OS 13_2_3 like Mac OS X) AppleWebKit/605.1.15 (KHTML, like Gecko) Version/13.0.3 Mobile/15E148 Safari/604.1"
162.0.235.240 - - [28/Apr/2025:11:54:43 -0400] "GET /wp-content/plugins/contact-form-7-style/admin/predefined-templates.json HTTP/1.1" 200 1323 "-" "WordPress/6.8; https://batconpakistan.org"
182.44.8.254 - - [28/Apr/2025:11:54:43 -0400] "GET / HTTP/1.1" 200 23496 "https://www.batconpakistan.org/" "Mozilla/5.0 (iPhone; CPU iPhone OS 13_2_3 like Mac OS X) AppleWebKit/605.1.15 (KHTML, like Gecko) Version/13.0.3 Mobile/15E148 Safari/604.1"
162.0.235.240 - - [28/Apr/2025:11:55:26 -0400] "GET /wp-content/plugins/contact-form-7-style/admin/predefined-templates.json HTTP/1.1" 200 1323 "-" "WordPress/6.8; https://batconpakistan.org"
162.0.235.240 - - [28/Apr/2025:11:55:26 -0400] "POST /wp-cron.php?doing_wp_cron=1745855726.3629219532012939453125 HTTP/1.1" 200 0 "-" "WordPress/6.8; https://batconpakistan.org"
52.167.144.19 - - [28/Apr/2025:11:55:24 -0400] "GET /Occupational-Health-&-Safety-Products-A-Kevlar-Work-Glove-Large-Inc-521522-Cut-Resistant-Gloves/ HTTP/1.1" 404 15889 "-" "Mozilla/5.0 AppleWebKit/537.36 (KHTML, like Gecko; compatible; bingbot/2.0; +http://www.bing.com/bingbot.htm) Chrome/116.0.1938.76 Safari/537.36"
162.0.235.240 - - [28/Apr/2025:11:55:27 -0400] "GET /wp-content/plugins/contact-form-7-style/admin/predefined-templates.json HTTP/1.1" 200 1323 "-" "WordPress/6.8; https://batconpakistan.org"
162.0.235.240 - - [28/Apr/2025:11:55:28 -0400] "POST /wp-admin/admin-ajax.php?action=async_litespeed&nonce=g2rjxxkGRVBqloexJtqHdWgFErny93R6&litespeed_type=imgoptm HTTP/1.1" 200 0 "-" "WordPress/6.8; https://batconpakistan.org"
162.0.235.240 - - [28/Apr/2025:11:55:29 -0400] "GET /wp-content/plugins/contact-form-7-style/admin/predefined-templates.json HTTP/1.1" 200 1323 "-" "WordPress/6.8; https://batconpakistan.org"
162.0.235.240 - - [28/Apr/2025:11:56:08 -0400] "GET /wp-content/plugins/contact-form-7-style/admin/predefined-templates.json HTTP/1.1" 200 1323 "-" "WordPress/6.8; https://batconpakistan.org"
162.0.235.240 - - [28/Apr/2025:11:56:08 -0400] "POST /wp-cron.php?doing_wp_cron=1745855768.5227129459381103515625 HTTP/1.1" 200 0 "-" "WordPress/6.8; https://batconpakistan.org"
162.0.235.240 - - [28/Apr/2025:11:56:09 -0400] "GET /wp-content/plugins/contact-form-7-style/admin/predefined-templates.json HTTP/1.1" 200 1323 "-" "WordPress/6.8; https://batconpakistan.org"
5.161.236.43 - - [28/Apr/2025:11:56:06 -0400] "GET /team/prof-tigga-kingston/ HTTP/1.1" 200 18090 "-" "Mozilla/5.0 (Windows NT 10.0; Win64; x64) AppleWebKit/537.36 (KHTML, like Gecko) Chrome/84.0.4147.105 Safari/537.36"
162.0.235.240 - - [28/Apr/2025:11:56:10 -0400] "POST /wp-admin/admin-ajax.php?action=async_litespeed&nonce=0juUCc36hprVv81fJ9eK6wjDgAi756LW&litespeed_type=imgoptm HTTP/1.1" 200 0 "-" "WordPress/6.8; https://batconpakistan.org"
162.0.235.240 - - [28/Apr/2025:11:56:11 -0400] "GET /wp-content/plugins/contact-form-7-style/admin/predefined-templates.json HTTP/1.1" 200 1323 "-" "WordPress/6.8; https://batconpakistan.org"
162.0.235.240 - - [28/Apr/2025:11:57:45 -0400] "GET /wp-content/plugins/contact-form-7-style/admin/predefined-templates.json HTTP/1.1" 200 1323 "-" "WordPress/6.8; https://batconpakistan.org"
162.0.235.240 - - [28/Apr/2025:11:57:47 -0400] "POST /wp-cron.php?doing_wp_cron=1745855867.1260139942169189453125 HTTP/1.1" 200 0 "-" "WordPress/6.8; https://batconpakistan.org"
54.36.148.40 - - [28/Apr/2025:11:57:41 -0400] "GET /2021/07/27/over-400-indian-flying-foxes-pteropus-medius-were-mercilessly-killed-in-nawab-shah-sindh-pakistan-these-bats-were-believed-to-be-a-serious-pest-for-fruits-trees-of-mango-and-banana-in-these-areas/ HTTP/1.1" 200 21117 "-" "Mozilla/5.0 (compatible; AhrefsBot/7.0; +http://ahrefs.com/robot/)"
162.0.235.240 - - [28/Apr/2025:11:57:48 -0400] "GET /wp-content/plugins/contact-form-7-style/admin/predefined-templates.json HTTP/1.1" 200 1323 "-" "WordPress/6.8; https://batconpakistan.org"
162.0.235.240 - - [28/Apr/2025:11:57:49 -0400] "POST /wp-admin/admin-ajax.php?action=async_litespeed&nonce=Ect6fYWYprKKTqfwA8CZ9ViIhzjHNuGO&litespeed_type=imgoptm HTTP/1.1" 200 0 "-" "WordPress/6.8; https://batconpakistan.org"
162.0.235.240 - - [28/Apr/2025:11:57:50 -0400] "GET /wp-content/plugins/contact-form-7-style/admin/predefined-templates.json HTTP/1.1" 200 1323 "-" "WordPress/6.8; https://batconpakistan.org"
162.0.235.240 - - [28/Apr/2025:12:01:12 -0400] "GET /wp-content/plugins/contact-form-7-style/admin/predefined-templates.json HTTP/1.1" 200 1323 "-" "WordPress/6.8; https://batconpakistan.org"
162.0.235.240 - - [28/Apr/2025:12:01:13 -0400] "POST /wp-cron.php?doing_wp_cron=1745856073.3110311031341552734375 HTTP/1.1" 200 0 "-" "WordPress/6.8; https://batconpakistan.org"
52.167.144.166 - - [28/Apr/2025:12:01:07 -0400] "GET /Power-Transmission-Products-L25XD-Aluminum-AlloyShaft-Coupler-ConnectorMotor-Accessories2pcs-uxcell-636978-Set-Screw/ HTTP/1.1" 200 16008 "-" "Mozilla/5.0 AppleWebKit/537.36 (KHTML, like Gecko; compatible; bingbot/2.0; +http://www.bing.com/bingbot.htm) Chrome/116.0.1938.76 Safari/537.36"
162.0.235.240 - - [28/Apr/2025:12:01:14 -0400] "GET /wp-content/plugins/contact-form-7-style/admin/predefined-templates.json HTTP/1.1" 200 1323 "-" "WordPress/6.8; https://batconpakistan.org"
162.0.235.240 - - [28/Apr/2025:12:01:15 -0400] "POST /wp-admin/admin-ajax.php?action=async_litespeed&nonce=XOoh0XTR19FdXpDwTQJZuUhkcZhp7WWf&litespeed_type=imgoptm HTTP/1.1" 200 0 "-" "WordPress/6.8; https://batconpakistan.org"
