162.0.235.240 - - [28/Apr/2025:07:46:05 -0400] "GET /wp-content/plugins/contact-form-7-style/admin/predefined-templates.json HTTP/1.1" 200 1323 "-" "WordPress/6.8; https://batconpakistan.org"
13.94.89.74 - - [28/Apr/2025:07:46:04 -0400] "GET /wp-includes/Requests/library/about.php HTTP/1.1" 404 15876 "-" "-"
13.94.89.74 - - [28/Apr/2025:07:46:06 -0400] "GET /wp-includes/Requests/src/Auth/ HTTP/1.1" 403 1242 "-" "-"
13.94.89.74 - - [28/Apr/2025:07:46:06 -0400] "GET /wp-includes/SimplePie/ HTTP/1.1" 403 1242 "-" "-"
162.0.235.240 - - [28/Apr/2025:07:46:08 -0400] "GET /wp-content/plugins/contact-form-7-style/admin/predefined-templates.json HTTP/1.1" 200 1323 "-" "WordPress/6.8; https://batconpakistan.org"
13.94.89.74 - - [28/Apr/2025:07:46:07 -0400] "GET /wp-includes/SimplePie//f-index4.php HTTP/1.1" 301 0 "-" "-"
162.0.235.240 - - [28/Apr/2025:07:46:10 -0400] "GET /wp-content/plugins/contact-form-7-style/admin/predefined-templates.json HTTP/1.1" 200 1323 "-" "WordPress/6.8; https://batconpakistan.org"
13.94.89.74 - - [28/Apr/2025:07:46:08 -0400] "GET /wp-includes/SimplePie/f-index4.php HTTP/1.1" 404 15877 "-" "-"
13.94.89.74 - - [28/Apr/2025:07:46:11 -0400] "GET /wp-includes/SimplePie/Cache/ HTTP/1.1" 403 1242 "-" "-"
162.0.235.240 - - [28/Apr/2025:07:46:12 -0400] "GET /wp-content/plugins/contact-form-7-style/admin/predefined-templates.json HTTP/1.1" 200 1323 "-" "WordPress/6.8; https://batconpakistan.org"
13.94.89.74 - - [28/Apr/2025:07:46:11 -0400] "GET /wp-includes/SimplePie/Cache//cloud.php HTTP/1.1" 301 0 "-" "-"
162.0.235.240 - - [28/Apr/2025:07:46:13 -0400] "GET /wp-content/plugins/contact-form-7-style/admin/predefined-templates.json HTTP/1.1" 200 1323 "-" "WordPress/6.8; https://batconpakistan.org"
13.94.89.74 - - [28/Apr/2025:07:46:12 -0400] "GET /wp-includes/SimplePie/Cache/cloud.php HTTP/1.1" 404 15878 "-" "-"
162.0.235.240 - - [28/Apr/2025:07:46:15 -0400] "GET /wp-content/plugins/contact-form-7-style/admin/predefined-templates.json HTTP/1.1" 200 1323 "-" "WordPress/6.8; https://batconpakistan.org"
13.94.89.74 - - [28/Apr/2025:07:46:14 -0400] "GET /wp-includes/SimplePie/Cache/Hash.php HTTP/1.1" 404 15876 "-" "-"
13.94.89.74 - - [28/Apr/2025:07:46:16 -0400] "GET /wp-includes/SimplePie/Content/ HTTP/1.1" 403 1242 "-" "-"
162.0.235.240 - - [28/Apr/2025:07:46:17 -0400] "GET /wp-content/plugins/contact-form-7-style/admin/predefined-templates.json HTTP/1.1" 200 1323 "-" "WordPress/6.8; https://batconpakistan.org"
13.94.89.74 - - [28/Apr/2025:07:46:16 -0400] "GET /wp-includes/SimplePie/Content//makeasmtp.php HTTP/1.1" 301 0 "-" "-"
162.0.235.240 - - [28/Apr/2025:07:46:19 -0400] "GET /wp-content/plugins/contact-form-7-style/admin/predefined-templates.json HTTP/1.1" 200 1323 "-" "WordPress/6.8; https://batconpakistan.org"
13.94.89.74 - - [28/Apr/2025:07:46:18 -0400] "GET /wp-includes/SimplePie/Content/makeasmtp.php HTTP/1.1" 404 15879 "-" "-"
162.0.235.240 - - [28/Apr/2025:07:46:20 -0400] "GET /wp-content/plugins/contact-form-7-style/admin/predefined-templates.json HTTP/1.1" 200 1323 "-" "WordPress/6.8; https://batconpakistan.org"
13.94.89.74 - - [28/Apr/2025:07:46:19 -0400] "GET /wp-includes/SimplePie/Content/Type//themes.php HTTP/1.1" 301 0 "-" "-"
162.0.235.240 - - [28/Apr/2025:07:46:22 -0400] "GET /wp-content/plugins/contact-form-7-style/admin/predefined-templates.json HTTP/1.1" 200 1323 "-" "WordPress/6.8; https://batconpakistan.org"
13.94.89.74 - - [28/Apr/2025:07:46:21 -0400] "GET /wp-includes/SimplePie/Content/Type/themes.php HTTP/1.1" 404 15879 "-" "-"
13.94.89.74 - - [28/Apr/2025:07:46:23 -0400] "GET /wp-includes/SimplePie/Content/Type/index.php HTTP/1.1" 403 1242 "-" "-"
162.0.235.240 - - [28/Apr/2025:07:46:24 -0400] "GET /wp-content/plugins/contact-form-7-style/admin/predefined-templates.json HTTP/1.1" 200 1323 "-" "WordPress/6.8; https://batconpakistan.org"
13.94.89.74 - - [28/Apr/2025:07:46:23 -0400] "GET /wp-includes/SimplePie/Content/admiin.php HTTP/1.1" 404 15878 "-" "-"
162.0.235.240 - - [28/Apr/2025:07:46:26 -0400] "GET /wp-content/plugins/contact-form-7-style/admin/predefined-templates.json HTTP/1.1" 200 1323 "-" "WordPress/6.8; https://batconpakistan.org"
13.94.89.74 - - [28/Apr/2025:07:46:25 -0400] "GET /wp-includes/SimplePie/Content/index.php HTTP/1.1" 301 0 "-" "-"
13.94.89.74 - - [28/Apr/2025:07:46:26 -0400] "GET /wp-includes/SimplePie/Content/ HTTP/1.1" 403 1242 "-" "-"
13.94.89.74 - - [28/Apr/2025:07:46:26 -0400] "GET /wp-includes/SimplePie/Parse/ HTTP/1.1" 403 1242 "-" "-"
162.0.235.240 - - [28/Apr/2025:07:46:28 -0400] "GET /wp-content/plugins/contact-form-7-style/admin/predefined-templates.json HTTP/1.1" 200 1323 "-" "WordPress/6.8; https://batconpakistan.org"
13.94.89.74 - - [28/Apr/2025:07:46:27 -0400] "GET /wp-includes/SimplePie/about.php HTTP/1.1" 404 15876 "-" "-"
162.0.235.240 - - [28/Apr/2025:07:46:30 -0400] "GET /wp-content/plugins/contact-form-7-style/admin/predefined-templates.json HTTP/1.1" 200 1323 "-" "WordPress/6.8; https://batconpakistan.org"
13.94.89.74 - - [28/Apr/2025:07:46:28 -0400] "GET /wp-includes/SimplePie/about.php?p= HTTP/1.1" 301 0 "-" "-"
13.94.89.74 - - [28/Apr/2025:07:46:30 -0400] "GET /wp-includes/SimplePie/about.php HTTP/1.1" 404 15876 "-" "-"
162.0.235.240 - - [28/Apr/2025:07:46:31 -0400] "GET /wp-content/plugins/contact-form-7-style/admin/predefined-templates.json HTTP/1.1" 200 1323 "-" "WordPress/6.8; https://batconpakistan.org"
13.94.89.74 - - [28/Apr/2025:07:46:30 -0400] "GET /wp-includes/SimplePie/admin.php HTTP/1.1" 404 15879 "-" "-"
162.0.235.240 - - [28/Apr/2025:07:46:34 -0400] "GET /wp-content/plugins/contact-form-7-style/admin/predefined-templates.json HTTP/1.1" 200 1323 "-" "WordPress/6.8; https://batconpakistan.org"
13.94.89.74 - - [28/Apr/2025:07:46:32 -0400] "GET /wp-includes/SimplePie/autoload_classmap.php HTTP/1.1" 404 15878 "-" "-"
13.94.89.74 - - [28/Apr/2025:07:46:34 -0400] "GET /wp-includes/SimplePie/index.php HTTP/1.1" 403 1242 "-" "-"
162.0.235.240 - - [28/Apr/2025:07:46:35 -0400] "GET /wp-content/plugins/contact-form-7-style/admin/predefined-templates.json HTTP/1.1" 200 1323 "-" "WordPress/6.8; https://batconpakistan.org"
13.94.89.74 - - [28/Apr/2025:07:46:35 -0400] "GET /wp-includes/SimplePie/plugins.php HTTP/1.1" 404 15877 "-" "-"
162.0.235.240 - - [28/Apr/2025:07:46:37 -0400] "GET /wp-content/plugins/contact-form-7-style/admin/predefined-templates.json HTTP/1.1" 200 1323 "-" "WordPress/6.8; https://batconpakistan.org"
13.94.89.74 - - [28/Apr/2025:07:46:36 -0400] "GET /wp-includes/SimplePie/system.php HTTP/1.1" 404 15875 "-" "-"
162.0.235.240 - - [28/Apr/2025:07:46:39 -0400] "GET /wp-content/plugins/contact-form-7-style/admin/predefined-templates.json HTTP/1.1" 200 1323 "-" "WordPress/6.8; https://batconpakistan.org"
13.94.89.74 - - [28/Apr/2025:07:46:38 -0400] "GET /wp-includes/SimplePie/wp-conflg.php HTTP/1.1" 404 15877 "-" "-"
162.0.235.240 - - [28/Apr/2025:07:46:41 -0400] "GET /wp-content/plugins/contact-form-7-style/admin/predefined-templates.json HTTP/1.1" 200 1323 "-" "WordPress/6.8; https://batconpakistan.org"
13.94.89.74 - - [28/Apr/2025:07:46:40 -0400] "GET /wp-includes/SimplePie/wp-conflg.php?p= HTTP/1.1" 301 0 "-" "-"
13.94.89.74 - - [28/Apr/2025:07:46:42 -0400] "GET /wp-includes/SimplePie/wp-conflg.php HTTP/1.1" 404 15877 "-" "-"
162.0.235.240 - - [28/Apr/2025:07:46:43 -0400] "GET /wp-content/plugins/contact-form-7-style/admin/predefined-templates.json HTTP/1.1" 200 1323 "-" "WordPress/6.8; https://batconpakistan.org"
13.94.89.74 - - [28/Apr/2025:07:46:42 -0400] "GET /wp-includes/SimplePie/wp-login.php HTTP/1.1" 404 15874 "-" "-"
13.94.89.74 - - [28/Apr/2025:07:46:44 -0400] "GET /wp-includes/Text/ HTTP/1.1" 403 1242 "-" "-"
13.94.89.74 - - [28/Apr/2025:07:46:44 -0400] "GET /wp-includes/Text/Diff/ HTTP/1.1" 403 1242 "-" "-"
162.0.235.240 - - [28/Apr/2025:07:46:45 -0400] "GET /wp-content/plugins/contact-form-7-style/admin/predefined-templates.json HTTP/1.1" 200 1323 "-" "WordPress/6.8; https://batconpakistan.org"
13.94.89.74 - - [28/Apr/2025:07:46:44 -0400] "GET /wp-includes/Text/Diff/Engine//about.php HTTP/1.1" 301 0 "-" "-"
162.0.235.240 - - [28/Apr/2025:07:46:47 -0400] "GET /wp-content/plugins/contact-form-7-style/admin/predefined-templates.json HTTP/1.1" 200 1323 "-" "WordPress/6.8; https://batconpakistan.org"
13.94.89.74 - - [28/Apr/2025:07:46:46 -0400] "GET /wp-includes/Text/Diff/Engine/about.php HTTP/1.1" 404 15878 "-" "-"
13.94.89.74 - - [28/Apr/2025:07:46:47 -0400] "GET /wp-includes/Text/Diff/Engine//index.php HTTP/1.1" 403 1242 "-" "-"
13.94.89.74 - - [28/Apr/2025:07:46:48 -0400] "GET /wp-includes/Text/Diff/Engine//shell.php HTTP/1.1" 403 1242 "-" "-"
13.94.89.74 - - [28/Apr/2025:07:46:48 -0400] "GET /wp-includes/Text/Diff/Engine/about.php HTTP/1.1" 404 15878 "-" "-"
13.94.89.74 - - [28/Apr/2025:07:46:48 -0400] "GET /wp-includes/Text/Diff/Engine/index.php HTTP/1.1" 403 1242 "-" "-"
162.0.235.240 - - [28/Apr/2025:07:46:49 -0400] "GET /wp-content/plugins/contact-form-7-style/admin/predefined-templates.json HTTP/1.1" 200 1323 "-" "WordPress/6.8; https://batconpakistan.org"
13.94.89.74 - - [28/Apr/2025:07:46:48 -0400] "GET /wp-includes/Text/Diff/Engine/wp-login.php HTTP/1.1" 404 15877 "-" "-"
13.94.89.74 - - [28/Apr/2025:07:46:50 -0400] "GET /wp-includes/Text/Diff/Renderer/ HTTP/1.1" 403 1242 "-" "-"
162.0.235.240 - - [28/Apr/2025:07:46:51 -0400] "GET /wp-content/plugins/contact-form-7-style/admin/predefined-templates.json HTTP/1.1" 200 1323 "-" "WordPress/6.8; https://batconpakistan.org"
13.94.89.74 - - [28/Apr/2025:07:46:50 -0400] "GET /wp-includes/Text/Diff/Renderer/admiin.php HTTP/1.1" 404 15876 "-" "-"
13.94.89.74 - - [28/Apr/2025:07:46:52 -0400] "GET /wp-includes/Text/Diff/Renderer/index.php?p= HTTP/1.1" 403 1242 "-" "-"
162.0.235.240 - - [28/Apr/2025:07:46:54 -0400] "GET /wp-content/plugins/contact-form-7-style/admin/predefined-templates.json HTTP/1.1" 200 1323 "-" "WordPress/6.8; https://batconpakistan.org"
13.94.89.74 - - [28/Apr/2025:07:46:53 -0400] "GET /wp-includes/Text/Diff/about.php HTTP/1.1" 404 15877 "-" "-"
13.94.89.74 - - [28/Apr/2025:07:46:55 -0400] "GET /wp-includes/Text/Diff/index.php HTTP/1.1" 403 1242 "-" "-"
162.0.235.240 - - [28/Apr/2025:07:46:56 -0400] "GET /wp-content/plugins/contact-form-7-style/admin/predefined-templates.json HTTP/1.1" 200 1323 "-" "WordPress/6.8; https://batconpakistan.org"
13.94.89.74 - - [28/Apr/2025:07:46:55 -0400] "GET /wp-includes/Text/about.php HTTP/1.1" 404 15878 "-" "-"
162.0.235.240 - - [28/Apr/2025:07:46:58 -0400] "GET /wp-content/plugins/contact-form-7-style/admin/predefined-templates.json HTTP/1.1" 200 1323 "-" "WordPress/6.8; https://batconpakistan.org"
162.0.235.240 - - [28/Apr/2025:07:46:59 -0400] "POST /wp-cron.php?doing_wp_cron=1745840819.1154639720916748046875 HTTP/1.1" 200 0 "-" "WordPress/6.8; https://batconpakistan.org"
13.94.89.74 - - [28/Apr/2025:07:46:57 -0400] "GET /wp-includes/Text/alfa-rex.php HTTP/1.1" 404 15877 "-" "-"
162.0.235.240 - - [28/Apr/2025:07:46:59 -0400] "GET /wp-content/plugins/contact-form-7-style/admin/predefined-templates.json HTTP/1.1" 200 1323 "-" "WordPress/6.8; https://batconpakistan.org"
162.0.235.240 - - [28/Apr/2025:07:47:00 -0400] "GET /wp-content/plugins/contact-form-7-style/admin/predefined-templates.json HTTP/1.1" 200 1323 "-" "WordPress/6.8; https://batconpakistan.org"
162.0.235.240 - - [28/Apr/2025:07:47:00 -0400] "POST /wp-admin/admin-ajax.php?action=async_litespeed&nonce=zHVG2Zr2EWRmklgzqD0cwt67SwxgS58X&litespeed_type=imgoptm HTTP/1.1" 200 0 "-" "WordPress/6.8; https://batconpakistan.org"
162.0.235.240 - - [28/Apr/2025:07:47:01 -0400] "GET /wp-content/plugins/contact-form-7-style/admin/predefined-templates.json HTTP/1.1" 200 1323 "-" "WordPress/6.8; https://batconpakistan.org"
13.94.89.74 - - [28/Apr/2025:07:46:59 -0400] "GET /wp-includes/Text/autoload_classmap.php HTTP/1.1" 404 15876 "-" "-"
13.94.89.74 - - [28/Apr/2025:07:47:01 -0400] "GET /wp-includes/Text/autoload_classmap.php HTTP/1.1" 404 15876 "-" "-"
162.0.235.240 - - [28/Apr/2025:07:47:02 -0400] "GET /wp-content/plugins/contact-form-7-style/admin/predefined-templates.json HTTP/1.1" 200 1323 "-" "WordPress/6.8; https://batconpakistan.org"
13.94.89.74 - - [28/Apr/2025:07:47:02 -0400] "GET /wp-includes/Text/chosen.php HTTP/1.1" 404 15879 "-" "-"
13.94.89.74 - - [28/Apr/2025:07:47:04 -0400] "GET /wp-includes/Text/index.php HTTP/1.1" 403 1242 "-" "-"
13.94.89.74 - - [28/Apr/2025:07:47:04 -0400] "GET /wp-includes/Text/index.php?p= HTTP/1.1" 403 1242 "-" "-"
162.0.235.240 - - [28/Apr/2025:07:47:05 -0400] "GET /wp-content/plugins/contact-form-7-style/admin/predefined-templates.json HTTP/1.1" 200 1323 "-" "WordPress/6.8; https://batconpakistan.org"
162.0.235.240 - - [28/Apr/2025:07:47:05 -0400] "POST /wp-cron.php?doing_wp_cron=1745840825.7799730300903320312500 HTTP/1.1" 200 0 "-" "WordPress/6.8; https://batconpakistan.org"
13.94.89.74 - - [28/Apr/2025:07:47:04 -0400] "GET /wp-includes/Text/network.php HTTP/1.1" 404 15878 "-" "-"
162.0.235.240 - - [28/Apr/2025:07:47:06 -0400] "GET /wp-content/plugins/contact-form-7-style/admin/predefined-templates.json HTTP/1.1" 200 1323 "-" "WordPress/6.8; https://batconpakistan.org"
162.0.235.240 - - [28/Apr/2025:07:47:07 -0400] "GET /wp-content/plugins/contact-form-7-style/admin/predefined-templates.json HTTP/1.1" 200 1323 "-" "WordPress/6.8; https://batconpakistan.org"
162.0.235.240 - - [28/Apr/2025:07:47:07 -0400] "POST /wp-admin/admin-ajax.php?action=async_litespeed&nonce=BaW4UjUGIAZymhiuKryUB4lDCFx7isBW&litespeed_type=imgoptm HTTP/1.1" 200 0 "-" "WordPress/6.8; https://batconpakistan.org"
13.94.89.74 - - [28/Apr/2025:07:47:06 -0400] "GET /wp-includes/Text/wp-conflg.php HTTP/1.1" 404 15877 "-" "-"
162.0.235.240 - - [28/Apr/2025:07:47:08 -0400] "GET /wp-content/plugins/contact-form-7-style/admin/predefined-templates.json HTTP/1.1" 200 1323 "-" "WordPress/6.8; https://batconpakistan.org"
162.0.235.240 - - [28/Apr/2025:07:47:09 -0400] "GET /wp-content/plugins/contact-form-7-style/admin/predefined-templates.json HTTP/1.1" 200 1323 "-" "WordPress/6.8; https://batconpakistan.org"
13.94.89.74 - - [28/Apr/2025:07:47:08 -0400] "GET /wp-includes/Text/wp-conflg.php?p= HTTP/1.1" 301 0 "-" "-"
13.94.89.74 - - [28/Apr/2025:07:47:09 -0400] "GET /wp-includes/Text/wp-conflg.php HTTP/1.1" 404 15877 "-" "-"
162.0.235.240 - - [28/Apr/2025:07:47:11 -0400] "GET /wp-content/plugins/contact-form-7-style/admin/predefined-templates.json HTTP/1.1" 200 1323 "-" "WordPress/6.8; https://batconpakistan.org"
13.94.89.74 - - [28/Apr/2025:07:47:10 -0400] "GET /wp-includes/about.php HTTP/1.1" 404 15878 "-" "-"
162.0.235.240 - - [28/Apr/2025:07:47:13 -0400] "GET /wp-content/plugins/contact-form-7-style/admin/predefined-templates.json HTTP/1.1" 200 1323 "-" "WordPress/6.8; https://batconpakistan.org"
13.94.89.74 - - [28/Apr/2025:07:47:12 -0400] "GET /wp-includes/admin.php HTTP/1.1" 404 15878 "-" "-"
13.94.89.74 - - [28/Apr/2025:07:47:14 -0400] "GET /wp-includes/assets/ HTTP/1.1" 403 1242 "-" "-"
162.0.235.240 - - [28/Apr/2025:07:47:15 -0400] "GET /wp-content/plugins/contact-form-7-style/admin/predefined-templates.json HTTP/1.1" 200 1323 "-" "WordPress/6.8; https://batconpakistan.org"
13.94.89.74 - - [28/Apr/2025:07:47:14 -0400] "GET /wp-includes/assets//about.php HTTP/1.1" 301 0 "-" "-"
162.0.235.240 - - [28/Apr/2025:07:47:17 -0400] "GET /wp-content/plugins/contact-form-7-style/admin/predefined-templates.json HTTP/1.1" 200 1323 "-" "WordPress/6.8; https://batconpakistan.org"
13.94.89.74 - - [28/Apr/2025:07:47:16 -0400] "GET /wp-includes/assets/about.php HTTP/1.1" 404 15876 "-" "-"
162.0.235.240 - - [28/Apr/2025:07:47:18 -0400] "GET /wp-content/plugins/contact-form-7-style/admin/predefined-templates.json HTTP/1.1" 200 1323 "-" "WordPress/6.8; https://batconpakistan.org"
13.94.89.74 - - [28/Apr/2025:07:47:18 -0400] "GET /wp-includes/assets//classwithtostring.php HTTP/1.1" 301 0 "-" "-"
162.0.235.240 - - [28/Apr/2025:07:47:20 -0400] "GET /wp-content/plugins/contact-form-7-style/admin/predefined-templates.json HTTP/1.1" 200 1323 "-" "WordPress/6.8; https://batconpakistan.org"
13.94.89.74 - - [28/Apr/2025:07:47:19 -0400] "GET /wp-includes/assets/classwithtostring.php HTTP/1.1" 404 15877 "-" "-"
162.0.235.240 - - [28/Apr/2025:07:47:22 -0400] "GET /wp-content/plugins/contact-form-7-style/admin/predefined-templates.json HTTP/1.1" 200 1323 "-" "WordPress/6.8; https://batconpakistan.org"
13.94.89.74 - - [28/Apr/2025:07:47:21 -0400] "GET /wp-includes/assets//cloud.php HTTP/1.1" 301 0 "-" "-"
162.0.235.240 - - [28/Apr/2025:07:47:23 -0400] "GET /wp-content/plugins/contact-form-7-style/admin/predefined-templates.json HTTP/1.1" 200 1323 "-" "WordPress/6.8; https://batconpakistan.org"
13.94.89.74 - - [28/Apr/2025:07:47:22 -0400] "GET /wp-includes/assets/cloud.php HTTP/1.1" 404 15876 "-" "-"
162.0.235.240 - - [28/Apr/2025:07:47:25 -0400] "GET /wp-content/plugins/contact-form-7-style/admin/predefined-templates.json HTTP/1.1" 200 1323 "-" "WordPress/6.8; https://batconpakistan.org"
13.94.89.74 - - [28/Apr/2025:07:47:24 -0400] "GET /wp-includes/assets//wp-access.php HTTP/1.1" 301 0 "-" "-"
162.0.235.240 - - [28/Apr/2025:07:47:26 -0400] "GET /wp-content/plugins/contact-form-7-style/admin/predefined-templates.json HTTP/1.1" 200 1323 "-" "WordPress/6.8; https://batconpakistan.org"
13.94.89.74 - - [28/Apr/2025:07:47:25 -0400] "GET /wp-includes/assets/wp-access.php HTTP/1.1" 404 15877 "-" "-"
13.94.89.74 - - [28/Apr/2025:07:47:27 -0400] "GET /wp-includes/assets/about.php HTTP/1.1" 404 15876 "-" "-"
162.0.235.240 - - [28/Apr/2025:07:47:29 -0400] "GET /wp-content/plugins/contact-form-7-style/admin/predefined-templates.json HTTP/1.1" 200 1323 "-" "WordPress/6.8; https://batconpakistan.org"
13.94.89.74 - - [28/Apr/2025:07:47:28 -0400] "GET /wp-includes/assets/admiin.php HTTP/1.1" 404 15879 "-" "-"
162.0.235.240 - - [28/Apr/2025:07:47:30 -0400] "GET /wp-content/plugins/contact-form-7-style/admin/predefined-templates.json HTTP/1.1" 200 1323 "-" "WordPress/6.8; https://batconpakistan.org"
13.94.89.74 - - [28/Apr/2025:07:47:30 -0400] "GET /wp-includes/assets/autoload_classmap.php HTTP/1.1" 404 15876 "-" "-"
162.0.235.240 - - [28/Apr/2025:07:47:32 -0400] "GET /wp-content/plugins/contact-form-7-style/admin/predefined-templates.json HTTP/1.1" 200 1323 "-" "WordPress/6.8; https://batconpakistan.org"
13.94.89.74 - - [28/Apr/2025:07:47:31 -0400] "GET /wp-includes/assets/file.php HTTP/1.1" 404 15877 "-" "-"
13.94.89.74 - - [28/Apr/2025:07:47:33 -0400] "GET /wp-includes/assets/index.php HTTP/1.1" 403 1242 "-" "-"
13.94.89.74 - - [28/Apr/2025:07:47:33 -0400] "GET /wp-includes/assets/index.php?p= HTTP/1.1" 403 1242 "-" "-"
162.0.235.240 - - [28/Apr/2025:07:47:34 -0400] "GET /wp-content/plugins/contact-form-7-style/admin/predefined-templates.json HTTP/1.1" 200 1323 "-" "WordPress/6.8; https://batconpakistan.org"
13.94.89.74 - - [28/Apr/2025:07:47:33 -0400] "GET /wp-includes/assets/x2.php HTTP/1.1" 404 15877 "-" "-"
162.0.235.240 - - [28/Apr/2025:07:47:36 -0400] "GET /wp-content/plugins/contact-form-7-style/admin/predefined-templates.json HTTP/1.1" 200 1323 "-" "WordPress/6.8; https://batconpakistan.org"
13.94.89.74 - - [28/Apr/2025:07:47:35 -0400] "GET /wp-includes/assets/xBrain.php HTTP/1.1" 404 15876 "-" "-"
162.0.235.240 - - [28/Apr/2025:07:47:38 -0400] "GET /wp-content/plugins/contact-form-7-style/admin/predefined-templates.json HTTP/1.1" 200 1323 "-" "WordPress/6.8; https://batconpakistan.org"
13.94.89.74 - - [28/Apr/2025:07:47:37 -0400] "GET /wp-includes/autoload_classmap.php HTTP/1.1" 404 15876 "-" "-"
162.0.235.240 - - [28/Apr/2025:07:47:39 -0400] "GET /wp-content/plugins/contact-form-7-style/admin/predefined-templates.json HTTP/1.1" 200 1323 "-" "WordPress/6.8; https://batconpakistan.org"
162.0.235.240 - - [28/Apr/2025:07:47:40 -0400] "POST /wp-cron.php?doing_wp_cron=1745840860.2004709243774414062500 HTTP/1.1" 200 0 "-" "WordPress/6.8; https://batconpakistan.org"
13.94.89.74 - - [28/Apr/2025:07:47:38 -0400] "GET /wp-includes/bak.php HTTP/1.1" 404 15878 "-" "-"
162.0.235.240 - - [28/Apr/2025:07:47:41 -0400] "GET /wp-content/plugins/contact-form-7-style/admin/predefined-templates.json HTTP/1.1" 200 1323 "-" "WordPress/6.8; https://batconpakistan.org"
162.0.235.240 - - [28/Apr/2025:07:47:42 -0400] "GET /wp-content/plugins/contact-form-7-style/admin/predefined-templates.json HTTP/1.1" 200 1323 "-" "WordPress/6.8; https://batconpakistan.org"
13.94.89.74 - - [28/Apr/2025:07:47:41 -0400] "GET /wp-includes/bk/index.php HTTP/1.1" 301 0 "-" "-"
162.0.235.240 - - [28/Apr/2025:07:47:43 -0400] "GET /wp-content/plugins/contact-form-7-style/admin/predefined-templates.json HTTP/1.1" 200 1323 "-" "WordPress/6.8; https://batconpakistan.org"
13.94.89.74 - - [28/Apr/2025:07:47:42 -0400] "GET /wp-includes/bk/ HTTP/1.1" 404 15877 "-" "-"
162.0.235.240 - - [28/Apr/2025:07:47:45 -0400] "GET /wp-content/plugins/contact-form-7-style/admin/predefined-templates.json HTTP/1.1" 200 1323 "-" "WordPress/6.8; https://batconpakistan.org"
13.94.89.74 - - [28/Apr/2025:07:47:44 -0400] "GET /wp-includes/blTvYBaqncP.php HTTP/1.1" 404 15882 "-" "-"
13.94.89.74 - - [28/Apr/2025:07:47:46 -0400] "GET /wp-includes/block-bindings/ HTTP/1.1" 403 1242 "-" "-"
162.0.235.240 - - [28/Apr/2025:07:47:48 -0400] "GET /wp-content/plugins/contact-form-7-style/admin/predefined-templates.json HTTP/1.1" 200 1323 "-" "WordPress/6.8; https://batconpakistan.org"
162.0.235.240 - - [28/Apr/2025:07:47:48 -0400] "POST /wp-cron.php?doing_wp_cron=1745840868.5090060234069824218750 HTTP/1.1" 200 0 "-" "WordPress/6.8; https://batconpakistan.org"
13.94.89.74 - - [28/Apr/2025:07:47:46 -0400] "GET /wp-includes/block-bindings/admin.php HTTP/1.1" 404 15877 "-" "-"
13.94.89.74 - - [28/Apr/2025:07:47:49 -0400] "GET /wp-includes/block-patterns/ HTTP/1.1" 403 1242 "-" "-"
162.0.235.240 - - [28/Apr/2025:07:47:49 -0400] "GET /wp-content/plugins/contact-form-7-style/admin/predefined-templates.json HTTP/1.1" 200 1323 "-" "WordPress/6.8; https://batconpakistan.org"
162.0.235.240 - - [28/Apr/2025:07:47:51 -0400] "GET /wp-content/plugins/contact-form-7-style/admin/predefined-templates.json HTTP/1.1" 200 1323 "-" "WordPress/6.8; https://batconpakistan.org"
13.94.89.74 - - [28/Apr/2025:07:47:49 -0400] "GET /wp-includes/block-patterns/about.php HTTP/1.1" 404 15875 "-" "-"
162.0.235.240 - - [28/Apr/2025:07:47:53 -0400] "GET /wp-content/plugins/contact-form-7-style/admin/predefined-templates.json HTTP/1.1" 200 1323 "-" "WordPress/6.8; https://batconpakistan.org"
13.94.89.74 - - [28/Apr/2025:07:47:52 -0400] "GET /wp-includes/block-patterns/autoload_classmap.php HTTP/1.1" 404 15876 "-" "-"
162.0.235.240 - - [28/Apr/2025:07:47:56 -0400] "GET /wp-content/plugins/contact-form-7-style/admin/predefined-templates.json HTTP/1.1" 200 1323 "-" "WordPress/6.8; https://batconpakistan.org"
162.0.235.240 - - [28/Apr/2025:07:47:56 -0400] "POST /wp-cron.php?doing_wp_cron=1745840876.4507451057434082031250 HTTP/1.1" 200 0 "-" "WordPress/6.8; https://batconpakistan.org"
13.94.89.74 - - [28/Apr/2025:07:47:54 -0400] "GET /wp-includes/block-patterns/ben.php HTTP/1.1" 404 15876 "-" "-"
162.0.235.240 - - [28/Apr/2025:07:47:57 -0400] "GET /wp-content/plugins/contact-form-7-style/admin/predefined-templates.json HTTP/1.1" 200 1323 "-" "WordPress/6.8; https://batconpakistan.org"
13.94.89.74 - - [28/Apr/2025:07:47:57 -0400] "GET /wp-includes/block-patterns/index.php HTTP/1.1" 403 1242 "-" "-"
13.94.89.74 - - [28/Apr/2025:07:47:57 -0400] "GET /wp-includes/block-patterns/index.php?p= HTTP/1.1" 403 1242 "-" "-"
13.94.89.74 - - [28/Apr/2025:07:47:58 -0400] "GET /wp-includes/block-supports/ HTTP/1.1" 403 1242 "-" "-"
162.0.235.240 - - [28/Apr/2025:07:47:59 -0400] "GET /wp-content/plugins/contact-form-7-style/admin/predefined-templates.json HTTP/1.1" 200 1323 "-" "WordPress/6.8; https://batconpakistan.org"
13.94.89.74 - - [28/Apr/2025:07:47:58 -0400] "GET /wp-includes/block-supports//default-constant.php HTTP/1.1" 301 0 "-" "-"
162.0.235.240 - - [28/Apr/2025:07:48:01 -0400] "GET /wp-content/plugins/contact-form-7-style/admin/predefined-templates.json HTTP/1.1" 200 1323 "-" "WordPress/6.8; https://batconpakistan.org"
13.94.89.74 - - [28/Apr/2025:07:47:59 -0400] "GET /wp-includes/block-supports/default-constant.php HTTP/1.1" 404 15876 "-" "-"
162.0.235.240 - - [28/Apr/2025:07:48:03 -0400] "GET /wp-content/plugins/contact-form-7-style/admin/predefined-templates.json HTTP/1.1" 200 1323 "-" "WordPress/6.8; https://batconpakistan.org"
13.94.89.74 - - [28/Apr/2025:07:48:02 -0400] "GET /wp-includes/block-supports//dimensions-ajax.php HTTP/1.1" 301 0 "-" "-"
162.0.235.240 - - [28/Apr/2025:07:48:05 -0400] "GET /wp-content/plugins/contact-form-7-style/admin/predefined-templates.json HTTP/1.1" 200 1323 "-" "WordPress/6.8; https://batconpakistan.org"
162.0.235.240 - - [28/Apr/2025:07:48:05 -0400] "POST /wp-cron.php?doing_wp_cron=1745840885.4740231037139892578125 HTTP/1.1" 200 0 "-" "WordPress/6.8; https://batconpakistan.org"
13.94.89.74 - - [28/Apr/2025:07:48:03 -0400] "GET /wp-includes/block-supports/dimensions-ajax.php HTTP/1.1" 404 15877 "-" "-"
162.0.235.240 - - [28/Apr/2025:07:48:06 -0400] "GET /wp-content/plugins/contact-form-7-style/admin/predefined-templates.json HTTP/1.1" 200 1323 "-" "WordPress/6.8; https://batconpakistan.org"
162.0.235.240 - - [28/Apr/2025:07:48:06 -0400] "POST /wp-admin/admin-ajax.php?action=async_litespeed&nonce=JY7PRCYheluMKU44v8enRCnHOhQGi6b7&litespeed_type=imgoptm HTTP/1.1" 200 0 "-" "WordPress/6.8; https://batconpakistan.org"
162.0.235.240 - - [28/Apr/2025:07:48:07 -0400] "GET /wp-content/plugins/contact-form-7-style/admin/predefined-templates.json HTTP/1.1" 200 1323 "-" "WordPress/6.8; https://batconpakistan.org"
162.0.235.240 - - [28/Apr/2025:07:48:08 -0400] "GET /wp-content/plugins/contact-form-7-style/admin/predefined-templates.json HTTP/1.1" 200 1323 "-" "WordPress/6.8; https://batconpakistan.org"
13.94.89.74 - - [28/Apr/2025:07:48:06 -0400] "GET /wp-includes/block-supports/about.php HTTP/1.1" 404 15876 "-" "-"
162.0.235.240 - - [28/Apr/2025:07:48:09 -0400] "GET /wp-content/plugins/contact-form-7-style/admin/predefined-templates.json HTTP/1.1" 200 1323 "-" "WordPress/6.8; https://batconpakistan.org"
13.94.89.74 - - [28/Apr/2025:07:48:08 -0400] "GET /wp-includes/block-supports/admiin.php HTTP/1.1" 404 15876 "-" "-"
162.0.235.240 - - [28/Apr/2025:07:48:11 -0400] "GET /wp-content/plugins/contact-form-7-style/admin/predefined-templates.json HTTP/1.1" 200 1323 "-" "WordPress/6.8; https://batconpakistan.org"
13.94.89.74 - - [28/Apr/2025:07:48:10 -0400] "GET /wp-includes/block-supports/autoload_classmap.php HTTP/1.1" 404 15875 "-" "-"
13.94.89.74 - - [28/Apr/2025:07:48:13 -0400] "GET /wp-includes/block-supports/index.php HTTP/1.1" 403 1242 "-" "-"
13.94.89.74 - - [28/Apr/2025:07:48:13 -0400] "GET /wp-includes/blocks/ HTTP/1.1" 403 1242 "-" "-"
162.0.235.240 - - [28/Apr/2025:07:48:14 -0400] "GET /wp-content/plugins/contact-form-7-style/admin/predefined-templates.json HTTP/1.1" 200 1323 "-" "WordPress/6.8; https://batconpakistan.org"
13.94.89.74 - - [28/Apr/2025:07:48:13 -0400] "GET /wp-includes/blocks/about.php HTTP/1.1" 404 15877 "-" "-"
162.0.235.240 - - [28/Apr/2025:07:48:16 -0400] "GET /wp-content/plugins/contact-form-7-style/admin/predefined-templates.json HTTP/1.1" 200 1323 "-" "WordPress/6.8; https://batconpakistan.org"
13.94.89.74 - - [28/Apr/2025:07:48:15 -0400] "GET /wp-includes/blocks/autoload_classmap.php HTTP/1.1" 404 15878 "-" "-"
13.94.89.74 - - [28/Apr/2025:07:48:17 -0400] "GET /wp-includes/blocks/block/ HTTP/1.1" 403 1242 "-" "-"
13.94.89.74 - - [28/Apr/2025:07:48:17 -0400] "GET /wp-includes/blocks/calendar/ HTTP/1.1" 403 1242 "-" "-"
13.94.89.74 - - [28/Apr/2025:07:48:18 -0400] "GET /wp-includes/blocks/comment-template/ HTTP/1.1" 403 1242 "-" "-"
13.94.89.74 - - [28/Apr/2025:07:48:18 -0400] "GET /wp-includes/blocks/freeform/ HTTP/1.1" 403 1242 "-" "-"
13.94.89.74 - - [28/Apr/2025:07:48:18 -0400] "GET /wp-includes/blocks/heading/ HTTP/1.1" 403 1242 "-" "-"
13.94.89.74 - - [28/Apr/2025:07:48:18 -0400] "GET /wp-includes/blocks/latest-comments/ HTTP/1.1" 403 1242 "-" "-"
13.94.89.74 - - [28/Apr/2025:07:48:18 -0400] "GET /wp-includes/blocks/list/ HTTP/1.1" 403 1242 "-" "-"
162.0.235.240 - - [28/Apr/2025:07:48:20 -0400] "GET /wp-content/plugins/contact-form-7-style/admin/predefined-templates.json HTTP/1.1" 200 1323 "-" "WordPress/6.8; https://batconpakistan.org"
13.94.89.74 - - [28/Apr/2025:07:48:19 -0400] "GET /wp-includes/blocks/list/index.php?p= HTTP/1.1" 301 0 "-" "-"
13.94.89.74 - - [28/Apr/2025:07:48:21 -0400] "GET /wp-includes/blocks/list/ HTTP/1.1" 403 1242 "-" "-"
13.94.89.74 - - [28/Apr/2025:07:48:21 -0400] "GET /wp-includes/blocks/loginout/ HTTP/1.1" 403 1242 "-" "-"
13.94.89.74 - - [28/Apr/2025:07:48:21 -0400] "GET /wp-includes/blocks/more/ HTTP/1.1" 403 1242 "-" "-"
13.94.89.74 - - [28/Apr/2025:07:48:21 -0400] "GET /wp-includes/blocks/post-author/ HTTP/1.1" 403 1242 "-" "-"
162.0.235.240 - - [28/Apr/2025:07:48:23 -0400] "GET /wp-content/plugins/contact-form-7-style/admin/predefined-templates.json HTTP/1.1" 200 1323 "-" "WordPress/6.8; https://batconpakistan.org"
13.94.89.74 - - [28/Apr/2025:07:48:22 -0400] "GET /wp-includes/blocks/post-author/wp-post.php HTTP/1.1" 404 15877 "-" "-"
13.94.89.74 - - [28/Apr/2025:07:48:24 -0400] "GET /wp-includes/blocks/shortcode/ HTTP/1.1" 403 1242 "-" "-"
13.94.89.74 - - [28/Apr/2025:07:48:24 -0400] "GET /wp-includes/blocks/site-logo/ HTTP/1.1" 403 1242 "-" "-"
13.94.89.74 - - [28/Apr/2025:07:48:25 -0400] "GET /wp-includes/blocks/social-links/ HTTP/1.1" 403 1242 "-" "-"
13.94.89.74 - - [28/Apr/2025:07:48:25 -0400] "GET /wp-includes/blocks/term-description/ HTTP/1.1" 403 1242 "-" "-"
162.0.235.240 - - [28/Apr/2025:07:48:26 -0400] "GET /wp-content/plugins/contact-form-7-style/admin/predefined-templates.json HTTP/1.1" 200 1323 "-" "WordPress/6.8; https://batconpakistan.org"
13.94.89.74 - - [28/Apr/2025:07:48:25 -0400] "GET /wp-includes/blocks/wp-conflg.php HTTP/1.1" 404 15877 "-" "-"
162.0.235.240 - - [28/Apr/2025:07:48:28 -0400] "GET /wp-content/plugins/contact-form-7-style/admin/predefined-templates.json HTTP/1.1" 200 1323 "-" "WordPress/6.8; https://batconpakistan.org"
13.94.89.74 - - [28/Apr/2025:07:48:27 -0400] "GET /wp-includes/blocks/wp-conflg.php?p= HTTP/1.1" 301 0 "-" "-"
13.94.89.74 - - [28/Apr/2025:07:48:28 -0400] "GET /wp-includes/blocks/wp-conflg.php HTTP/1.1" 404 15877 "-" "-"
162.0.235.240 - - [28/Apr/2025:07:48:30 -0400] "GET /wp-content/plugins/contact-form-7-style/admin/predefined-templates.json HTTP/1.1" 200 1323 "-" "WordPress/6.8; https://batconpakistan.org"
13.94.89.74 - - [28/Apr/2025:07:48:29 -0400] "GET /wp-includes/bnYGWrcap1X.php HTTP/1.1" 404 15877 "-" "-"
162.0.235.240 - - [28/Apr/2025:07:48:32 -0400] "GET /wp-content/plugins/contact-form-7-style/admin/predefined-templates.json HTTP/1.1" 200 1323 "-" "WordPress/6.8; https://batconpakistan.org"
13.94.89.74 - - [28/Apr/2025:07:48:30 -0400] "GET /wp-includes/buy.php HTTP/1.1" 404 15877 "-" "-"
13.94.89.74 - - [28/Apr/2025:07:48:33 -0400] "GET /wp-includes/certificates/ HTTP/1.1" 403 1242 "-" "-"
162.0.235.240 - - [28/Apr/2025:07:48:34 -0400] "GET /wp-content/plugins/contact-form-7-style/admin/predefined-templates.json HTTP/1.1" 200 1323 "-" "WordPress/6.8; https://batconpakistan.org"
13.94.89.74 - - [28/Apr/2025:07:48:33 -0400] "GET /wp-includes/certificates/about.php HTTP/1.1" 404 15877 "-" "-"
162.0.235.240 - - [28/Apr/2025:07:48:36 -0400] "GET /wp-content/plugins/contact-form-7-style/admin/predefined-templates.json HTTP/1.1" 200 1323 "-" "WordPress/6.8; https://batconpakistan.org"
13.94.89.74 - - [28/Apr/2025:07:48:35 -0400] "GET /wp-includes/certificates/admin.php HTTP/1.1" 404 15877 "-" "-"
162.0.235.240 - - [28/Apr/2025:07:48:38 -0400] "GET /wp-content/plugins/contact-form-7-style/admin/predefined-templates.json HTTP/1.1" 200 1323 "-" "WordPress/6.8; https://batconpakistan.org"
13.94.89.74 - - [28/Apr/2025:07:48:37 -0400] "GET /wp-includes/certificates/autoload_classmap.php HTTP/1.1" 404 15877 "-" "-"
13.94.89.74 - - [28/Apr/2025:07:48:39 -0400] "GET /wp-includes/certificates/chosen.php HTTP/1.1" 404 15875 "-" "-"
162.0.235.240 - - [28/Apr/2025:07:48:41 -0400] "GET /wp-content/plugins/contact-form-7-style/admin/predefined-templates.json HTTP/1.1" 200 1323 "-" "WordPress/6.8; https://batconpakistan.org"
162.0.235.240 - - [28/Apr/2025:07:48:41 -0400] "POST /wp-cron.php?doing_wp_cron=1745840921.7361888885498046875000 HTTP/1.1" 200 0 "-" "WordPress/6.8; https://batconpakistan.org"
13.94.89.74 - - [28/Apr/2025:07:48:40 -0400] "GET /wp-includes/certificates/index.php HTTP/1.1" 301 0 "-" "-"
13.94.89.74 - - [28/Apr/2025:07:48:42 -0400] "GET /wp-includes/certificates/ HTTP/1.1" 403 1242 "-" "-"
162.0.235.240 - - [28/Apr/2025:07:48:42 -0400] "GET /wp-content/plugins/contact-form-7-style/admin/predefined-templates.json HTTP/1.1" 200 1323 "-" "WordPress/6.8; https://batconpakistan.org"
162.0.235.240 - - [28/Apr/2025:07:48:43 -0400] "GET /wp-content/plugins/contact-form-7-style/admin/predefined-templates.json HTTP/1.1" 200 1323 "-" "WordPress/6.8; https://batconpakistan.org"
13.94.89.74 - - [28/Apr/2025:07:48:42 -0400] "GET /wp-includes/certificates/index.php?p= HTTP/1.1" 301 0 "-" "-"
13.94.89.74 - - [28/Apr/2025:07:48:43 -0400] "GET /wp-includes/certificates/ HTTP/1.1" 403 1242 "-" "-"
162.0.235.240 - - [28/Apr/2025:07:48:45 -0400] "GET /wp-content/plugins/contact-form-7-style/admin/predefined-templates.json HTTP/1.1" 200 1323 "-" "WordPress/6.8; https://batconpakistan.org"
13.94.89.74 - - [28/Apr/2025:07:48:44 -0400] "GET /wp-includes/certificates/plugins.php HTTP/1.1" 404 15878 "-" "-"
162.0.235.240 - - [28/Apr/2025:07:48:47 -0400] "GET /wp-content/plugins/contact-form-7-style/admin/predefined-templates.json HTTP/1.1" 200 1323 "-" "WordPress/6.8; https://batconpakistan.org"
13.94.89.74 - - [28/Apr/2025:07:48:46 -0400] "GET /wp-includes/certificates/wp-login.php HTTP/1.1" 404 15877 "-" "-"
162.0.235.240 - - [28/Apr/2025:07:48:49 -0400] "GET /wp-content/plugins/contact-form-7-style/admin/predefined-templates.json HTTP/1.1" 200 1323 "-" "WordPress/6.8; https://batconpakistan.org"
162.0.235.240 - - [28/Apr/2025:07:48:49 -0400] "POST /wp-cron.php?doing_wp_cron=1745840929.3493220806121826171875 HTTP/1.1" 200 0 "-" "WordPress/6.8; https://batconpakistan.org"
13.94.89.74 - - [28/Apr/2025:07:48:48 -0400] "GET /wp-includes/css.php HTTP/1.1" 404 15877 "-" "-"
13.94.89.74 - - [28/Apr/2025:07:48:50 -0400] "GET /wp-includes/css/ HTTP/1.1" 403 1242 "-" "-"
162.0.235.240 - - [28/Apr/2025:07:48:50 -0400] "GET /wp-content/plugins/contact-form-7-style/admin/predefined-templates.json HTTP/1.1" 200 1323 "-" "WordPress/6.8; https://batconpakistan.org"
162.0.235.240 - - [28/Apr/2025:07:48:51 -0400] "GET /wp-content/plugins/contact-form-7-style/admin/predefined-templates.json HTTP/1.1" 200 1323 "-" "WordPress/6.8; https://batconpakistan.org"
13.94.89.74 - - [28/Apr/2025:07:48:50 -0400] "GET /wp-includes/css//index.php HTTP/1.1" 301 0 "-" "-"
13.94.89.74 - - [28/Apr/2025:07:48:52 -0400] "GET /wp-includes/css/ HTTP/1.1" 403 1242 "-" "-"
162.0.235.240 - - [28/Apr/2025:07:48:53 -0400] "GET /wp-content/plugins/contact-form-7-style/admin/predefined-templates.json HTTP/1.1" 200 1323 "-" "WordPress/6.8; https://batconpakistan.org"
13.94.89.74 - - [28/Apr/2025:07:48:52 -0400] "GET /wp-includes/css/about.php HTTP/1.1" 404 15877 "-" "-"
162.0.235.240 - - [28/Apr/2025:07:48:55 -0400] "GET /wp-content/plugins/contact-form-7-style/admin/predefined-templates.json HTTP/1.1" 200 1323 "-" "WordPress/6.8; https://batconpakistan.org"
162.0.235.240 - - [28/Apr/2025:07:48:55 -0400] "POST /wp-cron.php?doing_wp_cron=1745840935.5099680423736572265625 HTTP/1.1" 200 0 "-" "WordPress/6.8; https://batconpakistan.org"
13.94.89.74 - - [28/Apr/2025:07:48:54 -0400] "GET /wp-includes/css/about.php?p= HTTP/1.1" 301 0 "-" "-"
13.94.89.74 - - [28/Apr/2025:07:48:55 -0400] "GET /wp-includes/css/about.php HTTP/1.1" 404 15877 "-" "-"
162.0.235.240 - - [28/Apr/2025:07:48:56 -0400] "GET /wp-content/plugins/contact-form-7-style/admin/predefined-templates.json HTTP/1.1" 200 1323 "-" "WordPress/6.8; https://batconpakistan.org"
162.0.235.240 - - [28/Apr/2025:07:48:57 -0400] "GET /wp-content/plugins/contact-form-7-style/admin/predefined-templates.json HTTP/1.1" 200 1323 "-" "WordPress/6.8; https://batconpakistan.org"
13.94.89.74 - - [28/Apr/2025:07:48:56 -0400] "GET /wp-includes/css/admiin.php HTTP/1.1" 404 15876 "-" "-"
162.0.235.240 - - [28/Apr/2025:07:48:58 -0400] "GET /wp-content/plugins/contact-form-7-style/admin/predefined-templates.json HTTP/1.1" 200 1323 "-" "WordPress/6.8; https://batconpakistan.org"
13.94.89.74 - - [28/Apr/2025:07:48:57 -0400] "GET /wp-includes/css/alfa-rex.php HTTP/1.1" 404 15877 "-" "-"
13.94.89.74 - - [28/Apr/2025:07:48:59 -0400] "GET /wp-includes/css/dist/ HTTP/1.1" 403 1242 "-" "-"
13.94.89.74 - - [28/Apr/2025:07:48:59 -0400] "GET /wp-includes/css/dist/block-library/ HTTP/1.1" 403 1242 "-" "-"
162.0.235.240 - - [28/Apr/2025:07:49:01 -0400] "GET /wp-content/plugins/contact-form-7-style/admin/predefined-templates.json HTTP/1.1" 200 1323 "-" "WordPress/6.8; https://batconpakistan.org"
13.94.89.74 - - [28/Apr/2025:07:49:00 -0400] "GET /wp-includes/css/dist/components/admin.php HTTP/1.1" 404 15878 "-" "-"
13.94.89.74 - - [28/Apr/2025:07:49:01 -0400] "GET /wp-includes/css/dist/edit-site/ HTTP/1.1" 403 1242 "-" "-"
13.94.89.74 - - [28/Apr/2025:07:49:02 -0400] "GET /wp-includes/css/dist/edit-widgets/ HTTP/1.1" 403 1242 "-" "-"
13.94.89.74 - - [28/Apr/2025:07:49:02 -0400] "GET /wp-includes/css/dist/list-reusable-blocks/ HTTP/1.1" 403 1242 "-" "-"
162.0.235.240 - - [28/Apr/2025:07:49:03 -0400] "GET /wp-content/plugins/contact-form-7-style/admin/predefined-templates.json HTTP/1.1" 200 1323 "-" "WordPress/6.8; https://batconpakistan.org"
13.94.89.74 - - [28/Apr/2025:07:49:02 -0400] "GET /wp-includes/css/dist/preferences/index.php HTTP/1.1" 301 0 "-" "-"
13.94.89.74 - - [28/Apr/2025:07:49:04 -0400] "GET /wp-includes/css/dist/preferences/ HTTP/1.1" 403 1242 "-" "-"
13.94.89.74 - - [28/Apr/2025:07:49:04 -0400] "GET /wp-includes/css/dist/widgets/ HTTP/1.1" 403 1242 "-" "-"
162.0.235.240 - - [28/Apr/2025:07:49:05 -0400] "GET /wp-content/plugins/contact-form-7-style/admin/predefined-templates.json HTTP/1.1" 200 1323 "-" "WordPress/6.8; https://batconpakistan.org"
162.0.235.240 - - [28/Apr/2025:07:49:05 -0400] "POST /wp-cron.php?doing_wp_cron=1745840945.5507259368896484375000 HTTP/1.1" 200 0 "-" "WordPress/6.8; https://batconpakistan.org"
13.94.89.74 - - [28/Apr/2025:07:49:04 -0400] "GET /wp-includes/css/index.php HTTP/1.1" 301 0 "-" "-"
13.94.89.74 - - [28/Apr/2025:07:49:05 -0400] "GET /wp-includes/css/ HTTP/1.1" 403 1242 "-" "-"
162.0.235.240 - - [28/Apr/2025:07:49:06 -0400] "GET /wp-content/plugins/contact-form-7-style/admin/predefined-templates.json HTTP/1.1" 200 1323 "-" "WordPress/6.8; https://batconpakistan.org"
162.0.235.240 - - [28/Apr/2025:07:49:06 -0400] "GET /wp-content/plugins/contact-form-7-style/admin/predefined-templates.json HTTP/1.1" 200 1323 "-" "WordPress/6.8; https://batconpakistan.org"
13.94.89.74 - - [28/Apr/2025:07:49:06 -0400] "GET /wp-includes/css/index.php?p= HTTP/1.1" 301 0 "-" "-"
162.0.235.240 - - [28/Apr/2025:07:49:06 -0400] "POST /wp-admin/admin-ajax.php?action=async_litespeed&nonce=uOdr0qspiiK3qViwY4l9XdJhQqRNUnrA&litespeed_type=imgoptm HTTP/1.1" 200 0 "-" "WordPress/6.8; https://batconpakistan.org"
162.0.235.240 - - [28/Apr/2025:07:49:07 -0400] "GET /wp-content/plugins/contact-form-7-style/admin/predefined-templates.json HTTP/1.1" 200 1323 "-" "WordPress/6.8; https://batconpakistan.org"
13.94.89.74 - - [28/Apr/2025:07:49:07 -0400] "GET /wp-includes/css/ HTTP/1.1" 403 1242 "-" "-"
162.0.235.240 - - [28/Apr/2025:07:49:08 -0400] "GET /wp-content/plugins/contact-form-7-style/admin/predefined-templates.json HTTP/1.1" 200 1323 "-" "WordPress/6.8; https://batconpakistan.org"
13.94.89.74 - - [28/Apr/2025:07:49:07 -0400] "GET /wp-includes/css/wp-conflg.php HTTP/1.1" 404 15878 "-" "-"
162.0.235.240 - - [28/Apr/2025:07:49:10 -0400] "GET /wp-content/plugins/contact-form-7-style/admin/predefined-templates.json HTTP/1.1" 200 1323 "-" "WordPress/6.8; https://batconpakistan.org"
13.94.89.74 - - [28/Apr/2025:07:49:09 -0400] "GET /wp-includes/css/wp-conflg.php?p= HTTP/1.1" 301 0 "-" "-"
13.94.89.74 - - [28/Apr/2025:07:49:11 -0400] "GET /wp-includes/css/wp-conflg.php HTTP/1.1" 404 15878 "-" "-"
162.0.235.240 - - [28/Apr/2025:07:49:12 -0400] "GET /wp-content/plugins/contact-form-7-style/admin/predefined-templates.json HTTP/1.1" 200 1323 "-" "WordPress/6.8; https://batconpakistan.org"
13.94.89.74 - - [28/Apr/2025:07:49:11 -0400] "GET /wp-includes/css/wp-login.php HTTP/1.1" 404 15878 "-" "-"
162.0.235.240 - - [28/Apr/2025:07:49:15 -0400] "GET /wp-content/plugins/contact-form-7-style/admin/predefined-templates.json HTTP/1.1" 200 1323 "-" "WordPress/6.8; https://batconpakistan.org"
13.94.89.74 - - [28/Apr/2025:07:49:14 -0400] "GET /wp-includes/css/xBrain.php HTTP/1.1" 404 15879 "-" "-"
13.94.89.74 - - [28/Apr/2025:07:49:16 -0400] "GET /wp-includes/customize/ HTTP/1.1" 403 1242 "-" "-"
162.0.235.240 - - [28/Apr/2025:07:49:18 -0400] "GET /wp-content/plugins/contact-form-7-style/admin/predefined-templates.json HTTP/1.1" 200 1323 "-" "WordPress/6.8; https://batconpakistan.org"
13.94.89.74 - - [28/Apr/2025:07:49:16 -0400] "GET /wp-includes/customize/about.php HTTP/1.1" 404 15876 "-" "-"
162.0.235.240 - - [28/Apr/2025:07:49:19 -0400] "GET /wp-content/plugins/contact-form-7-style/admin/predefined-templates.json HTTP/1.1" 200 1323 "-" "WordPress/6.8; https://batconpakistan.org"
13.94.89.74 - - [28/Apr/2025:07:49:18 -0400] "GET /wp-includes/customize/autoload_classmap.php HTTP/1.1" 404 15878 "-" "-"
162.0.235.240 - - [28/Apr/2025:07:49:21 -0400] "GET /wp-content/plugins/contact-form-7-style/admin/predefined-templates.json HTTP/1.1" 200 1323 "-" "WordPress/6.8; https://batconpakistan.org"
13.94.89.74 - - [28/Apr/2025:07:49:20 -0400] "GET /wp-includes/customize/chosen.php HTTP/1.1" 404 15876 "-" "-"
13.94.89.74 - - [28/Apr/2025:07:49:22 -0400] "GET /wp-includes/customize/index.php HTTP/1.1" 403 1242 "-" "-"
162.0.235.240 - - [28/Apr/2025:07:49:23 -0400] "GET /wp-content/plugins/contact-form-7-style/admin/predefined-templates.json HTTP/1.1" 200 1323 "-" "WordPress/6.8; https://batconpakistan.org"
13.94.89.74 - - [28/Apr/2025:07:49:22 -0400] "GET /wp-includes/customize/mariju.php HTTP/1.1" 404 15877 "-" "-"
162.0.235.240 - - [28/Apr/2025:07:49:25 -0400] "GET /wp-content/plugins/contact-form-7-style/admin/predefined-templates.json HTTP/1.1" 200 1323 "-" "WordPress/6.8; https://batconpakistan.org"
13.94.89.74 - - [28/Apr/2025:07:49:24 -0400] "GET /wp-includes/customize/wp-conflg.php HTTP/1.1" 404 15879 "-" "-"
162.0.235.240 - - [28/Apr/2025:07:49:27 -0400] "GET /wp-content/plugins/contact-form-7-style/admin/predefined-templates.json HTTP/1.1" 200 1323 "-" "WordPress/6.8; https://batconpakistan.org"
13.94.89.74 - - [28/Apr/2025:07:49:26 -0400] "GET /wp-includes/customize/wp-conflg.php?p= HTTP/1.1" 301 0 "-" "-"
13.94.89.74 - - [28/Apr/2025:07:49:28 -0400] "GET /wp-includes/customize/wp-conflg.php HTTP/1.1" 404 15879 "-" "-"
162.0.235.240 - - [28/Apr/2025:07:49:29 -0400] "GET /wp-content/plugins/contact-form-7-style/admin/predefined-templates.json HTTP/1.1" 200 1323 "-" "WordPress/6.8; https://batconpakistan.org"
13.94.89.74 - - [28/Apr/2025:07:49:28 -0400] "GET /wp-includes/customize/wp-login.php HTTP/1.1" 404 15875 "-" "-"
162.0.235.240 - - [28/Apr/2025:07:49:32 -0400] "GET /wp-content/plugins/contact-form-7-style/admin/predefined-templates.json HTTP/1.1" 200 1323 "-" "WordPress/6.8; https://batconpakistan.org"
13.94.89.74 - - [28/Apr/2025:07:49:30 -0400] "GET /wp-includes/customize/zmFM.php HTTP/1.1" 404 15877 "-" "-"
13.94.89.74 - - [28/Apr/2025:07:49:33 -0400] "GET /wp-includes/fonts/ HTTP/1.1" 403 1242 "-" "-"
162.0.235.240 - - [28/Apr/2025:07:49:34 -0400] "GET /wp-content/plugins/contact-form-7-style/admin/predefined-templates.json HTTP/1.1" 200 1323 "-" "WordPress/6.8; https://batconpakistan.org"
13.94.89.74 - - [28/Apr/2025:07:49:33 -0400] "GET /wp-includes/fonts//links.php HTTP/1.1" 301 0 "-" "-"
162.0.235.240 - - [28/Apr/2025:07:49:36 -0400] "GET /wp-content/plugins/contact-form-7-style/admin/predefined-templates.json HTTP/1.1" 200 1323 "-" "WordPress/6.8; https://batconpakistan.org"
13.94.89.74 - - [28/Apr/2025:07:49:34 -0400] "GET /wp-includes/fonts/links.php HTTP/1.1" 404 15877 "-" "-"
162.0.235.240 - - [28/Apr/2025:07:49:38 -0400] "GET /wp-content/plugins/contact-form-7-style/admin/predefined-templates.json HTTP/1.1" 200 1323 "-" "WordPress/6.8; https://batconpakistan.org"
13.94.89.74 - - [28/Apr/2025:07:49:37 -0400] "GET /wp-includes/fonts/admin.php HTTP/1.1" 404 15878 "-" "-"
162.0.235.240 - - [28/Apr/2025:07:49:40 -0400] "GET /wp-content/plugins/contact-form-7-style/admin/predefined-templates.json HTTP/1.1" 200 1323 "-" "WordPress/6.8; https://batconpakistan.org"
162.0.235.240 - - [28/Apr/2025:07:49:41 -0400] "POST /wp-cron.php?doing_wp_cron=1745840980.8715550899505615234375 HTTP/1.1" 200 0 "-" "WordPress/6.8; https://batconpakistan.org"
13.94.89.74 - - [28/Apr/2025:07:49:39 -0400] "GET /wp-includes/fonts/index.php HTTP/1.1" 301 0 "-" "-"
13.94.89.74 - - [28/Apr/2025:07:49:41 -0400] "GET /wp-includes/fonts/ HTTP/1.1" 403 1242 "-" "-"
162.0.235.240 - - [28/Apr/2025:07:49:41 -0400] "GET /wp-content/plugins/contact-form-7-style/admin/predefined-templates.json HTTP/1.1" 200 1323 "-" "WordPress/6.8; https://batconpakistan.org"
162.0.235.240 - - [28/Apr/2025:07:49:42 -0400] "GET /wp-content/plugins/contact-form-7-style/admin/predefined-templates.json HTTP/1.1" 200 1323 "-" "WordPress/6.8; https://batconpakistan.org"
162.0.235.240 - - [28/Apr/2025:07:49:43 -0400] "GET /wp-content/plugins/contact-form-7-style/admin/predefined-templates.json HTTP/1.1" 200 1323 "-" "WordPress/6.8; https://batconpakistan.org"
13.94.89.74 - - [28/Apr/2025:07:49:41 -0400] "GET /wp-includes/fonts/index.php?p= HTTP/1.1" 301 0 "-" "-"
13.94.89.74 - - [28/Apr/2025:07:49:43 -0400] "GET /wp-includes/fonts/ HTTP/1.1" 403 1242 "-" "-"
152.53.250.192 - - [28/Apr/2025:07:49:41 -0400] "GET /wp-content/plugins/HelloDollyV2/hello_dolly_v2.php HTTP/1.1" 404 15877 "www.google.com" "Mozlila/5.0 (Linux; Android 7.0; SM-G892A Bulid/NRD90M; wv) AppleWebKit/537.36 (KHTML, like Gecko) Version/4.0 Chrome/60.0.3112.107 Moblie Safari/537.36"
162.0.235.240 - - [28/Apr/2025:07:49:45 -0400] "GET /wp-content/plugins/contact-form-7-style/admin/predefined-templates.json HTTP/1.1" 200 1323 "-" "WordPress/6.8; https://batconpakistan.org"
13.94.89.74 - - [28/Apr/2025:07:49:43 -0400] "GET /wp-includes/fonts/wp-conflg.php?p= HTTP/1.1" 301 0 "-" "-"
162.0.235.240 - - [28/Apr/2025:07:49:47 -0400] "GET /wp-content/plugins/contact-form-7-style/admin/predefined-templates.json HTTP/1.1" 200 1323 "-" "WordPress/6.8; https://batconpakistan.org"
13.94.89.74 - - [28/Apr/2025:07:49:45 -0400] "GET /wp-includes/fonts/wp-conflg.php HTTP/1.1" 404 15876 "-" "-"
162.0.235.240 - - [28/Apr/2025:07:49:49 -0400] "GET /wp-content/plugins/contact-form-7-style/admin/predefined-templates.json HTTP/1.1" 200 1323 "-" "WordPress/6.8; https://batconpakistan.org"
162.0.235.240 - - [28/Apr/2025:07:49:50 -0400] "POST /wp-cron.php?doing_wp_cron=1745840989.9928290843963623046875 HTTP/1.1" 200 0 "-" "WordPress/6.8; https://batconpakistan.org"
13.94.89.74 - - [28/Apr/2025:07:49:48 -0400] "GET /wp-includes/fonts/wp-login.php HTTP/1.1" 404 15877 "-" "-"
162.0.235.240 - - [28/Apr/2025:07:49:51 -0400] "GET /wp-content/plugins/contact-form-7-style/admin/predefined-templates.json HTTP/1.1" 200 1323 "-" "WordPress/6.8; https://batconpakistan.org"
162.0.235.240 - - [28/Apr/2025:07:49:52 -0400] "GET /wp-content/plugins/contact-form-7-style/admin/predefined-templates.json HTTP/1.1" 200 1323 "-" "WordPress/6.8; https://batconpakistan.org"
162.0.235.240 - - [28/Apr/2025:07:49:52 -0400] "GET /wp-content/plugins/contact-form-7-style/admin/predefined-templates.json HTTP/1.1" 200 1323 "-" "WordPress/6.8; https://batconpakistan.org"
152.53.250.192 - - [28/Apr/2025:07:49:50 -0400] "GET /wp-content/themes/hello_dolly_v2.php HTTP/1.1" 404 15877 "www.google.com" "Mozlila/5.0 (Linux; Android 7.0; SM-G892A Bulid/NRD90M; wv) AppleWebKit/537.36 (KHTML, like Gecko) Version/4.0 Chrome/60.0.3112.107 Moblie Safari/537.36"
13.94.89.74 - - [28/Apr/2025:07:49:51 -0400] "GET /wp-includes/function.php HTTP/1.1" 404 15877 "-" "-"
13.94.89.74 - - [28/Apr/2025:07:49:53 -0400] "GET /wp-includes/html-api/ HTTP/1.1" 403 1242 "-" "-"
162.0.235.240 - - [28/Apr/2025:07:49:54 -0400] "GET /wp-content/plugins/contact-form-7-style/admin/predefined-templates.json HTTP/1.1" 200 1323 "-" "WordPress/6.8; https://batconpakistan.org"
13.94.89.74 - - [28/Apr/2025:07:49:53 -0400] "GET /wp-includes/html-api/chosen.php HTTP/1.1" 404 15875 "-" "-"
162.0.235.240 - - [28/Apr/2025:07:49:56 -0400] "GET /wp-content/plugins/contact-form-7-style/admin/predefined-templates.json HTTP/1.1" 200 1323 "-" "WordPress/6.8; https://batconpakistan.org"
162.0.235.240 - - [28/Apr/2025:07:49:57 -0400] "POST /wp-cron.php?doing_wp_cron=1745840997.2174520492553710937500 HTTP/1.1" 200 0 "-" "WordPress/6.8; https://batconpakistan.org"
13.94.89.74 - - [28/Apr/2025:07:49:55 -0400] "GET /wp-includes/html-api/index.php HTTP/1.1" 301 0 "-" "-"
13.94.89.74 - - [28/Apr/2025:07:49:57 -0400] "GET /wp-includes/html-api/ HTTP/1.1" 403 1242 "-" "-"
162.0.235.240 - - [28/Apr/2025:07:49:58 -0400] "GET /wp-content/plugins/contact-form-7-style/admin/predefined-templates.json HTTP/1.1" 200 1323 "-" "WordPress/6.8; https://batconpakistan.org"
162.0.235.240 - - [28/Apr/2025:07:49:59 -0400] "GET /wp-content/plugins/contact-form-7-style/admin/predefined-templates.json HTTP/1.1" 200 1323 "-" "WordPress/6.8; https://batconpakistan.org"
13.94.89.74 - - [28/Apr/2025:07:49:57 -0400] "GET /wp-includes/html-api/wp-conflg.php HTTP/1.1" 404 15876 "-" "-"
