13.74.68.224 - - [28/Apr/2025:17:39:10 -0400] "GET /wp-includes/js/tinymce/plugins/compat3x/css/ HTTP/1.1" 403 1242 "-" "-"
162.0.235.240 - - [28/Apr/2025:17:39:11 -0400] "GET /wp-content/plugins/contact-form-7-style/admin/predefined-templates.json HTTP/1.1" 200 1323 "-" "WordPress/6.8; https://batconpakistan.org"
13.74.68.224 - - [28/Apr/2025:17:39:10 -0400] "GET /wp-includes/theme-compat/about.php HTTP/1.1" 301 0 "-" "-"
162.0.235.240 - - [28/Apr/2025:17:39:12 -0400] "GET /wp-content/plugins/contact-form-7-style/admin/predefined-templates.json HTTP/1.1" 200 1323 "-" "WordPress/6.8; https://batconpakistan.org"
13.74.68.224 - - [28/Apr/2025:17:39:11 -0400] "GET /wp-includes/theme-compat/about.php HTTP/1.1" 404 15890 "-" "-"
162.0.235.240 - - [28/Apr/2025:17:39:14 -0400] "GET /wp-content/plugins/contact-form-7-style/admin/predefined-templates.json HTTP/1.1" 200 1323 "-" "WordPress/6.8; https://batconpakistan.org"
13.74.68.224 - - [28/Apr/2025:17:39:13 -0400] "GET /wp-admin/file.php HTTP/1.1" 301 0 "-" "-"
162.0.235.240 - - [28/Apr/2025:17:39:15 -0400] "GET /wp-content/plugins/contact-form-7-style/admin/predefined-templates.json HTTP/1.1" 200 1323 "-" "WordPress/6.8; https://batconpakistan.org"
13.74.68.224 - - [28/Apr/2025:17:39:14 -0400] "GET /wp-admin/file.php HTTP/1.1" 404 15890 "-" "-"
162.0.235.240 - - [28/Apr/2025:17:39:16 -0400] "GET /wp-content/plugins/contact-form-7-style/admin/predefined-templates.json HTTP/1.1" 200 1323 "-" "WordPress/6.8; https://batconpakistan.org"
13.74.68.224 - - [28/Apr/2025:17:39:16 -0400] "GET /user.php HTTP/1.1" 301 0 "-" "-"
13.74.68.224 - - [28/Apr/2025:17:39:17 -0400] "GET /user.php HTTP/1.1" 404 15888 "-" "-"
162.0.235.240 - - [28/Apr/2025:17:39:18 -0400] "GET /wp-content/plugins/contact-form-7-style/admin/predefined-templates.json HTTP/1.1" 200 1323 "-" "WordPress/6.8; https://batconpakistan.org"
13.74.68.224 - - [28/Apr/2025:17:39:17 -0400] "GET /cgi-bin/wp-login.php HTTP/1.1" 301 0 "-" "-"
162.0.235.240 - - [28/Apr/2025:17:39:19 -0400] "GET /wp-content/plugins/contact-form-7-style/admin/predefined-templates.json HTTP/1.1" 200 1323 "-" "WordPress/6.8; https://batconpakistan.org"
13.74.68.224 - - [28/Apr/2025:17:39:18 -0400] "GET /cgi-bin/wp-login.php HTTP/1.1" 404 15889 "-" "-"
162.0.235.240 - - [28/Apr/2025:17:39:21 -0400] "GET /wp-content/plugins/contact-form-7-style/admin/predefined-templates.json HTTP/1.1" 200 1323 "-" "WordPress/6.8; https://batconpakistan.org"
13.74.68.224 - - [28/Apr/2025:17:39:20 -0400] "GET /text.php HTTP/1.1" 301 0 "-" "-"
162.0.235.240 - - [28/Apr/2025:17:39:22 -0400] "GET /wp-content/plugins/contact-form-7-style/admin/predefined-templates.json HTTP/1.1" 200 1323 "-" "WordPress/6.8; https://batconpakistan.org"
13.74.68.224 - - [28/Apr/2025:17:39:21 -0400] "GET /text.php HTTP/1.1" 404 15890 "-" "-"
162.0.235.240 - - [28/Apr/2025:17:39:24 -0400] "GET /wp-content/plugins/contact-form-7-style/admin/predefined-templates.json HTTP/1.1" 200 1323 "-" "WordPress/6.8; https://batconpakistan.org"
13.74.68.224 - - [28/Apr/2025:17:39:23 -0400] "GET /wp-content/themes/twenty/twenty.php HTTP/1.1" 301 0 "-" "-"
162.0.235.240 - - [28/Apr/2025:17:39:25 -0400] "GET /wp-content/plugins/contact-form-7-style/admin/predefined-templates.json HTTP/1.1" 200 1323 "-" "WordPress/6.8; https://batconpakistan.org"
13.74.68.224 - - [28/Apr/2025:17:39:24 -0400] "GET /wp-content/themes/twenty/twenty.php HTTP/1.1" 404 15889 "-" "-"
162.0.235.240 - - [28/Apr/2025:17:39:26 -0400] "GET /wp-content/plugins/contact-form-7-style/admin/predefined-templates.json HTTP/1.1" 200 1323 "-" "WordPress/6.8; https://batconpakistan.org"
13.74.68.224 - - [28/Apr/2025:17:39:26 -0400] "GET /2.php HTTP/1.1" 301 0 "-" "-"
162.0.235.240 - - [28/Apr/2025:17:39:28 -0400] "GET /wp-content/plugins/contact-form-7-style/admin/predefined-templates.json HTTP/1.1" 200 1323 "-" "WordPress/6.8; https://batconpakistan.org"
13.74.68.224 - - [28/Apr/2025:17:39:27 -0400] "GET /2.php HTTP/1.1" 404 15890 "-" "-"
162.0.235.240 - - [28/Apr/2025:17:39:29 -0400] "GET /wp-content/plugins/contact-form-7-style/admin/predefined-templates.json HTTP/1.1" 200 1323 "-" "WordPress/6.8; https://batconpakistan.org"
13.74.68.224 - - [28/Apr/2025:17:39:28 -0400] "GET /NewFile.php HTTP/1.1" 301 0 "-" "-"
162.0.235.240 - - [28/Apr/2025:17:39:30 -0400] "GET /wp-content/plugins/contact-form-7-style/admin/predefined-templates.json HTTP/1.1" 200 1323 "-" "WordPress/6.8; https://batconpakistan.org"
13.74.68.224 - - [28/Apr/2025:17:39:30 -0400] "GET /NewFile.php HTTP/1.1" 404 15888 "-" "-"
162.0.235.240 - - [28/Apr/2025:17:39:32 -0400] "GET /wp-content/plugins/contact-form-7-style/admin/predefined-templates.json HTTP/1.1" 200 1323 "-" "WordPress/6.8; https://batconpakistan.org"
13.74.68.224 - - [28/Apr/2025:17:39:31 -0400] "GET /test.php HTTP/1.1" 301 0 "-" "-"
162.0.235.240 - - [28/Apr/2025:17:39:33 -0400] "GET /wp-content/plugins/contact-form-7-style/admin/predefined-templates.json HTTP/1.1" 200 1323 "-" "WordPress/6.8; https://batconpakistan.org"
13.74.68.224 - - [28/Apr/2025:17:39:32 -0400] "GET /test.php HTTP/1.1" 404 15891 "-" "-"
162.0.235.240 - - [28/Apr/2025:17:39:35 -0400] "GET /wp-content/plugins/contact-form-7-style/admin/predefined-templates.json HTTP/1.1" 200 1323 "-" "WordPress/6.8; https://batconpakistan.org"
13.74.68.224 - - [28/Apr/2025:17:39:34 -0400] "GET /wp-includes/css/index.php HTTP/1.1" 301 0 "-" "-"
13.74.68.224 - - [28/Apr/2025:17:39:35 -0400] "GET /wp-includes/css/ HTTP/1.1" 403 1242 "-" "-"
162.0.235.240 - - [28/Apr/2025:17:39:36 -0400] "GET /wp-content/plugins/contact-form-7-style/admin/predefined-templates.json HTTP/1.1" 200 1323 "-" "WordPress/6.8; https://batconpakistan.org"
13.74.68.224 - - [28/Apr/2025:17:39:35 -0400] "GET /radio.php HTTP/1.1" 301 0 "-" "-"
162.0.235.240 - - [28/Apr/2025:17:39:37 -0400] "GET /wp-content/plugins/contact-form-7-style/admin/predefined-templates.json HTTP/1.1" 200 1323 "-" "WordPress/6.8; https://batconpakistan.org"
13.74.68.224 - - [28/Apr/2025:17:39:36 -0400] "GET /radio.php HTTP/1.1" 404 15887 "-" "-"
162.0.235.240 - - [28/Apr/2025:17:39:39 -0400] "GET /wp-content/plugins/contact-form-7-style/admin/predefined-templates.json HTTP/1.1" 200 1323 "-" "WordPress/6.8; https://batconpakistan.org"
13.74.68.224 - - [28/Apr/2025:17:39:38 -0400] "GET /wp-admin/images/cloud.php HTTP/1.1" 301 0 "-" "-"
13.74.68.224 - - [28/Apr/2025:17:39:39 -0400] "GET /wp-admin/images/cloud.php HTTP/1.1" 404 15890 "-" "-"
162.0.235.240 - - [28/Apr/2025:17:39:40 -0400] "GET /wp-content/plugins/contact-form-7-style/admin/predefined-templates.json HTTP/1.1" 200 1323 "-" "WordPress/6.8; https://batconpakistan.org"
162.0.235.240 - - [28/Apr/2025:17:39:41 -0400] "POST /wp-cron.php?doing_wp_cron=1745876381.0501959323883056640625 HTTP/1.1" 200 0 "-" "WordPress/6.8; https://batconpakistan.org"
13.74.68.224 - - [28/Apr/2025:17:39:40 -0400] "GET /wp-content/plugins/dummyyummy/wp-signup.php HTTP/1.1" 301 0 "-" "-"
162.0.235.240 - - [28/Apr/2025:17:39:41 -0400] "GET /wp-content/plugins/contact-form-7-style/admin/predefined-templates.json HTTP/1.1" 200 1323 "-" "WordPress/6.8; https://batconpakistan.org"
162.0.235.240 - - [28/Apr/2025:17:39:42 -0400] "GET /wp-content/plugins/contact-form-7-style/admin/predefined-templates.json HTTP/1.1" 200 1323 "-" "WordPress/6.8; https://batconpakistan.org"
13.74.68.224 - - [28/Apr/2025:17:39:41 -0400] "GET /wp-content/plugins/dummyyummy/wp-signup.php HTTP/1.1" 404 15889 "-" "-"
162.0.235.240 - - [28/Apr/2025:17:39:43 -0400] "GET /wp-content/plugins/contact-form-7-style/admin/predefined-templates.json HTTP/1.1" 200 1323 "-" "WordPress/6.8; https://batconpakistan.org"
13.74.68.224 - - [28/Apr/2025:17:39:42 -0400] "GET /wp-admin/pages.php HTTP/1.1" 301 0 "-" "-"
162.0.235.240 - - [28/Apr/2025:17:39:44 -0400] "GET /wp-content/plugins/contact-form-7-style/admin/predefined-templates.json HTTP/1.1" 200 1323 "-" "WordPress/6.8; https://batconpakistan.org"
13.74.68.224 - - [28/Apr/2025:17:39:44 -0400] "GET /wp-admin/pages.php HTTP/1.1" 404 15890 "-" "-"
162.0.235.240 - - [28/Apr/2025:17:39:46 -0400] "GET /wp-content/plugins/contact-form-7-style/admin/predefined-templates.json HTTP/1.1" 200 1323 "-" "WordPress/6.8; https://batconpakistan.org"
13.74.68.224 - - [28/Apr/2025:17:39:45 -0400] "GET /wp-admin/css/colors/blue/index.php HTTP/1.1" 301 0 "-" "-"
13.74.68.224 - - [28/Apr/2025:17:39:46 -0400] "GET /wp-admin/css/colors/blue/ HTTP/1.1" 403 1242 "-" "-"
162.0.235.240 - - [28/Apr/2025:17:39:47 -0400] "GET /wp-content/plugins/contact-form-7-style/admin/predefined-templates.json HTTP/1.1" 200 1323 "-" "WordPress/6.8; https://batconpakistan.org"
162.0.235.240 - - [28/Apr/2025:17:39:48 -0400] "POST /wp-cron.php?doing_wp_cron=1745876388.1769409179687500000000 HTTP/1.1" 200 0 "-" "WordPress/6.8; https://batconpakistan.org"
13.74.68.224 - - [28/Apr/2025:17:39:47 -0400] "GET /wp-content/languages/index.php HTTP/1.1" 301 0 "-" "-"
162.0.235.240 - - [28/Apr/2025:17:39:48 -0400] "GET /wp-content/plugins/contact-form-7-style/admin/predefined-templates.json HTTP/1.1" 200 1323 "-" "WordPress/6.8; https://batconpakistan.org"
162.0.235.240 - - [28/Apr/2025:17:39:49 -0400] "GET /wp-content/plugins/contact-form-7-style/admin/predefined-templates.json HTTP/1.1" 200 1323 "-" "WordPress/6.8; https://batconpakistan.org"
13.74.68.224 - - [28/Apr/2025:17:39:48 -0400] "GET /wp-content/languages/ HTTP/1.1" 404 15890 "-" "-"
162.0.235.240 - - [28/Apr/2025:17:39:50 -0400] "GET /wp-content/plugins/contact-form-7-style/admin/predefined-templates.json HTTP/1.1" 200 1323 "-" "WordPress/6.8; https://batconpakistan.org"
13.74.68.224 - - [28/Apr/2025:17:39:50 -0400] "GET /wp-admin/css/about.php HTTP/1.1" 301 0 "-" "-"
13.74.68.224 - - [28/Apr/2025:17:39:51 -0400] "GET /wp-admin/css/about.php HTTP/1.1" 404 15888 "-" "-"
162.0.235.240 - - [28/Apr/2025:17:39:52 -0400] "GET /wp-content/plugins/contact-form-7-style/admin/predefined-templates.json HTTP/1.1" 200 1323 "-" "WordPress/6.8; https://batconpakistan.org"
13.74.68.224 - - [28/Apr/2025:17:39:51 -0400] "GET /wp-includes/Requests/chosen.php HTTP/1.1" 301 0 "-" "-"
162.0.235.240 - - [28/Apr/2025:17:39:53 -0400] "GET /wp-content/plugins/contact-form-7-style/admin/predefined-templates.json HTTP/1.1" 200 1323 "-" "WordPress/6.8; https://batconpakistan.org"
13.74.68.224 - - [28/Apr/2025:17:39:52 -0400] "GET /wp-includes/Requests/chosen.php HTTP/1.1" 404 15890 "-" "-"
162.0.235.240 - - [28/Apr/2025:17:39:54 -0400] "GET /wp-content/plugins/contact-form-7-style/admin/predefined-templates.json HTTP/1.1" 200 1323 "-" "WordPress/6.8; https://batconpakistan.org"
162.0.235.240 - - [28/Apr/2025:17:39:55 -0400] "POST /wp-cron.php?doing_wp_cron=1745876395.0251109600067138671875 HTTP/1.1" 200 0 "-" "WordPress/6.8; https://batconpakistan.org"
13.74.68.224 - - [28/Apr/2025:17:39:54 -0400] "GET /wp-includes/customize/about.php HTTP/1.1" 301 0 "-" "-"
13.74.68.224 - - [28/Apr/2025:17:39:55 -0400] "GET /wp-includes/customize/about.php HTTP/1.1" 404 15888 "-" "-"
162.0.235.240 - - [28/Apr/2025:17:39:55 -0400] "GET /wp-content/plugins/contact-form-7-style/admin/predefined-templates.json HTTP/1.1" 200 1323 "-" "WordPress/6.8; https://batconpakistan.org"
162.0.235.240 - - [28/Apr/2025:17:39:56 -0400] "GET /wp-content/plugins/contact-form-7-style/admin/predefined-templates.json HTTP/1.1" 200 1323 "-" "WordPress/6.8; https://batconpakistan.org"
13.74.68.224 - - [28/Apr/2025:17:39:55 -0400] "GET /baxa1.php HTTP/1.1" 301 0 "-" "-"
162.0.235.240 - - [28/Apr/2025:17:39:57 -0400] "GET /wp-content/plugins/contact-form-7-style/admin/predefined-templates.json HTTP/1.1" 200 1323 "-" "WordPress/6.8; https://batconpakistan.org"
13.74.68.224 - - [28/Apr/2025:17:39:56 -0400] "GET /baxa1.php HTTP/1.1" 404 15890 "-" "-"
13.74.68.224 - - [28/Apr/2025:17:39:58 -0400] "GET /wp-content/index.php HTTP/1.1" 200 0 "-" "-"
162.0.235.240 - - [28/Apr/2025:17:39:59 -0400] "GET /wp-content/plugins/contact-form-7-style/admin/predefined-templates.json HTTP/1.1" 200 1323 "-" "WordPress/6.8; https://batconpakistan.org"
13.74.68.224 - - [28/Apr/2025:17:39:58 -0400] "GET /wp-includes/images/smilies/about.php HTTP/1.1" 301 0 "-" "-"
13.74.68.224 - - [28/Apr/2025:17:39:59 -0400] "GET /wp-includes/images/smilies/about.php HTTP/1.1" 404 15889 "-" "-"
162.0.235.240 - - [28/Apr/2025:17:40:01 -0400] "GET /wp-content/plugins/contact-form-7-style/admin/predefined-templates.json HTTP/1.1" 200 1323 "-" "WordPress/6.8; https://batconpakistan.org"
13.74.68.224 - - [28/Apr/2025:17:40:00 -0400] "GET /wp-includes/SimplePie/about.php HTTP/1.1" 301 0 "-" "-"
13.74.68.224 - - [28/Apr/2025:17:40:01 -0400] "GET /wp-includes/SimplePie/about.php HTTP/1.1" 404 15890 "-" "-"
162.0.235.240 - - [28/Apr/2025:17:40:03 -0400] "GET /wp-content/plugins/contact-form-7-style/admin/predefined-templates.json HTTP/1.1" 200 1323 "-" "WordPress/6.8; https://batconpakistan.org"
13.74.68.224 - - [28/Apr/2025:17:40:02 -0400] "GET /files.php HTTP/1.1" 301 0 "-" "-"
162.0.235.240 - - [28/Apr/2025:17:40:05 -0400] "GET /wp-content/plugins/contact-form-7-style/admin/predefined-templates.json HTTP/1.1" 200 1323 "-" "WordPress/6.8; https://batconpakistan.org"
162.0.235.240 - - [28/Apr/2025:17:40:05 -0400] "POST /wp-cron.php?doing_wp_cron=1745876405.5327129364013671875000 HTTP/1.1" 200 0 "-" "WordPress/6.8; https://batconpakistan.org"
13.74.68.224 - - [28/Apr/2025:17:40:03 -0400] "GET /files.php HTTP/1.1" 404 15888 "-" "-"
13.74.68.224 - - [28/Apr/2025:17:40:06 -0400] "GET /wp-includes/Text/index.php HTTP/1.1" 403 1242 "-" "-"
162.0.235.240 - - [28/Apr/2025:17:40:06 -0400] "GET /wp-content/plugins/contact-form-7-style/admin/predefined-templates.json HTTP/1.1" 200 1323 "-" "WordPress/6.8; https://batconpakistan.org"
162.0.235.240 - - [28/Apr/2025:17:40:07 -0400] "GET /wp-content/plugins/contact-form-7-style/admin/predefined-templates.json HTTP/1.1" 200 1323 "-" "WordPress/6.8; https://batconpakistan.org"
162.0.235.240 - - [28/Apr/2025:17:40:06 -0400] "POST /wp-admin/admin-ajax.php?action=async_litespeed&nonce=E90vb2mIvSF3TyJSYGmEhChInRN1HMJH&litespeed_type=imgoptm HTTP/1.1" 200 0 "-" "WordPress/6.8; https://batconpakistan.org"
13.74.68.224 - - [28/Apr/2025:17:40:06 -0400] "GET /wp-content/uploads/2024/index.php HTTP/1.1" 301 0 "-" "-"
162.0.235.240 - - [28/Apr/2025:17:40:08 -0400] "GET /wp-content/plugins/contact-form-7-style/admin/predefined-templates.json HTTP/1.1" 200 1323 "-" "WordPress/6.8; https://batconpakistan.org"
13.74.68.224 - - [28/Apr/2025:17:40:08 -0400] "GET /wp-content/uploads/2024/ HTTP/1.1" 403 1242 "-" "-"
162.0.235.240 - - [28/Apr/2025:17:40:09 -0400] "GET /wp-content/plugins/contact-form-7-style/admin/predefined-templates.json HTTP/1.1" 200 1323 "-" "WordPress/6.8; https://batconpakistan.org"
13.74.68.224 - - [28/Apr/2025:17:40:08 -0400] "GET /randkeyword.PhP7 HTTP/1.1" 301 0 "-" "-"
162.0.235.240 - - [28/Apr/2025:17:40:10 -0400] "GET /wp-content/plugins/contact-form-7-style/admin/predefined-templates.json HTTP/1.1" 200 1323 "-" "WordPress/6.8; https://batconpakistan.org"
13.74.68.224 - - [28/Apr/2025:17:40:09 -0400] "GET /randkeyword.PhP7 HTTP/1.1" 404 15888 "-" "-"
162.0.235.240 - - [28/Apr/2025:17:40:12 -0400] "GET /wp-content/plugins/contact-form-7-style/admin/predefined-templates.json HTTP/1.1" 200 1323 "-" "WordPress/6.8; https://batconpakistan.org"
13.74.68.224 - - [28/Apr/2025:17:40:11 -0400] "GET /wp-content/upgrade-temp-backup/about.php HTTP/1.1" 301 0 "-" "-"
13.74.68.224 - - [28/Apr/2025:17:40:13 -0400] "GET /wp-content/upgrade-temp-backup/about.php HTTP/1.1" 404 15889 "-" "-"
13.74.68.224 - - [28/Apr/2025:17:40:13 -0400] "GET /.well-known/pki-validation/about.php HTTP/1.1" 404 1251 "-" "-"
162.0.235.240 - - [28/Apr/2025:17:40:14 -0400] "GET /wp-content/plugins/contact-form-7-style/admin/predefined-templates.json HTTP/1.1" 200 1323 "-" "WordPress/6.8; https://batconpakistan.org"
13.74.68.224 - - [28/Apr/2025:17:40:13 -0400] "GET /log.php HTTP/1.1" 301 0 "-" "-"
162.0.235.240 - - [28/Apr/2025:17:40:16 -0400] "GET /wp-content/plugins/contact-form-7-style/admin/predefined-templates.json HTTP/1.1" 200 1323 "-" "WordPress/6.8; https://batconpakistan.org"
13.74.68.224 - - [28/Apr/2025:17:40:15 -0400] "GET /log.php HTTP/1.1" 404 15888 "-" "-"
162.0.235.240 - - [28/Apr/2025:17:40:18 -0400] "GET /wp-content/plugins/contact-form-7-style/admin/predefined-templates.json HTTP/1.1" 200 1323 "-" "WordPress/6.8; https://batconpakistan.org"
13.74.68.224 - - [28/Apr/2025:17:40:17 -0400] "GET /wp-includes/block-patterns/about.php HTTP/1.1" 301 0 "-" "-"
13.74.68.224 - - [28/Apr/2025:17:40:18 -0400] "GET /wp-includes/block-patterns/about.php HTTP/1.1" 404 15890 "-" "-"
162.0.235.240 - - [28/Apr/2025:17:40:19 -0400] "GET /wp-content/plugins/contact-form-7-style/admin/predefined-templates.json HTTP/1.1" 200 1323 "-" "WordPress/6.8; https://batconpakistan.org"
13.74.68.224 - - [28/Apr/2025:17:40:18 -0400] "GET /wp-includes/js/tinymce/plugins/compat3x/css/index.php HTTP/1.1" 301 0 "-" "-"
13.74.68.224 - - [28/Apr/2025:17:40:20 -0400] "GET /wp-includes/js/tinymce/plugins/compat3x/css/ HTTP/1.1" 403 1242 "-" "-"
162.0.235.240 - - [28/Apr/2025:17:40:21 -0400] "GET /wp-content/plugins/contact-form-7-style/admin/predefined-templates.json HTTP/1.1" 200 1323 "-" "WordPress/6.8; https://batconpakistan.org"
13.74.68.224 - - [28/Apr/2025:17:40:20 -0400] "GET /wp-content/uploads/2025/03/themes.php HTTP/1.1" 301 0 "-" "-"
162.0.235.240 - - [28/Apr/2025:17:40:22 -0400] "GET /wp-content/plugins/contact-form-7-style/admin/predefined-templates.json HTTP/1.1" 200 1323 "-" "WordPress/6.8; https://batconpakistan.org"
13.74.68.224 - - [28/Apr/2025:17:40:21 -0400] "GET /wp-content/uploads/2025/03/themes.php HTTP/1.1" 404 15889 "-" "-"
162.0.235.240 - - [28/Apr/2025:17:40:23 -0400] "GET /wp-content/plugins/contact-form-7-style/admin/predefined-templates.json HTTP/1.1" 200 1323 "-" "WordPress/6.8; https://batconpakistan.org"
13.74.68.224 - - [28/Apr/2025:17:40:23 -0400] "GET /wp-includes/rest-api/about.php HTTP/1.1" 301 0 "-" "-"
13.74.68.224 - - [28/Apr/2025:17:40:24 -0400] "GET /wp-includes/rest-api/about.php HTTP/1.1" 404 15892 "-" "-"
13.74.68.224 - - [28/Apr/2025:17:40:24 -0400] "GET /wp-admin/maint/index.php HTTP/1.1" 200 0 "-" "-"
162.0.235.240 - - [28/Apr/2025:17:40:25 -0400] "GET /wp-content/plugins/contact-form-7-style/admin/predefined-templates.json HTTP/1.1" 200 1323 "-" "WordPress/6.8; https://batconpakistan.org"
13.74.68.224 - - [28/Apr/2025:17:40:24 -0400] "GET /ws.php HTTP/1.1" 301 0 "-" "-"
162.0.235.240 - - [28/Apr/2025:17:40:27 -0400] "GET /wp-content/plugins/contact-form-7-style/admin/predefined-templates.json HTTP/1.1" 200 1323 "-" "WordPress/6.8; https://batconpakistan.org"
13.74.68.224 - - [28/Apr/2025:17:40:26 -0400] "GET /ws.php HTTP/1.1" 404 15890 "-" "-"
162.0.235.240 - - [28/Apr/2025:17:40:29 -0400] "GET /wp-content/plugins/contact-form-7-style/admin/predefined-templates.json HTTP/1.1" 200 1323 "-" "WordPress/6.8; https://batconpakistan.org"
13.74.68.224 - - [28/Apr/2025:17:40:28 -0400] "GET /moon.php HTTP/1.1" 301 0 "-" "-"
162.0.235.240 - - [28/Apr/2025:17:40:30 -0400] "GET /wp-content/plugins/contact-form-7-style/admin/predefined-templates.json HTTP/1.1" 200 1323 "-" "WordPress/6.8; https://batconpakistan.org"
13.74.68.224 - - [28/Apr/2025:17:40:29 -0400] "GET /moon.php HTTP/1.1" 404 15890 "-" "-"
162.0.235.240 - - [28/Apr/2025:17:40:31 -0400] "GET /wp-content/plugins/contact-form-7-style/admin/predefined-templates.json HTTP/1.1" 200 1323 "-" "WordPress/6.8; https://batconpakistan.org"
13.74.68.224 - - [28/Apr/2025:17:40:30 -0400] "GET /404.php HTTP/1.1" 301 0 "-" "-"
162.0.235.240 - - [28/Apr/2025:17:40:33 -0400] "GET /wp-content/plugins/contact-form-7-style/admin/predefined-templates.json HTTP/1.1" 200 1323 "-" "WordPress/6.8; https://batconpakistan.org"
13.74.68.224 - - [28/Apr/2025:17:40:32 -0400] "GET /404.php HTTP/1.1" 404 15890 "-" "-"
162.0.235.240 - - [28/Apr/2025:17:40:34 -0400] "GET /wp-content/plugins/contact-form-7-style/admin/predefined-templates.json HTTP/1.1" 200 1323 "-" "WordPress/6.8; https://batconpakistan.org"
13.74.68.224 - - [28/Apr/2025:17:40:33 -0400] "GET /wp-admin/user/wp-login.php HTTP/1.1" 301 0 "-" "-"
162.0.235.240 - - [28/Apr/2025:17:40:35 -0400] "GET /wp-content/plugins/contact-form-7-style/admin/predefined-templates.json HTTP/1.1" 200 1323 "-" "WordPress/6.8; https://batconpakistan.org"
13.74.68.224 - - [28/Apr/2025:17:40:35 -0400] "GET /wp-admin/user/wp-login.php HTTP/1.1" 404 15890 "-" "-"
13.74.68.224 - - [28/Apr/2025:17:40:36 -0400] "GET /wp-config-sample.php HTTP/1.1" 403 1242 "-" "-"
162.0.235.240 - - [28/Apr/2025:17:40:37 -0400] "GET /wp-content/plugins/contact-form-7-style/admin/predefined-templates.json HTTP/1.1" 200 1323 "-" "WordPress/6.8; https://batconpakistan.org"
13.74.68.224 - - [28/Apr/2025:17:40:36 -0400] "GET /wso.php HTTP/1.1" 301 0 "-" "-"
162.0.235.240 - - [28/Apr/2025:17:40:38 -0400] "GET /wp-content/plugins/contact-form-7-style/admin/predefined-templates.json HTTP/1.1" 200 1323 "-" "WordPress/6.8; https://batconpakistan.org"
13.74.68.224 - - [28/Apr/2025:17:40:38 -0400] "GET /wso.php HTTP/1.1" 404 15890 "-" "-"
162.0.235.240 - - [28/Apr/2025:17:40:40 -0400] "GET /wp-content/plugins/contact-form-7-style/admin/predefined-templates.json HTTP/1.1" 200 1323 "-" "WordPress/6.8; https://batconpakistan.org"
162.0.235.240 - - [28/Apr/2025:17:40:40 -0400] "POST /wp-cron.php?doing_wp_cron=1745876440.7655639648437500000000 HTTP/1.1" 200 0 "-" "WordPress/6.8; https://batconpakistan.org"
13.74.68.224 - - [28/Apr/2025:17:40:39 -0400] "GET /x.php HTTP/1.1" 301 0 "-" "-"
162.0.235.240 - - [28/Apr/2025:17:40:41 -0400] "GET /wp-content/plugins/contact-form-7-style/admin/predefined-templates.json HTTP/1.1" 200 1323 "-" "WordPress/6.8; https://batconpakistan.org"
162.0.235.240 - - [28/Apr/2025:17:40:42 -0400] "GET /wp-content/plugins/contact-form-7-style/admin/predefined-templates.json HTTP/1.1" 200 1323 "-" "WordPress/6.8; https://batconpakistan.org"
13.74.68.224 - - [28/Apr/2025:17:40:41 -0400] "GET /x.php HTTP/1.1" 404 15892 "-" "-"
162.0.235.240 - - [28/Apr/2025:17:40:43 -0400] "GET /wp-content/plugins/contact-form-7-style/admin/predefined-templates.json HTTP/1.1" 200 1323 "-" "WordPress/6.8; https://batconpakistan.org"
13.74.68.224 - - [28/Apr/2025:17:40:42 -0400] "GET /lv.php HTTP/1.1" 301 0 "-" "-"
162.0.235.240 - - [28/Apr/2025:17:40:44 -0400] "GET /wp-content/plugins/contact-form-7-style/admin/predefined-templates.json HTTP/1.1" 200 1323 "-" "WordPress/6.8; https://batconpakistan.org"
13.74.68.224 - - [28/Apr/2025:17:40:44 -0400] "GET /lv.php HTTP/1.1" 404 15889 "-" "-"
162.0.235.240 - - [28/Apr/2025:17:40:46 -0400] "GET /wp-content/plugins/contact-form-7-style/admin/predefined-templates.json HTTP/1.1" 200 1323 "-" "WordPress/6.8; https://batconpakistan.org"
13.74.68.224 - - [28/Apr/2025:17:40:45 -0400] "GET /wp-includes/images/wp-login.php HTTP/1.1" 301 0 "-" "-"
162.0.235.240 - - [28/Apr/2025:17:40:47 -0400] "GET /wp-content/plugins/contact-form-7-style/admin/predefined-templates.json HTTP/1.1" 200 1323 "-" "WordPress/6.8; https://batconpakistan.org"
13.74.68.224 - - [28/Apr/2025:17:40:46 -0400] "GET /wp-includes/images/wp-login.php HTTP/1.1" 404 15889 "-" "-"
162.0.235.240 - - [28/Apr/2025:17:40:49 -0400] "GET /wp-content/plugins/contact-form-7-style/admin/predefined-templates.json HTTP/1.1" 200 1323 "-" "WordPress/6.8; https://batconpakistan.org"
162.0.235.240 - - [28/Apr/2025:17:40:49 -0400] "POST /wp-cron.php?doing_wp_cron=1745876449.4469280242919921875000 HTTP/1.1" 200 0 "-" "WordPress/6.8; https://batconpakistan.org"
13.74.68.224 - - [28/Apr/2025:17:40:48 -0400] "GET /wp-content/uploads/index.php HTTP/1.1" 301 0 "-" "-"
13.74.68.224 - - [28/Apr/2025:17:40:49 -0400] "GET /wp-content/uploads/ HTTP/1.1" 403 1242 "-" "-"
162.0.235.240 - - [28/Apr/2025:17:40:49 -0400] "GET /wp-content/plugins/contact-form-7-style/admin/predefined-templates.json HTTP/1.1" 200 1323 "-" "WordPress/6.8; https://batconpakistan.org"
162.0.235.240 - - [28/Apr/2025:17:40:50 -0400] "GET /wp-content/plugins/contact-form-7-style/admin/predefined-templates.json HTTP/1.1" 200 1323 "-" "WordPress/6.8; https://batconpakistan.org"
13.74.68.224 - - [28/Apr/2025:17:40:49 -0400] "GET /wp-content/themes/pridmag/db.php HTTP/1.1" 301 0 "-" "-"
13.74.68.224 - - [28/Apr/2025:17:40:51 -0400] "GET /wp-content/themes/pridmag/db.php HTTP/1.1" 404 15890 "-" "-"
162.0.235.240 - - [28/Apr/2025:17:40:52 -0400] "GET /wp-content/plugins/contact-form-7-style/admin/predefined-templates.json HTTP/1.1" 200 1323 "-" "WordPress/6.8; https://batconpakistan.org"
13.74.68.224 - - [28/Apr/2025:17:40:51 -0400] "GET /wp-content/plugins/revslider/includes/external/page/index.php HTTP/1.1" 301 0 "-" "-"
162.0.235.240 - - [28/Apr/2025:17:40:53 -0400] "GET /wp-content/plugins/contact-form-7-style/admin/predefined-templates.json HTTP/1.1" 200 1323 "-" "WordPress/6.8; https://batconpakistan.org"
13.74.68.224 - - [28/Apr/2025:17:40:52 -0400] "GET /wp-content/plugins/revslider/includes/external/page/ HTTP/1.1" 404 15888 "-" "-"
162.0.235.240 - - [28/Apr/2025:17:40:55 -0400] "GET /wp-content/plugins/contact-form-7-style/admin/predefined-templates.json HTTP/1.1" 200 1323 "-" "WordPress/6.8; https://batconpakistan.org"
162.0.235.240 - - [28/Apr/2025:17:40:55 -0400] "POST /wp-cron.php?doing_wp_cron=1745876455.4084351062774658203125 HTTP/1.1" 200 0 "-" "WordPress/6.8; https://batconpakistan.org"
13.74.68.224 - - [28/Apr/2025:17:40:54 -0400] "GET /wp-mail.php HTTP/1.1" 403 942 "-" "-"
162.0.235.240 - - [28/Apr/2025:17:40:55 -0400] "GET /wp-content/plugins/contact-form-7-style/admin/predefined-templates.json HTTP/1.1" 200 1323 "-" "WordPress/6.8; https://batconpakistan.org"
162.0.235.240 - - [28/Apr/2025:17:40:56 -0400] "GET /wp-content/plugins/contact-form-7-style/admin/predefined-templates.json HTTP/1.1" 200 1323 "-" "WordPress/6.8; https://batconpakistan.org"
13.74.68.224 - - [28/Apr/2025:17:40:55 -0400] "GET /mini.php HTTP/1.1" 301 0 "-" "-"
162.0.235.240 - - [28/Apr/2025:17:40:57 -0400] "GET /wp-content/plugins/contact-form-7-style/admin/predefined-templates.json HTTP/1.1" 200 1323 "-" "WordPress/6.8; https://batconpakistan.org"
13.74.68.224 - - [28/Apr/2025:17:40:56 -0400] "GET /mini.php HTTP/1.1" 404 15888 "-" "-"
13.74.68.224 - - [28/Apr/2025:17:40:58 -0400] "GET /wp-includes/sodium_compat/src/Core32/Curve25519/Ge/index.php HTTP/1.1" 403 1242 "-" "-"
162.0.235.240 - - [28/Apr/2025:17:40:59 -0400] "GET /wp-content/plugins/contact-form-7-style/admin/predefined-templates.json HTTP/1.1" 200 1323 "-" "WordPress/6.8; https://batconpakistan.org"
13.74.68.224 - - [28/Apr/2025:17:40:58 -0400] "GET /wp-admin/images/index.php HTTP/1.1" 301 0 "-" "-"
13.74.68.224 - - [28/Apr/2025:17:41:00 -0400] "GET /wp-admin/images/ HTTP/1.1" 403 1242 "-" "-"
162.0.235.240 - - [28/Apr/2025:17:41:01 -0400] "GET /wp-content/plugins/contact-form-7-style/admin/predefined-templates.json HTTP/1.1" 200 1323 "-" "WordPress/6.8; https://batconpakistan.org"
13.74.68.224 - - [28/Apr/2025:17:41:00 -0400] "GET /wp-trackback.php HTTP/1.1" 404 91 "-" "-"
162.0.235.240 - - [28/Apr/2025:17:41:02 -0400] "GET /wp-content/plugins/contact-form-7-style/admin/predefined-templates.json HTTP/1.1" 200 1323 "-" "WordPress/6.8; https://batconpakistan.org"
13.74.68.224 - - [28/Apr/2025:17:41:01 -0400] "GET /wp-content/uploads/cong.php HTTP/1.1" 301 0 "-" "-"
13.74.68.224 - - [28/Apr/2025:17:41:03 -0400] "GET /wp-content/uploads/cong.php HTTP/1.1" 404 15892 "-" "-"
162.0.235.240 - - [28/Apr/2025:17:41:04 -0400] "GET /wp-content/plugins/contact-form-7-style/admin/predefined-templates.json HTTP/1.1" 200 1323 "-" "WordPress/6.8; https://batconpakistan.org"
13.74.68.224 - - [28/Apr/2025:17:41:03 -0400] "GET /chosen HTTP/1.1" 301 0 "-" "-"
13.74.68.224 - - [28/Apr/2025:17:41:04 -0400] "GET /chosen HTTP/1.1" 404 15890 "-" "-"
162.0.235.240 - - [28/Apr/2025:17:41:05 -0400] "GET /wp-content/plugins/contact-form-7-style/admin/predefined-templates.json HTTP/1.1" 200 1323 "-" "WordPress/6.8; https://batconpakistan.org"
162.0.235.240 - - [28/Apr/2025:17:41:06 -0400] "POST /wp-cron.php?doing_wp_cron=1745876466.0730760097503662109375 HTTP/1.1" 200 0 "-" "WordPress/6.8; https://batconpakistan.org"
13.74.68.224 - - [28/Apr/2025:17:41:05 -0400] "GET /wp-content/plugins/admin.php HTTP/1.1" 301 0 "-" "-"
162.0.235.240 - - [28/Apr/2025:17:41:06 -0400] "GET /wp-content/plugins/contact-form-7-style/admin/predefined-templates.json HTTP/1.1" 200 1323 "-" "WordPress/6.8; https://batconpakistan.org"
162.0.235.240 - - [28/Apr/2025:17:41:07 -0400] "GET /wp-content/plugins/contact-form-7-style/admin/predefined-templates.json HTTP/1.1" 200 1323 "-" "WordPress/6.8; https://batconpakistan.org"
13.74.68.224 - - [28/Apr/2025:17:41:06 -0400] "GET /wp-content/plugins/admin.php HTTP/1.1" 404 15890 "-" "-"
162.0.235.240 - - [28/Apr/2025:17:41:07 -0400] "GET /wp-content/plugins/contact-form-7-style/admin/predefined-templates.json HTTP/1.1" 200 1323 "-" "WordPress/6.8; https://batconpakistan.org"
162.0.235.240 - - [28/Apr/2025:17:41:06 -0400] "POST /wp-admin/admin-ajax.php?action=async_litespeed&nonce=COgVPGmFiE16GLAaV8DtIjSO6m9uFJvn&litespeed_type=imgoptm HTTP/1.1" 200 0 "-" "WordPress/6.8; https://batconpakistan.org"
162.0.235.240 - - [28/Apr/2025:17:41:08 -0400] "GET /wp-content/plugins/contact-form-7-style/admin/predefined-templates.json HTTP/1.1" 200 1323 "-" "WordPress/6.8; https://batconpakistan.org"
13.74.68.224 - - [28/Apr/2025:17:41:08 -0400] "GET //sim.php/wp-includes/certificates/plugins.php HTTP/1.1" 301 0 "-" "-"
162.0.235.240 - - [28/Apr/2025:17:41:10 -0400] "GET /wp-content/plugins/contact-form-7-style/admin/predefined-templates.json HTTP/1.1" 200 1323 "-" "WordPress/6.8; https://batconpakistan.org"
13.74.68.224 - - [28/Apr/2025:17:41:09 -0400] "GET /sim.php/wp-includes/certificates/plugins.php HTTP/1.1" 404 15890 "-" "-"
162.0.235.240 - - [28/Apr/2025:17:41:11 -0400] "GET /wp-content/plugins/contact-form-7-style/admin/predefined-templates.json HTTP/1.1" 200 1323 "-" "WordPress/6.8; https://batconpakistan.org"
13.74.68.224 - - [28/Apr/2025:17:41:10 -0400] "GET /atomlib.php HTTP/1.1" 301 0 "-" "-"
162.0.235.240 - - [28/Apr/2025:17:41:12 -0400] "GET /wp-content/plugins/contact-form-7-style/admin/predefined-templates.json HTTP/1.1" 200 1323 "-" "WordPress/6.8; https://batconpakistan.org"
13.74.68.224 - - [28/Apr/2025:17:41:12 -0400] "GET /atomlib.php HTTP/1.1" 404 15890 "-" "-"
162.0.235.240 - - [28/Apr/2025:17:41:14 -0400] "GET /wp-content/plugins/contact-form-7-style/admin/predefined-templates.json HTTP/1.1" 200 1323 "-" "WordPress/6.8; https://batconpakistan.org"
13.74.68.224 - - [28/Apr/2025:17:41:13 -0400] "GET /alfa.php HTTP/1.1" 301 0 "-" "-"
162.0.235.240 - - [28/Apr/2025:17:41:16 -0400] "GET /wp-content/plugins/contact-form-7-style/admin/predefined-templates.json HTTP/1.1" 200 1323 "-" "WordPress/6.8; https://batconpakistan.org"
13.74.68.224 - - [28/Apr/2025:17:41:15 -0400] "GET /alfa.php HTTP/1.1" 404 15893 "-" "-"
13.74.68.224 - - [28/Apr/2025:17:41:16 -0400] "GET /wp-includes/ID3/index.php HTTP/1.1" 403 1242 "-" "-"
162.0.235.240 - - [28/Apr/2025:17:41:17 -0400] "GET /wp-content/plugins/contact-form-7-style/admin/predefined-templates.json HTTP/1.1" 200 1323 "-" "WordPress/6.8; https://batconpakistan.org"
13.74.68.224 - - [28/Apr/2025:17:41:17 -0400] "GET //autoload_classmap.php HTTP/1.1" 301 0 "-" "-"
13.74.68.224 - - [28/Apr/2025:17:41:18 -0400] "GET /autoload_classmap.php HTTP/1.1" 404 15890 "-" "-"
162.0.235.240 - - [28/Apr/2025:17:41:19 -0400] "GET /wp-content/plugins/contact-form-7-style/admin/predefined-templates.json HTTP/1.1" 200 1323 "-" "WordPress/6.8; https://batconpakistan.org"
13.74.68.224 - - [28/Apr/2025:17:41:18 -0400] "GET //wp-includes/Text/autoload_classmap.php HTTP/1.1" 301 0 "-" "-"
162.0.235.240 - - [28/Apr/2025:17:41:20 -0400] "GET /wp-content/plugins/contact-form-7-style/admin/predefined-templates.json HTTP/1.1" 200 1323 "-" "WordPress/6.8; https://batconpakistan.org"
13.74.68.224 - - [28/Apr/2025:17:41:19 -0400] "GET /wp-includes/Text/autoload_classmap.php HTTP/1.1" 404 15890 "-" "-"
162.0.235.240 - - [28/Apr/2025:17:41:22 -0400] "GET /wp-content/plugins/contact-form-7-style/admin/predefined-templates.json HTTP/1.1" 200 1323 "-" "WordPress/6.8; https://batconpakistan.org"
13.74.68.224 - - [28/Apr/2025:17:41:21 -0400] "GET /wp-admin/index.php HTTP/1.1" 302 0 "-" "-"
162.0.235.240 - - [28/Apr/2025:17:41:23 -0400] "GET /wp-content/plugins/contact-form-7-style/admin/predefined-templates.json HTTP/1.1" 200 1323 "-" "WordPress/6.8; https://batconpakistan.org"
13.74.68.224 - - [28/Apr/2025:17:41:23 -0400] "GET /wp-login.php?redirect_to=https%3A%2F%2Fwww.batconpakistan.org%2Fwp-admin%2Findex.php&reauth=1 HTTP/1.1" 200 1894 "-" "-"
162.0.235.240 - - [28/Apr/2025:17:41:25 -0400] "GET /wp-content/plugins/contact-form-7-style/admin/predefined-templates.json HTTP/1.1" 200 1323 "-" "WordPress/6.8; https://batconpakistan.org"
13.74.68.224 - - [28/Apr/2025:17:41:24 -0400] "GET /mah/function.php HTTP/1.1" 301 0 "-" "-"
162.0.235.240 - - [28/Apr/2025:17:41:27 -0400] "GET /wp-content/plugins/contact-form-7-style/admin/predefined-templates.json HTTP/1.1" 200 1323 "-" "WordPress/6.8; https://batconpakistan.org"
13.74.68.224 - - [28/Apr/2025:17:41:26 -0400] "GET /mah/function.php HTTP/1.1" 404 15891 "-" "-"
162.0.235.240 - - [28/Apr/2025:17:41:28 -0400] "GET /wp-content/plugins/contact-form-7-style/admin/predefined-templates.json HTTP/1.1" 200 1323 "-" "WordPress/6.8; https://batconpakistan.org"
13.74.68.224 - - [28/Apr/2025:17:41:28 -0400] "GET //s.php HTTP/1.1" 301 0 "-" "-"
162.0.235.240 - - [28/Apr/2025:17:41:30 -0400] "GET /wp-content/plugins/contact-form-7-style/admin/predefined-templates.json HTTP/1.1" 200 1323 "-" "WordPress/6.8; https://batconpakistan.org"
13.74.68.224 - - [28/Apr/2025:17:41:29 -0400] "GET /s.php HTTP/1.1" 404 15889 "-" "-"
162.0.235.240 - - [28/Apr/2025:17:41:32 -0400] "GET /wp-content/plugins/contact-form-7-style/admin/predefined-templates.json HTTP/1.1" 200 1323 "-" "WordPress/6.8; https://batconpakistan.org"
13.74.68.224 - - [28/Apr/2025:17:41:31 -0400] "GET //webadmin.php HTTP/1.1" 301 0 "-" "-"
162.0.235.240 - - [28/Apr/2025:17:41:33 -0400] "GET /wp-content/plugins/contact-form-7-style/admin/predefined-templates.json HTTP/1.1" 200 1323 "-" "WordPress/6.8; https://batconpakistan.org"
13.74.68.224 - - [28/Apr/2025:17:41:32 -0400] "GET /webadmin.php HTTP/1.1" 404 15889 "-" "-"
162.0.235.240 - - [28/Apr/2025:17:41:35 -0400] "GET /wp-content/plugins/contact-form-7-style/admin/predefined-templates.json HTTP/1.1" 200 1323 "-" "WordPress/6.8; https://batconpakistan.org"
13.74.68.224 - - [28/Apr/2025:17:41:34 -0400] "GET /wp-admin/ HTTP/1.1" 302 0 "-" "-"
162.0.235.240 - - [28/Apr/2025:17:41:36 -0400] "GET /wp-content/plugins/contact-form-7-style/admin/predefined-templates.json HTTP/1.1" 200 1323 "-" "WordPress/6.8; https://batconpakistan.org"
13.74.68.224 - - [28/Apr/2025:17:41:35 -0400] "GET /wp-login.php?redirect_to=https%3A%2F%2Fwww.batconpakistan.org%2Fwp-admin%2F&reauth=1 HTTP/1.1" 200 1890 "-" "-"
162.0.235.240 - - [28/Apr/2025:17:41:38 -0400] "GET /wp-content/plugins/contact-form-7-style/admin/predefined-templates.json HTTP/1.1" 200 1323 "-" "WordPress/6.8; https://batconpakistan.org"
13.74.68.224 - - [28/Apr/2025:17:41:37 -0400] "GET /link.php HTTP/1.1" 301 0 "-" "-"
13.74.68.224 - - [28/Apr/2025:17:41:39 -0400] "GET /link.php HTTP/1.1" 404 15890 "-" "-"
162.0.235.240 - - [28/Apr/2025:17:41:40 -0400] "GET /wp-content/plugins/contact-form-7-style/admin/predefined-templates.json HTTP/1.1" 200 1323 "-" "WordPress/6.8; https://batconpakistan.org"
162.0.235.240 - - [28/Apr/2025:17:41:40 -0400] "POST /wp-cron.php?doing_wp_cron=1745876500.5114340782165527343750 HTTP/1.1" 200 0 "-" "WordPress/6.8; https://batconpakistan.org"
13.74.68.224 - - [28/Apr/2025:17:41:39 -0400] "GET /403.php HTTP/1.1" 301 0 "-" "-"
162.0.235.240 - - [28/Apr/2025:17:41:41 -0400] "GET /wp-content/plugins/contact-form-7-style/admin/predefined-templates.json HTTP/1.1" 200 1323 "-" "WordPress/6.8; https://batconpakistan.org"
13.74.68.224 - - [28/Apr/2025:17:41:40 -0400] "GET /403.php HTTP/1.1" 404 15889 "-" "-"
162.0.235.240 - - [28/Apr/2025:17:41:48 -0400] "GET /wp-content/plugins/contact-form-7-style/admin/predefined-templates.json HTTP/1.1" 200 1323 "-" "WordPress/6.8; https://batconpakistan.org"
162.0.235.240 - - [28/Apr/2025:17:41:48 -0400] "POST /wp-cron.php?doing_wp_cron=1745876508.3486740589141845703125 HTTP/1.1" 200 0 "-" "WordPress/6.8; https://batconpakistan.org"
13.74.68.224 - - [28/Apr/2025:17:41:47 -0400] "GET /.well-known/file.php HTTP/1.1" 301 0 "-" "-"
162.0.235.240 - - [28/Apr/2025:17:41:49 -0400] "GET /wp-content/plugins/contact-form-7-style/admin/predefined-templates.json HTTP/1.1" 200 1323 "-" "WordPress/6.8; https://batconpakistan.org"
162.0.235.240 - - [28/Apr/2025:17:41:49 -0400] "GET /wp-content/plugins/contact-form-7-style/admin/predefined-templates.json HTTP/1.1" 200 1323 "-" "WordPress/6.8; https://batconpakistan.org"
13.74.68.224 - - [28/Apr/2025:17:41:48 -0400] "GET /.well-known/file.php HTTP/1.1" 404 15890 "-" "-"
162.0.235.240 - - [28/Apr/2025:17:41:51 -0400] "GET /wp-content/plugins/contact-form-7-style/admin/predefined-templates.json HTTP/1.1" 200 1323 "-" "WordPress/6.8; https://batconpakistan.org"
13.74.68.224 - - [28/Apr/2025:17:41:50 -0400] "GET ///wp-2019.php HTTP/1.1" 301 0 "-" "-"
162.0.235.240 - - [28/Apr/2025:17:41:52 -0400] "GET /wp-content/plugins/contact-form-7-style/admin/predefined-templates.json HTTP/1.1" 200 1323 "-" "WordPress/6.8; https://batconpakistan.org"
13.74.68.224 - - [28/Apr/2025:17:41:51 -0400] "GET /wp-2019.php HTTP/1.1" 404 15889 "-" "-"
162.0.235.240 - - [28/Apr/2025:17:41:54 -0400] "GET /wp-content/plugins/contact-form-7-style/admin/predefined-templates.json HTTP/1.1" 200 1323 "-" "WordPress/6.8; https://batconpakistan.org"
13.74.68.224 - - [28/Apr/2025:17:41:53 -0400] "GET /erin1.PhP7 HTTP/1.1" 301 0 "-" "-"
162.0.235.240 - - [28/Apr/2025:17:41:55 -0400] "GET /wp-content/plugins/contact-form-7-style/admin/predefined-templates.json HTTP/1.1" 200 1323 "-" "WordPress/6.8; https://batconpakistan.org"
162.0.235.240 - - [28/Apr/2025:17:41:55 -0400] "POST /wp-cron.php?doing_wp_cron=1745876515.7089769840240478515625 HTTP/1.1" 200 0 "-" "WordPress/6.8; https://batconpakistan.org"
13.74.68.224 - - [28/Apr/2025:17:41:54 -0400] "GET /erin1.PhP7 HTTP/1.1" 404 15890 "-" "-"
162.0.235.240 - - [28/Apr/2025:17:41:56 -0400] "GET /wp-content/plugins/contact-form-7-style/admin/predefined-templates.json HTTP/1.1" 200 1323 "-" "WordPress/6.8; https://batconpakistan.org"
162.0.235.240 - - [28/Apr/2025:17:41:57 -0400] "GET /wp-content/plugins/contact-form-7-style/admin/predefined-templates.json HTTP/1.1" 200 1323 "-" "WordPress/6.8; https://batconpakistan.org"
13.74.68.224 - - [28/Apr/2025:17:41:56 -0400] "GET /ee.php HTTP/1.1" 301 0 "-" "-"
162.0.235.240 - - [28/Apr/2025:17:41:58 -0400] "GET /wp-content/plugins/contact-form-7-style/admin/predefined-templates.json HTTP/1.1" 200 1323 "-" "WordPress/6.8; https://batconpakistan.org"
13.74.68.224 - - [28/Apr/2025:17:41:57 -0400] "GET /ee.php HTTP/1.1" 404 15889 "-" "-"
162.0.235.240 - - [28/Apr/2025:17:41:59 -0400] "GET /wp-content/plugins/contact-form-7-style/admin/predefined-templates.json HTTP/1.1" 200 1323 "-" "WordPress/6.8; https://batconpakistan.org"
13.74.68.224 - - [28/Apr/2025:17:41:59 -0400] "GET /01.php HTTP/1.1" 301 0 "-" "-"
13.74.68.224 - - [28/Apr/2025:17:42:00 -0400] "GET /01.php HTTP/1.1" 404 15889 "-" "-"
162.0.235.240 - - [28/Apr/2025:17:42:01 -0400] "GET /wp-content/plugins/contact-form-7-style/admin/predefined-templates.json HTTP/1.1" 200 1323 "-" "WordPress/6.8; https://batconpakistan.org"
13.74.68.224 - - [28/Apr/2025:17:42:00 -0400] "GET /wp-includes/images/about.php HTTP/1.1" 301 0 "-" "-"
13.74.68.224 - - [28/Apr/2025:17:42:02 -0400] "GET /wp-includes/images/about.php HTTP/1.1" 404 15890 "-" "-"
162.0.235.240 - - [28/Apr/2025:17:42:03 -0400] "GET /wp-content/plugins/contact-form-7-style/admin/predefined-templates.json HTTP/1.1" 200 1323 "-" "WordPress/6.8; https://batconpakistan.org"
13.74.68.224 - - [28/Apr/2025:17:42:02 -0400] "GET //simple.php HTTP/1.1" 301 0 "-" "-"
13.74.68.224 - - [28/Apr/2025:17:42:03 -0400] "GET /simple.php HTTP/1.1" 404 15890 "-" "-"
162.0.235.240 - - [28/Apr/2025:17:42:05 -0400] "GET /wp-content/plugins/contact-form-7-style/admin/predefined-templates.json HTTP/1.1" 200 1323 "-" "WordPress/6.8; https://batconpakistan.org"
162.0.235.240 - - [28/Apr/2025:17:42:05 -0400] "POST /wp-cron.php?doing_wp_cron=1745876525.5834519863128662109375 HTTP/1.1" 200 0 "-" "WordPress/6.8; https://batconpakistan.org"
13.74.68.224 - - [28/Apr/2025:17:42:04 -0400] "GET /ova.php HTTP/1.1" 301 0 "-" "-"
162.0.235.240 - - [28/Apr/2025:17:42:06 -0400] "GET /wp-content/plugins/contact-form-7-style/admin/predefined-templates.json HTTP/1.1" 200 1323 "-" "WordPress/6.8; https://batconpakistan.org"
162.0.235.240 - - [28/Apr/2025:17:42:06 -0400] "GET /wp-content/plugins/contact-form-7-style/admin/predefined-templates.json HTTP/1.1" 200 1323 "-" "WordPress/6.8; https://batconpakistan.org"
13.74.68.224 - - [28/Apr/2025:17:42:05 -0400] "GET /ova.php HTTP/1.1" 404 15890 "-" "-"
162.0.235.240 - - [28/Apr/2025:17:42:06 -0400] "POST /wp-admin/admin-ajax.php?action=async_litespeed&nonce=5LxvBhtKNZmiIVRaHEikI49Dwa0caJYB&litespeed_type=imgoptm HTTP/1.1" 200 0 "-" "WordPress/6.8; https://batconpakistan.org"
162.0.235.240 - - [28/Apr/2025:17:42:07 -0400] "GET /wp-content/plugins/contact-form-7-style/admin/predefined-templates.json HTTP/1.1" 200 1323 "-" "WordPress/6.8; https://batconpakistan.org"
162.0.235.240 - - [28/Apr/2025:17:42:08 -0400] "GET /wp-content/plugins/contact-form-7-style/admin/predefined-templates.json HTTP/1.1" 200 1323 "-" "WordPress/6.8; https://batconpakistan.org"
13.74.68.224 - - [28/Apr/2025:17:42:07 -0400] "GET /wp-admin/css/colors/coffee/about.php HTTP/1.1" 301 0 "-" "-"
162.0.235.240 - - [28/Apr/2025:17:42:09 -0400] "GET /wp-content/plugins/contact-form-7-style/admin/predefined-templates.json HTTP/1.1" 200 1323 "-" "WordPress/6.8; https://batconpakistan.org"
13.74.68.224 - - [28/Apr/2025:17:42:08 -0400] "GET /wp-admin/css/colors/coffee/about.php HTTP/1.1" 404 15889 "-" "-"
162.0.235.240 - - [28/Apr/2025:17:42:11 -0400] "GET /wp-content/plugins/contact-form-7-style/admin/predefined-templates.json HTTP/1.1" 200 1323 "-" "WordPress/6.8; https://batconpakistan.org"
13.74.68.224 - - [28/Apr/2025:17:42:10 -0400] "GET /wp-content/themes/alera/alpha.php HTTP/1.1" 301 0 "-" "-"
162.0.235.240 - - [28/Apr/2025:17:42:12 -0400] "GET /wp-content/plugins/contact-form-7-style/admin/predefined-templates.json HTTP/1.1" 200 1323 "-" "WordPress/6.8; https://batconpakistan.org"
13.74.68.224 - - [28/Apr/2025:17:42:11 -0400] "GET /wp-content/themes/alera/alpha.php HTTP/1.1" 404 15890 "-" "-"
162.0.235.240 - - [28/Apr/2025:17:42:14 -0400] "GET /wp-content/plugins/contact-form-7-style/admin/predefined-templates.json HTTP/1.1" 200 1323 "-" "WordPress/6.8; https://batconpakistan.org"
13.74.68.224 - - [28/Apr/2025:17:42:13 -0400] "GET /wp-admin/users.php HTTP/1.1" 302 0 "-" "-"
162.0.235.240 - - [28/Apr/2025:17:42:15 -0400] "GET /wp-content/plugins/contact-form-7-style/admin/predefined-templates.json HTTP/1.1" 200 1323 "-" "WordPress/6.8; https://batconpakistan.org"
13.74.68.224 - - [28/Apr/2025:17:42:14 -0400] "GET /wp-login.php?redirect_to=https%3A%2F%2Fwww.batconpakistan.org%2Fwp-admin%2Fusers.php&reauth=1 HTTP/1.1" 200 1897 "-" "-"
162.0.235.240 - - [28/Apr/2025:17:42:16 -0400] "GET /wp-content/plugins/contact-form-7-style/admin/predefined-templates.json HTTP/1.1" 200 1323 "-" "WordPress/6.8; https://batconpakistan.org"
13.74.68.224 - - [28/Apr/2025:17:42:16 -0400] "GET /defaults.php HTTP/1.1" 301 0 "-" "-"
162.0.235.240 - - [28/Apr/2025:17:42:18 -0400] "GET /wp-content/plugins/contact-form-7-style/admin/predefined-templates.json HTTP/1.1" 200 1323 "-" "WordPress/6.8; https://batconpakistan.org"
13.74.68.224 - - [28/Apr/2025:17:42:17 -0400] "GET /defaults.php HTTP/1.1" 404 15890 "-" "-"
162.0.235.240 - - [28/Apr/2025:17:42:19 -0400] "GET /wp-content/plugins/contact-form-7-style/admin/predefined-templates.json HTTP/1.1" 200 1323 "-" "WordPress/6.8; https://batconpakistan.org"
13.74.68.224 - - [28/Apr/2025:17:42:18 -0400] "GET //wp-admin/images/index.php HTTP/1.1" 301 0 "-" "-"
13.74.68.224 - - [28/Apr/2025:17:42:20 -0400] "GET /wp-admin/images/ HTTP/1.1" 403 1242 "-" "-"
162.0.235.240 - - [28/Apr/2025:17:42:21 -0400] "GET /wp-content/plugins/contact-form-7-style/admin/predefined-templates.json HTTP/1.1" 200 1323 "-" "WordPress/6.8; https://batconpakistan.org"
13.74.68.224 - - [28/Apr/2025:17:42:20 -0400] "GET /batm.php HTTP/1.1" 301 0 "-" "-"
162.0.235.240 - - [28/Apr/2025:17:42:22 -0400] "GET /wp-content/plugins/contact-form-7-style/admin/predefined-templates.json HTTP/1.1" 200 1323 "-" "WordPress/6.8; https://batconpakistan.org"
13.74.68.224 - - [28/Apr/2025:17:42:21 -0400] "GET /batm.php HTTP/1.1" 404 15890 "-" "-"
162.0.235.240 - - [28/Apr/2025:17:42:23 -0400] "GET /wp-content/plugins/contact-form-7-style/admin/predefined-templates.json HTTP/1.1" 200 1323 "-" "WordPress/6.8; https://batconpakistan.org"
13.74.68.224 - - [28/Apr/2025:17:42:23 -0400] "GET /wp-admin/css/admin.php HTTP/1.1" 301 0 "-" "-"
13.74.68.224 - - [28/Apr/2025:17:42:24 -0400] "GET /wp-admin/css/admin.php HTTP/1.1" 404 15889 "-" "-"
162.0.235.240 - - [28/Apr/2025:17:42:25 -0400] "GET /wp-content/plugins/contact-form-7-style/admin/predefined-templates.json HTTP/1.1" 200 1323 "-" "WordPress/6.8; https://batconpakistan.org"
13.74.68.224 - - [28/Apr/2025:17:42:24 -0400] "GET /wp-includes/blocks/about.php HTTP/1.1" 301 0 "-" "-"
13.74.68.224 - - [28/Apr/2025:17:42:25 -0400] "GET /wp-includes/blocks/about.php HTTP/1.1" 404 15890 "-" "-"
162.0.235.240 - - [28/Apr/2025:17:42:27 -0400] "GET /wp-content/plugins/contact-form-7-style/admin/predefined-templates.json HTTP/1.1" 200 1323 "-" "WordPress/6.8; https://batconpakistan.org"
13.74.68.224 - - [28/Apr/2025:17:42:26 -0400] "GET /wp-includes/Text/about.php HTTP/1.1" 301 0 "-" "-"
13.74.68.224 - - [28/Apr/2025:17:42:27 -0400] "GET /wp-includes/Text/about.php HTTP/1.1" 404 15888 "-" "-"
162.0.235.240 - - [28/Apr/2025:17:42:29 -0400] "GET /wp-content/plugins/contact-form-7-style/admin/predefined-templates.json HTTP/1.1" 200 1323 "-" "WordPress/6.8; https://batconpakistan.org"
13.74.68.224 - - [28/Apr/2025:17:42:28 -0400] "GET /.well-known/acme-challenge/index.php HTTP/1.1" 301 0 "-" "-"
162.0.235.240 - - [28/Apr/2025:17:42:30 -0400] "GET /wp-content/plugins/contact-form-7-style/admin/predefined-templates.json HTTP/1.1" 200 1323 "-" "WordPress/6.8; https://batconpakistan.org"
13.74.68.224 - - [28/Apr/2025:17:42:29 -0400] "GET /.well-known/acme-challenge/ HTTP/1.1" 404 15889 "-" "-"
162.0.235.240 - - [28/Apr/2025:17:42:32 -0400] "GET /wp-content/plugins/contact-form-7-style/admin/predefined-templates.json HTTP/1.1" 200 1323 "-" "WordPress/6.8; https://batconpakistan.org"
13.74.68.224 - - [28/Apr/2025:17:42:31 -0400] "GET /config.php HTTP/1.1" 301 0 "-" "-"
162.0.235.240 - - [28/Apr/2025:17:42:33 -0400] "GET /wp-content/plugins/contact-form-7-style/admin/predefined-templates.json HTTP/1.1" 200 1323 "-" "WordPress/6.8; https://batconpakistan.org"
13.74.68.224 - - [28/Apr/2025:17:42:32 -0400] "GET /config.php HTTP/1.1" 404 15887 "-" "-"
162.0.235.240 - - [28/Apr/2025:17:42:35 -0400] "GET /wp-content/plugins/contact-form-7-style/admin/predefined-templates.json HTTP/1.1" 200 1323 "-" "WordPress/6.8; https://batconpakistan.org"
13.74.68.224 - - [28/Apr/2025:17:42:34 -0400] "GET /index.php/home HTTP/1.1" 301 0 "-" "-"
13.74.68.224 - - [28/Apr/2025:17:42:35 -0400] "GET / HTTP/1.1" 200 23495 "-" "-"
162.0.235.240 - - [28/Apr/2025:17:42:37 -0400] "GET /wp-content/plugins/contact-form-7-style/admin/predefined-templates.json HTTP/1.1" 200 1323 "-" "WordPress/6.8; https://batconpakistan.org"
13.74.68.224 - - [28/Apr/2025:17:42:36 -0400] "GET /wp-content/themes/wp-pridmag/init.php HTTP/1.1" 301 0 "-" "-"
162.0.235.240 - - [28/Apr/2025:17:42:38 -0400] "GET /wp-content/plugins/contact-form-7-style/admin/predefined-templates.json HTTP/1.1" 200 1323 "-" "WordPress/6.8; https://batconpakistan.org"
13.74.68.224 - - [28/Apr/2025:17:42:37 -0400] "GET /wp-content/themes/wp-pridmag/init.php HTTP/1.1" 404 15890 "-" "-"
13.74.68.224 - - [28/Apr/2025:17:42:39 -0400] "GET /wp-includes/SimplePie/index.php HTTP/1.1" 403 1242 "-" "-"
13.74.68.224 - - [28/Apr/2025:17:42:39 -0400] "GET /wp-content/themes/index.php HTTP/1.1" 200 0 "-" "-"
162.0.235.240 - - [28/Apr/2025:17:42:40 -0400] "GET /wp-content/plugins/contact-form-7-style/admin/predefined-templates.json HTTP/1.1" 200 1323 "-" "WordPress/6.8; https://batconpakistan.org"
162.0.235.240 - - [28/Apr/2025:17:42:41 -0400] "POST /wp-cron.php?doing_wp_cron=1745876560.9187619686126708984375 HTTP/1.1" 200 0 "-" "WordPress/6.8; https://batconpakistan.org"
13.74.68.224 - - [28/Apr/2025:17:42:39 -0400] "GET /wp-includes/plugins.php HTTP/1.1" 301 0 "-" "-"
162.0.235.240 - - [28/Apr/2025:17:42:41 -0400] "GET /wp-content/plugins/contact-form-7-style/admin/predefined-templates.json HTTP/1.1" 200 1323 "-" "WordPress/6.8; https://batconpakistan.org"
162.0.235.240 - - [28/Apr/2025:17:42:42 -0400] "GET /wp-content/plugins/contact-form-7-style/admin/predefined-templates.json HTTP/1.1" 200 1323 "-" "WordPress/6.8; https://batconpakistan.org"
13.74.68.224 - - [28/Apr/2025:17:42:41 -0400] "GET /wp-includes/plugins.php HTTP/1.1" 404 15888 "-" "-"
162.0.235.240 - - [28/Apr/2025:17:42:43 -0400] "GET /wp-content/plugins/contact-form-7-style/admin/predefined-templates.json HTTP/1.1" 200 1323 "-" "WordPress/6.8; https://batconpakistan.org"
13.74.68.224 - - [28/Apr/2025:17:42:42 -0400] "GET /a.php HTTP/1.1" 301 0 "-" "-"
