162.0.235.240 - - [28/Apr/2025:15:59:39 -0400] "GET /wp-content/plugins/contact-form-7-style/admin/predefined-templates.json HTTP/1.1" 200 1323 "-" "WordPress/6.8; https://batconpakistan.org"
162.0.235.240 - - [28/Apr/2025:15:59:40 -0400] "POST /wp-cron.php?doing_wp_cron=1745870380.0625588893890380859375 HTTP/1.1" 200 0 "-" "WordPress/6.8; https://batconpakistan.org"
52.169.87.17 - - [28/Apr/2025:15:59:38 -0400] "GET /authorize.php HTTP/1.1" 301 0 "-" "-"
162.0.235.240 - - [28/Apr/2025:15:59:40 -0400] "GET /wp-content/plugins/contact-form-7-style/admin/predefined-templates.json HTTP/1.1" 200 1323 "-" "WordPress/6.8; https://batconpakistan.org"
162.0.235.240 - - [28/Apr/2025:15:59:41 -0400] "GET /wp-content/plugins/contact-form-7-style/admin/predefined-templates.json HTTP/1.1" 200 1323 "-" "WordPress/6.8; https://batconpakistan.org"
52.169.87.17 - - [28/Apr/2025:15:59:40 -0400] "GET /authorize.php HTTP/1.1" 404 15887 "-" "-"
162.0.235.240 - - [28/Apr/2025:15:59:43 -0400] "GET /wp-content/plugins/contact-form-7-style/admin/predefined-templates.json HTTP/1.1" 200 1323 "-" "WordPress/6.8; https://batconpakistan.org"
52.169.87.17 - - [28/Apr/2025:15:59:42 -0400] "GET /wp-admin/css/colors/blue/CasperExV1.php HTTP/1.1" 301 0 "-" "-"
162.0.235.240 - - [28/Apr/2025:15:59:44 -0400] "GET /wp-content/plugins/contact-form-7-style/admin/predefined-templates.json HTTP/1.1" 200 1323 "-" "WordPress/6.8; https://batconpakistan.org"
52.169.87.17 - - [28/Apr/2025:15:59:43 -0400] "GET /wp-admin/css/colors/blue/CasperExV1.php HTTP/1.1" 404 15892 "-" "-"
162.0.235.240 - - [28/Apr/2025:15:59:46 -0400] "GET /wp-content/plugins/contact-form-7-style/admin/predefined-templates.json HTTP/1.1" 200 1323 "-" "WordPress/6.8; https://batconpakistan.org"
52.169.87.17 - - [28/Apr/2025:15:59:45 -0400] "GET /wp-admin/includes/users.php HTTP/1.1" 301 0 "-" "-"
162.0.235.240 - - [28/Apr/2025:15:59:47 -0400] "GET /wp-content/plugins/contact-form-7-style/admin/predefined-templates.json HTTP/1.1" 200 1323 "-" "WordPress/6.8; https://batconpakistan.org"
52.169.87.17 - - [28/Apr/2025:15:59:46 -0400] "GET /wp-admin/includes/users.php HTTP/1.1" 404 15888 "-" "-"
162.0.235.240 - - [28/Apr/2025:15:59:49 -0400] "GET /wp-content/plugins/contact-form-7-style/admin/predefined-templates.json HTTP/1.1" 200 1323 "-" "WordPress/6.8; https://batconpakistan.org"
162.0.235.240 - - [28/Apr/2025:15:59:49 -0400] "POST /wp-cron.php?doing_wp_cron=1745870389.4344930648803710937500 HTTP/1.1" 200 0 "-" "WordPress/6.8; https://batconpakistan.org"
52.169.87.17 - - [28/Apr/2025:15:59:48 -0400] "GET /wp.php HTTP/1.1" 301 0 "-" "-"
162.0.235.240 - - [28/Apr/2025:15:59:50 -0400] "GET /wp-content/plugins/contact-form-7-style/admin/predefined-templates.json HTTP/1.1" 200 1323 "-" "WordPress/6.8; https://batconpakistan.org"
162.0.235.240 - - [28/Apr/2025:15:59:50 -0400] "GET /wp-content/plugins/contact-form-7-style/admin/predefined-templates.json HTTP/1.1" 200 1323 "-" "WordPress/6.8; https://batconpakistan.org"
52.169.87.17 - - [28/Apr/2025:15:59:49 -0400] "GET /wp.php HTTP/1.1" 404 15888 "-" "-"
162.0.235.240 - - [28/Apr/2025:15:59:52 -0400] "GET /wp-content/plugins/contact-form-7-style/admin/predefined-templates.json HTTP/1.1" 200 1323 "-" "WordPress/6.8; https://batconpakistan.org"
52.169.87.17 - - [28/Apr/2025:15:59:51 -0400] "GET /wp-content/plugins/WordPressCore/include.php HTTP/1.1" 301 0 "-" "-"
162.0.235.240 - - [28/Apr/2025:15:59:54 -0400] "GET /wp-content/plugins/contact-form-7-style/admin/predefined-templates.json HTTP/1.1" 200 1323 "-" "WordPress/6.8; https://batconpakistan.org"
52.169.87.17 - - [28/Apr/2025:15:59:53 -0400] "GET /wp-content/plugins/WordPressCore/include.php HTTP/1.1" 404 15890 "-" "-"
162.0.235.240 - - [28/Apr/2025:15:59:55 -0400] "GET /wp-content/plugins/contact-form-7-style/admin/predefined-templates.json HTTP/1.1" 200 1323 "-" "WordPress/6.8; https://batconpakistan.org"
162.0.235.240 - - [28/Apr/2025:15:59:56 -0400] "POST /wp-cron.php?doing_wp_cron=1745870396.1947290897369384765625 HTTP/1.1" 200 0 "-" "WordPress/6.8; https://batconpakistan.org"
52.169.87.17 - - [28/Apr/2025:15:59:54 -0400] "GET /themes.php HTTP/1.1" 301 0 "-" "-"
162.0.235.240 - - [28/Apr/2025:15:59:57 -0400] "GET /wp-content/plugins/contact-form-7-style/admin/predefined-templates.json HTTP/1.1" 200 1323 "-" "WordPress/6.8; https://batconpakistan.org"
162.0.235.240 - - [28/Apr/2025:15:59:57 -0400] "GET /wp-content/plugins/contact-form-7-style/admin/predefined-templates.json HTTP/1.1" 200 1323 "-" "WordPress/6.8; https://batconpakistan.org"
52.169.87.17 - - [28/Apr/2025:15:59:56 -0400] "GET /themes.php HTTP/1.1" 404 15890 "-" "-"
162.0.235.240 - - [28/Apr/2025:15:59:59 -0400] "GET /wp-content/plugins/contact-form-7-style/admin/predefined-templates.json HTTP/1.1" 200 1323 "-" "WordPress/6.8; https://batconpakistan.org"
52.169.87.17 - - [28/Apr/2025:15:59:58 -0400] "GET /wp-admin/network/index.php HTTP/1.1" 302 0 "-" "-"
162.0.235.240 - - [28/Apr/2025:16:00:00 -0400] "GET /wp-content/plugins/contact-form-7-style/admin/predefined-templates.json HTTP/1.1" 200 1323 "-" "WordPress/6.8; https://batconpakistan.org"
52.169.87.17 - - [28/Apr/2025:15:59:59 -0400] "GET /wp-login.php?redirect_to=https%3A%2F%2Fwww.batconpakistan.org%2Fwp-admin%2Fnetwork%2Findex.php&reauth=1 HTTP/1.1" 200 1894 "-" "-"
162.0.235.240 - - [28/Apr/2025:16:00:02 -0400] "GET /wp-content/plugins/contact-form-7-style/admin/predefined-templates.json HTTP/1.1" 200 1323 "-" "WordPress/6.8; https://batconpakistan.org"
52.169.87.17 - - [28/Apr/2025:16:00:01 -0400] "GET /wp-content/plugins/WordPressCore/blkfqnikz.php HTTP/1.1" 301 0 "-" "-"
162.0.235.240 - - [28/Apr/2025:16:00:04 -0400] "GET /wp-content/plugins/contact-form-7-style/admin/predefined-templates.json HTTP/1.1" 200 1323 "-" "WordPress/6.8; https://batconpakistan.org"
52.169.87.17 - - [28/Apr/2025:16:00:02 -0400] "GET /wp-content/plugins/WordPressCore/blkfqnikz.php HTTP/1.1" 404 15888 "-" "-"
162.0.235.240 - - [28/Apr/2025:16:00:06 -0400] "GET /wp-content/plugins/contact-form-7-style/admin/predefined-templates.json HTTP/1.1" 200 1323 "-" "WordPress/6.8; https://batconpakistan.org"
162.0.235.240 - - [28/Apr/2025:16:00:07 -0400] "POST /wp-cron.php?doing_wp_cron=1745870407.0721590518951416015625 HTTP/1.1" 200 0 "-" "WordPress/6.8; https://batconpakistan.org"
52.169.87.17 - - [28/Apr/2025:16:00:05 -0400] "GET /wp/wp-admin/includes/class-wp-page-mvb2yr.php HTTP/1.1" 301 0 "-" "-"
162.0.235.240 - - [28/Apr/2025:16:00:08 -0400] "GET /wp-content/plugins/contact-form-7-style/admin/predefined-templates.json HTTP/1.1" 200 1323 "-" "WordPress/6.8; https://batconpakistan.org"
162.0.235.240 - - [28/Apr/2025:16:00:08 -0400] "GET /wp-content/plugins/contact-form-7-style/admin/predefined-templates.json HTTP/1.1" 200 1323 "-" "WordPress/6.8; https://batconpakistan.org"
52.169.87.17 - - [28/Apr/2025:16:00:07 -0400] "GET /wp/wp-admin/includes/class-wp-page-mvb2yr.php HTTP/1.1" 404 15890 "-" "-"
162.0.235.240 - - [28/Apr/2025:16:00:08 -0400] "POST /wp-admin/admin-ajax.php?action=async_litespeed&nonce=6YlHVhnj1z3qkjRubPG9IbMSaMm1ifk6&litespeed_type=imgoptm HTTP/1.1" 200 0 "-" "WordPress/6.8; https://batconpakistan.org"
162.0.235.240 - - [28/Apr/2025:16:00:09 -0400] "GET /wp-content/plugins/contact-form-7-style/admin/predefined-templates.json HTTP/1.1" 200 1323 "-" "WordPress/6.8; https://batconpakistan.org"
162.0.235.240 - - [28/Apr/2025:16:00:10 -0400] "GET /wp-content/plugins/contact-form-7-style/admin/predefined-templates.json HTTP/1.1" 200 1323 "-" "WordPress/6.8; https://batconpakistan.org"
52.169.87.17 - - [28/Apr/2025:16:00:09 -0400] "GET /st.php HTTP/1.1" 301 0 "-" "-"
162.0.235.240 - - [28/Apr/2025:16:00:12 -0400] "GET /wp-content/plugins/contact-form-7-style/admin/predefined-templates.json HTTP/1.1" 200 1323 "-" "WordPress/6.8; https://batconpakistan.org"
52.169.87.17 - - [28/Apr/2025:16:00:11 -0400] "GET /st.php HTTP/1.1" 404 15889 "-" "-"
162.0.235.240 - - [28/Apr/2025:16:00:14 -0400] "GET /wp-content/plugins/contact-form-7-style/admin/predefined-templates.json HTTP/1.1" 200 1323 "-" "WordPress/6.8; https://batconpakistan.org"
52.169.87.17 - - [28/Apr/2025:16:00:13 -0400] "GET /wp-includes/images/smilies/about.php HTTP/1.1" 301 0 "-" "-"
162.0.235.240 - - [28/Apr/2025:16:00:15 -0400] "GET /wp-content/plugins/contact-form-7-style/admin/predefined-templates.json HTTP/1.1" 200 1323 "-" "WordPress/6.8; https://batconpakistan.org"
52.169.87.17 - - [28/Apr/2025:16:00:14 -0400] "GET /wp-includes/images/smilies/about.php HTTP/1.1" 404 15888 "-" "-"
162.0.235.240 - - [28/Apr/2025:16:00:18 -0400] "GET /wp-content/plugins/contact-form-7-style/admin/predefined-templates.json HTTP/1.1" 200 1323 "-" "WordPress/6.8; https://batconpakistan.org"
52.169.87.17 - - [28/Apr/2025:16:00:16 -0400] "GET /ynz.PhP7 HTTP/1.1" 301 0 "-" "-"
162.0.235.240 - - [28/Apr/2025:16:00:19 -0400] "GET /wp-content/plugins/contact-form-7-style/admin/predefined-templates.json HTTP/1.1" 200 1323 "-" "WordPress/6.8; https://batconpakistan.org"
52.169.87.17 - - [28/Apr/2025:16:00:18 -0400] "GET /ynz.PhP7 HTTP/1.1" 404 15890 "-" "-"
162.0.235.240 - - [28/Apr/2025:16:00:21 -0400] "GET /wp-content/plugins/contact-form-7-style/admin/predefined-templates.json HTTP/1.1" 200 1323 "-" "WordPress/6.8; https://batconpakistan.org"
52.169.87.17 - - [28/Apr/2025:16:00:20 -0400] "GET /wp-content/style-css.php HTTP/1.1" 301 0 "-" "-"
162.0.235.240 - - [28/Apr/2025:16:00:22 -0400] "GET /wp-content/plugins/contact-form-7-style/admin/predefined-templates.json HTTP/1.1" 200 1323 "-" "WordPress/6.8; https://batconpakistan.org"
52.169.87.17 - - [28/Apr/2025:16:00:21 -0400] "GET /wp-content/style-css.php HTTP/1.1" 404 15888 "-" "-"
162.0.235.240 - - [28/Apr/2025:16:00:24 -0400] "GET /wp-content/plugins/contact-form-7-style/admin/predefined-templates.json HTTP/1.1" 200 1323 "-" "WordPress/6.8; https://batconpakistan.org"
52.169.87.17 - - [28/Apr/2025:16:00:23 -0400] "GET /wp-includes/IXR/wp-login.php HTTP/1.1" 301 0 "-" "-"
162.0.235.240 - - [28/Apr/2025:16:00:26 -0400] "GET /wp-content/plugins/contact-form-7-style/admin/predefined-templates.json HTTP/1.1" 200 1323 "-" "WordPress/6.8; https://batconpakistan.org"
52.169.87.17 - - [28/Apr/2025:16:00:25 -0400] "GET /wp-includes/IXR/wp-login.php HTTP/1.1" 404 15890 "-" "-"
162.0.235.240 - - [28/Apr/2025:16:00:28 -0400] "GET /wp-content/plugins/contact-form-7-style/admin/predefined-templates.json HTTP/1.1" 200 1323 "-" "WordPress/6.8; https://batconpakistan.org"
52.169.87.17 - - [28/Apr/2025:16:00:27 -0400] "GET /.well-known/acme-challenge/about.php HTTP/1.1" 301 0 "-" "-"
162.0.235.240 - - [28/Apr/2025:16:00:29 -0400] "GET /wp-content/plugins/contact-form-7-style/admin/predefined-templates.json HTTP/1.1" 200 1323 "-" "WordPress/6.8; https://batconpakistan.org"
52.169.87.17 - - [28/Apr/2025:16:00:28 -0400] "GET /.well-known/acme-challenge/about.php HTTP/1.1" 404 15889 "-" "-"
162.0.235.240 - - [28/Apr/2025:16:00:31 -0400] "GET /wp-content/plugins/contact-form-7-style/admin/predefined-templates.json HTTP/1.1" 200 1323 "-" "WordPress/6.8; https://batconpakistan.org"
52.169.87.17 - - [28/Apr/2025:16:00:30 -0400] "GET /wordpress/wp-includes/IXR/allez.php HTTP/1.1" 301 0 "-" "-"
162.0.235.240 - - [28/Apr/2025:16:00:32 -0400] "GET /wp-content/plugins/contact-form-7-style/admin/predefined-templates.json HTTP/1.1" 200 1323 "-" "WordPress/6.8; https://batconpakistan.org"
52.169.87.17 - - [28/Apr/2025:16:00:32 -0400] "GET /wordpress/wp-includes/IXR/allez.php HTTP/1.1" 404 15890 "-" "-"
162.0.235.240 - - [28/Apr/2025:16:00:34 -0400] "GET /wp-content/plugins/contact-form-7-style/admin/predefined-templates.json HTTP/1.1" 200 1323 "-" "WordPress/6.8; https://batconpakistan.org"
52.169.87.17 - - [28/Apr/2025:16:00:33 -0400] "GET /rendixd.php HTTP/1.1" 301 0 "-" "-"
162.0.235.240 - - [28/Apr/2025:16:00:36 -0400] "GET /wp-content/plugins/contact-form-7-style/admin/predefined-templates.json HTTP/1.1" 200 1323 "-" "WordPress/6.8; https://batconpakistan.org"
52.169.87.17 - - [28/Apr/2025:16:00:35 -0400] "GET /rendixd.php HTTP/1.1" 404 15891 "-" "-"
162.0.235.240 - - [28/Apr/2025:16:00:38 -0400] "GET /wp-content/plugins/contact-form-7-style/admin/predefined-templates.json HTTP/1.1" 200 1323 "-" "WordPress/6.8; https://batconpakistan.org"
52.169.87.17 - - [28/Apr/2025:16:00:37 -0400] "GET /wp-admin/css/admin.php HTTP/1.1" 301 0 "-" "-"
162.0.235.240 - - [28/Apr/2025:16:00:39 -0400] "GET /wp-content/plugins/contact-form-7-style/admin/predefined-templates.json HTTP/1.1" 200 1323 "-" "WordPress/6.8; https://batconpakistan.org"
52.169.87.17 - - [28/Apr/2025:16:00:38 -0400] "GET /wp-admin/css/admin.php HTTP/1.1" 404 15890 "-" "-"
162.0.235.240 - - [28/Apr/2025:16:00:41 -0400] "GET /wp-content/plugins/contact-form-7-style/admin/predefined-templates.json HTTP/1.1" 200 1323 "-" "WordPress/6.8; https://batconpakistan.org"
162.0.235.240 - - [28/Apr/2025:16:00:41 -0400] "POST /wp-cron.php?doing_wp_cron=1745870441.5188169479370117187500 HTTP/1.1" 200 0 "-" "WordPress/6.8; https://batconpakistan.org"
52.169.87.17 - - [28/Apr/2025:16:00:40 -0400] "GET /filefuns.php HTTP/1.1" 301 0 "-" "-"
162.0.235.240 - - [28/Apr/2025:16:00:42 -0400] "GET /wp-content/plugins/contact-form-7-style/admin/predefined-templates.json HTTP/1.1" 200 1323 "-" "WordPress/6.8; https://batconpakistan.org"
162.0.235.240 - - [28/Apr/2025:16:00:42 -0400] "GET /wp-content/plugins/contact-form-7-style/admin/predefined-templates.json HTTP/1.1" 200 1323 "-" "WordPress/6.8; https://batconpakistan.org"
52.169.87.17 - - [28/Apr/2025:16:00:41 -0400] "GET /filefuns.php HTTP/1.1" 404 15888 "-" "-"
162.0.235.240 - - [28/Apr/2025:16:00:44 -0400] "GET /wp-content/plugins/contact-form-7-style/admin/predefined-templates.json HTTP/1.1" 200 1323 "-" "WordPress/6.8; https://batconpakistan.org"
52.169.87.17 - - [28/Apr/2025:16:00:43 -0400] "GET /options.php HTTP/1.1" 301 0 "-" "-"
162.0.235.240 - - [28/Apr/2025:16:00:46 -0400] "GET /wp-content/plugins/contact-form-7-style/admin/predefined-templates.json HTTP/1.1" 200 1323 "-" "WordPress/6.8; https://batconpakistan.org"
52.169.87.17 - - [28/Apr/2025:16:00:45 -0400] "GET /options.php HTTP/1.1" 404 15890 "-" "-"
162.0.235.240 - - [28/Apr/2025:16:00:48 -0400] "GET /wp-content/plugins/contact-form-7-style/admin/predefined-templates.json HTTP/1.1" 200 1323 "-" "WordPress/6.8; https://batconpakistan.org"
162.0.235.240 - - [28/Apr/2025:16:00:48 -0400] "POST /wp-cron.php?doing_wp_cron=1745870448.2798941135406494140625 HTTP/1.1" 200 0 "-" "WordPress/6.8; https://batconpakistan.org"
52.169.87.17 - - [28/Apr/2025:16:00:47 -0400] "GET /wp-includes/js/tinymce/skins/lightgray/img/index.php HTTP/1.1" 301 0 "-" "-"
52.169.87.17 - - [28/Apr/2025:16:00:48 -0400] "GET /wp-includes/js/tinymce/skins/lightgray/img/ HTTP/1.1" 403 1242 "-" "-"
162.0.235.240 - - [28/Apr/2025:16:00:48 -0400] "GET /wp-content/plugins/contact-form-7-style/admin/predefined-templates.json HTTP/1.1" 200 1323 "-" "WordPress/6.8; https://batconpakistan.org"
162.0.235.240 - - [28/Apr/2025:16:00:49 -0400] "GET /wp-content/plugins/contact-form-7-style/admin/predefined-templates.json HTTP/1.1" 200 1323 "-" "WordPress/6.8; https://batconpakistan.org"
52.169.87.17 - - [28/Apr/2025:16:00:48 -0400] "GET /edit.php HTTP/1.1" 301 0 "-" "-"
162.0.235.240 - - [28/Apr/2025:16:00:51 -0400] "GET /wp-content/plugins/contact-form-7-style/admin/predefined-templates.json HTTP/1.1" 200 1323 "-" "WordPress/6.8; https://batconpakistan.org"
52.169.87.17 - - [28/Apr/2025:16:00:50 -0400] "GET /edit.php HTTP/1.1" 404 15889 "-" "-"
162.0.235.240 - - [28/Apr/2025:16:00:52 -0400] "GET /wp-content/plugins/contact-form-7-style/admin/predefined-templates.json HTTP/1.1" 200 1323 "-" "WordPress/6.8; https://batconpakistan.org"
52.169.87.17 - - [28/Apr/2025:16:00:52 -0400] "GET /user.php HTTP/1.1" 301 0 "-" "-"
162.0.235.240 - - [28/Apr/2025:16:00:54 -0400] "GET /wp-content/plugins/contact-form-7-style/admin/predefined-templates.json HTTP/1.1" 200 1323 "-" "WordPress/6.8; https://batconpakistan.org"
52.169.87.17 - - [28/Apr/2025:16:00:53 -0400] "GET /user.php HTTP/1.1" 404 15891 "-" "-"
162.0.235.240 - - [28/Apr/2025:16:00:56 -0400] "GET /wp-content/plugins/contact-form-7-style/admin/predefined-templates.json HTTP/1.1" 200 1323 "-" "WordPress/6.8; https://batconpakistan.org"
162.0.235.240 - - [28/Apr/2025:16:00:56 -0400] "POST /wp-cron.php?doing_wp_cron=1745870456.3229229450225830078125 HTTP/1.1" 200 0 "-" "WordPress/6.8; https://batconpakistan.org"
52.169.87.17 - - [28/Apr/2025:16:00:55 -0400] "GET /worm0.PhP7 HTTP/1.1" 301 0 "-" "-"
162.0.235.240 - - [28/Apr/2025:16:00:56 -0400] "GET /wp-content/plugins/contact-form-7-style/admin/predefined-templates.json HTTP/1.1" 200 1323 "-" "WordPress/6.8; https://batconpakistan.org"
162.0.235.240 - - [28/Apr/2025:16:00:57 -0400] "GET /wp-content/plugins/contact-form-7-style/admin/predefined-templates.json HTTP/1.1" 200 1323 "-" "WordPress/6.8; https://batconpakistan.org"
52.169.87.17 - - [28/Apr/2025:16:00:56 -0400] "GET /worm0.PhP7 HTTP/1.1" 404 15890 "-" "-"
162.0.235.240 - - [28/Apr/2025:16:00:59 -0400] "GET /wp-content/plugins/contact-form-7-style/admin/predefined-templates.json HTTP/1.1" 200 1323 "-" "WordPress/6.8; https://batconpakistan.org"
52.169.87.17 - - [28/Apr/2025:16:00:58 -0400] "GET /wp-includes/js/tinymce/skins/wordpress/images/index.php HTTP/1.1" 301 0 "-" "-"
52.169.87.17 - - [28/Apr/2025:16:00:59 -0400] "GET /wp-includes/js/tinymce/skins/wordpress/images/ HTTP/1.1" 403 1242 "-" "-"
162.0.235.240 - - [28/Apr/2025:16:01:01 -0400] "GET /wp-content/plugins/contact-form-7-style/admin/predefined-templates.json HTTP/1.1" 200 1323 "-" "WordPress/6.8; https://batconpakistan.org"
52.169.87.17 - - [28/Apr/2025:16:01:00 -0400] "GET /.well-known//.well-known/owlmailer.php HTTP/1.1" 301 0 "-" "-"
162.0.235.240 - - [28/Apr/2025:16:01:03 -0400] "GET /wp-content/plugins/contact-form-7-style/admin/predefined-templates.json HTTP/1.1" 200 1323 "-" "WordPress/6.8; https://batconpakistan.org"
52.169.87.17 - - [28/Apr/2025:16:01:01 -0400] "GET /.well-known/.well-known/owlmailer.php HTTP/1.1" 404 15888 "-" "-"
162.0.235.240 - - [28/Apr/2025:16:01:05 -0400] "GET /wp-content/plugins/contact-form-7-style/admin/predefined-templates.json HTTP/1.1" 200 1323 "-" "WordPress/6.8; https://batconpakistan.org"
162.0.235.240 - - [28/Apr/2025:16:01:06 -0400] "POST /wp-cron.php?doing_wp_cron=1745870465.9158639907836914062500 HTTP/1.1" 200 0 "-" "WordPress/6.8; https://batconpakistan.org"
52.169.87.17 - - [28/Apr/2025:16:01:04 -0400] "GET /wp-content/uploads/cong.php HTTP/1.1" 301 0 "-" "-"
162.0.235.240 - - [28/Apr/2025:16:01:06 -0400] "GET /wp-content/plugins/contact-form-7-style/admin/predefined-templates.json HTTP/1.1" 200 1323 "-" "WordPress/6.8; https://batconpakistan.org"
162.0.235.240 - - [28/Apr/2025:16:01:08 -0400] "GET /wp-content/plugins/contact-form-7-style/admin/predefined-templates.json HTTP/1.1" 200 1323 "-" "WordPress/6.8; https://batconpakistan.org"
162.0.235.240 - - [28/Apr/2025:16:01:07 -0400] "POST /wp-admin/admin-ajax.php?action=async_litespeed&nonce=YlOPpEWcZYmipx6RmwEzlfPVvMNZyZZe&litespeed_type=imgoptm HTTP/1.1" 200 0 "-" "WordPress/6.8; https://batconpakistan.org"
52.169.87.17 - - [28/Apr/2025:16:01:06 -0400] "GET /wp-content/uploads/cong.php HTTP/1.1" 404 15889 "-" "-"
162.0.235.240 - - [28/Apr/2025:16:01:08 -0400] "GET /wp-content/plugins/contact-form-7-style/admin/predefined-templates.json HTTP/1.1" 200 1323 "-" "WordPress/6.8; https://batconpakistan.org"
162.0.235.240 - - [28/Apr/2025:16:01:09 -0400] "GET /wp-content/plugins/contact-form-7-style/admin/predefined-templates.json HTTP/1.1" 200 1323 "-" "WordPress/6.8; https://batconpakistan.org"
52.169.87.17 - - [28/Apr/2025:16:01:09 -0400] "GET /01.php HTTP/1.1" 301 0 "-" "-"
162.0.235.240 - - [28/Apr/2025:16:01:11 -0400] "GET /wp-content/plugins/contact-form-7-style/admin/predefined-templates.json HTTP/1.1" 200 1323 "-" "WordPress/6.8; https://batconpakistan.org"
52.169.87.17 - - [28/Apr/2025:16:01:10 -0400] "GET /01.php HTTP/1.1" 404 15891 "-" "-"
162.0.235.240 - - [28/Apr/2025:16:01:13 -0400] "GET /wp-content/plugins/contact-form-7-style/admin/predefined-templates.json HTTP/1.1" 200 1323 "-" "WordPress/6.8; https://batconpakistan.org"
52.169.87.17 - - [28/Apr/2025:16:01:12 -0400] "GET /wp-content/uploads/wp-login.php.suspected HTTP/1.1" 301 0 "-" "-"
162.0.235.240 - - [28/Apr/2025:16:01:15 -0400] "GET /wp-content/plugins/contact-form-7-style/admin/predefined-templates.json HTTP/1.1" 200 1323 "-" "WordPress/6.8; https://batconpakistan.org"
52.169.87.17 - - [28/Apr/2025:16:01:14 -0400] "GET /wp-content/uploads/wp-login.php.suspected HTTP/1.1" 404 15888 "-" "-"
162.0.235.240 - - [28/Apr/2025:16:01:17 -0400] "GET /wp-content/plugins/contact-form-7-style/admin/predefined-templates.json HTTP/1.1" 200 1323 "-" "WordPress/6.8; https://batconpakistan.org"
52.169.87.17 - - [28/Apr/2025:16:01:16 -0400] "GET /wp-includes/rest-api/endpoints/html.php HTTP/1.1" 301 0 "-" "-"
162.0.235.240 - - [28/Apr/2025:16:01:19 -0400] "GET /wp-content/plugins/contact-form-7-style/admin/predefined-templates.json HTTP/1.1" 200 1323 "-" "WordPress/6.8; https://batconpakistan.org"
52.169.87.17 - - [28/Apr/2025:16:01:18 -0400] "GET /wp-includes/rest-api/endpoints/html.php HTTP/1.1" 404 15888 "-" "-"
162.0.235.240 - - [28/Apr/2025:16:01:21 -0400] "GET /wp-content/plugins/contact-form-7-style/admin/predefined-templates.json HTTP/1.1" 200 1323 "-" "WordPress/6.8; https://batconpakistan.org"
52.169.87.17 - - [28/Apr/2025:16:01:20 -0400] "GET /wp-admin/js/widgets/cong.php HTTP/1.1" 301 0 "-" "-"
162.0.235.240 - - [28/Apr/2025:16:01:23 -0400] "GET /wp-content/plugins/contact-form-7-style/admin/predefined-templates.json HTTP/1.1" 200 1323 "-" "WordPress/6.8; https://batconpakistan.org"
52.169.87.17 - - [28/Apr/2025:16:01:22 -0400] "GET /wp-admin/js/widgets/cong.php HTTP/1.1" 404 15888 "-" "-"
162.0.235.240 - - [28/Apr/2025:16:01:25 -0400] "GET /wp-content/plugins/contact-form-7-style/admin/predefined-templates.json HTTP/1.1" 200 1323 "-" "WordPress/6.8; https://batconpakistan.org"
52.169.87.17 - - [28/Apr/2025:16:01:24 -0400] "GET /doc.php HTTP/1.1" 301 0 "-" "-"
162.0.235.240 - - [28/Apr/2025:16:01:27 -0400] "GET /wp-content/plugins/contact-form-7-style/admin/predefined-templates.json HTTP/1.1" 200 1323 "-" "WordPress/6.8; https://batconpakistan.org"
52.169.87.17 - - [28/Apr/2025:16:01:26 -0400] "GET /doc.php HTTP/1.1" 404 15888 "-" "-"
162.0.235.240 - - [28/Apr/2025:16:01:29 -0400] "GET /wp-content/plugins/contact-form-7-style/admin/predefined-templates.json HTTP/1.1" 200 1323 "-" "WordPress/6.8; https://batconpakistan.org"
52.169.87.17 - - [28/Apr/2025:16:01:28 -0400] "GET /link.php HTTP/1.1" 301 0 "-" "-"
162.0.235.240 - - [28/Apr/2025:16:01:31 -0400] "GET /wp-content/plugins/contact-form-7-style/admin/predefined-templates.json HTTP/1.1" 200 1323 "-" "WordPress/6.8; https://batconpakistan.org"
52.169.87.17 - - [28/Apr/2025:16:01:30 -0400] "GET /link.php HTTP/1.1" 404 15889 "-" "-"
162.0.235.240 - - [28/Apr/2025:16:01:33 -0400] "GET /wp-content/plugins/contact-form-7-style/admin/predefined-templates.json HTTP/1.1" 200 1323 "-" "WordPress/6.8; https://batconpakistan.org"
52.169.87.17 - - [28/Apr/2025:16:01:32 -0400] "GET /autoload_classmap.php HTTP/1.1" 301 0 "-" "-"
162.0.235.240 - - [28/Apr/2025:16:01:34 -0400] "GET /wp-content/plugins/contact-form-7-style/admin/predefined-templates.json HTTP/1.1" 200 1323 "-" "WordPress/6.8; https://batconpakistan.org"
52.169.87.17 - - [28/Apr/2025:16:01:33 -0400] "GET /autoload_classmap.php HTTP/1.1" 404 15889 "-" "-"
162.0.235.240 - - [28/Apr/2025:16:01:36 -0400] "GET /wp-content/plugins/contact-form-7-style/admin/predefined-templates.json HTTP/1.1" 200 1323 "-" "WordPress/6.8; https://batconpakistan.org"
52.169.87.17 - - [28/Apr/2025:16:01:35 -0400] "GET /wp-admin/js/privacy-tools.min.php HTTP/1.1" 301 0 "-" "-"
162.0.235.240 - - [28/Apr/2025:16:01:37 -0400] "GET /wp-content/plugins/contact-form-7-style/admin/predefined-templates.json HTTP/1.1" 200 1323 "-" "WordPress/6.8; https://batconpakistan.org"
52.169.87.17 - - [28/Apr/2025:16:01:36 -0400] "GET /wp-admin/js/privacy-tools.min.php HTTP/1.1" 404 15887 "-" "-"
162.0.235.240 - - [28/Apr/2025:16:01:39 -0400] "GET /wp-content/plugins/contact-form-7-style/admin/predefined-templates.json HTTP/1.1" 200 1323 "-" "WordPress/6.8; https://batconpakistan.org"
52.169.87.17 - - [28/Apr/2025:16:01:38 -0400] "GET /wp-includes/pomo/wp-login.php HTTP/1.1" 301 0 "-" "-"
162.0.235.240 - - [28/Apr/2025:16:01:40 -0400] "GET /wp-content/plugins/contact-form-7-style/admin/predefined-templates.json HTTP/1.1" 200 1323 "-" "WordPress/6.8; https://batconpakistan.org"
162.0.235.240 - - [28/Apr/2025:16:01:41 -0400] "POST /wp-cron.php?doing_wp_cron=1745870501.2543399333953857421875 HTTP/1.1" 200 0 "-" "WordPress/6.8; https://batconpakistan.org"
52.169.87.17 - - [28/Apr/2025:16:01:39 -0400] "GET /wp-includes/pomo/wp-login.php HTTP/1.1" 404 15891 "-" "-"
162.0.235.240 - - [28/Apr/2025:16:01:41 -0400] "GET /wp-content/plugins/contact-form-7-style/admin/predefined-templates.json HTTP/1.1" 200 1323 "-" "WordPress/6.8; https://batconpakistan.org"
162.0.235.240 - - [28/Apr/2025:16:01:43 -0400] "GET /wp-content/plugins/contact-form-7-style/admin/predefined-templates.json HTTP/1.1" 200 1323 "-" "WordPress/6.8; https://batconpakistan.org"
52.169.87.17 - - [28/Apr/2025:16:01:42 -0400] "GET /db.php HTTP/1.1" 301 0 "-" "-"
162.0.235.240 - - [28/Apr/2025:16:01:44 -0400] "GET /wp-content/plugins/contact-form-7-style/admin/predefined-templates.json HTTP/1.1" 200 1323 "-" "WordPress/6.8; https://batconpakistan.org"
52.169.87.17 - - [28/Apr/2025:16:01:43 -0400] "GET /db.php HTTP/1.1" 404 15890 "-" "-"
162.0.235.240 - - [28/Apr/2025:16:01:46 -0400] "GET /wp-content/plugins/contact-form-7-style/admin/predefined-templates.json HTTP/1.1" 200 1323 "-" "WordPress/6.8; https://batconpakistan.org"
52.169.87.17 - - [28/Apr/2025:16:01:45 -0400] "GET /wp-content/uploads/error_log.php HTTP/1.1" 301 0 "-" "-"
162.0.235.240 - - [28/Apr/2025:16:01:47 -0400] "GET /wp-content/plugins/contact-form-7-style/admin/predefined-templates.json HTTP/1.1" 200 1323 "-" "WordPress/6.8; https://batconpakistan.org"
52.169.87.17 - - [28/Apr/2025:16:01:46 -0400] "GET /wp-content/uploads/error_log.php HTTP/1.1" 404 15890 "-" "-"
162.0.235.240 - - [28/Apr/2025:16:01:49 -0400] "GET /wp-content/plugins/contact-form-7-style/admin/predefined-templates.json HTTP/1.1" 200 1323 "-" "WordPress/6.8; https://batconpakistan.org"
162.0.235.240 - - [28/Apr/2025:16:01:49 -0400] "POST /wp-cron.php?doing_wp_cron=1745870509.4724469184875488281250 HTTP/1.1" 200 0 "-" "WordPress/6.8; https://batconpakistan.org"
52.169.87.17 - - [28/Apr/2025:16:01:48 -0400] "GET /google.php HTTP/1.1" 301 0 "-" "-"
162.0.235.240 - - [28/Apr/2025:16:01:50 -0400] "GET /wp-content/plugins/contact-form-7-style/admin/predefined-templates.json HTTP/1.1" 200 1323 "-" "WordPress/6.8; https://batconpakistan.org"
162.0.235.240 - - [28/Apr/2025:16:01:50 -0400] "GET /wp-content/plugins/contact-form-7-style/admin/predefined-templates.json HTTP/1.1" 200 1323 "-" "WordPress/6.8; https://batconpakistan.org"
52.169.87.17 - - [28/Apr/2025:16:01:49 -0400] "GET /google.php HTTP/1.1" 404 15888 "-" "-"
162.0.235.240 - - [28/Apr/2025:16:01:52 -0400] "GET /wp-content/plugins/contact-form-7-style/admin/predefined-templates.json HTTP/1.1" 200 1323 "-" "WordPress/6.8; https://batconpakistan.org"
52.169.87.17 - - [28/Apr/2025:16:01:51 -0400] "GET /wp-includes/pomo/fgertreyersd.php.suspected HTTP/1.1" 301 0 "-" "-"
162.0.235.240 - - [28/Apr/2025:16:01:53 -0400] "GET /wp-content/plugins/contact-form-7-style/admin/predefined-templates.json HTTP/1.1" 200 1323 "-" "WordPress/6.8; https://batconpakistan.org"
52.169.87.17 - - [28/Apr/2025:16:01:52 -0400] "GET /wp-includes/pomo/fgertreyersd.php.suspected HTTP/1.1" 404 15892 "-" "-"
162.0.235.240 - - [28/Apr/2025:16:01:55 -0400] "GET /wp-content/plugins/contact-form-7-style/admin/predefined-templates.json HTTP/1.1" 200 1323 "-" "WordPress/6.8; https://batconpakistan.org"
162.0.235.240 - - [28/Apr/2025:16:01:55 -0400] "POST /wp-cron.php?doing_wp_cron=1745870515.5719010829925537109375 HTTP/1.1" 200 0 "-" "WordPress/6.8; https://batconpakistan.org"
52.169.87.17 - - [28/Apr/2025:16:01:54 -0400] "GET /wp-includes/Requests/dropdown.php HTTP/1.1" 301 0 "-" "-"
162.0.235.240 - - [28/Apr/2025:16:01:56 -0400] "GET /wp-content/plugins/contact-form-7-style/admin/predefined-templates.json HTTP/1.1" 200 1323 "-" "WordPress/6.8; https://batconpakistan.org"
162.0.235.240 - - [28/Apr/2025:16:01:56 -0400] "GET /wp-content/plugins/contact-form-7-style/admin/predefined-templates.json HTTP/1.1" 200 1323 "-" "WordPress/6.8; https://batconpakistan.org"
52.169.87.17 - - [28/Apr/2025:16:01:55 -0400] "GET /wp-includes/Requests/dropdown.php HTTP/1.1" 404 15889 "-" "-"
162.0.235.240 - - [28/Apr/2025:16:01:58 -0400] "GET /wp-content/plugins/contact-form-7-style/admin/predefined-templates.json HTTP/1.1" 200 1323 "-" "WordPress/6.8; https://batconpakistan.org"
52.169.87.17 - - [28/Apr/2025:16:01:57 -0400] "GET /wp-content/install.php HTTP/1.1" 301 0 "-" "-"
162.0.235.240 - - [28/Apr/2025:16:02:00 -0400] "GET /wp-content/plugins/contact-form-7-style/admin/predefined-templates.json HTTP/1.1" 200 1323 "-" "WordPress/6.8; https://batconpakistan.org"
52.169.87.17 - - [28/Apr/2025:16:01:59 -0400] "GET /wp-content/install.php HTTP/1.1" 404 15888 "-" "-"
162.0.235.240 - - [28/Apr/2025:16:02:02 -0400] "GET /wp-content/plugins/contact-form-7-style/admin/predefined-templates.json HTTP/1.1" 200 1323 "-" "WordPress/6.8; https://batconpakistan.org"
52.169.87.17 - - [28/Apr/2025:16:02:01 -0400] "GET /.well-known/admin.php HTTP/1.1" 301 0 "-" "-"
162.0.235.240 - - [28/Apr/2025:16:02:03 -0400] "GET /wp-content/plugins/contact-form-7-style/admin/predefined-templates.json HTTP/1.1" 200 1323 "-" "WordPress/6.8; https://batconpakistan.org"
52.169.87.17 - - [28/Apr/2025:16:02:02 -0400] "GET /.well-known/admin.php HTTP/1.1" 404 15888 "-" "-"
162.0.235.240 - - [28/Apr/2025:16:02:05 -0400] "GET /wp-content/plugins/contact-form-7-style/admin/predefined-templates.json HTTP/1.1" 200 1323 "-" "WordPress/6.8; https://batconpakistan.org"
162.0.235.240 - - [28/Apr/2025:16:02:06 -0400] "POST /wp-cron.php?doing_wp_cron=1745870526.2381069660186767578125 HTTP/1.1" 200 0 "-" "WordPress/6.8; https://batconpakistan.org"
52.169.87.17 - - [28/Apr/2025:16:02:04 -0400] "GET /revision.php HTTP/1.1" 301 0 "-" "-"
162.0.235.240 - - [28/Apr/2025:16:02:07 -0400] "GET /wp-content/plugins/contact-form-7-style/admin/predefined-templates.json HTTP/1.1" 200 1323 "-" "WordPress/6.8; https://batconpakistan.org"
162.0.235.240 - - [28/Apr/2025:16:02:08 -0400] "GET /wp-content/plugins/contact-form-7-style/admin/predefined-templates.json HTTP/1.1" 200 1323 "-" "WordPress/6.8; https://batconpakistan.org"
162.0.235.240 - - [28/Apr/2025:16:02:07 -0400] "POST /wp-admin/admin-ajax.php?action=async_litespeed&nonce=cMGZ1tmWAa9Ibr62zPp467ayOGUwYR3s&litespeed_type=imgoptm HTTP/1.1" 200 0 "-" "WordPress/6.8; https://batconpakistan.org"
162.0.235.240 - - [28/Apr/2025:16:02:08 -0400] "GET /wp-content/plugins/contact-form-7-style/admin/predefined-templates.json HTTP/1.1" 200 1323 "-" "WordPress/6.8; https://batconpakistan.org"
52.169.87.17 - - [28/Apr/2025:16:02:06 -0400] "GET /revision.php HTTP/1.1" 404 15888 "-" "-"
162.0.235.240 - - [28/Apr/2025:16:02:10 -0400] "GET /wp-content/plugins/contact-form-7-style/admin/predefined-templates.json HTTP/1.1" 200 1323 "-" "WordPress/6.8; https://batconpakistan.org"
52.169.87.17 - - [28/Apr/2025:16:02:09 -0400] "GET /css/sgd.php HTTP/1.1" 301 0 "-" "-"
162.0.235.240 - - [28/Apr/2025:16:02:12 -0400] "GET /wp-content/plugins/contact-form-7-style/admin/predefined-templates.json HTTP/1.1" 200 1323 "-" "WordPress/6.8; https://batconpakistan.org"
52.169.87.17 - - [28/Apr/2025:16:02:11 -0400] "GET /css/sgd.php HTTP/1.1" 404 15888 "-" "-"
52.169.87.17 - - [28/Apr/2025:16:02:14 -0400] "GET /wp-content/plugins/index.php HTTP/1.1" 200 0 "-" "-"
185.218.125.245 - - [28/Apr/2025:16:02:19 -0400] "POST /xmlrpc.php HTTP/1.1" 403 1242 "-" "Mozilla/5.0 (X11; Fedora; Linux x86_64; rv:94.0) Gecko/20100101 Firefox/95.0"
54.36.148.115 - - [28/Apr/2025:16:14:18 -0400] "GET / HTTP/1.1" 302 771 "-" "Mozilla/5.0 (compatible; AhrefsBot/7.0; +http://ahrefs.com/robot/)"
162.0.235.240 - - [28/Apr/2025:16:17:57 -0400] "GET /wp-content/plugins/contact-form-7-style/admin/predefined-templates.json HTTP/1.1" 200 1323 "-" "WordPress/6.8; https://batconpakistan.org"
54.36.149.59 - - [28/Apr/2025:16:17:54 -0400] "GET /Power-Transmission-Products-Spherical-Roller-Bearing-609918-Spherical/ HTTP/1.1" 200 16010 "-" "Mozilla/5.0 (compatible; AhrefsBot/7.0; +http://ahrefs.com/robot/)"
162.0.235.240 - - [28/Apr/2025:16:18:58 -0400] "GET /wp-content/plugins/contact-form-7-style/admin/predefined-templates.json HTTP/1.1" 200 1323 "-" "WordPress/6.8; https://batconpakistan.org"
162.0.235.240 - - [28/Apr/2025:16:18:58 -0400] "POST /wp-cron.php?doing_wp_cron=1745871538.3996078968048095703125 HTTP/1.1" 200 0 "-" "WordPress/6.8; https://batconpakistan.org"
162.0.235.240 - - [28/Apr/2025:16:18:59 -0400] "GET /wp-content/plugins/contact-form-7-style/admin/predefined-templates.json HTTP/1.1" 200 1323 "-" "WordPress/6.8; https://batconpakistan.org"
205.185.123.102 - - [28/Apr/2025:16:18:57 -0400] "POST /wp-json/sure-triggers/v1/automation/action HTTP/1.1" 404 114 "-" "Mozilla/5.0 (Macintosh; Intel Mac OS X 10_15_7) AppleWebKit/537.36 (KHTML, like Gecko) Chrome/113.0.0.0 Safari/537.36"
162.0.235.240 - - [28/Apr/2025:16:18:59 -0400] "POST /wp-admin/admin-ajax.php?action=async_litespeed&nonce=6ScZoIjhYlg5PfYiNzOTiXEQzlzKaIMc&litespeed_type=imgoptm HTTP/1.1" 200 0 "-" "WordPress/6.8; https://batconpakistan.org"
162.0.235.240 - - [28/Apr/2025:16:19:00 -0400] "GET /wp-content/plugins/contact-form-7-style/admin/predefined-templates.json HTTP/1.1" 200 1323 "-" "WordPress/6.8; https://batconpakistan.org"
162.0.235.240 - - [28/Apr/2025:16:21:07 -0400] "GET /wp-content/plugins/contact-form-7-style/admin/predefined-templates.json HTTP/1.1" 200 1323 "-" "WordPress/6.8; https://batconpakistan.org"
162.0.235.240 - - [28/Apr/2025:16:21:07 -0400] "POST /wp-cron.php?doing_wp_cron=1745871667.6022169589996337890625 HTTP/1.1" 200 0 "-" "WordPress/6.8; https://batconpakistan.org"
54.36.149.6 - - [28/Apr/2025:16:21:03 -0400] "GET /product/woo-logo/ HTTP/1.1" 200 19778 "-" "Mozilla/5.0 (compatible; AhrefsBot/7.0; +http://ahrefs.com/robot/)"
162.0.235.240 - - [28/Apr/2025:16:21:08 -0400] "GET /wp-content/plugins/contact-form-7-style/admin/predefined-templates.json HTTP/1.1" 200 1323 "-" "WordPress/6.8; https://batconpakistan.org"
162.0.235.240 - - [28/Apr/2025:16:21:08 -0400] "POST /wp-admin/admin-ajax.php?action=async_litespeed&nonce=uMNCOK5aAiLAHjnyvdMJ7z4Wfc3cWRmY&litespeed_type=imgoptm HTTP/1.1" 200 0 "-" "WordPress/6.8; https://batconpakistan.org"
162.0.235.240 - - [28/Apr/2025:16:21:09 -0400] "GET /wp-content/plugins/contact-form-7-style/admin/predefined-templates.json HTTP/1.1" 200 1323 "-" "WordPress/6.8; https://batconpakistan.org"
162.0.235.240 - - [28/Apr/2025:16:25:02 -0400] "GET /wp-content/plugins/contact-form-7-style/admin/predefined-templates.json HTTP/1.1" 200 1323 "-" "WordPress/6.8; https://batconpakistan.org"
162.0.235.240 - - [28/Apr/2025:16:25:03 -0400] "POST /wp-cron.php?doing_wp_cron=1745871902.8666698932647705078125 HTTP/1.1" 200 0 "-" "WordPress/6.8; https://batconpakistan.org"
54.36.148.62 - - [28/Apr/2025:16:24:58 -0400] "GET /campaign_tag/wild/feed/ HTTP/1.1" 200 194 "-" "Mozilla/5.0 (compatible; AhrefsBot/7.0; +http://ahrefs.com/robot/)"
162.0.235.240 - - [28/Apr/2025:16:25:03 -0400] "GET /wp-content/plugins/contact-form-7-style/admin/predefined-templates.json HTTP/1.1" 200 1323 "-" "WordPress/6.8; https://batconpakistan.org"
162.0.235.240 - - [28/Apr/2025:16:25:04 -0400] "POST /wp-admin/admin-ajax.php?action=async_litespeed&nonce=EJVsx5jFR5rPTxpfXCuepzKrQkAjhXfK&litespeed_type=imgoptm HTTP/1.1" 200 0 "-" "WordPress/6.8; https://batconpakistan.org"
162.0.235.240 - - [28/Apr/2025:16:25:06 -0400] "GET /wp-content/plugins/contact-form-7-style/admin/predefined-templates.json HTTP/1.1" 200 1323 "-" "WordPress/6.8; https://batconpakistan.org"
162.0.235.240 - - [28/Apr/2025:16:28:12 -0400] "GET /wp-content/plugins/contact-form-7-style/admin/predefined-templates.json HTTP/1.1" 200 1323 "-" "WordPress/6.8; https://batconpakistan.org"
162.0.235.240 - - [28/Apr/2025:16:28:13 -0400] "POST /wp-cron.php?doing_wp_cron=1745872093.2762498855590820312500 HTTP/1.1" 200 0 "-" "WordPress/6.8; https://batconpakistan.org"
66.249.66.77 - - [28/Apr/2025:16:28:08 -0400] "GET /cf7_style/twenty-fifteen-pattern/ HTTP/1.1" 200 194 "-" "Mozilla/5.0 (Linux; Android 6.0.1; Nexus 5X Build/MMB29P) AppleWebKit/537.36 (KHTML, like Gecko) Chrome/135.0.7049.95 Mobile Safari/537.36 (compatible; Googlebot/2.1; +http://www.google.com/bot.html)"
162.0.235.240 - - [28/Apr/2025:16:28:14 -0400] "GET /wp-content/plugins/contact-form-7-style/admin/predefined-templates.json HTTP/1.1" 200 1323 "-" "WordPress/6.8; https://batconpakistan.org"
162.0.235.240 - - [28/Apr/2025:16:28:14 -0400] "POST /wp-admin/admin-ajax.php?action=async_litespeed&nonce=vGVmDEl7CCBdYnJeTDFw5aIra9VicYhn&litespeed_type=imgoptm HTTP/1.1" 200 0 "-" "WordPress/6.8; https://batconpakistan.org"
162.0.235.240 - - [28/Apr/2025:16:28:15 -0400] "GET /wp-content/plugins/contact-form-7-style/admin/predefined-templates.json HTTP/1.1" 200 1323 "-" "WordPress/6.8; https://batconpakistan.org"
162.0.235.240 - - [28/Apr/2025:16:28:47 -0400] "GET /wp-content/plugins/contact-form-7-style/admin/predefined-templates.json HTTP/1.1" 200 1323 "-" "WordPress/6.8; https://batconpakistan.org"
162.0.235.240 - - [28/Apr/2025:16:28:47 -0400] "POST /wp-cron.php?doing_wp_cron=1745872127.5993340015411376953125 HTTP/1.1" 200 0 "-" "WordPress/6.8; https://batconpakistan.org"
205.185.123.102 - - [28/Apr/2025:16:28:46 -0400] "GET /wp-json/sure-triggers/v1/automation/action HTTP/1.1" 404 114 "-" "Mozilla/5.0 (Macintosh; Intel Mac OS X 10_15_7) AppleWebKit/537.36 (KHTML, like Gecko) Chrome/113.0.0.0 Safari/537.36"
162.0.235.240 - - [28/Apr/2025:16:28:48 -0400] "GET /wp-content/plugins/contact-form-7-style/admin/predefined-templates.json HTTP/1.1" 200 1323 "-" "WordPress/6.8; https://batconpakistan.org"
162.0.235.240 - - [28/Apr/2025:16:29:34 -0400] "GET /wp-content/plugins/contact-form-7-style/admin/predefined-templates.json HTTP/1.1" 200 1323 "-" "WordPress/6.8; https://batconpakistan.org"
162.0.235.240 - - [28/Apr/2025:16:29:35 -0400] "POST /wp-cron.php?doing_wp_cron=1745872175.0198259353637695312500 HTTP/1.1" 200 0 "-" "WordPress/6.8; https://batconpakistan.org"
2a03:2880:f800:e:: - - [28/Apr/2025:16:29:33 -0400] "GET /2021/02/20/earthday-org-and-batcon-pakistan-join-hands/ HTTP/1.1" 200 20728 "-" "meta-externalagent/1.1 (+https://developers.facebook.com/docs/sharing/webmasters/crawler)"
162.0.235.240 - - [28/Apr/2025:16:29:35 -0400] "GET /wp-content/plugins/contact-form-7-style/admin/predefined-templates.json HTTP/1.1" 200 1323 "-" "WordPress/6.8; https://batconpakistan.org"
162.0.235.240 - - [28/Apr/2025:16:29:36 -0400] "POST /wp-admin/admin-ajax.php?action=async_litespeed&nonce=4o3bPskWHqdA6YOnbpvpuc4BOj2e66JG&litespeed_type=imgoptm HTTP/1.1" 200 0 "-" "WordPress/6.8; https://batconpakistan.org"
162.0.235.240 - - [28/Apr/2025:16:29:37 -0400] "GET /wp-content/plugins/contact-form-7-style/admin/predefined-templates.json HTTP/1.1" 200 1323 "-" "WordPress/6.8; https://batconpakistan.org"
52.168.148.175 - - [28/Apr/2025:16:31:30 -0400] "GET /autoload_classmap.php HTTP/1.1" 404 15889 "-" "-"
162.0.235.240 - - [28/Apr/2025:16:31:34 -0400] "GET /wp-content/plugins/contact-form-7-style/admin/predefined-templates.json HTTP/1.1" 200 1323 "-" "WordPress/6.8; https://batconpakistan.org"
52.168.148.175 - - [28/Apr/2025:16:31:30 -0400] "GET /post.php HTTP/1.1" 200 16008 "-" "-"
162.0.235.240 - - [28/Apr/2025:16:31:37 -0400] "GET /wp-content/plugins/contact-form-7-style/admin/predefined-templates.json HTTP/1.1" 200 1323 "-" "WordPress/6.8; https://batconpakistan.org"
52.168.148.175 - - [28/Apr/2025:16:31:36 -0400] "GET /1.php HTTP/1.1" 404 15890 "-" "-"
162.0.235.240 - - [28/Apr/2025:16:31:39 -0400] "GET /wp-content/plugins/contact-form-7-style/admin/predefined-templates.json HTTP/1.1" 200 1323 "-" "WordPress/6.8; https://batconpakistan.org"
52.168.148.175 - - [28/Apr/2025:16:31:38 -0400] "GET /flower.php HTTP/1.1" 404 15890 "-" "-"
162.0.235.240 - - [28/Apr/2025:16:31:40 -0400] "GET /wp-content/plugins/contact-form-7-style/admin/predefined-templates.json HTTP/1.1" 200 1323 "-" "WordPress/6.8; https://batconpakistan.org"
52.168.148.175 - - [28/Apr/2025:16:31:39 -0400] "GET /admin.php HTTP/1.1" 404 15890 "-" "-"
162.0.235.240 - - [28/Apr/2025:16:31:42 -0400] "GET /wp-content/plugins/contact-form-7-style/admin/predefined-templates.json HTTP/1.1" 200 1323 "-" "WordPress/6.8; https://batconpakistan.org"
52.168.148.175 - - [28/Apr/2025:16:31:41 -0400] "GET /file.php HTTP/1.1" 404 15890 "-" "-"
162.0.235.240 - - [28/Apr/2025:16:31:44 -0400] "GET /wp-content/plugins/contact-form-7-style/admin/predefined-templates.json HTTP/1.1" 200 1323 "-" "WordPress/6.8; https://batconpakistan.org"
52.168.148.175 - - [28/Apr/2025:16:31:43 -0400] "GET /meta.php HTTP/1.1" 404 15892 "-" "-"
162.0.235.240 - - [28/Apr/2025:16:31:45 -0400] "GET /wp-content/plugins/contact-form-7-style/admin/predefined-templates.json HTTP/1.1" 200 1323 "-" "WordPress/6.8; https://batconpakistan.org"
52.168.148.175 - - [28/Apr/2025:16:31:44 -0400] "GET /index.php HTTP/1.1" 301 0 "-" "-"
162.0.235.240 - - [28/Apr/2025:16:31:47 -0400] "GET /wp-content/plugins/contact-form-7-style/admin/predefined-templates.json HTTP/1.1" 200 1323 "-" "WordPress/6.8; https://batconpakistan.org"
52.168.148.175 - - [28/Apr/2025:16:31:46 -0400] "GET / HTTP/1.1" 200 23495 "-" "-"
52.168.148.175 - - [28/Apr/2025:16:31:48 -0400] "GET /about.php HTTP/1.1" 404 15891 "-" "-"
162.0.235.240 - - [28/Apr/2025:16:31:49 -0400] "GET /wp-content/plugins/contact-form-7-style/admin/predefined-templates.json HTTP/1.1" 200 1323 "-" "WordPress/6.8; https://batconpakistan.org"
52.168.148.175 - - [28/Apr/2025:16:31:48 -0400] "GET /randkeyword.php HTTP/1.1" 404 15888 "-" "-"
162.0.235.240 - - [28/Apr/2025:16:31:51 -0400] "GET /wp-content/plugins/contact-form-7-style/admin/predefined-templates.json HTTP/1.1" 200 1323 "-" "WordPress/6.8; https://batconpakistan.org"
52.168.148.175 - - [28/Apr/2025:16:31:50 -0400] "GET /goods.php HTTP/1.1" 404 15888 "-" "-"
162.0.235.240 - - [28/Apr/2025:16:31:53 -0400] "GET /wp-content/plugins/contact-form-7-style/admin/predefined-templates.json HTTP/1.1" 200 1323 "-" "WordPress/6.8; https://batconpakistan.org"
52.168.148.175 - - [28/Apr/2025:16:31:52 -0400] "GET /hehe.php HTTP/1.1" 404 15888 "-" "-"
162.0.235.240 - - [28/Apr/2025:16:31:55 -0400] "GET /wp-content/plugins/contact-form-7-style/admin/predefined-templates.json HTTP/1.1" 200 1323 "-" "WordPress/6.8; https://batconpakistan.org"
52.168.148.175 - - [28/Apr/2025:16:31:54 -0400] "GET /yindu.php HTTP/1.1" 404 15889 "-" "-"
162.0.235.240 - - [28/Apr/2025:16:31:57 -0400] "GET /wp-content/plugins/contact-form-7-style/admin/predefined-templates.json HTTP/1.1" 200 1323 "-" "WordPress/6.8; https://batconpakistan.org"
52.168.148.175 - - [28/Apr/2025:16:31:56 -0400] "GET /wp-admin/class-db.php HTTP/1.1" 404 15888 "-" "-"
162.0.235.240 - - [28/Apr/2025:16:31:59 -0400] "GET /wp-content/plugins/contact-form-7-style/admin/predefined-templates.json HTTP/1.1" 200 1323 "-" "WordPress/6.8; https://batconpakistan.org"
52.168.148.175 - - [28/Apr/2025:16:31:57 -0400] "GET /baxa1.phP8 HTTP/1.1" 404 15886 "-" "-"
162.0.235.240 - - [28/Apr/2025:16:32:00 -0400] "GET /wp-content/plugins/contact-form-7-style/admin/predefined-templates.json HTTP/1.1" 200 1323 "-" "WordPress/6.8; https://batconpakistan.org"
52.168.148.175 - - [28/Apr/2025:16:31:59 -0400] "GET /baxa1.php HTTP/1.1" 404 15888 "-" "-"
162.0.235.240 - - [28/Apr/2025:16:32:02 -0400] "GET /wp-content/plugins/contact-form-7-style/admin/predefined-templates.json HTTP/1.1" 200 1323 "-" "WordPress/6.8; https://batconpakistan.org"
52.168.148.175 - - [28/Apr/2025:16:32:01 -0400] "GET /.well-known//index.php HTTP/1.1" 301 0 "-" "-"
162.0.235.240 - - [28/Apr/2025:16:32:04 -0400] "GET /wp-content/plugins/contact-form-7-style/admin/predefined-templates.json HTTP/1.1" 200 1323 "-" "WordPress/6.8; https://batconpakistan.org"
52.168.148.175 - - [28/Apr/2025:16:32:03 -0400] "GET /.well-known/ HTTP/1.1" 404 15888 "-" "-"
162.0.235.240 - - [28/Apr/2025:16:32:06 -0400] "GET /wp-content/plugins/contact-form-7-style/admin/predefined-templates.json HTTP/1.1" 200 1323 "-" "WordPress/6.8; https://batconpakistan.org"
52.168.148.175 - - [28/Apr/2025:16:32:05 -0400] "GET /libraries/phpmailer//index.php HTTP/1.1" 301 0 "-" "-"
162.0.235.240 - - [28/Apr/2025:16:32:08 -0400] "GET /wp-content/plugins/contact-form-7-style/admin/predefined-templates.json HTTP/1.1" 200 1323 "-" "WordPress/6.8; https://batconpakistan.org"
52.168.148.175 - - [28/Apr/2025:16:32:06 -0400] "GET /libraries/phpmailer/ HTTP/1.1" 404 15890 "-" "-"
162.0.235.240 - - [28/Apr/2025:16:32:09 -0400] "GET /wp-content/plugins/contact-form-7-style/admin/predefined-templates.json HTTP/1.1" 200 1323 "-" "WordPress/6.8; https://batconpakistan.org"
52.168.148.175 - - [28/Apr/2025:16:32:08 -0400] "GET /wp-admin/autoload_classmap.php HTTP/1.1" 404 15889 "-" "-"
162.0.235.240 - - [28/Apr/2025:16:32:11 -0400] "GET /wp-content/plugins/contact-form-7-style/admin/predefined-templates.json HTTP/1.1" 200 1323 "-" "WordPress/6.8; https://batconpakistan.org"
52.168.148.175 - - [28/Apr/2025:16:32:10 -0400] "GET /wp-admin/css/colors/blue//1.php HTTP/1.1" 301 0 "-" "-"
162.0.235.240 - - [28/Apr/2025:16:32:12 -0400] "GET /wp-content/plugins/contact-form-7-style/admin/predefined-templates.json HTTP/1.1" 200 1323 "-" "WordPress/6.8; https://batconpakistan.org"
52.168.148.175 - - [28/Apr/2025:16:32:11 -0400] "GET /wp-admin/css/colors/blue/1.php HTTP/1.1" 404 15888 "-" "-"
162.0.235.240 - - [28/Apr/2025:16:32:14 -0400] "GET /wp-content/plugins/contact-form-7-style/admin/predefined-templates.json HTTP/1.1" 200 1323 "-" "WordPress/6.8; https://batconpakistan.org"
52.168.148.175 - - [28/Apr/2025:16:32:13 -0400] "GET /wp-content/plugins//about.php HTTP/1.1" 301 0 "-" "-"
162.0.235.240 - - [28/Apr/2025:16:32:15 -0400] "GET /wp-content/plugins/contact-form-7-style/admin/predefined-templates.json HTTP/1.1" 200 1323 "-" "WordPress/6.8; https://batconpakistan.org"
52.168.148.175 - - [28/Apr/2025:16:32:14 -0400] "GET /wp-content/plugins/about.php HTTP/1.1" 404 15890 "-" "-"
52.168.148.175 - - [28/Apr/2025:16:32:16 -0400] "GET /wp-content/plugins//index.php HTTP/1.1" 200 0 "-" "-"
52.168.148.175 - - [28/Apr/2025:16:32:16 -0400] "GET /wp-content/plugins/about.php HTTP/1.1" 404 15890 "-" "-"
162.0.235.240 - - [28/Apr/2025:16:32:17 -0400] "GET /wp-content/plugins/contact-form-7-style/admin/predefined-templates.json HTTP/1.1" 200 1323 "-" "WordPress/6.8; https://batconpakistan.org"
52.168.148.175 - - [28/Apr/2025:16:32:16 -0400] "GET /wp-content/uploads/BbUMY/flower.php HTTP/1.1" 404 15889 "-" "-"
162.0.235.240 - - [28/Apr/2025:16:32:18 -0400] "GET /wp-content/plugins/contact-form-7-style/admin/predefined-templates.json HTTP/1.1" 200 1323 "-" "WordPress/6.8; https://batconpakistan.org"
52.168.148.175 - - [28/Apr/2025:16:32:17 -0400] "GET /wp-includes/ID3//file.php HTTP/1.1" 301 0 "-" "-"
162.0.235.240 - - [28/Apr/2025:16:32:20 -0400] "GET /wp-content/plugins/contact-form-7-style/admin/predefined-templates.json HTTP/1.1" 200 1323 "-" "WordPress/6.8; https://batconpakistan.org"
52.168.148.175 - - [28/Apr/2025:16:32:19 -0400] "GET /wp-includes/ID3/file.php HTTP/1.1" 404 15890 "-" "-"
162.0.235.240 - - [28/Apr/2025:16:32:22 -0400] "GET /wp-content/plugins/contact-form-7-style/admin/predefined-templates.json HTTP/1.1" 200 1323 "-" "WordPress/6.8; https://batconpakistan.org"
52.168.148.175 - - [28/Apr/2025:16:32:20 -0400] "GET /wp-includes/Text/Diff/Engine//about.php HTTP/1.1" 301 0 "-" "-"
162.0.235.240 - - [28/Apr/2025:16:32:23 -0400] "GET /wp-content/plugins/contact-form-7-style/admin/predefined-templates.json HTTP/1.1" 200 1323 "-" "WordPress/6.8; https://batconpakistan.org"
52.168.148.175 - - [28/Apr/2025:16:32:22 -0400] "GET /wp-includes/Text/Diff/Engine/about.php HTTP/1.1" 404 15889 "-" "-"
52.168.148.175 - - [28/Apr/2025:16:32:24 -0400] "GET /wp-includes/Text/Diff/Engine//index.php HTTP/1.1" 403 1242 "-" "-"
162.0.235.240 - - [28/Apr/2025:16:32:25 -0400] "GET /wp-content/plugins/contact-form-7-style/admin/predefined-templates.json HTTP/1.1" 200 1323 "-" "WordPress/6.8; https://batconpakistan.org"
52.168.148.175 - - [28/Apr/2025:16:32:24 -0400] "GET /wp-includes/css//index.php HTTP/1.1" 301 0 "-" "-"
52.168.148.175 - - [28/Apr/2025:16:32:26 -0400] "GET /wp-includes/css/ HTTP/1.1" 403 1242 "-" "-"
162.0.235.240 - - [28/Apr/2025:16:32:27 -0400] "GET /wp-content/plugins/contact-form-7-style/admin/predefined-templates.json HTTP/1.1" 200 1323 "-" "WordPress/6.8; https://batconpakistan.org"
52.168.148.175 - - [28/Apr/2025:16:32:26 -0400] "GET /wp-includes/css//xc.php HTTP/1.1" 301 0 "-" "-"
162.0.235.240 - - [28/Apr/2025:16:32:28 -0400] "GET /wp-content/plugins/contact-form-7-style/admin/predefined-templates.json HTTP/1.1" 200 1323 "-" "WordPress/6.8; https://batconpakistan.org"
52.168.148.175 - - [28/Apr/2025:16:32:27 -0400] "GET /wp-includes/css/xc.php HTTP/1.1" 404 15888 "-" "-"
162.0.235.240 - - [28/Apr/2025:16:32:30 -0400] "GET /wp-content/plugins/contact-form-7-style/admin/predefined-templates.json HTTP/1.1" 200 1323 "-" "WordPress/6.8; https://batconpakistan.org"
52.168.148.175 - - [28/Apr/2025:16:32:29 -0400] "GET /wp-includes/images//about.php HTTP/1.1" 301 0 "-" "-"
52.168.148.175 - - [28/Apr/2025:16:32:30 -0400] "GET /wp-includes/images/about.php HTTP/1.1" 404 15891 "-" "-"
