13.94.89.74 - - [28/Apr/2025:07:25:16 -0400] "GET /wp-admin/media.php HTTP/1.1" 302 0 "-" "-"
162.0.235.240 - - [28/Apr/2025:07:25:20 -0400] "GET /wp-content/plugins/contact-form-7-style/admin/predefined-templates.json HTTP/1.1" 200 1323 "-" "WordPress/6.8; https://batconpakistan.org"
13.94.89.74 - - [28/Apr/2025:07:25:18 -0400] "GET /wp-login.php?redirect_to=https%3A%2F%2Fmail.batconpakistan.org%2Fwp-admin%2Fmedia.php&reauth=1 HTTP/1.1" 200 1897 "-" "-"
162.0.235.240 - - [28/Apr/2025:07:25:21 -0400] "GET /wp-content/plugins/contact-form-7-style/admin/predefined-templates.json HTTP/1.1" 200 1323 "-" "WordPress/6.8; https://batconpakistan.org"
13.94.89.74 - - [28/Apr/2025:07:25:20 -0400] "GET /wp-admin/meta/ HTTP/1.1" 404 15875 "-" "-"
162.0.235.240 - - [28/Apr/2025:07:25:23 -0400] "GET /wp-content/plugins/contact-form-7-style/admin/predefined-templates.json HTTP/1.1" 200 1323 "-" "WordPress/6.8; https://batconpakistan.org"
13.94.89.74 - - [28/Apr/2025:07:25:22 -0400] "GET /wp-admin/network/ HTTP/1.1" 302 0 "-" "-"
162.0.235.240 - - [28/Apr/2025:07:25:25 -0400] "GET /wp-content/plugins/contact-form-7-style/admin/predefined-templates.json HTTP/1.1" 200 1323 "-" "WordPress/6.8; https://batconpakistan.org"
13.94.89.74 - - [28/Apr/2025:07:25:24 -0400] "GET /wp-login.php?redirect_to=https%3A%2F%2Fmail.batconpakistan.org%2Fwp-admin%2Fnetwork%2F&reauth=1 HTTP/1.1" 200 1895 "-" "-"
162.0.235.240 - - [28/Apr/2025:07:25:26 -0400] "GET /wp-content/plugins/contact-form-7-style/admin/predefined-templates.json HTTP/1.1" 200 1323 "-" "WordPress/6.8; https://batconpakistan.org"
13.94.89.74 - - [28/Apr/2025:07:25:25 -0400] "GET /wp-admin/network/about.php HTTP/1.1" 302 0 "-" "-"
162.0.235.240 - - [28/Apr/2025:07:25:27 -0400] "GET /wp-content/plugins/contact-form-7-style/admin/predefined-templates.json HTTP/1.1" 200 1323 "-" "WordPress/6.8; https://batconpakistan.org"
13.94.89.74 - - [28/Apr/2025:07:25:27 -0400] "GET /wp-login.php?redirect_to=https%3A%2F%2Fmail.batconpakistan.org%2Fwp-admin%2Fnetwork%2Fabout.php&reauth=1 HTTP/1.1" 200 1902 "-" "-"
162.0.235.240 - - [28/Apr/2025:07:25:29 -0400] "GET /wp-content/plugins/contact-form-7-style/admin/predefined-templates.json HTTP/1.1" 200 1323 "-" "WordPress/6.8; https://batconpakistan.org"
13.94.89.74 - - [28/Apr/2025:07:25:28 -0400] "GET /wp-admin/network/admiin.php HTTP/1.1" 404 15879 "-" "-"
162.0.235.240 - - [28/Apr/2025:07:25:30 -0400] "GET /wp-content/plugins/contact-form-7-style/admin/predefined-templates.json HTTP/1.1" 200 1323 "-" "WordPress/6.8; https://batconpakistan.org"
13.94.89.74 - - [28/Apr/2025:07:25:30 -0400] "GET /wp-admin/network/admin.php HTTP/1.1" 302 0 "-" "-"
162.0.235.240 - - [28/Apr/2025:07:25:32 -0400] "GET /wp-content/plugins/contact-form-7-style/admin/predefined-templates.json HTTP/1.1" 200 1323 "-" "WordPress/6.8; https://batconpakistan.org"
13.94.89.74 - - [28/Apr/2025:07:25:31 -0400] "GET /wp-login.php?redirect_to=https%3A%2F%2Fmail.batconpakistan.org%2Fwp-admin%2Fnetwork%2Fadmin.php&reauth=1 HTTP/1.1" 200 1898 "-" "-"
162.0.235.240 - - [28/Apr/2025:07:25:33 -0400] "GET /wp-content/plugins/contact-form-7-style/admin/predefined-templates.json HTTP/1.1" 200 1323 "-" "WordPress/6.8; https://batconpakistan.org"
13.94.89.74 - - [28/Apr/2025:07:25:32 -0400] "GET /wp-admin/network/autoload_classmap.php HTTP/1.1" 404 15877 "-" "-"
162.0.235.240 - - [28/Apr/2025:07:25:35 -0400] "GET /wp-content/plugins/contact-form-7-style/admin/predefined-templates.json HTTP/1.1" 200 1323 "-" "WordPress/6.8; https://batconpakistan.org"
13.94.89.74 - - [28/Apr/2025:07:25:34 -0400] "GET /wp-admin/network/b.php HTTP/1.1" 404 15877 "-" "-"
162.0.235.240 - - [28/Apr/2025:07:25:37 -0400] "GET /wp-content/plugins/contact-form-7-style/admin/predefined-templates.json HTTP/1.1" 200 1323 "-" "WordPress/6.8; https://batconpakistan.org"
13.94.89.74 - - [28/Apr/2025:07:25:36 -0400] "GET /wp-admin/network/chosen.php HTTP/1.1" 404 15877 "-" "-"
162.0.235.240 - - [28/Apr/2025:07:25:40 -0400] "GET /wp-content/plugins/contact-form-7-style/admin/predefined-templates.json HTTP/1.1" 200 1323 "-" "WordPress/6.8; https://batconpakistan.org"
162.0.235.240 - - [28/Apr/2025:07:25:40 -0400] "POST /wp-cron.php?doing_wp_cron=1745839540.3867230415344238281250 HTTP/1.1" 200 0 "-" "WordPress/6.8; https://batconpakistan.org"
13.94.89.74 - - [28/Apr/2025:07:25:38 -0400] "GET /wp-admin/network/index.php HTTP/1.1" 302 0 "-" "-"
162.0.235.240 - - [28/Apr/2025:07:25:41 -0400] "GET /wp-content/plugins/contact-form-7-style/admin/predefined-templates.json HTTP/1.1" 200 1323 "-" "WordPress/6.8; https://batconpakistan.org"
162.0.235.240 - - [28/Apr/2025:07:25:41 -0400] "GET /wp-content/plugins/contact-form-7-style/admin/predefined-templates.json HTTP/1.1" 200 1323 "-" "WordPress/6.8; https://batconpakistan.org"
13.94.89.74 - - [28/Apr/2025:07:25:40 -0400] "GET /wp-login.php?redirect_to=https%3A%2F%2Fmail.batconpakistan.org%2Fwp-admin%2Fnetwork%2Findex.php&reauth=1 HTTP/1.1" 200 1898 "-" "-"
162.0.235.240 - - [28/Apr/2025:07:25:43 -0400] "GET /wp-content/plugins/contact-form-7-style/admin/predefined-templates.json HTTP/1.1" 200 1323 "-" "WordPress/6.8; https://batconpakistan.org"
13.94.89.74 - - [28/Apr/2025:07:25:42 -0400] "GET /wp-admin/network/natural.php HTTP/1.1" 404 15876 "-" "-"
162.0.235.240 - - [28/Apr/2025:07:25:45 -0400] "GET /wp-content/plugins/contact-form-7-style/admin/predefined-templates.json HTTP/1.1" 200 1323 "-" "WordPress/6.8; https://batconpakistan.org"
13.94.89.74 - - [28/Apr/2025:07:25:44 -0400] "GET /wp-admin/network/network.php HTTP/1.1" 404 15877 "-" "-"
162.0.235.240 - - [28/Apr/2025:07:25:48 -0400] "GET /wp-content/plugins/contact-form-7-style/admin/predefined-templates.json HTTP/1.1" 200 1323 "-" "WordPress/6.8; https://batconpakistan.org"
162.0.235.240 - - [28/Apr/2025:07:25:49 -0400] "POST /wp-cron.php?doing_wp_cron=1745839548.8313429355621337890625 HTTP/1.1" 200 0 "-" "WordPress/6.8; https://batconpakistan.org"
13.94.89.74 - - [28/Apr/2025:07:25:47 -0400] "GET /wp-admin/network/plugins.php HTTP/1.1" 302 0 "-" "-"
162.0.235.240 - - [28/Apr/2025:07:25:49 -0400] "GET /wp-content/plugins/contact-form-7-style/admin/predefined-templates.json HTTP/1.1" 200 1323 "-" "WordPress/6.8; https://batconpakistan.org"
162.0.235.240 - - [28/Apr/2025:07:25:50 -0400] "GET /wp-content/plugins/contact-form-7-style/admin/predefined-templates.json HTTP/1.1" 200 1323 "-" "WordPress/6.8; https://batconpakistan.org"
13.94.89.74 - - [28/Apr/2025:07:25:49 -0400] "GET /wp-login.php?redirect_to=https%3A%2F%2Fmail.batconpakistan.org%2Fwp-admin%2Fnetwork%2Fplugins.php&reauth=1 HTTP/1.1" 200 1895 "-" "-"
162.0.235.240 - - [28/Apr/2025:07:25:52 -0400] "GET /wp-content/plugins/contact-form-7-style/admin/predefined-templates.json HTTP/1.1" 200 1323 "-" "WordPress/6.8; https://batconpakistan.org"
13.94.89.74 - - [28/Apr/2025:07:25:51 -0400] "GET /wp-admin/network/upfile.php HTTP/1.1" 404 15876 "-" "-"
162.0.235.240 - - [28/Apr/2025:07:25:54 -0400] "GET /wp-content/plugins/contact-form-7-style/admin/predefined-templates.json HTTP/1.1" 200 1323 "-" "WordPress/6.8; https://batconpakistan.org"
13.94.89.74 - - [28/Apr/2025:07:25:53 -0400] "GET /wp-admin/network/wp-conflg.php HTTP/1.1" 404 15875 "-" "-"
162.0.235.240 - - [28/Apr/2025:07:25:56 -0400] "GET /wp-content/plugins/contact-form-7-style/admin/predefined-templates.json HTTP/1.1" 200 1323 "-" "WordPress/6.8; https://batconpakistan.org"
162.0.235.240 - - [28/Apr/2025:07:25:56 -0400] "POST /wp-cron.php?doing_wp_cron=1745839556.4468760490417480468750 HTTP/1.1" 200 0 "-" "WordPress/6.8; https://batconpakistan.org"
13.94.89.74 - - [28/Apr/2025:07:25:55 -0400] "GET /wp-admin/network/wp-conflg.php?p= HTTP/1.1" 301 0 "-" "-"
13.94.89.74 - - [28/Apr/2025:07:25:56 -0400] "GET /wp-admin/network/wp-conflg.php HTTP/1.1" 404 15875 "-" "-"
162.0.235.240 - - [28/Apr/2025:07:25:57 -0400] "GET /wp-content/plugins/contact-form-7-style/admin/predefined-templates.json HTTP/1.1" 200 1323 "-" "WordPress/6.8; https://batconpakistan.org"
162.0.235.240 - - [28/Apr/2025:07:25:58 -0400] "GET /wp-content/plugins/contact-form-7-style/admin/predefined-templates.json HTTP/1.1" 200 1323 "-" "WordPress/6.8; https://batconpakistan.org"
13.94.89.74 - - [28/Apr/2025:07:25:57 -0400] "GET /wp-admin/network/x2.php HTTP/1.1" 404 15878 "-" "-"
162.0.235.240 - - [28/Apr/2025:07:25:59 -0400] "GET /wp-content/plugins/contact-form-7-style/admin/predefined-templates.json HTTP/1.1" 200 1323 "-" "WordPress/6.8; https://batconpakistan.org"
13.94.89.74 - - [28/Apr/2025:07:25:59 -0400] "GET /wp-admin/network/xBrain.php HTTP/1.1" 404 15876 "-" "-"
162.0.235.240 - - [28/Apr/2025:07:26:01 -0400] "GET /wp-content/plugins/contact-form-7-style/admin/predefined-templates.json HTTP/1.1" 200 1323 "-" "WordPress/6.8; https://batconpakistan.org"
13.94.89.74 - - [28/Apr/2025:07:26:00 -0400] "GET /wp-admin/network/xmrlpc.php?p= HTTP/1.1" 301 0 "-" "-"
13.94.89.74 - - [28/Apr/2025:07:26:02 -0400] "GET /wp-admin/network/xmrlpc.php HTTP/1.1" 404 15877 "-" "-"
162.0.235.240 - - [28/Apr/2025:07:26:03 -0400] "GET /wp-content/plugins/contact-form-7-style/admin/predefined-templates.json HTTP/1.1" 200 1323 "-" "WordPress/6.8; https://batconpakistan.org"
13.94.89.74 - - [28/Apr/2025:07:26:02 -0400] "GET /wp-admin/nu9OXf8vKDb.php HTTP/1.1" 404 15877 "-" "-"
162.0.235.240 - - [28/Apr/2025:07:26:05 -0400] "GET /wp-content/plugins/contact-form-7-style/admin/predefined-templates.json HTTP/1.1" 200 1323 "-" "WordPress/6.8; https://batconpakistan.org"
162.0.235.240 - - [28/Apr/2025:07:26:05 -0400] "POST /wp-cron.php?doing_wp_cron=1745839565.7907199859619140625000 HTTP/1.1" 200 0 "-" "WordPress/6.8; https://batconpakistan.org"
13.94.89.74 - - [28/Apr/2025:07:26:04 -0400] "GET /wp-admin/options.php HTTP/1.1" 302 0 "-" "-"
162.0.235.240 - - [28/Apr/2025:07:26:06 -0400] "GET /wp-content/plugins/contact-form-7-style/admin/predefined-templates.json HTTP/1.1" 200 1323 "-" "WordPress/6.8; https://batconpakistan.org"
162.0.235.240 - - [28/Apr/2025:07:26:07 -0400] "GET /wp-content/plugins/contact-form-7-style/admin/predefined-templates.json HTTP/1.1" 200 1323 "-" "WordPress/6.8; https://batconpakistan.org"
13.94.89.74 - - [28/Apr/2025:07:26:06 -0400] "GET /wp-login.php?redirect_to=https%3A%2F%2Fmail.batconpakistan.org%2Fwp-admin%2Foptions.php&reauth=1 HTTP/1.1" 200 1896 "-" "-"
162.0.235.240 - - [28/Apr/2025:07:26:06 -0400] "POST /wp-admin/admin-ajax.php?action=async_litespeed&nonce=0Z0St3xC1yCoJBgcIEM8PIK2PyppDkMT&litespeed_type=imgoptm HTTP/1.1" 200 0 "-" "WordPress/6.8; https://batconpakistan.org"
162.0.235.240 - - [28/Apr/2025:07:26:07 -0400] "GET /wp-content/plugins/contact-form-7-style/admin/predefined-templates.json HTTP/1.1" 200 1323 "-" "WordPress/6.8; https://batconpakistan.org"
162.0.235.240 - - [28/Apr/2025:07:26:08 -0400] "GET /wp-content/plugins/contact-form-7-style/admin/predefined-templates.json HTTP/1.1" 200 1323 "-" "WordPress/6.8; https://batconpakistan.org"
13.94.89.74 - - [28/Apr/2025:07:26:07 -0400] "GET /wp-admin/plugin.php HTTP/1.1" 404 15876 "-" "-"
162.0.235.240 - - [28/Apr/2025:07:26:10 -0400] "GET /wp-content/plugins/contact-form-7-style/admin/predefined-templates.json HTTP/1.1" 200 1323 "-" "WordPress/6.8; https://batconpakistan.org"
13.94.89.74 - - [28/Apr/2025:07:26:09 -0400] "GET /wp-admin/plugins HTTP/1.1" 404 15877 "-" "-"
162.0.235.240 - - [28/Apr/2025:07:26:12 -0400] "GET /wp-content/plugins/contact-form-7-style/admin/predefined-templates.json HTTP/1.1" 200 1323 "-" "WordPress/6.8; https://batconpakistan.org"
13.94.89.74 - - [28/Apr/2025:07:26:11 -0400] "GET /wp-admin/plugins/setup HTTP/1.1" 404 15875 "-" "-"
162.0.235.240 - - [28/Apr/2025:07:26:13 -0400] "GET /wp-content/plugins/contact-form-7-style/admin/predefined-templates.json HTTP/1.1" 200 1323 "-" "WordPress/6.8; https://batconpakistan.org"
13.94.89.74 - - [28/Apr/2025:07:26:12 -0400] "GET /wp-admin/pn2V4tLmwH3.php HTTP/1.1" 404 15878 "-" "-"
162.0.235.240 - - [28/Apr/2025:07:26:15 -0400] "GET /wp-content/plugins/contact-form-7-style/admin/predefined-templates.json HTTP/1.1" 200 1323 "-" "WordPress/6.8; https://batconpakistan.org"
13.94.89.74 - - [28/Apr/2025:07:26:14 -0400] "GET /wp-admin/radio.php HTTP/1.1" 404 15876 "-" "-"
13.94.89.74 - - [28/Apr/2025:07:26:16 -0400] "GET /wp-admin/setup-config.php HTTP/1.1" 403 1242 "-" "-"
162.0.235.240 - - [28/Apr/2025:07:26:17 -0400] "GET /wp-content/plugins/contact-form-7-style/admin/predefined-templates.json HTTP/1.1" 200 1323 "-" "WordPress/6.8; https://batconpakistan.org"
13.94.89.74 - - [28/Apr/2025:07:26:16 -0400] "GET /wp-admin/shapes.php HTTP/1.1" 404 15876 "-" "-"
162.0.235.240 - - [28/Apr/2025:07:26:19 -0400] "GET /wp-content/plugins/contact-form-7-style/admin/predefined-templates.json HTTP/1.1" 200 1323 "-" "WordPress/6.8; https://batconpakistan.org"
13.94.89.74 - - [28/Apr/2025:07:26:18 -0400] "GET /wp-admin/shell.php HTTP/1.1" 404 15878 "-" "-"
162.0.235.240 - - [28/Apr/2025:07:26:20 -0400] "GET /wp-content/plugins/contact-form-7-style/admin/predefined-templates.json HTTP/1.1" 200 1323 "-" "WordPress/6.8; https://batconpakistan.org"
13.94.89.74 - - [28/Apr/2025:07:26:19 -0400] "GET /wp-admin/shell.php?p= HTTP/1.1" 301 0 "-" "-"
13.94.89.74 - - [28/Apr/2025:07:26:21 -0400] "GET /wp-admin/shell.php HTTP/1.1" 404 15878 "-" "-"
162.0.235.240 - - [28/Apr/2025:07:26:22 -0400] "GET /wp-content/plugins/contact-form-7-style/admin/predefined-templates.json HTTP/1.1" 200 1323 "-" "WordPress/6.8; https://batconpakistan.org"
13.94.89.74 - - [28/Apr/2025:07:26:21 -0400] "GET /wp-admin/soDcBgSFtLA.php HTTP/1.1" 404 15876 "-" "-"
162.0.235.240 - - [28/Apr/2025:07:26:24 -0400] "GET /wp-content/plugins/contact-form-7-style/admin/predefined-templates.json HTTP/1.1" 200 1323 "-" "WordPress/6.8; https://batconpakistan.org"
13.94.89.74 - - [28/Apr/2025:07:26:23 -0400] "GET /wp-admin/swm6p5Zny1e.php HTTP/1.1" 404 15877 "-" "-"
162.0.235.240 - - [28/Apr/2025:07:26:26 -0400] "GET /wp-content/plugins/contact-form-7-style/admin/predefined-templates.json HTTP/1.1" 200 1323 "-" "WordPress/6.8; https://batconpakistan.org"
13.94.89.74 - - [28/Apr/2025:07:26:25 -0400] "GET /wp-admin/tYDX5wNaIbH.php HTTP/1.1" 404 15877 "-" "-"
162.0.235.240 - - [28/Apr/2025:07:26:28 -0400] "GET /wp-content/plugins/contact-form-7-style/admin/predefined-templates.json HTTP/1.1" 200 1323 "-" "WordPress/6.8; https://batconpakistan.org"
13.94.89.74 - - [28/Apr/2025:07:26:27 -0400] "GET /wp-admin/themes HTTP/1.1" 404 15877 "-" "-"
162.0.235.240 - - [28/Apr/2025:07:26:30 -0400] "GET /wp-content/plugins/contact-form-7-style/admin/predefined-templates.json HTTP/1.1" 200 1323 "-" "WordPress/6.8; https://batconpakistan.org"
13.94.89.74 - - [28/Apr/2025:07:26:29 -0400] "GET /wp-admin/uiTWAJnRoeg.php HTTP/1.1" 404 15876 "-" "-"
162.0.235.240 - - [28/Apr/2025:07:26:33 -0400] "GET /wp-content/plugins/contact-form-7-style/admin/predefined-templates.json HTTP/1.1" 200 1323 "-" "WordPress/6.8; https://batconpakistan.org"
13.94.89.74 - - [28/Apr/2025:07:26:31 -0400] "GET /wp-admin/user/ HTTP/1.1" 302 0 "-" "-"
162.0.235.240 - - [28/Apr/2025:07:26:35 -0400] "GET /wp-content/plugins/contact-form-7-style/admin/predefined-templates.json HTTP/1.1" 200 1323 "-" "WordPress/6.8; https://batconpakistan.org"
13.94.89.74 - - [28/Apr/2025:07:26:34 -0400] "GET /wp-login.php?redirect_to=https%3A%2F%2Fmail.batconpakistan.org%2Fwp-admin%2Fuser%2F&reauth=1 HTTP/1.1" 200 1890 "-" "-"
162.0.235.240 - - [28/Apr/2025:07:26:36 -0400] "GET /wp-content/plugins/contact-form-7-style/admin/predefined-templates.json HTTP/1.1" 200 1323 "-" "WordPress/6.8; https://batconpakistan.org"
13.94.89.74 - - [28/Apr/2025:07:26:35 -0400] "GET /wp-admin/user/?p= HTTP/1.1" 302 0 "-" "-"
162.0.235.240 - - [28/Apr/2025:07:26:38 -0400] "GET /wp-content/plugins/contact-form-7-style/admin/predefined-templates.json HTTP/1.1" 200 1323 "-" "WordPress/6.8; https://batconpakistan.org"
13.94.89.74 - - [28/Apr/2025:07:26:37 -0400] "GET /wp-login.php?redirect_to=https%3A%2F%2Fmail.batconpakistan.org%2Fwp-admin%2Fuser%2F%3Fp%3D&reauth=1 HTTP/1.1" 200 1898 "-" "-"
162.0.235.240 - - [28/Apr/2025:07:26:40 -0400] "GET /wp-content/plugins/contact-form-7-style/admin/predefined-templates.json HTTP/1.1" 200 1323 "-" "WordPress/6.8; https://batconpakistan.org"
162.0.235.240 - - [28/Apr/2025:07:26:41 -0400] "POST /wp-cron.php?doing_wp_cron=1745839600.8614249229431152343750 HTTP/1.1" 200 0 "-" "WordPress/6.8; https://batconpakistan.org"
13.94.89.74 - - [28/Apr/2025:07:26:38 -0400] "GET /wp-admin/user/about.php HTTP/1.1" 302 0 "-" "-"
162.0.235.240 - - [28/Apr/2025:07:26:42 -0400] "GET /wp-content/plugins/contact-form-7-style/admin/predefined-templates.json HTTP/1.1" 200 1323 "-" "WordPress/6.8; https://batconpakistan.org"
162.0.235.240 - - [28/Apr/2025:07:26:42 -0400] "GET /wp-content/plugins/contact-form-7-style/admin/predefined-templates.json HTTP/1.1" 200 1323 "-" "WordPress/6.8; https://batconpakistan.org"
13.94.89.74 - - [28/Apr/2025:07:26:41 -0400] "GET /wp-login.php?redirect_to=https%3A%2F%2Fmail.batconpakistan.org%2Fwp-admin%2Fuser%2Fabout.php&reauth=1 HTTP/1.1" 200 1899 "-" "-"
162.0.235.240 - - [28/Apr/2025:07:26:44 -0400] "GET /wp-content/plugins/contact-form-7-style/admin/predefined-templates.json HTTP/1.1" 200 1323 "-" "WordPress/6.8; https://batconpakistan.org"
13.94.89.74 - - [28/Apr/2025:07:26:43 -0400] "GET /wp-admin/user/about.php?p= HTTP/1.1" 302 0 "-" "-"
162.0.235.240 - - [28/Apr/2025:07:26:46 -0400] "GET /wp-content/plugins/contact-form-7-style/admin/predefined-templates.json HTTP/1.1" 200 1323 "-" "WordPress/6.8; https://batconpakistan.org"
13.94.89.74 - - [28/Apr/2025:07:26:45 -0400] "GET /wp-login.php?redirect_to=https%3A%2F%2Fmail.batconpakistan.org%2Fwp-admin%2Fuser%2Fabout.php%3Fp%3D&reauth=1 HTTP/1.1" 200 1905 "-" "-"
162.0.235.240 - - [28/Apr/2025:07:26:47 -0400] "GET /wp-content/plugins/contact-form-7-style/admin/predefined-templates.json HTTP/1.1" 200 1323 "-" "WordPress/6.8; https://batconpakistan.org"
13.94.89.74 - - [28/Apr/2025:07:26:46 -0400] "GET /wp-admin/user/admin.php HTTP/1.1" 302 0 "-" "-"
162.0.235.240 - - [28/Apr/2025:07:26:48 -0400] "GET /wp-content/plugins/contact-form-7-style/admin/predefined-templates.json HTTP/1.1" 200 1323 "-" "WordPress/6.8; https://batconpakistan.org"
162.0.235.240 - - [28/Apr/2025:07:26:49 -0400] "POST /wp-cron.php?doing_wp_cron=1745839609.1809859275817871093750 HTTP/1.1" 200 0 "-" "WordPress/6.8; https://batconpakistan.org"
13.94.89.74 - - [28/Apr/2025:07:26:48 -0400] "GET /wp-login.php?redirect_to=https%3A%2F%2Fmail.batconpakistan.org%2Fwp-admin%2Fuser%2Fadmin.php&reauth=1 HTTP/1.1" 200 1893 "-" "-"
162.0.235.240 - - [28/Apr/2025:07:26:49 -0400] "GET /wp-content/plugins/contact-form-7-style/admin/predefined-templates.json HTTP/1.1" 200 1323 "-" "WordPress/6.8; https://batconpakistan.org"
162.0.235.240 - - [28/Apr/2025:07:26:50 -0400] "GET /wp-content/plugins/contact-form-7-style/admin/predefined-templates.json HTTP/1.1" 200 1323 "-" "WordPress/6.8; https://batconpakistan.org"
13.94.89.74 - - [28/Apr/2025:07:26:49 -0400] "GET /wp-admin/user/autoload_classmap.php HTTP/1.1" 404 15879 "-" "-"
162.0.235.240 - - [28/Apr/2025:07:26:52 -0400] "GET /wp-content/plugins/contact-form-7-style/admin/predefined-templates.json HTTP/1.1" 200 1323 "-" "WordPress/6.8; https://batconpakistan.org"
13.94.89.74 - - [28/Apr/2025:07:26:51 -0400] "GET /wp-admin/user/bak.php HTTP/1.1" 404 15876 "-" "-"
162.0.235.240 - - [28/Apr/2025:07:26:53 -0400] "GET /wp-content/plugins/contact-form-7-style/admin/predefined-templates.json HTTP/1.1" 200 1323 "-" "WordPress/6.8; https://batconpakistan.org"
13.94.89.74 - - [28/Apr/2025:07:26:53 -0400] "GET /wp-admin/user/cloud.php HTTP/1.1" 404 15876 "-" "-"
162.0.235.240 - - [28/Apr/2025:07:26:55 -0400] "GET /wp-content/plugins/contact-form-7-style/admin/predefined-templates.json HTTP/1.1" 200 1323 "-" "WordPress/6.8; https://batconpakistan.org"
162.0.235.240 - - [28/Apr/2025:07:26:56 -0400] "POST /wp-cron.php?doing_wp_cron=1745839615.9481539726257324218750 HTTP/1.1" 200 0 "-" "WordPress/6.8; https://batconpakistan.org"
13.94.89.74 - - [28/Apr/2025:07:26:54 -0400] "GET /wp-admin/user/file.php HTTP/1.1" 404 15878 "-" "-"
162.0.235.240 - - [28/Apr/2025:07:26:56 -0400] "GET /wp-content/plugins/contact-form-7-style/admin/predefined-templates.json HTTP/1.1" 200 1323 "-" "WordPress/6.8; https://batconpakistan.org"
162.0.235.240 - - [28/Apr/2025:07:26:57 -0400] "GET /wp-content/plugins/contact-form-7-style/admin/predefined-templates.json HTTP/1.1" 200 1323 "-" "WordPress/6.8; https://batconpakistan.org"
13.94.89.74 - - [28/Apr/2025:07:26:56 -0400] "GET /wp-admin/user/index.php HTTP/1.1" 302 0 "-" "-"
162.0.235.240 - - [28/Apr/2025:07:26:58 -0400] "GET /wp-content/plugins/contact-form-7-style/admin/predefined-templates.json HTTP/1.1" 200 1323 "-" "WordPress/6.8; https://batconpakistan.org"
13.94.89.74 - - [28/Apr/2025:07:26:57 -0400] "GET /wp-login.php?redirect_to=https%3A%2F%2Fmail.batconpakistan.org%2Fwp-admin%2Fuser%2Findex.php&reauth=1 HTTP/1.1" 200 1894 "-" "-"
162.0.235.240 - - [28/Apr/2025:07:27:00 -0400] "GET /wp-content/plugins/contact-form-7-style/admin/predefined-templates.json HTTP/1.1" 200 1323 "-" "WordPress/6.8; https://batconpakistan.org"
13.94.89.74 - - [28/Apr/2025:07:26:59 -0400] "GET /wp-admin/user/wp-login.php HTTP/1.1" 404 15875 "-" "-"
162.0.235.240 - - [28/Apr/2025:07:27:02 -0400] "GET /wp-content/plugins/contact-form-7-style/admin/predefined-templates.json HTTP/1.1" 200 1323 "-" "WordPress/6.8; https://batconpakistan.org"
13.94.89.74 - - [28/Apr/2025:07:27:01 -0400] "GET /wp-admin/user/xmrlpc.php?p= HTTP/1.1" 301 0 "-" "-"
13.94.89.74 - - [28/Apr/2025:07:27:02 -0400] "GET /wp-admin/user/xmrlpc.php HTTP/1.1" 404 15879 "-" "-"
162.0.235.240 - - [28/Apr/2025:07:27:04 -0400] "GET /wp-content/plugins/contact-form-7-style/admin/predefined-templates.json HTTP/1.1" 200 1323 "-" "WordPress/6.8; https://batconpakistan.org"
13.94.89.74 - - [28/Apr/2025:07:27:03 -0400] "GET /wp-admin/users.php HTTP/1.1" 302 0 "-" "-"
162.0.235.240 - - [28/Apr/2025:07:27:05 -0400] "GET /wp-content/plugins/contact-form-7-style/admin/predefined-templates.json HTTP/1.1" 200 1323 "-" "WordPress/6.8; https://batconpakistan.org"
162.0.235.240 - - [28/Apr/2025:07:27:06 -0400] "POST /wp-cron.php?doing_wp_cron=1745839625.9416189193725585937500 HTTP/1.1" 200 0 "-" "WordPress/6.8; https://batconpakistan.org"
13.94.89.74 - - [28/Apr/2025:07:27:04 -0400] "GET /wp-login.php?redirect_to=https%3A%2F%2Fmail.batconpakistan.org%2Fwp-admin%2Fusers.php&reauth=1 HTTP/1.1" 200 1898 "-" "-"
162.0.235.240 - - [28/Apr/2025:07:27:06 -0400] "GET /wp-content/plugins/contact-form-7-style/admin/predefined-templates.json HTTP/1.1" 200 1323 "-" "WordPress/6.8; https://batconpakistan.org"
162.0.235.240 - - [28/Apr/2025:07:27:07 -0400] "GET /wp-content/plugins/contact-form-7-style/admin/predefined-templates.json HTTP/1.1" 200 1323 "-" "WordPress/6.8; https://batconpakistan.org"
13.94.89.74 - - [28/Apr/2025:07:27:06 -0400] "GET /wp-admin/wEvOhNfjUQY.php HTTP/1.1" 404 15877 "-" "-"
162.0.235.240 - - [28/Apr/2025:07:27:06 -0400] "POST /wp-admin/admin-ajax.php?action=async_litespeed&nonce=6KPQcI3y2kF0Xp7EMXdTjrdgoj2K5Nnq&litespeed_type=imgoptm HTTP/1.1" 200 0 "-" "WordPress/6.8; https://batconpakistan.org"
162.0.235.240 - - [28/Apr/2025:07:27:07 -0400] "GET /wp-content/plugins/contact-form-7-style/admin/predefined-templates.json HTTP/1.1" 200 1323 "-" "WordPress/6.8; https://batconpakistan.org"
162.0.235.240 - - [28/Apr/2025:07:27:09 -0400] "GET /wp-content/plugins/contact-form-7-style/admin/predefined-templates.json HTTP/1.1" 200 1323 "-" "WordPress/6.8; https://batconpakistan.org"
13.94.89.74 - - [28/Apr/2025:07:27:08 -0400] "GET /wp-admin/wp-admin.php HTTP/1.1" 404 15876 "-" "-"
162.0.235.240 - - [28/Apr/2025:07:27:11 -0400] "GET /wp-content/plugins/contact-form-7-style/admin/predefined-templates.json HTTP/1.1" 200 1323 "-" "WordPress/6.8; https://batconpakistan.org"
13.94.89.74 - - [28/Apr/2025:07:27:10 -0400] "GET /wp-admin/wp-conflg.php HTTP/1.1" 404 15876 "-" "-"
162.0.235.240 - - [28/Apr/2025:07:27:13 -0400] "GET /wp-content/plugins/contact-form-7-style/admin/predefined-templates.json HTTP/1.1" 200 1323 "-" "WordPress/6.8; https://batconpakistan.org"
13.94.89.74 - - [28/Apr/2025:07:27:12 -0400] "GET /wp-admin/wp-conflg.php?p= HTTP/1.1" 301 0 "-" "-"
13.94.89.74 - - [28/Apr/2025:07:27:14 -0400] "GET /wp-admin/wp-conflg.php HTTP/1.1" 404 15876 "-" "-"
162.0.235.240 - - [28/Apr/2025:07:27:16 -0400] "GET /wp-content/plugins/contact-form-7-style/admin/predefined-templates.json HTTP/1.1" 200 1323 "-" "WordPress/6.8; https://batconpakistan.org"
13.94.89.74 - - [28/Apr/2025:07:27:14 -0400] "GET /wp-admin/wp-login.php HTTP/1.1" 404 15875 "-" "-"
162.0.235.240 - - [28/Apr/2025:07:27:18 -0400] "GET /wp-content/plugins/contact-form-7-style/admin/predefined-templates.json HTTP/1.1" 200 1323 "-" "WordPress/6.8; https://batconpakistan.org"
13.94.89.74 - - [28/Apr/2025:07:27:17 -0400] "GET /wp-admin/wp.php HTTP/1.1" 404 15877 "-" "-"
162.0.235.240 - - [28/Apr/2025:07:27:20 -0400] "GET /wp-content/plugins/contact-form-7-style/admin/predefined-templates.json HTTP/1.1" 200 1323 "-" "WordPress/6.8; https://batconpakistan.org"
13.94.89.74 - - [28/Apr/2025:07:27:19 -0400] "GET /wp-admin/wso.php HTTP/1.1" 404 15875 "-" "-"
162.0.235.240 - - [28/Apr/2025:07:27:22 -0400] "GET /wp-content/plugins/contact-form-7-style/admin/predefined-templates.json HTTP/1.1" 200 1323 "-" "WordPress/6.8; https://batconpakistan.org"
13.94.89.74 - - [28/Apr/2025:07:27:21 -0400] "GET /wp-admin/x.php HTTP/1.1" 404 15877 "-" "-"
162.0.235.240 - - [28/Apr/2025:07:27:24 -0400] "GET /wp-content/plugins/contact-form-7-style/admin/predefined-templates.json HTTP/1.1" 200 1323 "-" "WordPress/6.8; https://batconpakistan.org"
13.94.89.74 - - [28/Apr/2025:07:27:23 -0400] "GET /wp-api.php HTTP/1.1" 404 15879 "-" "-"
13.94.89.74 - - [28/Apr/2025:07:27:26 -0400] "GET /wp-atom.php HTTP/1.1" 301 0 "-" "-"
13.94.89.74 - - [28/Apr/2025:07:27:26 -0400] "GET /feed/atom/ HTTP/1.1" 200 101989 "-" "-"
162.0.235.240 - - [28/Apr/2025:07:27:28 -0400] "GET /wp-content/plugins/contact-form-7-style/admin/predefined-templates.json HTTP/1.1" 200 1323 "-" "WordPress/6.8; https://batconpakistan.org"
13.94.89.74 - - [28/Apr/2025:07:27:27 -0400] "GET /wp-back.php HTTP/1.1" 404 15877 "-" "-"
162.0.235.240 - - [28/Apr/2025:07:27:31 -0400] "GET /wp-content/plugins/contact-form-7-style/admin/predefined-templates.json HTTP/1.1" 200 1323 "-" "WordPress/6.8; https://batconpakistan.org"
13.94.89.74 - - [28/Apr/2025:07:27:30 -0400] "GET /wp-blog-header.php HTTP/1.1" 404 0 "-" "-"
162.0.235.240 - - [28/Apr/2025:07:27:33 -0400] "GET /wp-content/plugins/contact-form-7-style/admin/predefined-templates.json HTTP/1.1" 200 1323 "-" "WordPress/6.8; https://batconpakistan.org"
13.94.89.74 - - [28/Apr/2025:07:27:32 -0400] "GET /wp-blog-header.php?p= HTTP/1.1" 404 0 "-" "-"
13.94.89.74 - - [28/Apr/2025:07:27:33 -0400] "GET /wp-blog.php HTTP/1.1" 404 15876 "-" "-"
162.0.235.240 - - [28/Apr/2025:07:27:35 -0400] "GET /wp-content/plugins/contact-form-7-style/admin/predefined-templates.json HTTP/1.1" 200 1323 "-" "WordPress/6.8; https://batconpakistan.org"
13.94.89.74 - - [28/Apr/2025:07:27:34 -0400] "GET /wp-blog.php?pass=hill HTTP/1.1" 404 15877 "-" "-"
162.0.235.240 - - [28/Apr/2025:07:27:37 -0400] "GET /wp-content/plugins/contact-form-7-style/admin/predefined-templates.json HTTP/1.1" 200 1323 "-" "WordPress/6.8; https://batconpakistan.org"
13.94.89.74 - - [28/Apr/2025:07:27:36 -0400] "GET /wp-checkbex.php HTTP/1.1" 404 15877 "-" "-"
162.0.235.240 - - [28/Apr/2025:07:27:39 -0400] "GET /wp-content/plugins/contact-form-7-style/admin/predefined-templates.json HTTP/1.1" 200 1323 "-" "WordPress/6.8; https://batconpakistan.org"
13.94.89.74 - - [28/Apr/2025:07:27:38 -0400] "GET /wp-class.php HTTP/1.1" 404 15877 "-" "-"
162.0.235.240 - - [28/Apr/2025:07:27:41 -0400] "GET /wp-content/plugins/contact-form-7-style/admin/predefined-templates.json HTTP/1.1" 200 1323 "-" "WordPress/6.8; https://batconpakistan.org"
162.0.235.240 - - [28/Apr/2025:07:27:41 -0400] "POST /wp-cron.php?doing_wp_cron=1745839661.3115360736846923828125 HTTP/1.1" 200 0 "-" "WordPress/6.8; https://batconpakistan.org"
13.94.89.74 - - [28/Apr/2025:07:27:40 -0400] "GET /wp-cli.php HTTP/1.1" 404 15877 "-" "-"
162.0.235.240 - - [28/Apr/2025:07:27:42 -0400] "GET /wp-content/plugins/contact-form-7-style/admin/predefined-templates.json HTTP/1.1" 200 1323 "-" "WordPress/6.8; https://batconpakistan.org"
162.0.235.240 - - [28/Apr/2025:07:27:43 -0400] "GET /wp-content/plugins/contact-form-7-style/admin/predefined-templates.json HTTP/1.1" 200 1323 "-" "WordPress/6.8; https://batconpakistan.org"
13.94.89.74 - - [28/Apr/2025:07:27:42 -0400] "GET /wp-conf.php HTTP/1.1" 404 15878 "-" "-"
162.0.235.240 - - [28/Apr/2025:07:27:45 -0400] "GET /wp-content/plugins/contact-form-7-style/admin/predefined-templates.json HTTP/1.1" 200 1323 "-" "WordPress/6.8; https://batconpakistan.org"
13.94.89.74 - - [28/Apr/2025:07:27:44 -0400] "GET /wp-conf.php?p= HTTP/1.1" 301 0 "-" "-"
13.94.89.74 - - [28/Apr/2025:07:27:46 -0400] "GET /wp-conf.php HTTP/1.1" 404 15878 "-" "-"
13.94.89.74 - - [28/Apr/2025:07:27:46 -0400] "GET /wp-config-sample.php HTTP/1.1" 403 1242 "-" "-"
162.0.235.240 - - [28/Apr/2025:07:27:47 -0400] "GET /wp-content/plugins/contact-form-7-style/admin/predefined-templates.json HTTP/1.1" 200 1323 "-" "WordPress/6.8; https://batconpakistan.org"
13.94.89.74 - - [28/Apr/2025:07:27:46 -0400] "GET /wp-configs.php HTTP/1.1" 404 15878 "-" "-"
13.94.89.74 - - [28/Apr/2025:07:27:48 -0400] "GET /wp-configs.php HTTP/1.1" 404 15878 "-" "-"
162.0.235.240 - - [28/Apr/2025:07:27:49 -0400] "GET /wp-content/plugins/contact-form-7-style/admin/predefined-templates.json HTTP/1.1" 200 1323 "-" "WordPress/6.8; https://batconpakistan.org"
162.0.235.240 - - [28/Apr/2025:07:27:50 -0400] "POST /wp-cron.php?doing_wp_cron=1745839670.0784010887145996093750 HTTP/1.1" 200 0 "-" "WordPress/6.8; https://batconpakistan.org"
13.94.89.74 - - [28/Apr/2025:07:27:48 -0400] "GET /wp-confiig.php HTTP/1.1" 404 15878 "-" "-"
162.0.235.240 - - [28/Apr/2025:07:27:50 -0400] "GET /wp-content/plugins/contact-form-7-style/admin/predefined-templates.json HTTP/1.1" 200 1323 "-" "WordPress/6.8; https://batconpakistan.org"
13.94.89.74 - - [28/Apr/2025:07:27:50 -0400] "GET /wp-conflg.php HTTP/1.1" 404 15876 "-" "-"
162.0.235.240 - - [28/Apr/2025:07:27:51 -0400] "GET /wp-content/plugins/contact-form-7-style/admin/predefined-templates.json HTTP/1.1" 200 1323 "-" "WordPress/6.8; https://batconpakistan.org"
13.94.89.74 - - [28/Apr/2025:07:27:51 -0400] "GET /wp-conflg.php?p= HTTP/1.1" 301 0 "-" "-"
13.94.89.74 - - [28/Apr/2025:07:27:52 -0400] "GET /wp-conflg.php HTTP/1.1" 404 15876 "-" "-"
13.94.89.74 - - [28/Apr/2025:07:27:52 -0400] "GET /wp-content/ HTTP/1.1" 200 0 "-" "-"
185.232.41.148 - - [28/Apr/2025:07:27:53 -0400] "POST /xmlrpc.php HTTP/1.1" 403 1242 "https://batconpakistan.org" "Mozilla/5.0 (Windows NT 11.0; Win64; x64) AppleWebKit/537.36 (KHTML, like Gecko) Chrome/126.0.0.0 Safari/537.36"
162.0.235.240 - - [28/Apr/2025:07:27:53 -0400] "GET /wp-content/plugins/contact-form-7-style/admin/predefined-templates.json HTTP/1.1" 200 1323 "-" "WordPress/6.8; https://batconpakistan.org"
13.94.89.74 - - [28/Apr/2025:07:27:52 -0400] "GET /wp-content//auto.php HTTP/1.1" 301 0 "-" "-"
162.0.235.240 - - [28/Apr/2025:07:27:55 -0400] "GET /wp-content/plugins/contact-form-7-style/admin/predefined-templates.json HTTP/1.1" 200 1323 "-" "WordPress/6.8; https://batconpakistan.org"
162.0.235.240 - - [28/Apr/2025:07:27:55 -0400] "POST /wp-cron.php?doing_wp_cron=1745839675.5230350494384765625000 HTTP/1.1" 200 0 "-" "WordPress/6.8; https://batconpakistan.org"
13.94.89.74 - - [28/Apr/2025:07:27:54 -0400] "GET /wp-content/auto.php HTTP/1.1" 404 15879 "-" "-"
162.0.235.240 - - [28/Apr/2025:07:27:56 -0400] "GET /wp-content/plugins/contact-form-7-style/admin/predefined-templates.json HTTP/1.1" 200 1323 "-" "WordPress/6.8; https://batconpakistan.org"
13.94.89.74 - - [28/Apr/2025:07:27:56 -0400] "GET /wp-content/about.php HTTP/1.1" 404 15879 "-" "-"
162.0.235.240 - - [28/Apr/2025:07:27:57 -0400] "GET /wp-content/plugins/contact-form-7-style/admin/predefined-templates.json HTTP/1.1" 200 1323 "-" "WordPress/6.8; https://batconpakistan.org"
13.94.89.74 - - [28/Apr/2025:07:27:56 -0400] "GET /wp-content/about.php?p= HTTP/1.1" 301 0 "-" "-"
13.94.89.74 - - [28/Apr/2025:07:27:57 -0400] "GET /wp-content/about.php HTTP/1.1" 404 15879 "-" "-"
162.0.235.240 - - [28/Apr/2025:07:27:59 -0400] "GET /wp-content/plugins/contact-form-7-style/admin/predefined-templates.json HTTP/1.1" 200 1323 "-" "WordPress/6.8; https://batconpakistan.org"
13.94.89.74 - - [28/Apr/2025:07:27:58 -0400] "GET /wp-content/admin.php HTTP/1.1" 404 15876 "-" "-"
162.0.235.240 - - [28/Apr/2025:07:28:01 -0400] "GET /wp-content/plugins/contact-form-7-style/admin/predefined-templates.json HTTP/1.1" 200 1323 "-" "WordPress/6.8; https://batconpakistan.org"
13.94.89.74 - - [28/Apr/2025:07:28:00 -0400] "GET /wp-content/alfa.php HTTP/1.1" 404 15878 "-" "-"
162.0.235.240 - - [28/Apr/2025:07:28:04 -0400] "GET /wp-content/plugins/contact-form-7-style/admin/predefined-templates.json HTTP/1.1" 200 1323 "-" "WordPress/6.8; https://batconpakistan.org"
13.94.89.74 - - [28/Apr/2025:07:28:02 -0400] "GET /wp-content/atomlib.php HTTP/1.1" 404 15877 "-" "-"
13.94.89.74 - - [28/Apr/2025:07:28:05 -0400] "GET /wp-content/autoload_classmap.php HTTP/1.1" 404 15875 "-" "-"
162.0.235.240 - - [28/Apr/2025:07:28:06 -0400] "GET /wp-content/plugins/contact-form-7-style/admin/predefined-templates.json HTTP/1.1" 200 1323 "-" "WordPress/6.8; https://batconpakistan.org"
162.0.235.240 - - [28/Apr/2025:07:28:07 -0400] "POST /wp-cron.php?doing_wp_cron=1745839687.1655919551849365234375 HTTP/1.1" 200 0 "-" "WordPress/6.8; https://batconpakistan.org"
13.94.89.74 - - [28/Apr/2025:07:28:05 -0400] "GET /wp-content/autoload_classmap.php/ HTTP/1.1" 404 15877 "-" "-"
162.0.235.240 - - [28/Apr/2025:07:28:08 -0400] "GET /wp-content/plugins/contact-form-7-style/admin/predefined-templates.json HTTP/1.1" 200 1323 "-" "WordPress/6.8; https://batconpakistan.org"
162.0.235.240 - - [28/Apr/2025:07:28:09 -0400] "GET /wp-content/plugins/contact-form-7-style/admin/predefined-templates.json HTTP/1.1" 200 1323 "-" "WordPress/6.8; https://batconpakistan.org"
162.0.235.240 - - [28/Apr/2025:07:28:08 -0400] "POST /wp-admin/admin-ajax.php?action=async_litespeed&nonce=X3ovu06JJSLrQa5XSEuAwxGw2c4aqdLH&litespeed_type=imgoptm HTTP/1.1" 200 0 "-" "WordPress/6.8; https://batconpakistan.org"
162.0.235.240 - - [28/Apr/2025:07:28:09 -0400] "GET /wp-content/plugins/contact-form-7-style/admin/predefined-templates.json HTTP/1.1" 200 1323 "-" "WordPress/6.8; https://batconpakistan.org"
13.94.89.74 - - [28/Apr/2025:07:28:08 -0400] "GET /wp-content/b.php HTTP/1.1" 404 15876 "-" "-"
162.0.235.240 - - [28/Apr/2025:07:28:12 -0400] "GET /wp-content/plugins/contact-form-7-style/admin/predefined-templates.json HTTP/1.1" 200 1323 "-" "WordPress/6.8; https://batconpakistan.org"
13.94.89.74 - - [28/Apr/2025:07:28:10 -0400] "GET /wp-content/blogs.dir/about.php HTTP/1.1" 404 15878 "-" "-"
162.0.235.240 - - [28/Apr/2025:07:28:14 -0400] "GET /wp-content/plugins/contact-form-7-style/admin/predefined-templates.json HTTP/1.1" 200 1323 "-" "WordPress/6.8; https://batconpakistan.org"
13.94.89.74 - - [28/Apr/2025:07:28:13 -0400] "GET /wp-content/blue.php HTTP/1.1" 404 15876 "-" "-"
162.0.235.240 - - [28/Apr/2025:07:28:16 -0400] "GET /wp-content/plugins/contact-form-7-style/admin/predefined-templates.json HTTP/1.1" 200 1323 "-" "WordPress/6.8; https://batconpakistan.org"
13.94.89.74 - - [28/Apr/2025:07:28:15 -0400] "GET /wp-content/cache/index.php HTTP/1.1" 301 0 "-" "-"
13.94.89.74 - - [28/Apr/2025:07:28:17 -0400] "GET /wp-content/cache/ HTTP/1.1" 403 1242 "-" "-"
162.0.235.240 - - [28/Apr/2025:07:28:17 -0400] "GET /wp-content/plugins/contact-form-7-style/admin/predefined-templates.json HTTP/1.1" 200 1323 "-" "WordPress/6.8; https://batconpakistan.org"
54.36.148.104 - - [28/Apr/2025:07:28:16 -0400] "GET /sitemap_index.xml HTTP/1.1" 200 512 "-" "Mozilla/5.0 (compatible; AhrefsBot/7.0; +http://ahrefs.com/robot/)"
162.0.235.240 - - [28/Apr/2025:07:28:18 -0400] "GET /wp-content/plugins/contact-form-7-style/admin/predefined-templates.json HTTP/1.1" 200 1323 "-" "WordPress/6.8; https://batconpakistan.org"
13.94.89.74 - - [28/Apr/2025:07:28:17 -0400] "GET /wp-content/cache/w.php HTTP/1.1" 404 15875 "-" "-"
162.0.235.240 - - [28/Apr/2025:07:28:20 -0400] "GET /wp-content/plugins/contact-form-7-style/admin/predefined-templates.json HTTP/1.1" 200 1323 "-" "WordPress/6.8; https://batconpakistan.org"
13.94.89.74 - - [28/Apr/2025:07:28:19 -0400] "GET /wp-content/cong.php HTTP/1.1" 404 15876 "-" "-"
162.0.235.240 - - [28/Apr/2025:07:28:21 -0400] "GET /wp-content/plugins/contact-form-7-style/admin/predefined-templates.json HTTP/1.1" 200 1323 "-" "WordPress/6.8; https://batconpakistan.org"
54.36.148.35 - - [28/Apr/2025:07:28:20 -0400] "GET /post-sitemap.xml HTTP/1.1" 200 976 "-" "Mozilla/5.0 (compatible; AhrefsBot/7.0; +http://ahrefs.com/robot/)"
162.0.235.240 - - [28/Apr/2025:07:28:22 -0400] "GET /wp-content/plugins/contact-form-7-style/admin/predefined-templates.json HTTP/1.1" 200 1323 "-" "WordPress/6.8; https://batconpakistan.org"
13.94.89.74 - - [28/Apr/2025:07:28:21 -0400] "GET /wp-content/content.php HTTP/1.1" 404 15876 "-" "-"
162.0.235.240 - - [28/Apr/2025:07:28:23 -0400] "GET /wp-content/plugins/contact-form-7-style/admin/predefined-templates.json HTTP/1.1" 200 1323 "-" "WordPress/6.8; https://batconpakistan.org"
162.0.235.240 - - [28/Apr/2025:07:28:24 -0400] "GET /wp-content/plugins/contact-form-7-style/admin/predefined-templates.json HTTP/1.1" 200 1323 "-" "WordPress/6.8; https://batconpakistan.org"
54.36.148.30 - - [28/Apr/2025:07:28:22 -0400] "GET /page-sitemap.xml HTTP/1.1" 200 1544 "-" "Mozilla/5.0 (compatible; AhrefsBot/7.0; +http://ahrefs.com/robot/)"
13.94.89.74 - - [28/Apr/2025:07:28:23 -0400] "GET /wp-content/file.php HTTP/1.1" 404 15878 "-" "-"
162.0.235.240 - - [28/Apr/2025:07:28:26 -0400] "GET /wp-content/plugins/contact-form-7-style/admin/predefined-templates.json HTTP/1.1" 200 1323 "-" "WordPress/6.8; https://batconpakistan.org"
13.94.89.74 - - [28/Apr/2025:07:28:25 -0400] "GET /wp-content/fonts/ HTTP/1.1" 404 15877 "-" "-"
162.0.235.240 - - [28/Apr/2025:07:28:27 -0400] "GET /wp-content/plugins/contact-form-7-style/admin/predefined-templates.json HTTP/1.1" 200 1323 "-" "WordPress/6.8; https://batconpakistan.org"
54.36.148.150 - - [28/Apr/2025:07:28:26 -0400] "GET /testimonial-sitemap.xml HTTP/1.1" 200 391 "-" "Mozilla/5.0 (compatible; AhrefsBot/7.0; +http://ahrefs.com/robot/)"
162.0.235.240 - - [28/Apr/2025:07:28:28 -0400] "GET /wp-content/plugins/contact-form-7-style/admin/predefined-templates.json HTTP/1.1" 200 1323 "-" "WordPress/6.8; https://batconpakistan.org"
13.94.89.74 - - [28/Apr/2025:07:28:27 -0400] "GET /wp-content/function.php HTTP/1.1" 404 15877 "-" "-"
162.0.235.240 - - [28/Apr/2025:07:28:30 -0400] "GET /wp-content/plugins/contact-form-7-style/admin/predefined-templates.json HTTP/1.1" 200 1323 "-" "WordPress/6.8; https://batconpakistan.org"
162.0.235.240 - - [28/Apr/2025:07:28:30 -0400] "GET /wp-content/plugins/contact-form-7-style/admin/predefined-templates.json HTTP/1.1" 200 1323 "-" "WordPress/6.8; https://batconpakistan.org"
54.36.148.17 - - [28/Apr/2025:07:28:28 -0400] "GET /gallery-sitemap.xml HTTP/1.1" 200 560 "-" "Mozilla/5.0 (compatible; AhrefsBot/7.0; +http://ahrefs.com/robot/)"
13.94.89.74 - - [28/Apr/2025:07:28:29 -0400] "GET /wp-content/gallery/ HTTP/1.1" 404 15877 "-" "-"
162.0.235.240 - - [28/Apr/2025:07:28:32 -0400] "GET /wp-content/plugins/contact-form-7-style/admin/predefined-templates.json HTTP/1.1" 200 1323 "-" "WordPress/6.8; https://batconpakistan.org"
13.94.89.74 - - [28/Apr/2025:07:28:31 -0400] "GET /wp-content/gallery/about.php HTTP/1.1" 404 15877 "-" "-"
13.94.89.74 - - [28/Apr/2025:07:28:32 -0400] "GET /wp-content/index.php HTTP/1.1" 200 0 "-" "-"
13.94.89.74 - - [28/Apr/2025:07:28:33 -0400] "GET /wp-content/index.php?p= HTTP/1.1" 200 0 "-" "-"
162.0.235.240 - - [28/Apr/2025:07:28:33 -0400] "GET /wp-content/plugins/contact-form-7-style/admin/predefined-templates.json HTTP/1.1" 200 1323 "-" "WordPress/6.8; https://batconpakistan.org"
13.94.89.74 - - [28/Apr/2025:07:28:33 -0400] "GET /wp-content/index.php?x=ooo HTTP/1.1" 200 0 "-" "-"
54.36.148.208 - - [28/Apr/2025:07:28:32 -0400] "GET /event-sitemap.xml HTTP/1.1" 200 452 "-" "Mozilla/5.0 (compatible; AhrefsBot/7.0; +http://ahrefs.com/robot/)"
162.0.235.240 - - [28/Apr/2025:07:28:34 -0400] "GET /wp-content/plugins/contact-form-7-style/admin/predefined-templates.json HTTP/1.1" 200 1323 "-" "WordPress/6.8; https://batconpakistan.org"
13.94.89.74 - - [28/Apr/2025:07:28:33 -0400] "GET /wp-content/install.php HTTP/1.1" 404 15876 "-" "-"
13.94.89.74 - - [28/Apr/2025:07:28:35 -0400] "GET /wp-content/item.php HTTP/1.1" 404 15877 "-" "-"
162.0.235.240 - - [28/Apr/2025:07:28:36 -0400] "GET /wp-content/plugins/contact-form-7-style/admin/predefined-templates.json HTTP/1.1" 200 1323 "-" "WordPress/6.8; https://batconpakistan.org"
162.0.235.240 - - [28/Apr/2025:07:28:36 -0400] "GET /wp-content/plugins/contact-form-7-style/admin/predefined-templates.json HTTP/1.1" 200 1323 "-" "WordPress/6.8; https://batconpakistan.org"
54.36.148.172 - - [28/Apr/2025:07:28:35 -0400] "GET /team-sitemap.xml HTTP/1.1" 200 818 "-" "Mozilla/5.0 (compatible; AhrefsBot/7.0; +http://ahrefs.com/robot/)"
13.94.89.74 - - [28/Apr/2025:07:28:35 -0400] "GET /wp-content/json.php HTTP/1.1" 404 15876 "-" "-"
162.0.235.240 - - [28/Apr/2025:07:28:39 -0400] "GET /wp-content/plugins/contact-form-7-style/admin/predefined-templates.json HTTP/1.1" 200 1323 "-" "WordPress/6.8; https://batconpakistan.org"
13.94.89.74 - - [28/Apr/2025:07:28:37 -0400] "GET /wp-content/languages/about.php HTTP/1.1" 404 15877 "-" "-"
162.0.235.240 - - [28/Apr/2025:07:28:41 -0400] "GET /wp-content/plugins/contact-form-7-style/admin/predefined-templates.json HTTP/1.1" 200 1323 "-" "WordPress/6.8; https://batconpakistan.org"
162.0.235.240 - - [28/Apr/2025:07:28:41 -0400] "GET /wp-content/plugins/contact-form-7-style/admin/predefined-templates.json HTTP/1.1" 200 1323 "-" "WordPress/6.8; https://batconpakistan.org"
54.36.148.101 - - [28/Apr/2025:07:28:39 -0400] "GET /product-sitemap.xml HTTP/1.1" 200 532 "-" "Mozilla/5.0 (compatible; AhrefsBot/7.0; +http://ahrefs.com/robot/)"
162.0.235.240 - - [28/Apr/2025:07:28:41 -0400] "POST /wp-cron.php?doing_wp_cron=1745839721.6985569000244140625000 HTTP/1.1" 200 0 "-" "WordPress/6.8; https://batconpakistan.org"
13.94.89.74 - - [28/Apr/2025:07:28:40 -0400] "GET /wp-content/languages/asus.php HTTP/1.1" 404 15878 "-" "-"
162.0.235.240 - - [28/Apr/2025:07:28:42 -0400] "GET /wp-content/plugins/contact-form-7-style/admin/predefined-templates.json HTTP/1.1" 200 1323 "-" "WordPress/6.8; https://batconpakistan.org"
162.0.235.240 - - [28/Apr/2025:07:28:43 -0400] "GET /wp-content/plugins/contact-form-7-style/admin/predefined-templates.json HTTP/1.1" 200 1323 "-" "WordPress/6.8; https://batconpakistan.org"
13.94.89.74 - - [28/Apr/2025:07:28:42 -0400] "GET /wp-content/languages/chosen.php HTTP/1.1" 404 15878 "-" "-"
162.0.235.240 - - [28/Apr/2025:07:28:45 -0400] "GET /wp-content/plugins/contact-form-7-style/admin/predefined-templates.json HTTP/1.1" 200 1323 "-" "WordPress/6.8; https://batconpakistan.org"
162.0.235.240 - - [28/Apr/2025:07:28:45 -0400] "GET /wp-content/plugins/contact-form-7-style/admin/predefined-templates.json HTTP/1.1" 200 1323 "-" "WordPress/6.8; https://batconpakistan.org"
54.36.149.93 - - [28/Apr/2025:07:28:44 -0400] "GET /campaign-sitemap.xml HTTP/1.1" 200 478 "-" "Mozilla/5.0 (compatible; AhrefsBot/7.0; +http://ahrefs.com/robot/)"
13.94.89.74 - - [28/Apr/2025:07:28:44 -0400] "GET /wp-content/languages/ebbqviXwm.php HTTP/1.1" 404 15877 "-" "-"
162.0.235.240 - - [28/Apr/2025:07:28:47 -0400] "GET /wp-content/plugins/contact-form-7-style/admin/predefined-templates.json HTTP/1.1" 200 1323 "-" "WordPress/6.8; https://batconpakistan.org"
13.94.89.74 - - [28/Apr/2025:07:28:46 -0400] "GET /wp-content/languages/index.php HTTP/1.1" 301 0 "-" "-"
162.0.235.240 - - [28/Apr/2025:07:28:48 -0400] "GET /wp-content/plugins/contact-form-7-style/admin/predefined-templates.json HTTP/1.1" 200 1323 "-" "WordPress/6.8; https://batconpakistan.org"
162.0.235.240 - - [28/Apr/2025:07:28:49 -0400] "POST /wp-cron.php?doing_wp_cron=1745839729.0644578933715820312500 HTTP/1.1" 200 0 "-" "WordPress/6.8; https://batconpakistan.org"
162.0.235.240 - - [28/Apr/2025:07:28:49 -0400] "GET /wp-content/plugins/contact-form-7-style/admin/predefined-templates.json HTTP/1.1" 200 1323 "-" "WordPress/6.8; https://batconpakistan.org"
13.94.89.74 - - [28/Apr/2025:07:28:47 -0400] "GET /wp-content/languages/ HTTP/1.1" 404 15877 "-" "-"
54.36.148.167 - - [28/Apr/2025:07:28:48 -0400] "GET /event_registrants-sitemap.xml HTTP/1.1" 200 379 "-" "Mozilla/5.0 (compatible; AhrefsBot/7.0; +http://ahrefs.com/robot/)"
162.0.235.240 - - [28/Apr/2025:07:28:49 -0400] "GET /wp-content/plugins/contact-form-7-style/admin/predefined-templates.json HTTP/1.1" 200 1323 "-" "WordPress/6.8; https://batconpakistan.org"
162.0.235.240 - - [28/Apr/2025:07:28:51 -0400] "GET /wp-content/plugins/contact-form-7-style/admin/predefined-templates.json HTTP/1.1" 200 1323 "-" "WordPress/6.8; https://batconpakistan.org"
13.94.89.74 - - [28/Apr/2025:07:28:49 -0400] "GET /wp-content/languages/themes/ HTTP/1.1" 404 15878 "-" "-"
162.0.235.240 - - [28/Apr/2025:07:28:52 -0400] "GET /wp-content/plugins/contact-form-7-style/admin/predefined-templates.json HTTP/1.1" 200 1323 "-" "WordPress/6.8; https://batconpakistan.org"
54.36.149.4 - - [28/Apr/2025:07:28:51 -0400] "GET /category-sitemap.xml HTTP/1.1" 200 393 "-" "Mozilla/5.0 (compatible; AhrefsBot/7.0; +http://ahrefs.com/robot/)"
162.0.235.240 - - [28/Apr/2025:07:28:53 -0400] "GET /wp-content/plugins/contact-form-7-style/admin/predefined-templates.json HTTP/1.1" 200 1323 "-" "WordPress/6.8; https://batconpakistan.org"
13.94.89.74 - - [28/Apr/2025:07:28:52 -0400] "GET /wp-content/languages/themes/wp-login.php HTTP/1.1" 404 15878 "-" "-"
162.0.235.240 - - [28/Apr/2025:07:28:55 -0400] "GET /wp-content/plugins/contact-form-7-style/admin/predefined-templates.json HTTP/1.1" 200 1323 "-" "WordPress/6.8; https://batconpakistan.org"
162.0.235.240 - - [28/Apr/2025:07:28:55 -0400] "GET /wp-content/plugins/contact-form-7-style/admin/predefined-templates.json HTTP/1.1" 200 1323 "-" "WordPress/6.8; https://batconpakistan.org"
162.0.235.240 - - [28/Apr/2025:07:28:55 -0400] "POST /wp-cron.php?doing_wp_cron=1745839735.5988059043884277343750 HTTP/1.1" 200 0 "-" "WordPress/6.8; https://batconpakistan.org"
54.36.148.249 - - [28/Apr/2025:07:28:54 -0400] "GET /post_tag-sitemap.xml HTTP/1.1" 200 450 "-" "Mozilla/5.0 (compatible; AhrefsBot/7.0; +http://ahrefs.com/robot/)"
13.94.89.74 - - [28/Apr/2025:07:28:54 -0400] "GET /wp-content/languages/wp-login.php HTTP/1.1" 404 15876 "-" "-"
162.0.235.240 - - [28/Apr/2025:07:28:56 -0400] "GET /wp-content/plugins/contact-form-7-style/admin/predefined-templates.json HTTP/1.1" 200 1323 "-" "WordPress/6.8; https://batconpakistan.org"
162.0.235.240 - - [28/Apr/2025:07:28:57 -0400] "GET /wp-content/plugins/contact-form-7-style/admin/predefined-templates.json HTTP/1.1" 200 1323 "-" "WordPress/6.8; https://batconpakistan.org"
13.94.89.74 - - [28/Apr/2025:07:28:56 -0400] "GET /wp-content/mah.php HTTP/1.1" 404 15877 "-" "-"
162.0.235.240 - - [28/Apr/2025:07:28:59 -0400] "GET /wp-content/plugins/contact-form-7-style/admin/predefined-templates.json HTTP/1.1" 200 1323 "-" "WordPress/6.8; https://batconpakistan.org"
162.0.235.240 - - [28/Apr/2025:07:29:00 -0400] "GET /wp-content/plugins/contact-form-7-style/admin/predefined-templates.json HTTP/1.1" 200 1323 "-" "WordPress/6.8; https://batconpakistan.org"
13.94.89.74 - - [28/Apr/2025:07:28:58 -0400] "GET /wp-content/mu-plugins-old/ HTTP/1.1" 404 15877 "-" "-"
54.36.148.89 - - [28/Apr/2025:07:28:59 -0400] "GET /gallery-category-sitemap.xml HTTP/1.1" 200 393 "-" "Mozilla/5.0 (compatible; AhrefsBot/7.0; +http://ahrefs.com/robot/)"
162.0.235.240 - - [28/Apr/2025:07:29:01 -0400] "GET /wp-content/plugins/contact-form-7-style/admin/predefined-templates.json HTTP/1.1" 200 1323 "-" "WordPress/6.8; https://batconpakistan.org"
13.94.89.74 - - [28/Apr/2025:07:29:00 -0400] "GET /wp-content/mu-plugins-old/admin.php HTTP/1.1" 404 15877 "-" "-"
162.0.235.240 - - [28/Apr/2025:07:29:03 -0400] "GET /wp-content/plugins/contact-form-7-style/admin/predefined-templates.json HTTP/1.1" 200 1323 "-" "WordPress/6.8; https://batconpakistan.org"
13.94.89.74 - - [28/Apr/2025:07:29:02 -0400] "GET /wp-content/mu-plugins-old/index.php HTTP/1.1" 301 0 "-" "-"
13.94.89.74 - - [28/Apr/2025:07:29:04 -0400] "GET /wp-content/mu-plugins-old/ HTTP/1.1" 404 15877 "-" "-"
162.0.235.240 - - [28/Apr/2025:07:29:05 -0400] "GET /wp-content/plugins/contact-form-7-style/admin/predefined-templates.json HTTP/1.1" 200 1323 "-" "WordPress/6.8; https://batconpakistan.org"
162.0.235.240 - - [28/Apr/2025:07:29:06 -0400] "POST /wp-cron.php?doing_wp_cron=1745839746.0767829418182373046875 HTTP/1.1" 200 0 "-" "WordPress/6.8; https://batconpakistan.org"
13.94.89.74 - - [28/Apr/2025:07:29:04 -0400] "GET /wp-content/mu-plugins/ HTTP/1.1" 404 15876 "-" "-"
162.0.235.240 - - [28/Apr/2025:07:29:07 -0400] "GET /wp-content/plugins/contact-form-7-style/admin/predefined-templates.json HTTP/1.1" 200 1323 "-" "WordPress/6.8; https://batconpakistan.org"
162.0.235.240 - - [28/Apr/2025:07:29:07 -0400] "GET /wp-content/plugins/contact-form-7-style/admin/predefined-templates.json HTTP/1.1" 200 1323 "-" "WordPress/6.8; https://batconpakistan.org"
54.36.149.99 - - [28/Apr/2025:07:29:06 -0400] "GET /event-category-sitemap.xml HTTP/1.1" 200 378 "-" "Mozilla/5.0 (compatible; AhrefsBot/7.0; +http://ahrefs.com/robot/)"
