162.0.235.240 - - [28/Apr/2025:12:01:17 -0400] "GET /wp-content/plugins/contact-form-7-style/admin/predefined-templates.json HTTP/1.1" 200 1323 "-" "WordPress/6.8; https://batconpakistan.org"
162.0.235.240 - - [28/Apr/2025:12:01:33 -0400] "GET /wp-content/plugins/contact-form-7-style/admin/predefined-templates.json HTTP/1.1" 200 1323 "-" "WordPress/6.8; https://batconpakistan.org"
54.36.148.166 - - [28/Apr/2025:12:01:32 -0400] "GET /product/happy-ninja-2/ HTTP/1.1" 200 19721 "-" "Mozilla/5.0 (compatible; AhrefsBot/7.0; +http://ahrefs.com/robot/)"
162.0.235.240 - - [28/Apr/2025:12:02:24 -0400] "GET /wp-content/plugins/contact-form-7-style/admin/predefined-templates.json HTTP/1.1" 200 1323 "-" "WordPress/6.8; https://batconpakistan.org"
162.0.235.240 - - [28/Apr/2025:12:02:24 -0400] "POST /wp-cron.php?doing_wp_cron=1745856144.5467851161956787109375 HTTP/1.1" 200 0 "-" "WordPress/6.8; https://batconpakistan.org"
43.130.228.73 - - [28/Apr/2025:12:02:22 -0400] "GET / HTTP/1.1" 301 0 "http://www.batconpakistan.org" "Mozilla/5.0 (iPhone; CPU iPhone OS 13_2_3 like Mac OS X) AppleWebKit/605.1.15 (KHTML, like Gecko) Version/13.0.3 Mobile/15E148 Safari/604.1"
162.0.235.240 - - [28/Apr/2025:12:02:26 -0400] "GET /wp-content/plugins/contact-form-7-style/admin/predefined-templates.json HTTP/1.1" 200 1323 "-" "WordPress/6.8; https://batconpakistan.org"
43.130.228.73 - - [28/Apr/2025:12:02:26 -0400] "GET / HTTP/1.1" 200 23496 "https://www.batconpakistan.org/" "Mozilla/5.0 (iPhone; CPU iPhone OS 13_2_3 like Mac OS X) AppleWebKit/605.1.15 (KHTML, like Gecko) Version/13.0.3 Mobile/15E148 Safari/604.1"
162.0.235.240 - - [28/Apr/2025:12:02:26 -0400] "POST /wp-admin/admin-ajax.php?action=async_litespeed&nonce=tkecRysz9DaHrlU1Clbe6FFqgn02eGzt&litespeed_type=imgoptm HTTP/1.1" 200 0 "-" "WordPress/6.8; https://batconpakistan.org"
162.0.235.240 - - [28/Apr/2025:12:02:28 -0400] "GET /wp-content/plugins/contact-form-7-style/admin/predefined-templates.json HTTP/1.1" 200 1323 "-" "WordPress/6.8; https://batconpakistan.org"
66.249.66.76 - - [28/Apr/2025:12:02:31 -0400] "GET /author/admin/ HTTP/1.1" 200 40470 "-" "Googlebot/2.1 (+http://www.google.com/bot.html)"
192.64.118.67 - - [28/Apr/2025:12:02:37 -0400] "GET /contact-us/ HTTP/1.1" 200 17600 "https://batconpakistan.org/contact-us/" "Mozilla/5.0 (Windows NT 10.0; Win64; x64) AppleWebKit/537.36 (KHTML, like Gecko) Chrome/130.0.0.0 Safari/537.36 CCleaner/130.0.0.0"
162.0.235.240 - - [28/Apr/2025:12:03:42 -0400] "GET /wp-content/plugins/contact-form-7-style/admin/predefined-templates.json HTTP/1.1" 200 1323 "-" "WordPress/6.8; https://batconpakistan.org"
162.0.235.240 - - [28/Apr/2025:12:03:43 -0400] "POST /wp-cron.php?doing_wp_cron=1745856223.0308020114898681640625 HTTP/1.1" 200 0 "-" "WordPress/6.8; https://batconpakistan.org"
192.161.162.180 - - [28/Apr/2025:12:03:41 -0400] "GET /themes/manage/assets/jquery-file-upload/server/php/index.php HTTP/1.1" 301 0 "-" "Mozilla/5.0 (Windows NT 10.0; Win64; x64) AppleWebKit/537.36 (KHTML, like Gecko) Chrome/90.0.4430.85 Safari/537.36"
162.0.235.240 - - [28/Apr/2025:12:03:44 -0400] "GET /wp-content/plugins/contact-form-7-style/admin/predefined-templates.json HTTP/1.1" 200 1323 "-" "WordPress/6.8; https://batconpakistan.org"
162.0.235.240 - - [28/Apr/2025:12:03:44 -0400] "GET /wp-content/plugins/contact-form-7-style/admin/predefined-templates.json HTTP/1.1" 200 1323 "-" "WordPress/6.8; https://batconpakistan.org"
192.161.162.180 - - [28/Apr/2025:12:03:43 -0400] "GET /themes/manage/assets/jquery-file-upload/server/php/ HTTP/1.1" 404 15889 "-" "Mozilla/5.0 (Windows NT 10.0; Win64; x64) AppleWebKit/537.36 (KHTML, like Gecko) Chrome/90.0.4430.85 Safari/537.36"
162.0.235.240 - - [28/Apr/2025:12:03:44 -0400] "POST /wp-admin/admin-ajax.php?action=async_litespeed&nonce=Q4koih9YlZyB7jsQ9sH52ZC8SiWSZBHm&litespeed_type=imgoptm HTTP/1.1" 200 0 "-" "WordPress/6.8; https://batconpakistan.org"
162.0.235.240 - - [28/Apr/2025:12:03:46 -0400] "GET /wp-content/plugins/contact-form-7-style/admin/predefined-templates.json HTTP/1.1" 200 1323 "-" "WordPress/6.8; https://batconpakistan.org"
2a03:2880:f800:8:: - - [28/Apr/2025:12:04:49 -0400] "GET /author/admin/ HTTP/1.1" 200 40470 "-" "meta-externalagent/1.1 (+https://developers.facebook.com/docs/sharing/webmasters/crawler)"
162.0.235.240 - - [28/Apr/2025:12:05:14 -0400] "GET /wp-content/plugins/contact-form-7-style/admin/predefined-templates.json HTTP/1.1" 200 1323 "-" "WordPress/6.8; https://batconpakistan.org"
162.0.235.240 - - [28/Apr/2025:12:05:15 -0400] "POST /wp-cron.php?doing_wp_cron=1745856314.9401059150695800781250 HTTP/1.1" 200 0 "-" "WordPress/6.8; https://batconpakistan.org"
54.36.149.38 - - [28/Apr/2025:12:05:09 -0400] "GET /Raw-Materials-Width-x-Ft-Pc-Length-673796-Bars/ HTTP/1.1" 200 16008 "-" "Mozilla/5.0 (compatible; AhrefsBot/7.0; +http://ahrefs.com/robot/)"
162.0.235.240 - - [28/Apr/2025:12:05:16 -0400] "GET /wp-content/plugins/contact-form-7-style/admin/predefined-templates.json HTTP/1.1" 200 1323 "-" "WordPress/6.8; https://batconpakistan.org"
162.0.235.240 - - [28/Apr/2025:12:05:16 -0400] "POST /wp-admin/admin-ajax.php?action=async_litespeed&nonce=URhlZJlpU5X5UP74PL6P9DWi8NoXRAMq&litespeed_type=imgoptm HTTP/1.1" 200 0 "-" "WordPress/6.8; https://batconpakistan.org"
162.0.235.240 - - [28/Apr/2025:12:05:18 -0400] "GET /wp-content/plugins/contact-form-7-style/admin/predefined-templates.json HTTP/1.1" 200 1323 "-" "WordPress/6.8; https://batconpakistan.org"
57.141.0.21 - - [28/Apr/2025:12:06:45 -0400] "GET /our-activities/ HTTP/1.1" 200 17614 "-" "meta-externalagent/1.1 (+https://developers.facebook.com/docs/sharing/webmasters/crawler)"
162.0.235.240 - - [28/Apr/2025:12:09:04 -0400] "GET /wp-content/plugins/contact-form-7-style/admin/predefined-templates.json HTTP/1.1" 200 1323 "-" "WordPress/6.8; https://batconpakistan.org"
162.0.235.240 - - [28/Apr/2025:12:09:05 -0400] "POST /wp-cron.php?doing_wp_cron=1745856544.8742179870605468750000 HTTP/1.1" 200 0 "-" "WordPress/6.8; https://batconpakistan.org"
54.36.149.30 - - [28/Apr/2025:12:08:59 -0400] "GET /product-category/clothing/ HTTP/1.1" 200 18084 "-" "Mozilla/5.0 (compatible; AhrefsBot/7.0; +http://ahrefs.com/robot/)"
162.0.235.240 - - [28/Apr/2025:12:09:06 -0400] "GET /wp-content/plugins/contact-form-7-style/admin/predefined-templates.json HTTP/1.1" 200 1323 "-" "WordPress/6.8; https://batconpakistan.org"
162.0.235.240 - - [28/Apr/2025:12:09:06 -0400] "POST /wp-admin/admin-ajax.php?action=async_litespeed&nonce=dq6yGPriLINpk46ypR3wS0Xj0uaTja6x&litespeed_type=imgoptm HTTP/1.1" 200 0 "-" "WordPress/6.8; https://batconpakistan.org"
162.0.235.240 - - [28/Apr/2025:12:09:08 -0400] "GET /wp-content/plugins/contact-form-7-style/admin/predefined-templates.json HTTP/1.1" 200 1323 "-" "WordPress/6.8; https://batconpakistan.org"
162.0.235.240 - - [28/Apr/2025:12:12:33 -0400] "GET /wp-content/plugins/contact-form-7-style/admin/predefined-templates.json HTTP/1.1" 200 1323 "-" "WordPress/6.8; https://batconpakistan.org"
162.0.235.240 - - [28/Apr/2025:12:12:34 -0400] "POST /wp-cron.php?doing_wp_cron=1745856753.8346700668334960937500 HTTP/1.1" 200 0 "-" "WordPress/6.8; https://batconpakistan.org"
54.36.149.29 - - [28/Apr/2025:12:12:28 -0400] "GET /Power-Transmission-Products-Spherical-Roller-Bearing-610738-Spherical/ HTTP/1.1" 200 16010 "-" "Mozilla/5.0 (compatible; AhrefsBot/7.0; +http://ahrefs.com/robot/)"
162.0.235.240 - - [28/Apr/2025:12:12:35 -0400] "GET /wp-content/plugins/contact-form-7-style/admin/predefined-templates.json HTTP/1.1" 200 1323 "-" "WordPress/6.8; https://batconpakistan.org"
162.0.235.240 - - [28/Apr/2025:12:12:35 -0400] "POST /wp-admin/admin-ajax.php?action=async_litespeed&nonce=B69Y0Fp8ZFNuCjiIoTfndWGQPiYeRSAm&litespeed_type=imgoptm HTTP/1.1" 200 0 "-" "WordPress/6.8; https://batconpakistan.org"
162.0.235.240 - - [28/Apr/2025:12:12:37 -0400] "GET /wp-content/plugins/contact-form-7-style/admin/predefined-templates.json HTTP/1.1" 200 1323 "-" "WordPress/6.8; https://batconpakistan.org"
114.119.166.88 - - [28/Apr/2025:12:17:07 -0400] "GET /robots.txt HTTP/1.1" 200 183 "-" "Mozilla/5.0 (compatible;PetalBot;+https://webmaster.petalsearch.com/site/petalbot)"
162.0.235.240 - - [28/Apr/2025:12:19:51 -0400] "GET /wp-content/plugins/contact-form-7-style/admin/predefined-templates.json HTTP/1.1" 200 1323 "-" "WordPress/6.8; https://batconpakistan.org"
162.0.235.240 - - [28/Apr/2025:12:19:52 -0400] "POST /wp-cron.php?doing_wp_cron=1745857192.1055970191955566406250 HTTP/1.1" 200 0 "-" "WordPress/6.8; https://batconpakistan.org"
54.36.149.44 - - [28/Apr/2025:12:19:45 -0400] "GET /Power-Transmission-Products-Set-Screw-Type-NBK-MJC55EGR-Jaw-Flexible-630500-Multiflex-Couplings/ HTTP/1.1" 200 16009 "-" "Mozilla/5.0 (compatible; AhrefsBot/7.0; +http://ahrefs.com/robot/)"
162.0.235.240 - - [28/Apr/2025:12:19:53 -0400] "GET /wp-content/plugins/contact-form-7-style/admin/predefined-templates.json HTTP/1.1" 200 1323 "-" "WordPress/6.8; https://batconpakistan.org"
162.0.235.240 - - [28/Apr/2025:12:19:54 -0400] "POST /wp-admin/admin-ajax.php?action=async_litespeed&nonce=f9N2tjm7VLK36gVPd5J2vI2W79sMEceu&litespeed_type=imgoptm HTTP/1.1" 200 0 "-" "WordPress/6.8; https://batconpakistan.org"
162.0.235.240 - - [28/Apr/2025:12:19:55 -0400] "GET /wp-content/plugins/contact-form-7-style/admin/predefined-templates.json HTTP/1.1" 200 1323 "-" "WordPress/6.8; https://batconpakistan.org"
66.249.66.75 - - [28/Apr/2025:12:22:19 -0400] "GET / HTTP/1.1" 200 23496 "-" "Mozilla/5.0 (compatible; Googlebot/2.1; +http://www.google.com/bot.html)"
66.249.66.75 - - [28/Apr/2025:12:22:22 -0400] "GET /wp-content/themes/born-to-give/vendor/fullcalendar/lib/moment.min.js?ver=2.3.1.8 HTTP/1.1" 304 0 "https://batconpakistan.org/" "Mozilla/5.0 AppleWebKit/537.36 (KHTML, like Gecko; compatible; Googlebot/2.1; +http://www.google.com/bot.html) Chrome/134.0.6998.165 Safari/537.36"
66.249.66.75 - - [28/Apr/2025:12:22:23 -0400] "GET /wp-content/plugins/revslider/public/assets/js/jquery.themepunch.revolution.min.js?ver=5.3.1.5 HTTP/1.1" 304 0 "https://batconpakistan.org/" "Mozilla/5.0 AppleWebKit/537.36 (KHTML, like Gecko; compatible; Googlebot/2.1; +http://www.google.com/bot.html) Chrome/134.0.6998.165 Safari/537.36"
66.249.66.76 - - [28/Apr/2025:12:22:24 -0400] "GET /wp-includes/js/jquery/jquery-migrate.min.js?ver=3.4.1 HTTP/1.1" 304 0 "https://batconpakistan.org/" "Mozilla/5.0 AppleWebKit/537.36 (KHTML, like Gecko; compatible; Googlebot/2.1; +http://www.google.com/bot.html) Chrome/134.0.6998.165 Safari/537.36"
66.249.66.75 - - [28/Apr/2025:12:22:24 -0400] "GET /wp-includes/js/jquery/jquery.min.js?ver=3.7.1 HTTP/1.1" 304 0 "https://batconpakistan.org/" "Mozilla/5.0 AppleWebKit/537.36 (KHTML, like Gecko; compatible; Googlebot/2.1; +http://www.google.com/bot.html) Chrome/134.0.6998.165 Safari/537.36"
66.249.66.75 - - [28/Apr/2025:12:22:25 -0400] "GET /wp-content/plugins/charitable/assets/js/libraries/js-cookie.min.js?ver=2.1.4 HTTP/1.1" 304 0 "https://batconpakistan.org/" "Mozilla/5.0 AppleWebKit/537.36 (KHTML, like Gecko; compatible; Googlebot/2.1; +http://www.google.com/bot.html) Chrome/134.0.6998.165 Safari/537.36"
66.249.66.75 - - [28/Apr/2025:12:22:25 -0400] "GET /wp-content/plugins/revslider/public/assets/js/jquery.themepunch.tools.min.js?ver=5.3.1.5 HTTP/1.1" 304 0 "https://batconpakistan.org/" "Mozilla/5.0 AppleWebKit/537.36 (KHTML, like Gecko; compatible; Googlebot/2.1; +http://www.google.com/bot.html) Chrome/134.0.6998.165 Safari/537.36"
66.249.66.75 - - [28/Apr/2025:12:22:26 -0400] "GET /wp-content/plugins/woocommerce/assets/js/frontend/add-to-cart.min.js?ver=9.8.2 HTTP/1.1" 304 0 "https://batconpakistan.org/" "Mozilla/5.0 AppleWebKit/537.36 (KHTML, like Gecko; compatible; Googlebot/2.1; +http://www.google.com/bot.html) Chrome/134.0.6998.165 Safari/537.36"
66.249.66.75 - - [28/Apr/2025:12:22:26 -0400] "GET /wp-content/plugins/contact-form-7-style/js/frontend-min.js?ver=3.1.9 HTTP/1.1" 304 0 "https://batconpakistan.org/" "Mozilla/5.0 AppleWebKit/537.36 (KHTML, like Gecko; compatible; Googlebot/2.1; +http://www.google.com/bot.html) Chrome/134.0.6998.165 Safari/537.36"
66.249.66.75 - - [28/Apr/2025:12:22:27 -0400] "GET /wp-includes/js/dist/hooks.min.js?ver=4d63a3d491d11ffd8ac6 HTTP/1.1" 304 0 "https://batconpakistan.org/" "Mozilla/5.0 AppleWebKit/537.36 (KHTML, like Gecko; compatible; Googlebot/2.1; +http://www.google.com/bot.html) Chrome/134.0.6998.165 Safari/537.36"
66.249.66.75 - - [28/Apr/2025:12:22:27 -0400] "GET /wp-includes/js/dist/i18n.min.js?ver=5e580eb46a90c2b997e6 HTTP/1.1" 304 0 "https://batconpakistan.org/" "Mozilla/5.0 AppleWebKit/537.36 (KHTML, like Gecko; compatible; Googlebot/2.1; +http://www.google.com/bot.html) Chrome/134.0.6998.165 Safari/537.36"
66.249.66.75 - - [28/Apr/2025:12:22:28 -0400] "GET /wp-content/plugins/charitable/assets/js/charitable-frontend.min.js?ver=1.8.5.2 HTTP/1.1" 304 0 "https://batconpakistan.org/" "Mozilla/5.0 AppleWebKit/537.36 (KHTML, like Gecko; compatible; Googlebot/2.1; +http://www.google.com/bot.html) Chrome/134.0.6998.165 Safari/537.36"
66.249.66.75 - - [28/Apr/2025:12:22:28 -0400] "GET /wp-content/themes/born-to-give/vendor/magnific/jquery.magnific-popup.min.js?ver=2.3.1.8 HTTP/1.1" 304 0 "https://batconpakistan.org/" "Mozilla/5.0 AppleWebKit/537.36 (KHTML, like Gecko; compatible; Googlebot/2.1; +http://www.google.com/bot.html) Chrome/134.0.6998.165 Safari/537.36"
66.249.66.75 - - [28/Apr/2025:12:22:29 -0400] "GET /wp-content/themes/born-to-give/vendor/owl-carousel/js/owl.carousel.min.js?ver=2.3.1.8 HTTP/1.1" 304 0 "https://batconpakistan.org/" "Mozilla/5.0 AppleWebKit/537.36 (KHTML, like Gecko; compatible; Googlebot/2.1; +http://www.google.com/bot.html) Chrome/134.0.6998.165 Safari/537.36"
66.249.66.75 - - [28/Apr/2025:12:22:29 -0400] "GET /wp-content/themes/born-to-give/vendor/fullcalendar/fullcalendar.min.js?ver=2.3.1.8 HTTP/1.1" 304 0 "https://batconpakistan.org/" "Mozilla/5.0 AppleWebKit/537.36 (KHTML, like Gecko; compatible; Googlebot/2.1; +http://www.google.com/bot.html) Chrome/134.0.6998.165 Safari/537.36"
66.249.66.75 - - [28/Apr/2025:12:22:30 -0400] "GET /wp-content/plugins/woocommerce/assets/js/sourcebuster/sourcebuster.min.js?ver=9.8.2 HTTP/1.1" 304 0 "https://batconpakistan.org/" "Mozilla/5.0 AppleWebKit/537.36 (KHTML, like Gecko; compatible; Googlebot/2.1; +http://www.google.com/bot.html) Chrome/134.0.6998.165 Safari/537.36"
66.249.66.75 - - [28/Apr/2025:12:22:30 -0400] "GET /wp-content/plugins/woocommerce/assets/js/frontend/order-attribution.min.js?ver=9.8.2 HTTP/1.1" 304 0 "https://batconpakistan.org/" "Mozilla/5.0 AppleWebKit/537.36 (KHTML, like Gecko; compatible; Googlebot/2.1; +http://www.google.com/bot.html) Chrome/134.0.6998.165 Safari/537.36"
66.249.66.75 - - [28/Apr/2025:12:22:31 -0400] "GET /wp-content/plugins/js_composer/assets/js/dist/js_composer_front.min.js?ver=6.5.0 HTTP/1.1" 304 0 "https://batconpakistan.org/" "Mozilla/5.0 AppleWebKit/537.36 (KHTML, like Gecko; compatible; Googlebot/2.1; +http://www.google.com/bot.html) Chrome/134.0.6998.165 Safari/537.36"
66.249.66.75 - - [28/Apr/2025:12:22:32 -0400] "GET /wp-content/plugins/js_composer/assets/lib/bower/skrollr/dist/skrollr.min.js?ver=6.5.0 HTTP/1.1" 304 0 "https://batconpakistan.org/" "Mozilla/5.0 AppleWebKit/537.36 (KHTML, like Gecko; compatible; Googlebot/2.1; +http://www.google.com/bot.html) Chrome/134.0.6998.165 Safari/537.36"
66.249.66.75 - - [28/Apr/2025:12:22:32 -0400] "GET /wp-content/plugins/woocommerce/assets/js/frontend/woocommerce.min.js?ver=9.8.2 HTTP/1.1" 304 0 "https://batconpakistan.org/" "Mozilla/5.0 AppleWebKit/537.36 (KHTML, like Gecko; compatible; Googlebot/2.1; +http://www.google.com/bot.html) Chrome/134.0.6998.165 Safari/537.36"
66.249.66.75 - - [28/Apr/2025:12:22:33 -0400] "GET /wp-content/plugins/autoptimize/classes/external/js/lazysizes.min.js?ao_version=3.1.13 HTTP/1.1" 304 0 "https://batconpakistan.org/" "Mozilla/5.0 AppleWebKit/537.36 (KHTML, like Gecko; compatible; Googlebot/2.1; +http://www.google.com/bot.html) Chrome/134.0.6998.165 Safari/537.36"
66.249.66.75 - - [28/Apr/2025:12:22:34 -0400] "GET /wp-includes/js/wp-emoji-release.min.js?ver=6.8 HTTP/1.1" 304 0 "https://batconpakistan.org/" "Mozilla/5.0 AppleWebKit/537.36 (KHTML, like Gecko; compatible; Googlebot/2.1; +http://www.google.com/bot.html) Chrome/134.0.6998.165 Safari/537.36"
66.249.66.75 - - [28/Apr/2025:12:22:41 -0400] "GET /wp-content/plugins/revslider/public/assets/js/extensions/revolution.extension.navigation.min.js?version=5.3.1.4 HTTP/1.1" 304 0 "https://batconpakistan.org/" "Mozilla/5.0 AppleWebKit/537.36 (KHTML, like Gecko; compatible; Googlebot/2.1; +http://www.google.com/bot.html) Chrome/134.0.6998.165 Safari/537.36"
66.249.66.75 - - [28/Apr/2025:12:22:42 -0400] "GET /wp-content/plugins/revslider/public/assets/js/extensions/revolution.extension.actions.min.js?version=5.3.1.4 HTTP/1.1" 304 0 "https://batconpakistan.org/" "Mozilla/5.0 AppleWebKit/537.36 (KHTML, like Gecko; compatible; Googlebot/2.1; +http://www.google.com/bot.html) Chrome/134.0.6998.165 Safari/537.36"
66.249.66.75 - - [28/Apr/2025:12:22:42 -0400] "GET /wp-content/plugins/revslider/public/assets/js/extensions/revolution.extension.layeranimation.min.js?version=5.3.1.4 HTTP/1.1" 304 0 "https://batconpakistan.org/" "Mozilla/5.0 AppleWebKit/537.36 (KHTML, like Gecko; compatible; Googlebot/2.1; +http://www.google.com/bot.html) Chrome/134.0.6998.165 Safari/537.36"
66.249.66.75 - - [28/Apr/2025:12:22:43 -0400] "GET /wp-content/plugins/revslider/public/assets/js/extensions/revolution.extension.slideanims.min.js?version=5.3.1.4 HTTP/1.1" 304 0 "https://batconpakistan.org/" "Mozilla/5.0 AppleWebKit/537.36 (KHTML, like Gecko; compatible; Googlebot/2.1; +http://www.google.com/bot.html) Chrome/134.0.6998.165 Safari/537.36"
162.0.235.240 - - [28/Apr/2025:12:23:15 -0400] "GET /wp-content/plugins/contact-form-7-style/admin/predefined-templates.json HTTP/1.1" 200 1323 "-" "WordPress/6.8; https://batconpakistan.org"
162.0.235.240 - - [28/Apr/2025:12:23:16 -0400] "POST /wp-cron.php?doing_wp_cron=1745857396.3627340793609619140625 HTTP/1.1" 200 0 "-" "WordPress/6.8; https://batconpakistan.org"
54.36.148.154 - - [28/Apr/2025:12:23:11 -0400] "GET /Power-Transmission-Products-SC-NTN-mmStainless-Open-590074-SelfAligning-Ball-Bearings/ HTTP/1.1" 200 16009 "-" "Mozilla/5.0 (compatible; AhrefsBot/7.0; +http://ahrefs.com/robot/)"
162.0.235.240 - - [28/Apr/2025:12:23:18 -0400] "GET /wp-content/plugins/contact-form-7-style/admin/predefined-templates.json HTTP/1.1" 200 1323 "-" "WordPress/6.8; https://batconpakistan.org"
162.0.235.240 - - [28/Apr/2025:12:23:19 -0400] "POST /wp-admin/admin-ajax.php?action=async_litespeed&nonce=vl7QHSnKyTFNpaKQJUg71hKmiZr8QGEX&litespeed_type=imgoptm HTTP/1.1" 200 0 "-" "WordPress/6.8; https://batconpakistan.org"
162.0.235.240 - - [28/Apr/2025:12:23:21 -0400] "GET /wp-content/plugins/contact-form-7-style/admin/predefined-templates.json HTTP/1.1" 200 1323 "-" "WordPress/6.8; https://batconpakistan.org"
162.0.235.240 - - [28/Apr/2025:12:24:22 -0400] "GET /wp-content/plugins/contact-form-7-style/admin/predefined-templates.json HTTP/1.1" 200 1323 "-" "WordPress/6.8; https://batconpakistan.org"
162.0.235.240 - - [28/Apr/2025:12:24:23 -0400] "POST /wp-cron.php?doing_wp_cron=1745857463.0364830493927001953125 HTTP/1.1" 200 0 "-" "WordPress/6.8; https://batconpakistan.org"
162.0.235.240 - - [28/Apr/2025:12:24:24 -0400] "GET /wp-content/plugins/contact-form-7-style/admin/predefined-templates.json HTTP/1.1" 200 1323 "-" "WordPress/6.8; https://batconpakistan.org"
51.8.102.90 - - [28/Apr/2025:12:24:20 -0400] "GET /bat-convervation-pakistan/ HTTP/1.1" 200 20461 "-" "Mozilla/5.0 (Macintosh; Intel Mac OS X 10_15_7) AppleWebKit/537.36 (KHTML, like Gecko) Chrome/131.0.0.0 Safari/537.36; compatible; OAI-SearchBot/1.0; +https://openai.com/searchbot"
162.0.235.240 - - [28/Apr/2025:12:24:25 -0400] "POST /wp-admin/admin-ajax.php?action=async_litespeed&nonce=sEs4sD97HaNH4NwguJ3mQPndTK6TaPIC&litespeed_type=imgoptm HTTP/1.1" 200 0 "-" "WordPress/6.8; https://batconpakistan.org"
162.0.235.240 - - [28/Apr/2025:12:24:26 -0400] "GET /wp-content/plugins/contact-form-7-style/admin/predefined-templates.json HTTP/1.1" 200 1323 "-" "WordPress/6.8; https://batconpakistan.org"
162.0.235.240 - - [28/Apr/2025:12:26:50 -0400] "GET /wp-content/plugins/contact-form-7-style/admin/predefined-templates.json HTTP/1.1" 200 1323 "-" "WordPress/6.8; https://batconpakistan.org"
162.0.235.240 - - [28/Apr/2025:12:26:52 -0400] "POST /wp-cron.php?doing_wp_cron=1745857611.8695418834686279296875 HTTP/1.1" 200 0 "-" "WordPress/6.8; https://batconpakistan.org"
54.36.148.193 - - [28/Apr/2025:12:26:45 -0400] "GET /Power-Transmission-Products-Roller-MFG-Stock-PEER-612952-Conveyor-Belts/ HTTP/1.1" 200 16008 "-" "Mozilla/5.0 (compatible; AhrefsBot/7.0; +http://ahrefs.com/robot/)"
162.0.235.240 - - [28/Apr/2025:12:26:54 -0400] "GET /wp-content/plugins/contact-form-7-style/admin/predefined-templates.json HTTP/1.1" 200 1323 "-" "WordPress/6.8; https://batconpakistan.org"
162.0.235.240 - - [28/Apr/2025:12:26:56 -0400] "POST /wp-admin/admin-ajax.php?action=async_litespeed&nonce=ZKEPGraPKdF6eqFx5uzanTU6ByJacRwx&litespeed_type=imgoptm HTTP/1.1" 200 0 "-" "WordPress/6.8; https://batconpakistan.org"
162.0.235.240 - - [28/Apr/2025:12:26:58 -0400] "GET /wp-content/plugins/contact-form-7-style/admin/predefined-templates.json HTTP/1.1" 200 1323 "-" "WordPress/6.8; https://batconpakistan.org"
162.0.235.240 - - [28/Apr/2025:12:27:45 -0400] "GET /wp-content/plugins/contact-form-7-style/admin/predefined-templates.json HTTP/1.1" 200 1323 "-" "WordPress/6.8; https://batconpakistan.org"
162.0.235.240 - - [28/Apr/2025:12:27:46 -0400] "POST /wp-cron.php?doing_wp_cron=1745857665.9037320613861083984375 HTTP/1.1" 200 0 "-" "WordPress/6.8; https://batconpakistan.org"
52.167.144.182 - - [28/Apr/2025:12:27:43 -0400] "GET /Retail-Store-Fixtures-&-Equipment-Diagnostics-Business-Outdoor-Marketing-Advertising-White-Multiple-750302-Store-Signs/ HTTP/1.1" 404 15888 "-" "Mozilla/5.0 AppleWebKit/537.36 (KHTML, like Gecko; compatible; bingbot/2.0; +http://www.bing.com/bingbot.htm) Chrome/116.0.1938.76 Safari/537.36"
162.0.235.240 - - [28/Apr/2025:12:27:47 -0400] "GET /wp-content/plugins/contact-form-7-style/admin/predefined-templates.json HTTP/1.1" 200 1323 "-" "WordPress/6.8; https://batconpakistan.org"
162.0.235.240 - - [28/Apr/2025:12:27:48 -0400] "POST /wp-admin/admin-ajax.php?action=async_litespeed&nonce=OrOEWCFSIK6HjgOATnwsFSg9MsgWB1OJ&litespeed_type=imgoptm HTTP/1.1" 200 0 "-" "WordPress/6.8; https://batconpakistan.org"
162.0.235.240 - - [28/Apr/2025:12:27:50 -0400] "GET /wp-content/plugins/contact-form-7-style/admin/predefined-templates.json HTTP/1.1" 200 1323 "-" "WordPress/6.8; https://batconpakistan.org"
2a03:2880:f800:1a:: - - [28/Apr/2025:12:31:31 -0400] "GET /author/admin/ HTTP/1.1" 200 40470 "-" "meta-externalagent/1.1 (+https://developers.facebook.com/docs/sharing/webmasters/crawler)"
66.249.66.65 - - [28/Apr/2025:12:32:20 -0400] "GET / HTTP/1.1" 200 23496 "-" "Mozilla/5.0 (compatible; Googlebot/2.1; +http://www.google.com/bot.html)"
162.0.235.240 - - [28/Apr/2025:12:33:32 -0400] "GET /wp-content/plugins/contact-form-7-style/admin/predefined-templates.json HTTP/1.1" 200 1323 "-" "WordPress/6.8; https://batconpakistan.org"
162.0.235.240 - - [28/Apr/2025:12:33:33 -0400] "POST /wp-cron.php?doing_wp_cron=1745858013.5696849822998046875000 HTTP/1.1" 200 0 "-" "WordPress/6.8; https://batconpakistan.org"
54.36.148.43 - - [28/Apr/2025:12:33:26 -0400] "GET /Power-Transmission-Products-Radial-Needle-Roller-and-Cage-Assemblies-K030507TN-Bearings-Bearings-608770-Needle/ HTTP/1.1" 200 16006 "-" "Mozilla/5.0 (compatible; AhrefsBot/7.0; +http://ahrefs.com/robot/)"
162.0.235.240 - - [28/Apr/2025:12:33:35 -0400] "GET /wp-content/plugins/contact-form-7-style/admin/predefined-templates.json HTTP/1.1" 200 1323 "-" "WordPress/6.8; https://batconpakistan.org"
162.0.235.240 - - [28/Apr/2025:12:33:36 -0400] "POST /wp-admin/admin-ajax.php?action=async_litespeed&nonce=OMTgKLdUIIXmcQWLWr4RvGkrDbNdFHhc&litespeed_type=imgoptm HTTP/1.1" 200 0 "-" "WordPress/6.8; https://batconpakistan.org"
162.0.235.240 - - [28/Apr/2025:12:33:37 -0400] "GET /wp-content/plugins/contact-form-7-style/admin/predefined-templates.json HTTP/1.1" 200 1323 "-" "WordPress/6.8; https://batconpakistan.org"
162.0.235.240 - - [28/Apr/2025:12:36:49 -0400] "GET /wp-content/plugins/contact-form-7-style/admin/predefined-templates.json HTTP/1.1" 200 1323 "-" "WordPress/6.8; https://batconpakistan.org"
162.0.235.240 - - [28/Apr/2025:12:36:50 -0400] "POST /wp-cron.php?doing_wp_cron=1745858210.4619760513305664062500 HTTP/1.1" 200 0 "-" "WordPress/6.8; https://batconpakistan.org"
54.36.148.74 - - [28/Apr/2025:12:36:44 -0400] "GET /Power-Transmission-Products-RC-Car-Robot-Motor-pcs-Plastic-649360-Worm-Gears/ HTTP/1.1" 200 16009 "-" "Mozilla/5.0 (compatible; AhrefsBot/7.0; +http://ahrefs.com/robot/)"
162.0.235.240 - - [28/Apr/2025:12:36:52 -0400] "GET /wp-content/plugins/contact-form-7-style/admin/predefined-templates.json HTTP/1.1" 200 1323 "-" "WordPress/6.8; https://batconpakistan.org"
162.0.235.240 - - [28/Apr/2025:12:36:53 -0400] "POST /wp-admin/admin-ajax.php?action=async_litespeed&nonce=vJcutU2AhAJ7nUmu5hIChb2Y5nRpBQ23&litespeed_type=imgoptm HTTP/1.1" 200 0 "-" "WordPress/6.8; https://batconpakistan.org"
162.0.235.240 - - [28/Apr/2025:12:36:57 -0400] "GET /wp-content/plugins/contact-form-7-style/admin/predefined-templates.json HTTP/1.1" 200 1323 "-" "WordPress/6.8; https://batconpakistan.org"
162.0.235.240 - - [28/Apr/2025:12:38:36 -0400] "GET /wp-content/plugins/contact-form-7-style/admin/predefined-templates.json HTTP/1.1" 200 1323 "-" "WordPress/6.8; https://batconpakistan.org"
162.0.235.240 - - [28/Apr/2025:12:38:37 -0400] "POST /wp-cron.php?doing_wp_cron=1745858317.5860340595245361328125 HTTP/1.1" 200 0 "-" "WordPress/6.8; https://batconpakistan.org"
40.77.167.7 - - [28/Apr/2025:12:38:31 -0400] "GET /sitemap_index.xml HTTP/1.1" 200 682 "-" "Mozilla/5.0 AppleWebKit/537.36 (KHTML, like Gecko; compatible; bingbot/2.0; +http://www.bing.com/bingbot.htm) Chrome/116.0.1938.76 Safari/537.36"
162.0.235.240 - - [28/Apr/2025:12:38:39 -0400] "GET /wp-content/plugins/contact-form-7-style/admin/predefined-templates.json HTTP/1.1" 200 1323 "-" "WordPress/6.8; https://batconpakistan.org"
162.0.235.240 - - [28/Apr/2025:12:38:40 -0400] "POST /wp-admin/admin-ajax.php?action=async_litespeed&nonce=5DrhZRMuSnNWBu9yMFD3wRjomimlB5kP&litespeed_type=imgoptm HTTP/1.1" 200 0 "-" "WordPress/6.8; https://batconpakistan.org"
162.0.235.240 - - [28/Apr/2025:12:38:43 -0400] "GET /wp-content/plugins/contact-form-7-style/admin/predefined-templates.json HTTP/1.1" 200 1323 "-" "WordPress/6.8; https://batconpakistan.org"
162.0.235.240 - - [28/Apr/2025:12:40:18 -0400] "GET /wp-content/plugins/contact-form-7-style/admin/predefined-templates.json HTTP/1.1" 200 1323 "-" "WordPress/6.8; https://batconpakistan.org"
162.0.235.240 - - [28/Apr/2025:12:40:19 -0400] "POST /wp-cron.php?doing_wp_cron=1745858419.0266489982604980468750 HTTP/1.1" 200 0 "-" "WordPress/6.8; https://batconpakistan.org"
162.0.235.240 - - [28/Apr/2025:12:40:20 -0400] "GET /wp-content/plugins/contact-form-7-style/admin/predefined-templates.json HTTP/1.1" 200 1323 "-" "WordPress/6.8; https://batconpakistan.org"
54.36.148.249 - - [28/Apr/2025:12:40:12 -0400] "GET /Power-Transmission-Products-Gear-GB-Plain-Change-Gear-Bore-Steel-646572-Change-Gears/ HTTP/1.1" 200 16009 "-" "Mozilla/5.0 (compatible; AhrefsBot/7.0; +http://ahrefs.com/robot/)"
162.0.235.240 - - [28/Apr/2025:12:40:21 -0400] "POST /wp-admin/admin-ajax.php?action=async_litespeed&nonce=1ZJC3RISSH9PrDIc9RXrsMiQQKdd8qlO&litespeed_type=imgoptm HTTP/1.1" 200 0 "-" "WordPress/6.8; https://batconpakistan.org"
162.0.235.240 - - [28/Apr/2025:12:40:22 -0400] "GET /wp-content/plugins/contact-form-7-style/admin/predefined-templates.json HTTP/1.1" 200 1323 "-" "WordPress/6.8; https://batconpakistan.org"
162.0.235.240 - - [28/Apr/2025:12:43:34 -0400] "GET /wp-content/plugins/contact-form-7-style/admin/predefined-templates.json HTTP/1.1" 200 1323 "-" "WordPress/6.8; https://batconpakistan.org"
162.0.235.240 - - [28/Apr/2025:12:43:35 -0400] "POST /wp-cron.php?doing_wp_cron=1745858614.9071509838104248046875 HTTP/1.1" 200 0 "-" "WordPress/6.8; https://batconpakistan.org"
54.36.148.25 - - [28/Apr/2025:12:43:29 -0400] "GET /Power-Transmission-Products-DEG-AMI-UC21030C4HR-NEW-590566-SelfAligning-Ball-Bearings/ HTTP/1.1" 200 16007 "-" "Mozilla/5.0 (compatible; AhrefsBot/7.0; +http://ahrefs.com/robot/)"
162.0.235.240 - - [28/Apr/2025:12:43:36 -0400] "GET /wp-content/plugins/contact-form-7-style/admin/predefined-templates.json HTTP/1.1" 200 1323 "-" "WordPress/6.8; https://batconpakistan.org"
162.0.235.240 - - [28/Apr/2025:12:43:36 -0400] "POST /wp-admin/admin-ajax.php?action=async_litespeed&nonce=DZTtssvz4RjK92xksS9DGSP6sj3fKKEF&litespeed_type=imgoptm HTTP/1.1" 200 0 "-" "WordPress/6.8; https://batconpakistan.org"
162.0.235.240 - - [28/Apr/2025:12:43:37 -0400] "GET /wp-content/plugins/contact-form-7-style/admin/predefined-templates.json HTTP/1.1" 200 1323 "-" "WordPress/6.8; https://batconpakistan.org"
162.0.235.240 - - [28/Apr/2025:12:46:46 -0400] "GET /wp-content/plugins/contact-form-7-style/admin/predefined-templates.json HTTP/1.1" 200 1323 "-" "WordPress/6.8; https://batconpakistan.org"
162.0.235.240 - - [28/Apr/2025:12:46:47 -0400] "POST /wp-cron.php?doing_wp_cron=1745858806.8223168849945068359375 HTTP/1.1" 200 0 "-" "WordPress/6.8; https://batconpakistan.org"
54.36.149.85 - - [28/Apr/2025:12:46:42 -0400] "GET /Power-Transmission-Products-Bearing-Mm-Bore-622054-Hydraulic/ HTTP/1.1" 200 16008 "-" "Mozilla/5.0 (compatible; AhrefsBot/7.0; +http://ahrefs.com/robot/)"
162.0.235.240 - - [28/Apr/2025:12:46:47 -0400] "GET /wp-content/plugins/contact-form-7-style/admin/predefined-templates.json HTTP/1.1" 200 1323 "-" "WordPress/6.8; https://batconpakistan.org"
162.0.235.240 - - [28/Apr/2025:12:46:48 -0400] "POST /wp-admin/admin-ajax.php?action=async_litespeed&nonce=nxwMmthXXUccnucgTy7M5ssZ8Pwtcpg0&litespeed_type=imgoptm HTTP/1.1" 200 0 "-" "WordPress/6.8; https://batconpakistan.org"
162.0.235.240 - - [28/Apr/2025:12:46:49 -0400] "GET /wp-content/plugins/contact-form-7-style/admin/predefined-templates.json HTTP/1.1" 200 1323 "-" "WordPress/6.8; https://batconpakistan.org"
162.0.235.240 - - [28/Apr/2025:12:50:17 -0400] "GET /wp-content/plugins/contact-form-7-style/admin/predefined-templates.json HTTP/1.1" 200 1323 "-" "WordPress/6.8; https://batconpakistan.org"
162.0.235.240 - - [28/Apr/2025:12:50:18 -0400] "POST /wp-cron.php?doing_wp_cron=1745859018.7356500625610351562500 HTTP/1.1" 200 0 "-" "WordPress/6.8; https://batconpakistan.org"
54.36.148.217 - - [28/Apr/2025:12:50:12 -0400] "GET /Power-Transmission-Products-ATN-Inner-Diameter-x80x-Fevas1pcs-591058-SelfAligning-Ball-Bearings/ HTTP/1.1" 200 16009 "-" "Mozilla/5.0 (compatible; AhrefsBot/7.0; +http://ahrefs.com/robot/)"
162.0.235.240 - - [28/Apr/2025:12:50:19 -0400] "GET /wp-content/plugins/contact-form-7-style/admin/predefined-templates.json HTTP/1.1" 200 1323 "-" "WordPress/6.8; https://batconpakistan.org"
162.0.235.240 - - [28/Apr/2025:12:50:20 -0400] "POST /wp-admin/admin-ajax.php?action=async_litespeed&nonce=wZIKAbjuKDDP0ky7ek5iBX199c1iDNr3&litespeed_type=imgoptm HTTP/1.1" 200 0 "-" "WordPress/6.8; https://batconpakistan.org"
162.0.235.240 - - [28/Apr/2025:12:50:21 -0400] "GET /wp-content/plugins/contact-form-7-style/admin/predefined-templates.json HTTP/1.1" 200 1323 "-" "WordPress/6.8; https://batconpakistan.org"
162.0.235.240 - - [28/Apr/2025:12:53:35 -0400] "GET /wp-content/plugins/contact-form-7-style/admin/predefined-templates.json HTTP/1.1" 200 1323 "-" "WordPress/6.8; https://batconpakistan.org"
162.0.235.240 - - [28/Apr/2025:12:53:36 -0400] "POST /wp-cron.php?doing_wp_cron=1745859216.3805809020996093750000 HTTP/1.1" 200 0 "-" "WordPress/6.8; https://batconpakistan.org"
54.36.148.42 - - [28/Apr/2025:12:53:31 -0400] "GET /Material-Handling-Products-STRAP-AND-CORNER-GUARD-513322-Securing-Straps/ HTTP/1.1" 200 16010 "-" "Mozilla/5.0 (compatible; AhrefsBot/7.0; +http://ahrefs.com/robot/)"
162.0.235.240 - - [28/Apr/2025:12:53:37 -0400] "GET /wp-content/plugins/contact-form-7-style/admin/predefined-templates.json HTTP/1.1" 200 1323 "-" "WordPress/6.8; https://batconpakistan.org"
162.0.235.240 - - [28/Apr/2025:12:53:38 -0400] "POST /wp-admin/admin-ajax.php?action=async_litespeed&nonce=ik0vTb7v5BEDufDqGcp5TKdbiTbk6M9V&litespeed_type=imgoptm HTTP/1.1" 200 0 "-" "WordPress/6.8; https://batconpakistan.org"
162.0.235.240 - - [28/Apr/2025:12:53:40 -0400] "GET /wp-content/plugins/contact-form-7-style/admin/predefined-templates.json HTTP/1.1" 200 1323 "-" "WordPress/6.8; https://batconpakistan.org"
162.0.235.240 - - [28/Apr/2025:12:56:48 -0400] "GET /wp-content/plugins/contact-form-7-style/admin/predefined-templates.json HTTP/1.1" 200 1323 "-" "WordPress/6.8; https://batconpakistan.org"
162.0.235.240 - - [28/Apr/2025:12:56:49 -0400] "POST /wp-cron.php?doing_wp_cron=1745859408.9297659397125244140625 HTTP/1.1" 200 0 "-" "WordPress/6.8; https://batconpakistan.org"
54.36.149.55 - - [28/Apr/2025:12:56:44 -0400] "GET /Material-Handling-Products-ALPEN-Arcan-Lumens-Rechargeable-509222-Jaw-Pullers/ HTTP/1.1" 200 16009 "-" "Mozilla/5.0 (compatible; AhrefsBot/7.0; +http://ahrefs.com/robot/)"
162.0.235.240 - - [28/Apr/2025:12:56:50 -0400] "GET /wp-content/plugins/contact-form-7-style/admin/predefined-templates.json HTTP/1.1" 200 1323 "-" "WordPress/6.8; https://batconpakistan.org"
162.0.235.240 - - [28/Apr/2025:12:56:50 -0400] "POST /wp-admin/admin-ajax.php?action=async_litespeed&nonce=3LjTqoYNydwryolbJuD7bBcal2tuuVps&litespeed_type=imgoptm HTTP/1.1" 200 0 "-" "WordPress/6.8; https://batconpakistan.org"
162.0.235.240 - - [28/Apr/2025:12:56:51 -0400] "GET /wp-content/plugins/contact-form-7-style/admin/predefined-templates.json HTTP/1.1" 200 1323 "-" "WordPress/6.8; https://batconpakistan.org"
162.214.55.161 - - [28/Apr/2025:12:59:29 -0400] "GET /wp-json/wp/v2/users/ HTTP/1.1" 403 1242 "-" "Mozilla/5.0 (X11; Linux x86_64) AppleWebKit/537.36 (KHTML, like Gecko) Chrome/135.0.7049.42 Safari/537.36"
162.0.235.240 - - [28/Apr/2025:13:00:12 -0400] "GET /wp-content/plugins/contact-form-7-style/admin/predefined-templates.json HTTP/1.1" 200 1323 "-" "WordPress/6.8; https://batconpakistan.org"
162.0.235.240 - - [28/Apr/2025:13:00:13 -0400] "POST /wp-cron.php?doing_wp_cron=1745859613.3837659358978271484375 HTTP/1.1" 200 0 "-" "WordPress/6.8; https://batconpakistan.org"
54.36.149.44 - - [28/Apr/2025:13:00:07 -0400] "GET /Material-Handling-Products-10PACK-BARON-MFG-C249BT1-502252-Swivels/ HTTP/1.1" 200 16010 "-" "Mozilla/5.0 (compatible; AhrefsBot/7.0; +http://ahrefs.com/robot/)"
162.0.235.240 - - [28/Apr/2025:13:00:14 -0400] "GET /wp-content/plugins/contact-form-7-style/admin/predefined-templates.json HTTP/1.1" 200 1323 "-" "WordPress/6.8; https://batconpakistan.org"
162.0.235.240 - - [28/Apr/2025:13:00:15 -0400] "POST /wp-admin/admin-ajax.php?action=async_litespeed&nonce=6qhP1pcOu3AAr38ZnyvxdDx5tGD7mslG&litespeed_type=imgoptm HTTP/1.1" 200 0 "-" "WordPress/6.8; https://batconpakistan.org"
162.0.235.240 - - [28/Apr/2025:13:00:17 -0400] "GET /wp-content/plugins/contact-form-7-style/admin/predefined-templates.json HTTP/1.1" 200 1323 "-" "WordPress/6.8; https://batconpakistan.org"
5.255.231.81 - - [28/Apr/2025:13:07:16 -0400] "GET /robots.txt HTTP/1.1" 304 0 "-" "Mozilla/5.0 (compatible; YandexBot/3.0; +http://yandex.com/bots)"
162.0.235.240 - - [28/Apr/2025:13:07:22 -0400] "GET /wp-content/plugins/contact-form-7-style/admin/predefined-templates.json HTTP/1.1" 200 1323 "-" "WordPress/6.8; https://batconpakistan.org"
162.0.235.240 - - [28/Apr/2025:13:07:23 -0400] "POST /wp-cron.php?doing_wp_cron=1745860043.1806340217590332031250 HTTP/1.1" 200 0 "-" "WordPress/6.8; https://batconpakistan.org"
5.255.231.5 - - [28/Apr/2025:13:07:17 -0400] "GET /product/happy-ninja-2/href HTTP/1.1" 200 16008 "-" "Mozilla/5.0 (compatible; YandexFavicons/1.0; +http://yandex.com/bots)"
162.0.235.240 - - [28/Apr/2025:13:07:24 -0400] "GET /wp-content/plugins/contact-form-7-style/admin/predefined-templates.json HTTP/1.1" 200 1323 "-" "WordPress/6.8; https://batconpakistan.org"
162.0.235.240 - - [28/Apr/2025:13:07:24 -0400] "POST /wp-admin/admin-ajax.php?action=async_litespeed&nonce=KQkKBf0hPdjmIU0VsjkptxxFRioxPJ9M&litespeed_type=imgoptm HTTP/1.1" 200 0 "-" "WordPress/6.8; https://batconpakistan.org"
162.0.235.240 - - [28/Apr/2025:13:07:26 -0400] "GET /wp-content/plugins/contact-form-7-style/admin/predefined-templates.json HTTP/1.1" 200 1323 "-" "WordPress/6.8; https://batconpakistan.org"
162.0.235.240 - - [28/Apr/2025:13:08:26 -0400] "GET /wp-content/plugins/contact-form-7-style/admin/predefined-templates.json HTTP/1.1" 200 1323 "-" "WordPress/6.8; https://batconpakistan.org"
162.0.235.240 - - [28/Apr/2025:13:08:27 -0400] "POST /wp-cron.php?doing_wp_cron=1745860106.8016440868377685546875 HTTP/1.1" 200 0 "-" "WordPress/6.8; https://batconpakistan.org"
54.36.148.60 - - [28/Apr/2025:13:08:25 -0400] "GET /Industrial-Hardware-Running-Butt-Lift-Stretchy-Leggings-Tights-XavigioWomen-448460-Continuous-Grommets/ HTTP/1.1" 404 15888 "-" "Mozilla/5.0 (compatible; AhrefsBot/7.0; +http://ahrefs.com/robot/)"
162.0.235.240 - - [28/Apr/2025:13:08:27 -0400] "GET /wp-content/plugins/contact-form-7-style/admin/predefined-templates.json HTTP/1.1" 200 1323 "-" "WordPress/6.8; https://batconpakistan.org"
162.0.235.240 - - [28/Apr/2025:13:08:31 -0400] "POST /wp-admin/admin-ajax.php?action=async_litespeed&nonce=bxEo0Xdl8tI7KOW66prXm3jJUFnPjXcT&litespeed_type=imgoptm HTTP/1.1" 200 0 "-" "WordPress/6.8; https://batconpakistan.org"
162.0.235.240 - - [28/Apr/2025:13:08:32 -0400] "GET /wp-content/plugins/contact-form-7-style/admin/predefined-templates.json HTTP/1.1" 200 1323 "-" "WordPress/6.8; https://batconpakistan.org"
162.0.235.240 - - [28/Apr/2025:13:12:59 -0400] "GET /wp-content/plugins/contact-form-7-style/admin/predefined-templates.json HTTP/1.1" 200 1323 "-" "WordPress/6.8; https://batconpakistan.org"
162.0.235.240 - - [28/Apr/2025:13:13:00 -0400] "POST /wp-cron.php?doing_wp_cron=1745860380.6160249710083007812500 HTTP/1.1" 200 0 "-" "WordPress/6.8; https://batconpakistan.org"
54.36.148.61 - - [28/Apr/2025:13:12:55 -0400] "GET /Industrial-Electrical-with-switch-ft-with-Tool-Tap-cord-253382-Incandescent-Lamps/ HTTP/1.1" 200 16008 "-" "Mozilla/5.0 (compatible; AhrefsBot/7.0; +http://ahrefs.com/robot/)"
162.0.235.240 - - [28/Apr/2025:13:13:01 -0400] "GET /wp-content/plugins/contact-form-7-style/admin/predefined-templates.json HTTP/1.1" 200 1323 "-" "WordPress/6.8; https://batconpakistan.org"
150.95.140.248 - - [28/Apr/2025:13:13:03 -0400] "POST /xmlrpc.php HTTP/1.1" 403 1242 "-" "Mozilla/5.0 (X11; Fedora; Linux x86_64; rv:94.0) Gecko/20100101 Firefox/95.0"
162.0.235.240 - - [28/Apr/2025:13:13:02 -0400] "POST /wp-admin/admin-ajax.php?action=async_litespeed&nonce=hiSrPFatkKVnyOfq3wEdo61A6Z7R46Dk&litespeed_type=imgoptm HTTP/1.1" 200 0 "-" "WordPress/6.8; https://batconpakistan.org"
162.0.235.240 - - [28/Apr/2025:13:13:04 -0400] "GET /wp-content/plugins/contact-form-7-style/admin/predefined-templates.json HTTP/1.1" 200 1323 "-" "WordPress/6.8; https://batconpakistan.org"
162.0.235.240 - - [28/Apr/2025:13:16:56 -0400] "GET /wp-content/plugins/contact-form-7-style/admin/predefined-templates.json HTTP/1.1" 200 1323 "-" "WordPress/6.8; https://batconpakistan.org"
162.0.235.240 - - [28/Apr/2025:13:16:57 -0400] "POST /wp-cron.php?doing_wp_cron=1745860617.5180261135101318359375 HTTP/1.1" 200 0 "-" "WordPress/6.8; https://batconpakistan.org"
54.36.149.6 - - [28/Apr/2025:13:16:52 -0400] "GET /Industrial-Electrical-Trim-Adjustable-Baffle-Elco-251496-Trim/ HTTP/1.1" 200 16009 "-" "Mozilla/5.0 (compatible; AhrefsBot/7.0; +http://ahrefs.com/robot/)"
162.0.235.240 - - [28/Apr/2025:13:16:58 -0400] "GET /wp-content/plugins/contact-form-7-style/admin/predefined-templates.json HTTP/1.1" 200 1323 "-" "WordPress/6.8; https://batconpakistan.org"
162.0.235.240 - - [28/Apr/2025:13:16:59 -0400] "POST /wp-admin/admin-ajax.php?action=async_litespeed&nonce=i10EzkRzfRDI38BBOekyTQUCHvksKgf2&litespeed_type=imgoptm HTTP/1.1" 200 0 "-" "WordPress/6.8; https://batconpakistan.org"
162.0.235.240 - - [28/Apr/2025:13:17:00 -0400] "GET /wp-content/plugins/contact-form-7-style/admin/predefined-templates.json HTTP/1.1" 200 1323 "-" "WordPress/6.8; https://batconpakistan.org"
2602:ffe4:8:1001::5 - - [28/Apr/2025:13:17:20 -0400] "GET /wp-content/uploads/2021/02/3-958x638.jpeg HTTP/1.1" 200 187881 "https://sp-ao.shortpixel.ai/client/to_webp,q_glossy,ret_img/https://batconpakistan.org/wp-content/uploads/2021/02/3-958x638.jpeg" "Mozilla/5.0 (Linux; Android 5.0) AppleWebKit/537.36 (KHTML, like Gecko) Mobile Safari/537.36 (compatible; Bytespider; spider-feedback@bytedance.com)"
162.0.235.240 - - [28/Apr/2025:13:20:20 -0400] "GET /wp-content/plugins/contact-form-7-style/admin/predefined-templates.json HTTP/1.1" 200 1323 "-" "WordPress/6.8; https://batconpakistan.org"
162.0.235.240 - - [28/Apr/2025:13:20:21 -0400] "POST /wp-cron.php?doing_wp_cron=1745860821.3524239063262939453125 HTTP/1.1" 200 0 "-" "WordPress/6.8; https://batconpakistan.org"
54.36.149.26 - - [28/Apr/2025:13:20:15 -0400] "GET /Industrial-Electrical-TEG-x40mm-Degree-High-Temperature-Chip-312750-Computer-Heatsinks/ HTTP/1.1" 200 16007 "-" "Mozilla/5.0 (compatible; AhrefsBot/7.0; +http://ahrefs.com/robot/)"
162.0.235.240 - - [28/Apr/2025:13:20:22 -0400] "GET /wp-content/plugins/contact-form-7-style/admin/predefined-templates.json HTTP/1.1" 200 1323 "-" "WordPress/6.8; https://batconpakistan.org"
162.0.235.240 - - [28/Apr/2025:13:20:23 -0400] "POST /wp-admin/admin-ajax.php?action=async_litespeed&nonce=mtqyFZZvYtpKtDb2ZVsH72tFajccK3vw&litespeed_type=imgoptm HTTP/1.1" 200 0 "-" "WordPress/6.8; https://batconpakistan.org"
162.0.235.240 - - [28/Apr/2025:13:20:24 -0400] "GET /wp-content/plugins/contact-form-7-style/admin/predefined-templates.json HTTP/1.1" 200 1323 "-" "WordPress/6.8; https://batconpakistan.org"
66.249.66.75 - - [28/Apr/2025:13:20:30 -0400] "GET / HTTP/1.1" 200 23496 "-" "Mozilla/5.0 (compatible; Googlebot/2.1; +http://www.google.com/bot.html)"
20.42.10.185 - - [28/Apr/2025:13:23:23 -0400] "GET /wp-content/plugins/elementor/assets/js/frontend-modules.min.js?ver=3.28.4 HTTP/1.1" 304 0 "-" "Mozilla/5.0 (Macintosh; Intel Mac OS X 10_15_7) AppleWebKit/537.36 (KHTML, like Gecko) Chrome/131.0.0.0 Safari/537.36; compatible; OAI-SearchBot/1.0; +https://openai.com/searchbot"
20.42.10.177 - - [28/Apr/2025:13:23:28 -0400] "GET /wp-content/plugins/elementor/assets/js/frontend.min.js?ver=3.28.4 HTTP/1.1" 200 13099 "-" "Mozilla/5.0 (Macintosh; Intel Mac OS X 10_15_7) AppleWebKit/537.36 (KHTML, like Gecko) Chrome/131.0.0.0 Safari/537.36; compatible; OAI-SearchBot/1.0; +https://openai.com/searchbot"
51.8.102.228 - - [28/Apr/2025:13:23:29 -0400] "GET /wp-content/plugins/elementor/assets/js/webpack.runtime.min.js?ver=3.28.4 HTTP/1.1" 200 2228 "-" "Mozilla/5.0 (Macintosh; Intel Mac OS X 10_15_7) AppleWebKit/537.36 (KHTML, like Gecko) Chrome/131.0.0.0 Safari/537.36; compatible; OAI-SearchBot/1.0; +https://openai.com/searchbot"
51.8.102.88 - - [28/Apr/2025:13:23:33 -0400] "GET /wp-content/plugins/elementor/assets/css/frontend.min.css?ver=3.28.4 HTTP/1.1" 200 6453 "-" "Mozilla/5.0 (Macintosh; Intel Mac OS X 10_15_7) AppleWebKit/537.36 (KHTML, like Gecko) Chrome/131.0.0.0 Safari/537.36; compatible; OAI-SearchBot/1.0; +https://openai.com/searchbot"
66.249.66.67 - - [28/Apr/2025:13:30:30 -0400] "GET / HTTP/1.1" 200 23496 "-" "Mozilla/5.0 (compatible; Googlebot/2.1; +http://www.google.com/bot.html)"
162.0.235.240 - - [28/Apr/2025:13:31:39 -0400] "GET /wp-content/plugins/contact-form-7-style/admin/predefined-templates.json HTTP/1.1" 200 1323 "-" "WordPress/6.8; https://batconpakistan.org"
162.0.235.240 - - [28/Apr/2025:13:31:41 -0400] "POST /wp-cron.php?doing_wp_cron=1745861501.7578930854797363281250 HTTP/1.1" 200 0 "-" "WordPress/6.8; https://batconpakistan.org"
52.178.150.82 - - [28/Apr/2025:13:31:30 -0400] "GET /lv.php HTTP/1.1" 200 15979 "-" "-"
162.0.235.240 - - [28/Apr/2025:13:31:43 -0400] "GET /wp-content/plugins/contact-form-7-style/admin/predefined-templates.json HTTP/1.1" 200 1323 "-" "WordPress/6.8; https://batconpakistan.org"
162.0.235.240 - - [28/Apr/2025:13:31:44 -0400] "GET /wp-content/plugins/contact-form-7-style/admin/predefined-templates.json HTTP/1.1" 200 1323 "-" "WordPress/6.8; https://batconpakistan.org"
162.0.235.240 - - [28/Apr/2025:13:31:43 -0400] "POST /wp-admin/admin-ajax.php?action=async_litespeed&nonce=oD0XmN8WlDol5H9zzHwvRWa8hf9pAbgT&litespeed_type=imgoptm HTTP/1.1" 200 0 "-" "WordPress/6.8; https://batconpakistan.org"
52.178.150.82 - - [28/Apr/2025:13:31:43 -0400] "GET /wp-content/plugins/pwnd/pwnd.php HTTP/1.1" 404 15878 "-" "-"
162.0.235.240 - - [28/Apr/2025:13:31:45 -0400] "GET /wp-content/plugins/contact-form-7-style/admin/predefined-templates.json HTTP/1.1" 200 1323 "-" "WordPress/6.8; https://batconpakistan.org"
162.0.235.240 - - [28/Apr/2025:13:31:46 -0400] "GET /wp-content/plugins/contact-form-7-style/admin/predefined-templates.json HTTP/1.1" 200 1323 "-" "WordPress/6.8; https://batconpakistan.org"
52.178.150.82 - - [28/Apr/2025:13:31:45 -0400] "GET /wp-content/plugins/pwnd-1/pwnd.php HTTP/1.1" 404 15879 "-" "-"
162.0.235.240 - - [28/Apr/2025:13:31:48 -0400] "GET /wp-content/plugins/contact-form-7-style/admin/predefined-templates.json HTTP/1.1" 200 1323 "-" "WordPress/6.8; https://batconpakistan.org"
162.0.235.240 - - [28/Apr/2025:13:31:49 -0400] "POST /wp-cron.php?doing_wp_cron=1745861508.8301320075988769531250 HTTP/1.1" 200 0 "-" "WordPress/6.8; https://batconpakistan.org"
52.178.150.82 - - [28/Apr/2025:13:31:47 -0400] "GET /wp-includes/Requests/about.php HTTP/1.1" 404 15876 "-" "-"
162.0.235.240 - - [28/Apr/2025:13:31:50 -0400] "GET /wp-content/plugins/contact-form-7-style/admin/predefined-templates.json HTTP/1.1" 200 1323 "-" "WordPress/6.8; https://batconpakistan.org"
162.0.235.240 - - [28/Apr/2025:13:31:51 -0400] "GET /wp-content/plugins/contact-form-7-style/admin/predefined-templates.json HTTP/1.1" 200 1323 "-" "WordPress/6.8; https://batconpakistan.org"
52.178.150.82 - - [28/Apr/2025:13:31:49 -0400] "GET /wp-includes/style-engine/about.php HTTP/1.1" 404 15878 "-" "-"
162.0.235.240 - - [28/Apr/2025:13:31:53 -0400] "GET /wp-content/plugins/contact-form-7-style/admin/predefined-templates.json HTTP/1.1" 200 1323 "-" "WordPress/6.8; https://batconpakistan.org"
52.178.150.82 - - [28/Apr/2025:13:31:52 -0400] "GET /wp-includes/rest-api/about.php HTTP/1.1" 404 15879 "-" "-"
162.0.235.240 - - [28/Apr/2025:13:31:55 -0400] "GET /wp-content/plugins/contact-form-7-style/admin/predefined-templates.json HTTP/1.1" 200 1323 "-" "WordPress/6.8; https://batconpakistan.org"
162.0.235.240 - - [28/Apr/2025:13:31:55 -0400] "POST /wp-cron.php?doing_wp_cron=1745861515.5866329669952392578125 HTTP/1.1" 200 0 "-" "WordPress/6.8; https://batconpakistan.org"
52.178.150.82 - - [28/Apr/2025:13:31:54 -0400] "GET /wp-includes/SimplePie/about.php HTTP/1.1" 404 15876 "-" "-"
162.0.235.240 - - [28/Apr/2025:13:31:57 -0400] "GET /wp-content/plugins/contact-form-7-style/admin/predefined-templates.json HTTP/1.1" 200 1323 "-" "WordPress/6.8; https://batconpakistan.org"
162.0.235.240 - - [28/Apr/2025:13:31:58 -0400] "GET /wp-content/plugins/contact-form-7-style/admin/predefined-templates.json HTTP/1.1" 200 1323 "-" "WordPress/6.8; https://batconpakistan.org"
52.178.150.82 - - [28/Apr/2025:13:31:57 -0400] "GET /wp-content/banners/about.php HTTP/1.1" 404 15877 "-" "-"
162.0.235.240 - - [28/Apr/2025:13:32:00 -0400] "GET /wp-content/plugins/contact-form-7-style/admin/predefined-templates.json HTTP/1.1" 200 1323 "-" "WordPress/6.8; https://batconpakistan.org"
52.178.150.82 - - [28/Apr/2025:13:31:58 -0400] "GET /wp-content/about.php HTTP/1.1" 404 15877 "-" "-"
162.0.235.240 - - [28/Apr/2025:13:32:02 -0400] "GET /wp-content/plugins/contact-form-7-style/admin/predefined-templates.json HTTP/1.1" 200 1323 "-" "WordPress/6.8; https://batconpakistan.org"
52.178.150.82 - - [28/Apr/2025:13:32:01 -0400] "GET /.well-known/about.php HTTP/1.1" 404 15877 "-" "-"
162.0.235.240 - - [28/Apr/2025:13:32:04 -0400] "GET /wp-content/plugins/contact-form-7-style/admin/predefined-templates.json HTTP/1.1" 200 1323 "-" "WordPress/6.8; https://batconpakistan.org"
162.0.235.240 - - [28/Apr/2025:13:32:05 -0400] "POST /wp-cron.php?doing_wp_cron=1745861525.1351649761199951171875 HTTP/1.1" 200 0 "-" "WordPress/6.8; https://batconpakistan.org"
52.178.150.82 - - [28/Apr/2025:13:32:03 -0400] "GET /wp-includes/Text/about.php HTTP/1.1" 404 15878 "-" "-"
162.0.235.240 - - [28/Apr/2025:13:32:06 -0400] "GET /wp-content/plugins/contact-form-7-style/admin/predefined-templates.json HTTP/1.1" 200 1323 "-" "WordPress/6.8; https://batconpakistan.org"
162.0.235.240 - - [28/Apr/2025:13:32:06 -0400] "POST /wp-admin/admin-ajax.php?action=async_litespeed&nonce=eeYiJf0qHPwWfzEzfpU2IWDuDCez9Urn&litespeed_type=imgoptm HTTP/1.1" 200 0 "-" "WordPress/6.8; https://batconpakistan.org"
52.178.150.82 - - [28/Apr/2025:13:32:06 -0400] "GET /wp-includes/ID3/about.php HTTP/1.1" 200 0 "-" "-"
162.0.235.240 - - [28/Apr/2025:13:33:07 -0400] "GET /wp-content/plugins/contact-form-7-style/admin/predefined-templates.json HTTP/1.1" 200 1323 "-" "WordPress/6.8; https://batconpakistan.org"
162.0.235.240 - - [28/Apr/2025:13:33:08 -0400] "GET /wp-content/plugins/contact-form-7-style/admin/predefined-templates.json HTTP/1.1" 200 1323 "-" "WordPress/6.8; https://batconpakistan.org"
162.0.235.240 - - [28/Apr/2025:13:33:08 -0400] "POST /wp-cron.php?doing_wp_cron=1745861587.9000139236450195312500 HTTP/1.1" 200 0 "-" "WordPress/6.8; https://batconpakistan.org"
