162.0.235.240 - - [28/Apr/2025:05:10:50 -0400] "POST /wp-cron.php?doing_wp_cron=1745831450.4979169368743896484375 HTTP/1.1" 200 0 "-" "WordPress/6.8; https://batconpakistan.org"
52.169.28.4 - - [28/Apr/2025:05:10:48 -0400] "GET /wp-blog.php HTTP/1.1" 404 15876 "-" "-"
162.0.235.240 - - [28/Apr/2025:05:10:51 -0400] "GET /wp-content/plugins/contact-form-7-style/admin/predefined-templates.json HTTP/1.1" 200 1323 "-" "WordPress/6.8; https://batconpakistan.org"
162.0.235.240 - - [28/Apr/2025:05:10:53 -0400] "GET /wp-content/plugins/contact-form-7-style/admin/predefined-templates.json HTTP/1.1" 200 1323 "-" "WordPress/6.8; https://batconpakistan.org"
52.169.28.4 - - [28/Apr/2025:05:10:51 -0400] "GET /wp-cli.php HTTP/1.1" 404 15877 "-" "-"
162.0.235.240 - - [28/Apr/2025:05:10:55 -0400] "GET /wp-content/plugins/contact-form-7-style/admin/predefined-templates.json HTTP/1.1" 200 1323 "-" "WordPress/6.8; https://batconpakistan.org"
162.0.235.240 - - [28/Apr/2025:05:10:56 -0400] "POST /wp-cron.php?doing_wp_cron=1745831456.0184330940246582031250 HTTP/1.1" 200 0 "-" "WordPress/6.8; https://batconpakistan.org"
52.169.28.4 - - [28/Apr/2025:05:10:54 -0400] "GET /wp-configs.php HTTP/1.1" 404 15877 "-" "-"
162.0.235.240 - - [28/Apr/2025:05:10:57 -0400] "GET /wp-content/plugins/contact-form-7-style/admin/predefined-templates.json HTTP/1.1" 200 1323 "-" "WordPress/6.8; https://batconpakistan.org"
162.0.235.240 - - [28/Apr/2025:05:10:58 -0400] "GET /wp-content/plugins/contact-form-7-style/admin/predefined-templates.json HTTP/1.1" 200 1323 "-" "WordPress/6.8; https://batconpakistan.org"
52.169.28.4 - - [28/Apr/2025:05:10:57 -0400] "GET /wp-content/atomlib.php HTTP/1.1" 404 15876 "-" "-"
162.0.235.240 - - [28/Apr/2025:05:11:01 -0400] "GET /wp-content/plugins/contact-form-7-style/admin/predefined-templates.json HTTP/1.1" 200 1323 "-" "WordPress/6.8; https://batconpakistan.org"
52.169.28.4 - - [28/Apr/2025:05:11:00 -0400] "GET /wp-content/languages/wp-login.php HTTP/1.1" 404 15876 "-" "-"
162.0.235.240 - - [28/Apr/2025:05:11:03 -0400] "GET /wp-content/plugins/contact-form-7-style/admin/predefined-templates.json HTTP/1.1" 200 1323 "-" "WordPress/6.8; https://batconpakistan.org"
52.169.28.4 - - [28/Apr/2025:05:11:02 -0400] "GET /wp-content/plugins/WordPressCore/ HTTP/1.1" 404 15877 "-" "-"
162.0.235.240 - - [28/Apr/2025:05:11:06 -0400] "GET /wp-content/plugins/contact-form-7-style/admin/predefined-templates.json HTTP/1.1" 200 1323 "-" "WordPress/6.8; https://batconpakistan.org"
162.0.235.240 - - [28/Apr/2025:05:11:07 -0400] "POST /wp-cron.php?doing_wp_cron=1745831467.0914590358734130859375 HTTP/1.1" 200 0 "-" "WordPress/6.8; https://batconpakistan.org"
52.169.28.4 - - [28/Apr/2025:05:11:05 -0400] "GET /wp-content/plugins/WordPressCore/fm.php HTTP/1.1" 404 15876 "-" "-"
52.169.28.4 - - [28/Apr/2025:05:11:08 -0400] "GET /wp-content/plugins/classic-editor/ HTTP/1.1" 403 1242 "-" "-"
162.0.235.240 - - [28/Apr/2025:05:11:08 -0400] "GET /wp-content/plugins/contact-form-7-style/admin/predefined-templates.json HTTP/1.1" 200 1323 "-" "WordPress/6.8; https://batconpakistan.org"
162.0.235.240 - - [28/Apr/2025:05:11:09 -0400] "GET /wp-content/plugins/contact-form-7-style/admin/predefined-templates.json HTTP/1.1" 200 1323 "-" "WordPress/6.8; https://batconpakistan.org"
162.0.235.240 - - [28/Apr/2025:05:11:08 -0400] "POST /wp-admin/admin-ajax.php?action=async_litespeed&nonce=vLO1Z776xrXfFk88nO9ZSqfHcGB1EL5T&litespeed_type=imgoptm HTTP/1.1" 200 0 "-" "WordPress/6.8; https://batconpakistan.org"
52.169.28.4 - - [28/Apr/2025:05:11:08 -0400] "GET /wp-content/plugins/core-plugin/ HTTP/1.1" 404 15876 "-" "-"
162.0.235.240 - - [28/Apr/2025:05:11:10 -0400] "GET /wp-content/plugins/contact-form-7-style/admin/predefined-templates.json HTTP/1.1" 200 1323 "-" "WordPress/6.8; https://batconpakistan.org"
162.0.235.240 - - [28/Apr/2025:05:11:12 -0400] "GET /wp-content/plugins/contact-form-7-style/admin/predefined-templates.json HTTP/1.1" 200 1323 "-" "WordPress/6.8; https://batconpakistan.org"
52.169.28.4 - - [28/Apr/2025:05:11:10 -0400] "GET /wp-content/plugins/core-plugin/include.php HTTP/1.1" 404 15877 "-" "-"
162.0.235.240 - - [28/Apr/2025:05:11:14 -0400] "GET /wp-content/plugins/contact-form-7-style/admin/predefined-templates.json HTTP/1.1" 200 1323 "-" "WordPress/6.8; https://batconpakistan.org"
52.169.28.4 - - [28/Apr/2025:05:11:13 -0400] "GET /wp-content/plugins/revslider/includes/external/page/index.php HTTP/1.1" 301 0 "-" "-"
162.0.235.240 - - [28/Apr/2025:05:11:16 -0400] "GET /wp-content/plugins/contact-form-7-style/admin/predefined-templates.json HTTP/1.1" 200 1323 "-" "WordPress/6.8; https://batconpakistan.org"
52.169.28.4 - - [28/Apr/2025:05:11:15 -0400] "GET /wp-content/plugins/revslider/includes/external/page/ HTTP/1.1" 404 15878 "-" "-"
162.0.235.240 - - [28/Apr/2025:05:11:18 -0400] "GET /wp-content/plugins/contact-form-7-style/admin/predefined-templates.json HTTP/1.1" 200 1323 "-" "WordPress/6.8; https://batconpakistan.org"
52.169.28.4 - - [28/Apr/2025:05:11:17 -0400] "GET /wp-content/plugins/seoplugins/mar.php HTTP/1.1" 404 15878 "-" "-"
162.0.235.240 - - [28/Apr/2025:05:11:20 -0400] "GET /wp-content/plugins/contact-form-7-style/admin/predefined-templates.json HTTP/1.1" 200 1323 "-" "WordPress/6.8; https://batconpakistan.org"
52.169.28.4 - - [28/Apr/2025:05:11:19 -0400] "GET /wp-content/plugins/wp-theme-editor/include.php HTTP/1.1" 404 15879 "-" "-"
162.0.235.240 - - [28/Apr/2025:05:11:23 -0400] "GET /wp-content/plugins/contact-form-7-style/admin/predefined-templates.json HTTP/1.1" 200 1323 "-" "WordPress/6.8; https://batconpakistan.org"
52.169.28.4 - - [28/Apr/2025:05:11:21 -0400] "GET /wp-content/shell20211028.php HTTP/1.1" 404 15878 "-" "-"
162.0.235.240 - - [28/Apr/2025:05:11:25 -0400] "GET /wp-content/plugins/contact-form-7-style/admin/predefined-templates.json HTTP/1.1" 200 1323 "-" "WordPress/6.8; https://batconpakistan.org"
52.169.28.4 - - [28/Apr/2025:05:11:24 -0400] "GET /wp-content/themes/Divi/includes/builder/frontend-builder/assets/vendors/plugins/fullscreen/ HTTP/1.1" 404 15877 "-" "-"
52.169.28.4 - - [28/Apr/2025:05:11:26 -0400] "GET /wp-content/themes/index.php HTTP/1.1" 200 0 "-" "-"
162.0.235.240 - - [28/Apr/2025:05:11:28 -0400] "GET /wp-content/plugins/contact-form-7-style/admin/predefined-templates.json HTTP/1.1" 200 1323 "-" "WordPress/6.8; https://batconpakistan.org"
52.169.28.4 - - [28/Apr/2025:05:11:27 -0400] "GET /wp-content/themes/pridmag/1.php HTTP/1.1" 404 15878 "-" "-"
162.0.235.240 - - [28/Apr/2025:05:11:30 -0400] "GET /wp-content/plugins/contact-form-7-style/admin/predefined-templates.json HTTP/1.1" 200 1323 "-" "WordPress/6.8; https://batconpakistan.org"
52.169.28.4 - - [28/Apr/2025:05:11:29 -0400] "GET /wp-content/themes/sketch/404.php HTTP/1.1" 404 15879 "-" "-"
162.0.235.240 - - [28/Apr/2025:05:11:33 -0400] "GET /wp-content/plugins/contact-form-7-style/admin/predefined-templates.json HTTP/1.1" 200 1323 "-" "WordPress/6.8; https://batconpakistan.org"
52.169.28.4 - - [28/Apr/2025:05:11:32 -0400] "GET /wp-content/themes/twentyfive/include.php HTTP/1.1" 404 15876 "-" "-"
52.169.28.4 - - [28/Apr/2025:05:11:34 -0400] "GET /wp-content/uploads HTTP/1.1" 301 795 "-" "-"
52.169.28.4 - - [28/Apr/2025:05:11:34 -0400] "GET /wp-content/uploads/ HTTP/1.1" 403 1242 "-" "-"
162.0.235.240 - - [28/Apr/2025:05:11:35 -0400] "GET /wp-content/plugins/contact-form-7-style/admin/predefined-templates.json HTTP/1.1" 200 1323 "-" "WordPress/6.8; https://batconpakistan.org"
52.169.28.4 - - [28/Apr/2025:05:11:34 -0400] "GET /wp-content/x/index.php HTTP/1.1" 301 0 "-" "-"
52.169.28.4 - - [28/Apr/2025:05:11:36 -0400] "GET /wp-content/x/ HTTP/1.1" 404 15877 "-" "-"
162.0.235.240 - - [28/Apr/2025:05:11:37 -0400] "GET /wp-content/plugins/contact-form-7-style/admin/predefined-templates.json HTTP/1.1" 200 1323 "-" "WordPress/6.8; https://batconpakistan.org"
52.169.28.4 - - [28/Apr/2025:05:11:36 -0400] "GET /wp-file.php HTTP/1.1" 404 15876 "-" "-"
162.0.235.240 - - [28/Apr/2025:05:11:40 -0400] "GET /wp-content/plugins/contact-form-7-style/admin/predefined-templates.json HTTP/1.1" 200 1323 "-" "WordPress/6.8; https://batconpakistan.org"
162.0.235.240 - - [28/Apr/2025:05:11:40 -0400] "POST /wp-cron.php?doing_wp_cron=1745831500.6441340446472167968750 HTTP/1.1" 200 0 "-" "WordPress/6.8; https://batconpakistan.org"
52.169.28.4 - - [28/Apr/2025:05:11:38 -0400] "GET /wp-includes/IXR/autoload_classmap.php HTTP/1.1" 404 15876 "-" "-"
162.0.235.240 - - [28/Apr/2025:05:11:41 -0400] "GET /wp-content/plugins/contact-form-7-style/admin/predefined-templates.json HTTP/1.1" 200 1323 "-" "WordPress/6.8; https://batconpakistan.org"
52.169.28.4 - - [28/Apr/2025:05:11:41 -0400] "GET /wp-includes/Requests/ HTTP/1.1" 403 1242 "-" "-"
52.169.28.4 - - [28/Apr/2025:05:11:41 -0400] "GET /wp-includes/Requests/Cookie/ HTTP/1.1" 403 1242 "-" "-"
162.0.235.240 - - [28/Apr/2025:05:11:44 -0400] "GET /wp-content/plugins/contact-form-7-style/admin/predefined-templates.json HTTP/1.1" 200 1323 "-" "WordPress/6.8; https://batconpakistan.org"
52.169.28.4 - - [28/Apr/2025:05:11:42 -0400] "GET /wp-includes/Requests/library/about.php HTTP/1.1" 404 15878 "-" "-"
52.169.28.4 - - [28/Apr/2025:05:11:46 -0400] "GET /wp-includes/SimplePie/Parse/ HTTP/1.1" 403 1242 "-" "-"
162.0.235.240 - - [28/Apr/2025:05:11:47 -0400] "GET /wp-content/plugins/contact-form-7-style/admin/predefined-templates.json HTTP/1.1" 200 1323 "-" "WordPress/6.8; https://batconpakistan.org"
52.169.28.4 - - [28/Apr/2025:05:11:46 -0400] "GET /wp-includes/Text/chosen.php HTTP/1.1" 404 15877 "-" "-"
162.0.235.240 - - [28/Apr/2025:05:11:49 -0400] "GET /wp-content/plugins/contact-form-7-style/admin/predefined-templates.json HTTP/1.1" 200 1323 "-" "WordPress/6.8; https://batconpakistan.org"
162.0.235.240 - - [28/Apr/2025:05:11:50 -0400] "POST /wp-cron.php?doing_wp_cron=1745831510.0491070747375488281250 HTTP/1.1" 200 0 "-" "WordPress/6.8; https://batconpakistan.org"
52.169.28.4 - - [28/Apr/2025:05:11:48 -0400] "GET /wp-includes/about.php HTTP/1.1" 404 15876 "-" "-"
162.0.235.240 - - [28/Apr/2025:05:11:50 -0400] "GET /wp-content/plugins/contact-form-7-style/admin/predefined-templates.json HTTP/1.1" 200 1323 "-" "WordPress/6.8; https://batconpakistan.org"
31.172.67.59 - - [28/Apr/2025:05:11:51 -0400] "POST /xmlrpc.php HTTP/1.1" 403 1242 "https://batconpakistan.org" "Mozilla/5.0 (Windows NT 11.0; Win64; x64; rv:126.0) Gecko/20100101 Firefox/126.0"
162.0.235.240 - - [28/Apr/2025:05:11:51 -0400] "GET /wp-content/plugins/contact-form-7-style/admin/predefined-templates.json HTTP/1.1" 200 1323 "-" "WordPress/6.8; https://batconpakistan.org"
52.169.28.4 - - [28/Apr/2025:05:11:50 -0400] "GET /wp-includes/blocks/autoload_classmap.php HTTP/1.1" 404 15875 "-" "-"
52.169.28.4 - - [28/Apr/2025:05:11:52 -0400] "GET /wp-includes/blocks/more/ HTTP/1.1" 403 1242 "-" "-"
52.169.28.4 - - [28/Apr/2025:05:11:53 -0400] "GET /wp-includes/blocks/post-author/ HTTP/1.1" 403 1242 "-" "-"
52.169.28.4 - - [28/Apr/2025:05:11:53 -0400] "GET /wp-includes/blocks/site-logo/ HTTP/1.1" 403 1242 "-" "-"
52.169.28.4 - - [28/Apr/2025:05:11:53 -0400] "GET /wp-includes/blocks/social-links/ HTTP/1.1" 403 1242 "-" "-"
52.169.28.4 - - [28/Apr/2025:05:11:53 -0400] "GET /wp-includes/blocks/term-description/ HTTP/1.1" 403 1242 "-" "-"
52.169.28.4 - - [28/Apr/2025:05:11:53 -0400] "GET /wp-includes/css/dist/preferences/ HTTP/1.1" 403 1242 "-" "-"
162.0.235.240 - - [28/Apr/2025:05:11:55 -0400] "GET /wp-content/plugins/contact-form-7-style/admin/predefined-templates.json HTTP/1.1" 200 1323 "-" "WordPress/6.8; https://batconpakistan.org"
162.0.235.240 - - [28/Apr/2025:05:11:55 -0400] "POST /wp-cron.php?doing_wp_cron=1745831515.5620200634002685546875 HTTP/1.1" 200 0 "-" "WordPress/6.8; https://batconpakistan.org"
52.169.28.4 - - [28/Apr/2025:05:11:54 -0400] "GET /wp-includes/fonts/index.php HTTP/1.1" 301 0 "-" "-"
52.169.28.4 - - [28/Apr/2025:05:11:56 -0400] "GET /wp-includes/fonts/ HTTP/1.1" 403 1242 "-" "-"
52.169.28.4 - - [28/Apr/2025:05:11:56 -0400] "GET /wp-includes/images/crystal/ HTTP/1.1" 403 1242 "-" "-"
162.0.235.240 - - [28/Apr/2025:05:11:56 -0400] "GET /wp-content/plugins/contact-form-7-style/admin/predefined-templates.json HTTP/1.1" 200 1323 "-" "WordPress/6.8; https://batconpakistan.org"
162.0.235.240 - - [28/Apr/2025:05:11:57 -0400] "GET /wp-content/plugins/contact-form-7-style/admin/predefined-templates.json HTTP/1.1" 200 1323 "-" "WordPress/6.8; https://batconpakistan.org"
52.169.28.4 - - [28/Apr/2025:05:11:56 -0400] "GET /wp-includes/install.php HTTP/1.1" 404 15876 "-" "-"
52.169.28.4 - - [28/Apr/2025:05:11:58 -0400] "GET /wp-includes/js/tinymce/plugins/compat3x/ HTTP/1.1" 403 1242 "-" "-"
52.169.28.4 - - [28/Apr/2025:05:11:58 -0400] "GET /wp-includes/rest-api/fields/ HTTP/1.1" 403 1242 "-" "-"
162.0.235.240 - - [28/Apr/2025:05:11:59 -0400] "GET /wp-content/plugins/contact-form-7-style/admin/predefined-templates.json HTTP/1.1" 200 1323 "-" "WordPress/6.8; https://batconpakistan.org"
52.169.28.4 - - [28/Apr/2025:05:11:58 -0400] "GET /wp-includes/sts.php HTTP/1.1" 404 15877 "-" "-"
162.0.235.240 - - [28/Apr/2025:05:12:02 -0400] "GET /wp-content/plugins/contact-form-7-style/admin/predefined-templates.json HTTP/1.1" 200 1323 "-" "WordPress/6.8; https://batconpakistan.org"
52.169.28.4 - - [28/Apr/2025:05:12:00 -0400] "GET /wp-includes/wp-class.php/wp-content/themes/travelscape/ HTTP/1.1" 404 15876 "-" "-"
162.0.235.240 - - [28/Apr/2025:05:12:04 -0400] "GET /wp-content/plugins/contact-form-7-style/admin/predefined-templates.json HTTP/1.1" 200 1323 "-" "WordPress/6.8; https://batconpakistan.org"
162.0.235.240 - - [28/Apr/2025:05:12:05 -0400] "POST /wp-cron.php?doing_wp_cron=1745831525.3742809295654296875000 HTTP/1.1" 200 0 "-" "WordPress/6.8; https://batconpakistan.org"
52.169.28.4 - - [28/Apr/2025:05:12:03 -0400] "GET /wp-info.php HTTP/1.1" 404 15877 "-" "-"
162.0.235.240 - - [28/Apr/2025:05:13:11 -0400] "GET /wp-content/plugins/contact-form-7-style/admin/predefined-templates.json HTTP/1.1" 200 1323 "-" "WordPress/6.8; https://batconpakistan.org"
162.0.235.240 - - [28/Apr/2025:05:13:12 -0400] "POST /wp-cron.php?doing_wp_cron=1745831592.6729500293731689453125 HTTP/1.1" 200 0 "-" "WordPress/6.8; https://batconpakistan.org"
185.191.171.5 - - [28/Apr/2025:05:13:04 -0400] "GET /robots.txt HTTP/1.1" 200 348 "-" "Mozilla/5.0 (compatible; SemrushBot/7~bl; +http://www.semrush.com/bot.html)"
162.0.235.240 - - [28/Apr/2025:05:13:14 -0400] "GET /wp-content/plugins/contact-form-7-style/admin/predefined-templates.json HTTP/1.1" 200 1323 "-" "WordPress/6.8; https://batconpakistan.org"
162.0.235.240 - - [28/Apr/2025:05:13:15 -0400] "POST /wp-admin/admin-ajax.php?action=async_litespeed&nonce=Z0XkO0vJOm46Ar4W5kD97r8w4cUsB3KZ&litespeed_type=imgoptm HTTP/1.1" 200 0 "-" "WordPress/6.8; https://batconpakistan.org"
162.0.235.240 - - [28/Apr/2025:05:13:17 -0400] "GET /wp-content/plugins/contact-form-7-style/admin/predefined-templates.json HTTP/1.1" 200 1323 "-" "WordPress/6.8; https://batconpakistan.org"
162.0.235.240 - - [28/Apr/2025:05:13:17 -0400] "GET /wp-content/plugins/contact-form-7-style/admin/predefined-templates.json HTTP/1.1" 200 1323 "-" "WordPress/6.8; https://batconpakistan.org"
185.191.171.16 - - [28/Apr/2025:05:13:15 -0400] "GET /event/featured-links/ HTTP/1.1" 200 18532 "-" "Mozilla/5.0 (compatible; SemrushBot/7~bl; +http://www.semrush.com/bot.html)"
162.0.235.240 - - [28/Apr/2025:05:13:20 -0400] "GET /wp-content/plugins/contact-form-7-style/admin/predefined-templates.json HTTP/1.1" 200 1323 "-" "WordPress/6.8; https://batconpakistan.org"
2a02:598:96:8a00::1200:135 - - [28/Apr/2025:05:13:19 -0400] "GET /bat-convervation-pakistan/our-team/ HTTP/1.1" 200 24261 "-" "Mozilla/5.0 (compatible; SeznamBot/4.0; +https://o-seznam.cz/napoveda/vyhledavani/en/seznambot-crawler/)"
45.145.41.224 - - [28/Apr/2025:05:13:46 -0400] "GET /wp-content/plugins/apikey/apikey.php?test=hello HTTP/1.1" 200 0 "http://batconpakistan.org/wp-content/plugins/apikey/apikey.php?test=hello" "-"
162.0.235.240 - - [28/Apr/2025:05:13:50 -0400] "GET /wp-content/plugins/contact-form-7-style/admin/predefined-templates.json HTTP/1.1" 200 1323 "-" "WordPress/6.8; https://batconpakistan.org"
162.0.235.240 - - [28/Apr/2025:05:13:53 -0400] "POST /wp-cron.php?doing_wp_cron=1745831632.1348769664764404296875 HTTP/1.1" 200 0 "-" "WordPress/6.8; https://batconpakistan.org"
66.249.66.77 - - [28/Apr/2025:05:14:25 -0400] "GET / HTTP/1.1" 200 23496 "-" "Mozilla/5.0 (compatible; Googlebot/2.1; +http://www.google.com/bot.html)"
66.249.66.75 - - [28/Apr/2025:05:14:28 -0400] "GET /wp-content/plugins/woocommerce/assets/js/frontend/add-to-cart.min.js?ver=9.8.2 HTTP/1.1" 304 0 "https://batconpakistan.org/" "Mozilla/5.0 AppleWebKit/537.36 (KHTML, like Gecko; compatible; Googlebot/2.1; +http://www.google.com/bot.html) Chrome/134.0.6998.165 Safari/537.36"
66.249.66.75 - - [28/Apr/2025:05:14:28 -0400] "GET /wp-content/themes/born-to-give/vendor/fullcalendar/lib/moment.min.js?ver=2.3.1.8 HTTP/1.1" 304 0 "https://batconpakistan.org/" "Mozilla/5.0 AppleWebKit/537.36 (KHTML, like Gecko; compatible; Googlebot/2.1; +http://www.google.com/bot.html) Chrome/134.0.6998.165 Safari/537.36"
66.249.66.76 - - [28/Apr/2025:05:14:29 -0400] "GET /wp-content/plugins/contact-form-7-style/js/frontend-min.js?ver=3.1.9 HTTP/1.1" 304 0 "https://batconpakistan.org/" "Mozilla/5.0 AppleWebKit/537.36 (KHTML, like Gecko; compatible; Googlebot/2.1; +http://www.google.com/bot.html) Chrome/134.0.6998.165 Safari/537.36"
66.249.66.76 - - [28/Apr/2025:05:14:29 -0400] "GET /wp-content/plugins/charitable/assets/js/libraries/js-cookie.min.js?ver=2.1.4 HTTP/1.1" 304 0 "https://batconpakistan.org/" "Mozilla/5.0 AppleWebKit/537.36 (KHTML, like Gecko; compatible; Googlebot/2.1; +http://www.google.com/bot.html) Chrome/134.0.6998.165 Safari/537.36"
66.249.66.76 - - [28/Apr/2025:05:14:30 -0400] "GET /wp-content/plugins/revslider/public/assets/js/jquery.themepunch.tools.min.js?ver=5.3.1.5 HTTP/1.1" 304 0 "https://batconpakistan.org/" "Mozilla/5.0 AppleWebKit/537.36 (KHTML, like Gecko; compatible; Googlebot/2.1; +http://www.google.com/bot.html) Chrome/134.0.6998.165 Safari/537.36"
66.249.66.76 - - [28/Apr/2025:05:14:30 -0400] "GET /wp-content/plugins/woocommerce/assets/js/jquery-blockui/jquery.blockUI.min.js?ver=2.7.0-wc.9.8.2 HTTP/1.1" 304 0 "https://batconpakistan.org/" "Mozilla/5.0 AppleWebKit/537.36 (KHTML, like Gecko; compatible; Googlebot/2.1; +http://www.google.com/bot.html) Chrome/134.0.6998.165 Safari/537.36"
66.249.66.76 - - [28/Apr/2025:05:14:31 -0400] "GET /wp-content/plugins/charitable/assets/js/charitable-session.min.js?ver=1.8.5.2 HTTP/1.1" 304 0 "https://batconpakistan.org/" "Mozilla/5.0 AppleWebKit/537.36 (KHTML, like Gecko; compatible; Googlebot/2.1; +http://www.google.com/bot.html) Chrome/134.0.6998.165 Safari/537.36"
66.249.66.75 - - [28/Apr/2025:05:14:32 -0400] "GET /wp-content/plugins/revslider/public/assets/js/jquery.themepunch.revolution.min.js?ver=5.3.1.5 HTTP/1.1" 304 0 "https://batconpakistan.org/" "Mozilla/5.0 AppleWebKit/537.36 (KHTML, like Gecko; compatible; Googlebot/2.1; +http://www.google.com/bot.html) Chrome/134.0.6998.165 Safari/537.36"
66.249.66.75 - - [28/Apr/2025:05:14:33 -0400] "GET /wp-includes/js/jquery/jquery.min.js?ver=3.7.1 HTTP/1.1" 304 0 "https://batconpakistan.org/" "Mozilla/5.0 AppleWebKit/537.36 (KHTML, like Gecko; compatible; Googlebot/2.1; +http://www.google.com/bot.html) Chrome/134.0.6998.165 Safari/537.36"
66.249.66.75 - - [28/Apr/2025:05:14:33 -0400] "GET /wp-includes/js/dist/hooks.min.js?ver=4d63a3d491d11ffd8ac6 HTTP/1.1" 304 0 "https://batconpakistan.org/" "Mozilla/5.0 AppleWebKit/537.36 (KHTML, like Gecko; compatible; Googlebot/2.1; +http://www.google.com/bot.html) Chrome/134.0.6998.165 Safari/537.36"
66.249.66.75 - - [28/Apr/2025:05:14:34 -0400] "GET /wp-includes/js/dist/i18n.min.js?ver=5e580eb46a90c2b997e6 HTTP/1.1" 304 0 "https://batconpakistan.org/" "Mozilla/5.0 AppleWebKit/537.36 (KHTML, like Gecko; compatible; Googlebot/2.1; +http://www.google.com/bot.html) Chrome/134.0.6998.165 Safari/537.36"
66.249.66.75 - - [28/Apr/2025:05:14:35 -0400] "GET /wp-content/themes/born-to-give/vendor/magnific/jquery.magnific-popup.min.js?ver=2.3.1.8 HTTP/1.1" 304 0 "https://batconpakistan.org/" "Mozilla/5.0 AppleWebKit/537.36 (KHTML, like Gecko; compatible; Googlebot/2.1; +http://www.google.com/bot.html) Chrome/134.0.6998.165 Safari/537.36"
66.249.66.75 - - [28/Apr/2025:05:14:37 -0400] "GET /wp-content/plugins/charitable/assets/js/charitable-frontend.min.js?ver=1.8.5.2 HTTP/1.1" 304 0 "https://batconpakistan.org/" "Mozilla/5.0 AppleWebKit/537.36 (KHTML, like Gecko; compatible; Googlebot/2.1; +http://www.google.com/bot.html) Chrome/134.0.6998.165 Safari/537.36"
66.249.66.75 - - [28/Apr/2025:05:14:39 -0400] "GET /wp-content/plugins/woocommerce/assets/js/sourcebuster/sourcebuster.min.js?ver=9.8.2 HTTP/1.1" 304 0 "https://batconpakistan.org/" "Mozilla/5.0 AppleWebKit/537.36 (KHTML, like Gecko; compatible; Googlebot/2.1; +http://www.google.com/bot.html) Chrome/134.0.6998.165 Safari/537.36"
66.249.66.75 - - [28/Apr/2025:05:14:39 -0400] "GET /wp-content/themes/born-to-give/vendor/fullcalendar/fullcalendar.min.js?ver=2.3.1.8 HTTP/1.1" 304 0 "https://batconpakistan.org/" "Mozilla/5.0 AppleWebKit/537.36 (KHTML, like Gecko; compatible; Googlebot/2.1; +http://www.google.com/bot.html) Chrome/134.0.6998.165 Safari/537.36"
66.249.66.75 - - [28/Apr/2025:05:14:40 -0400] "GET /wp-content/plugins/woocommerce/assets/js/frontend/order-attribution.min.js?ver=9.8.2 HTTP/1.1" 304 0 "https://batconpakistan.org/" "Mozilla/5.0 AppleWebKit/537.36 (KHTML, like Gecko; compatible; Googlebot/2.1; +http://www.google.com/bot.html) Chrome/134.0.6998.165 Safari/537.36"
162.0.235.240 - - [28/Apr/2025:05:12:06 -0400] "GET /wp-content/plugins/contact-form-7-style/admin/predefined-templates.json HTTP/1.1" 200 1323 "-" "WordPress/6.8; https://batconpakistan.org"
162.0.235.240 - - [28/Apr/2025:05:12:06 -0400] "POST /wp-admin/admin-ajax.php?action=async_litespeed&nonce=7huMjPJjO3Z5HApHSVjjS8XXIcQIvE2b&litespeed_type=imgoptm HTTP/1.1" 200 0 "-" "WordPress/6.8; https://batconpakistan.org"
162.0.235.240 - - [28/Apr/2025:05:12:07 -0400] "GET /wp-content/plugins/contact-form-7-style/admin/predefined-templates.json HTTP/1.1" 200 1323 "-" "WordPress/6.8; https://batconpakistan.org"
162.0.235.240 - - [28/Apr/2025:05:12:08 -0400] "GET /wp-content/plugins/contact-form-7-style/admin/predefined-templates.json HTTP/1.1" 200 1323 "-" "WordPress/6.8; https://batconpakistan.org"
52.169.28.4 - - [28/Apr/2025:05:12:06 -0400] "GET /ws.php HTTP/1.1" 404 15878 "-" "-"
162.0.235.240 - - [28/Apr/2025:05:12:10 -0400] "GET /wp-content/plugins/contact-form-7-style/admin/predefined-templates.json HTTP/1.1" 200 1323 "-" "WordPress/6.8; https://batconpakistan.org"
52.169.28.4 - - [28/Apr/2025:05:12:09 -0400] "GET /x.php HTTP/1.1" 404 15879 "-" "-"
162.0.235.240 - - [28/Apr/2025:05:12:11 -0400] "GET /wp-content/plugins/contact-form-7-style/admin/predefined-templates.json HTTP/1.1" 200 1323 "-" "WordPress/6.8; https://batconpakistan.org"
52.169.28.4 - - [28/Apr/2025:05:12:10 -0400] "GET /xleet.php HTTP/1.1" 404 15878 "-" "-"
162.0.235.240 - - [28/Apr/2025:05:12:13 -0400] "GET /wp-content/plugins/contact-form-7-style/admin/predefined-templates.json HTTP/1.1" 200 1323 "-" "WordPress/6.8; https://batconpakistan.org"
52.169.28.4 - - [28/Apr/2025:05:12:12 -0400] "GET /xox.php HTTP/1.1" 404 15879 "-" "-"
66.249.66.75 - - [28/Apr/2025:05:14:41 -0400] "GET /wp-content/plugins/js_composer/assets/lib/bower/skrollr/dist/skrollr.min.js?ver=6.5.0 HTTP/1.1" 304 0 "https://batconpakistan.org/" "Mozilla/5.0 AppleWebKit/537.36 (KHTML, like Gecko; compatible; Googlebot/2.1; +http://www.google.com/bot.html) Chrome/134.0.6998.165 Safari/537.36"
66.249.66.75 - - [28/Apr/2025:05:14:41 -0400] "GET /wp-content/plugins/woocommerce/assets/js/frontend/woocommerce.min.js?ver=9.8.2 HTTP/1.1" 304 0 "https://batconpakistan.org/" "Mozilla/5.0 AppleWebKit/537.36 (KHTML, like Gecko; compatible; Googlebot/2.1; +http://www.google.com/bot.html) Chrome/134.0.6998.165 Safari/537.36"
66.249.66.75 - - [28/Apr/2025:05:14:42 -0400] "GET /wp-content/plugins/js_composer/assets/js/dist/js_composer_front.min.js?ver=6.5.0 HTTP/1.1" 304 0 "https://batconpakistan.org/" "Mozilla/5.0 AppleWebKit/537.36 (KHTML, like Gecko; compatible; Googlebot/2.1; +http://www.google.com/bot.html) Chrome/134.0.6998.165 Safari/537.36"
66.249.66.75 - - [28/Apr/2025:05:14:44 -0400] "GET /wp-content/plugins/autoptimize/classes/external/js/lazysizes.min.js?ao_version=3.1.13 HTTP/1.1" 304 0 "https://batconpakistan.org/" "Mozilla/5.0 AppleWebKit/537.36 (KHTML, like Gecko; compatible; Googlebot/2.1; +http://www.google.com/bot.html) Chrome/134.0.6998.165 Safari/537.36"
66.249.66.75 - - [28/Apr/2025:05:14:47 -0400] "GET /wp-includes/js/wp-emoji-release.min.js?ver=6.8 HTTP/1.1" 304 0 "https://batconpakistan.org/" "Mozilla/5.0 AppleWebKit/537.36 (KHTML, like Gecko; compatible; Googlebot/2.1; +http://www.google.com/bot.html) Chrome/134.0.6998.165 Safari/537.36"
66.249.66.75 - - [28/Apr/2025:05:14:56 -0400] "GET /wp-content/plugins/revslider/public/assets/js/extensions/revolution.extension.navigation.min.js?version=5.3.1.4 HTTP/1.1" 304 0 "https://batconpakistan.org/" "Mozilla/5.0 AppleWebKit/537.36 (KHTML, like Gecko; compatible; Googlebot/2.1; +http://www.google.com/bot.html) Chrome/134.0.6998.165 Safari/537.36"
66.249.66.75 - - [28/Apr/2025:05:14:57 -0400] "GET /wp-content/plugins/revslider/public/assets/js/extensions/revolution.extension.layeranimation.min.js?version=5.3.1.4 HTTP/1.1" 304 0 "https://batconpakistan.org/" "Mozilla/5.0 AppleWebKit/537.36 (KHTML, like Gecko; compatible; Googlebot/2.1; +http://www.google.com/bot.html) Chrome/134.0.6998.165 Safari/537.36"
66.249.66.75 - - [28/Apr/2025:05:14:58 -0400] "GET /wp-content/plugins/revslider/public/assets/js/extensions/revolution.extension.actions.min.js?version=5.3.1.4 HTTP/1.1" 304 0 "https://batconpakistan.org/" "Mozilla/5.0 AppleWebKit/537.36 (KHTML, like Gecko; compatible; Googlebot/2.1; +http://www.google.com/bot.html) Chrome/134.0.6998.165 Safari/537.36"
66.249.66.75 - - [28/Apr/2025:05:14:58 -0400] "GET /wp-content/plugins/revslider/public/assets/js/extensions/revolution.extension.slideanims.min.js?version=5.3.1.4 HTTP/1.1" 304 0 "https://batconpakistan.org/" "Mozilla/5.0 AppleWebKit/537.36 (KHTML, like Gecko; compatible; Googlebot/2.1; +http://www.google.com/bot.html) Chrome/134.0.6998.165 Safari/537.36"
67.223.118.141 - - [28/Apr/2025:05:17:53 -0400] "POST /xmlrpc.php HTTP/1.1" 403 1242 "https://batconpakistan.org" "Mozilla/5.0 (Windows NT 10.0; Win64; x64) AppleWebKit/537.36 (KHTML, like Gecko) Chrome/115.0.5790.102 Safari/537.36"
162.0.235.240 - - [28/Apr/2025:05:19:19 -0400] "GET /wp-content/plugins/contact-form-7-style/admin/predefined-templates.json HTTP/1.1" 200 1323 "-" "WordPress/6.8; https://batconpakistan.org"
162.0.235.240 - - [28/Apr/2025:05:19:19 -0400] "GET /wp-content/plugins/contact-form-7-style/admin/predefined-templates.json HTTP/1.1" 200 1323 "-" "WordPress/6.8; https://batconpakistan.org"
162.0.235.240 - - [28/Apr/2025:05:19:20 -0400] "POST /wp-cron.php?doing_wp_cron=1745831960.0150160789489746093750 HTTP/1.1" 200 0 "-" "WordPress/6.8; https://batconpakistan.org"
162.0.235.240 - - [28/Apr/2025:05:19:20 -0400] "POST /wp-cron.php?doing_wp_cron=1745831960.0150010585784912109375 HTTP/1.1" 200 0 "-" "WordPress/6.8; https://batconpakistan.org"
2a02:598:96:8a00::1200:131 - - [28/Apr/2025:05:19:15 -0400] "GET /author-sitemap.xml HTTP/1.1" 200 500 "-" "Mozilla/5.0 (compatible; SeznamBot/4.0; +https://o-seznam.cz/napoveda/vyhledavani/en/seznambot-crawler/)"
162.0.235.240 - - [28/Apr/2025:05:19:20 -0400] "GET /wp-content/plugins/contact-form-7-style/admin/predefined-templates.json HTTP/1.1" 200 1323 "-" "WordPress/6.8; https://batconpakistan.org"
162.0.235.240 - - [28/Apr/2025:05:19:20 -0400] "GET /wp-content/plugins/contact-form-7-style/admin/predefined-templates.json HTTP/1.1" 200 1323 "-" "WordPress/6.8; https://batconpakistan.org"
52.167.144.166 - - [28/Apr/2025:05:19:14 -0400] "GET /Industrial-Electrical-Transistor-MM-HotAluminum-Heat-Sink-312668-Computer-Heatsinks/ HTTP/1.1" 200 16006 "-" "Mozilla/5.0 AppleWebKit/537.36 (KHTML, like Gecko; compatible; bingbot/2.0; +http://www.bing.com/bingbot.htm) Chrome/116.0.1938.76 Safari/537.36"
162.0.235.240 - - [28/Apr/2025:05:19:21 -0400] "POST /wp-admin/admin-ajax.php?action=async_litespeed&nonce=i8tSYk9wKulO8ePKQFb82PqaZlS74kU0&litespeed_type=imgoptm HTTP/1.1" 200 0 "-" "WordPress/6.8; https://batconpakistan.org"
162.0.235.240 - - [28/Apr/2025:05:19:22 -0400] "GET /wp-content/plugins/contact-form-7-style/admin/predefined-templates.json HTTP/1.1" 200 1323 "-" "WordPress/6.8; https://batconpakistan.org"
162.0.235.240 - - [28/Apr/2025:05:19:24 -0400] "GET /wp-content/plugins/contact-form-7-style/admin/predefined-templates.json HTTP/1.1" 200 1323 "-" "WordPress/6.8; https://batconpakistan.org"
203.33.203.148 - - [28/Apr/2025:05:19:22 -0400] "GET / HTTP/1.1" 301 0 "http://www.batconpakistan.org" "Mozilla/5.0 (iPhone; CPU iPhone OS 13_2_3 like Mac OS X) AppleWebKit/605.1.15 (KHTML, like Gecko) Version/13.0.3 Mobile/15E148 Safari/604.1"
203.33.203.148 - - [28/Apr/2025:05:19:31 -0400] "GET / HTTP/1.1" 200 23496 "https://www.batconpakistan.org/" "Mozilla/5.0 (iPhone; CPU iPhone OS 13_2_3 like Mac OS X) AppleWebKit/605.1.15 (KHTML, like Gecko) Version/13.0.3 Mobile/15E148 Safari/604.1"
162.0.235.240 - - [28/Apr/2025:05:22:21 -0400] "GET /wp-content/plugins/contact-form-7-style/admin/predefined-templates.json HTTP/1.1" 200 1323 "-" "WordPress/6.8; https://batconpakistan.org"
162.0.235.240 - - [28/Apr/2025:05:22:24 -0400] "POST /wp-cron.php?doing_wp_cron=1745832144.2855169773101806640625 HTTP/1.1" 200 0 "-" "WordPress/6.8; https://batconpakistan.org"
162.0.235.240 - - [28/Apr/2025:05:22:27 -0400] "GET /wp-content/plugins/contact-form-7-style/admin/predefined-templates.json HTTP/1.1" 200 1323 "-" "WordPress/6.8; https://batconpakistan.org"
2a03:2880:f800:9:: - - [28/Apr/2025:05:22:11 -0400] "GET /2023/10/03/nipah-virus-alert-heightened-risks-and-precautionary-measures-in-pakistan/ HTTP/1.1" 200 23549 "-" "meta-externalagent/1.1 (+https://developers.facebook.com/docs/sharing/webmasters/crawler)"
162.0.235.240 - - [28/Apr/2025:05:22:28 -0400] "POST /wp-admin/admin-ajax.php?action=async_litespeed&nonce=27esEuR9Klp41iBvgVNPIJmZxQM5XptL&litespeed_type=imgoptm HTTP/1.1" 200 0 "-" "WordPress/6.8; https://batconpakistan.org"
162.0.235.240 - - [28/Apr/2025:05:22:30 -0400] "GET /wp-content/plugins/contact-form-7-style/admin/predefined-templates.json HTTP/1.1" 200 1323 "-" "WordPress/6.8; https://batconpakistan.org"
68.65.123.76 - - [28/Apr/2025:05:23:52 -0400] "POST /xmlrpc.php HTTP/1.1" 403 1242 "https://batconpakistan.org" "Mozilla/5.0 (Macintosh; Intel Mac OS X 10_15_7; rv:127.0) Gecko/20100101 Firefox/127.0"
162.0.235.240 - - [28/Apr/2025:05:24:11 -0400] "GET /wp-content/plugins/contact-form-7-style/admin/predefined-templates.json HTTP/1.1" 200 1323 "-" "WordPress/6.8; https://batconpakistan.org"
162.0.235.240 - - [28/Apr/2025:05:24:12 -0400] "POST /wp-cron.php?doing_wp_cron=1745832251.9359920024871826171875 HTTP/1.1" 200 0 "-" "WordPress/6.8; https://batconpakistan.org"
2a02:598:96:8a00::1200:135 - - [28/Apr/2025:05:24:06 -0400] "GET /gallery/maybe-one-day-ill-be-able-to-fly/ HTTP/1.1" 200 17030 "-" "Mozilla/5.0 (compatible; SeznamBot/4.0; +https://o-seznam.cz/napoveda/vyhledavani/en/seznambot-crawler/)"
162.0.235.240 - - [28/Apr/2025:05:24:13 -0400] "GET /wp-content/plugins/contact-form-7-style/admin/predefined-templates.json HTTP/1.1" 200 1323 "-" "WordPress/6.8; https://batconpakistan.org"
162.0.235.240 - - [28/Apr/2025:05:24:13 -0400] "POST /wp-admin/admin-ajax.php?action=async_litespeed&nonce=0aZqJ1qfplMPYCv8VpoKsOCrTJf3zH3P&litespeed_type=imgoptm HTTP/1.1" 200 0 "-" "WordPress/6.8; https://batconpakistan.org"
162.0.235.240 - - [28/Apr/2025:05:24:15 -0400] "GET /wp-content/plugins/contact-form-7-style/admin/predefined-templates.json HTTP/1.1" 200 1323 "-" "WordPress/6.8; https://batconpakistan.org"
162.19.67.137 - - [28/Apr/2025:05:29:57 -0400] "POST /xmlrpc.php HTTP/1.1" 403 1242 "https://batconpakistan.org" "Mozilla/5.0 (Macintosh; Intel Mac OS X 10_15_7) AppleWebKit/537.36 (KHTML, like Gecko) Chrome/115.0.5790.102 Safari/537.36"
2a03:2880:25ff:74:: - - [28/Apr/2025:05:34:42 -0400] "GET /team/dr-ubaid-ur-rehman-zia/ HTTP/1.1" 200 0 "-" "meta-externalagent/1.1 (+https://developers.facebook.com/docs/sharing/webmasters/crawler)"
2a03:2880:25ff:7:: - - [28/Apr/2025:05:34:42 -0400] "GET /team/dr-ubaid-ur-rehman-zia/ HTTP/1.1" 200 0 "-" "meta-externalagent/1.1 (+https://developers.facebook.com/docs/sharing/webmasters/crawler)"
162.0.235.240 - - [28/Apr/2025:05:34:56 -0400] "GET /wp-content/plugins/contact-form-7-style/admin/predefined-templates.json HTTP/1.1" 200 1323 "-" "WordPress/6.8; https://batconpakistan.org"
162.0.235.240 - - [28/Apr/2025:05:34:56 -0400] "GET /wp-content/plugins/contact-form-7-style/admin/predefined-templates.json HTTP/1.1" 200 1323 "-" "WordPress/6.8; https://batconpakistan.org"
162.0.235.240 - - [28/Apr/2025:05:34:57 -0400] "POST /wp-cron.php?doing_wp_cron=1745832897.6496291160583496093750 HTTP/1.1" 200 0 "-" "WordPress/6.8; https://batconpakistan.org"
162.0.235.240 - - [28/Apr/2025:05:34:57 -0400] "POST /wp-cron.php?doing_wp_cron=1745832897.6495769023895263671875 HTTP/1.1" 200 0 "-" "WordPress/6.8; https://batconpakistan.org"
162.0.235.240 - - [28/Apr/2025:05:34:58 -0400] "GET /wp-content/plugins/contact-form-7-style/admin/predefined-templates.json HTTP/1.1" 200 1323 "-" "WordPress/6.8; https://batconpakistan.org"
162.0.235.240 - - [28/Apr/2025:05:34:58 -0400] "GET /wp-content/plugins/contact-form-7-style/admin/predefined-templates.json HTTP/1.1" 200 1323 "-" "WordPress/6.8; https://batconpakistan.org"
162.0.235.240 - - [28/Apr/2025:05:35:03 -0400] "GET /wp-content/plugins/contact-form-7-style/admin/predefined-templates.json HTTP/1.1" 200 1323 "-" "WordPress/6.8; https://batconpakistan.org"
43.130.106.18 - - [28/Apr/2025:05:35:02 -0400] "GET / HTTP/1.1" 301 0 "http://www.batconpakistan.org" "Mozilla/5.0 (iPhone; CPU iPhone OS 13_2_3 like Mac OS X) AppleWebKit/605.1.15 (KHTML, like Gecko) Version/13.0.3 Mobile/15E148 Safari/604.1"
162.0.235.240 - - [28/Apr/2025:05:35:05 -0400] "GET /wp-content/plugins/contact-form-7-style/admin/predefined-templates.json HTTP/1.1" 200 1323 "-" "WordPress/6.8; https://batconpakistan.org"
162.0.235.240 - - [28/Apr/2025:05:35:05 -0400] "GET /wp-content/plugins/contact-form-7-style/admin/predefined-templates.json HTTP/1.1" 200 1323 "-" "WordPress/6.8; https://batconpakistan.org"
43.130.106.18 - - [28/Apr/2025:05:35:05 -0400] "GET / HTTP/1.1" 200 23496 "https://www.batconpakistan.org/" "Mozilla/5.0 (iPhone; CPU iPhone OS 13_2_3 like Mac OS X) AppleWebKit/605.1.15 (KHTML, like Gecko) Version/13.0.3 Mobile/15E148 Safari/604.1"
2a03:2880:25ff:72:: - - [28/Apr/2025:05:35:03 -0400] "GET /team/dr-ubaid-ur-rehman-zia/ HTTP/1.1" 200 17124 "-" "meta-externalagent/1.1 (+https://developers.facebook.com/docs/sharing/webmasters/crawler)"
162.0.235.240 - - [28/Apr/2025:05:35:05 -0400] "POST /wp-admin/admin-ajax.php?action=async_litespeed&nonce=8KWZRk8YCAMpEkmTwIsFkH7cN8aeaj5V&litespeed_type=imgoptm HTTP/1.1" 200 0 "-" "WordPress/6.8; https://batconpakistan.org"
2a03:2880:25ff:74:: - - [28/Apr/2025:05:35:03 -0400] "GET /team/dr-ubaid-ur-rehman-zia/ HTTP/1.1" 200 17125 "-" "meta-externalagent/1.1 (+https://developers.facebook.com/docs/sharing/webmasters/crawler)"
162.0.235.240 - - [28/Apr/2025:05:35:08 -0400] "GET /wp-content/plugins/contact-form-7-style/admin/predefined-templates.json HTTP/1.1" 200 1323 "-" "WordPress/6.8; https://batconpakistan.org"
162.0.235.240 - - [28/Apr/2025:05:35:27 -0400] "GET /wp-content/plugins/contact-form-7-style/admin/predefined-templates.json HTTP/1.1" 200 1323 "-" "WordPress/6.8; https://batconpakistan.org"
20.15.133.174 - - [28/Apr/2025:05:35:26 -0400] "GET /Hydraulics-Pneumatics-&-Plumbing-Stainless-Steel-TwoPiece-Female-Thread-Ball-Valve-for-Flow-Control-160558-Ball-Valves/ HTTP/1.1" 404 15889 "-" "Mozilla/5.0 AppleWebKit/537.36 (KHTML, like Gecko; compatible; bingbot/2.0; +http://www.bing.com/bingbot.htm) Chrome/116.0.1938.76 Safari/537.36"
162.0.235.240 - - [28/Apr/2025:05:35:46 -0400] "GET /wp-content/plugins/contact-form-7-style/admin/predefined-templates.json HTTP/1.1" 200 1323 "-" "WordPress/6.8; https://batconpakistan.org"
162.0.235.240 - - [28/Apr/2025:05:35:47 -0400] "POST /wp-cron.php?doing_wp_cron=1745832947.1660809516906738281250 HTTP/1.1" 200 0 "-" "WordPress/6.8; https://batconpakistan.org"
2a03:2880:f800:d:: - - [28/Apr/2025:05:35:45 -0400] "GET /2021/09/ HTTP/1.1" 200 18677 "-" "meta-externalagent/1.1 (+https://developers.facebook.com/docs/sharing/webmasters/crawler)"
162.0.235.240 - - [28/Apr/2025:05:35:48 -0400] "GET /wp-content/plugins/contact-form-7-style/admin/predefined-templates.json HTTP/1.1" 200 1323 "-" "WordPress/6.8; https://batconpakistan.org"
2a02:4780:11:1234::73 - - [28/Apr/2025:05:36:02 -0400] "POST /xmlrpc.php HTTP/1.1" 403 1242 "https://batconpakistan.org" "Mozilla/5.0 (Windows NT 10.0; Win64; x64) AppleWebKit/537.36 (KHTML, like Gecko) Chrome/112.0.5615.138 Safari/537.36"
66.249.66.75 - - [28/Apr/2025:05:36:27 -0400] "GET / HTTP/1.1" 200 23496 "-" "Mozilla/5.0 (compatible; Googlebot/2.1; +http://www.google.com/bot.html)"
162.0.235.240 - - [28/Apr/2025:05:39:24 -0400] "GET /wp-content/plugins/contact-form-7-style/admin/predefined-templates.json HTTP/1.1" 200 1323 "-" "WordPress/6.8; https://batconpakistan.org"
162.0.235.240 - - [28/Apr/2025:05:39:27 -0400] "POST /wp-cron.php?doing_wp_cron=1745833166.9078719615936279296875 HTTP/1.1" 200 0 "-" "WordPress/6.8; https://batconpakistan.org"
162.0.235.240 - - [28/Apr/2025:05:39:28 -0400] "GET /wp-content/plugins/contact-form-7-style/admin/predefined-templates.json HTTP/1.1" 200 1323 "-" "WordPress/6.8; https://batconpakistan.org"
2a03:2880:f800:4:: - - [28/Apr/2025:05:39:11 -0400] "GET /2023/10/03/nipah-virus-alert-heightened-risks-and-precautionary-measures-in-pakistan/ HTTP/1.1" 200 23560 "-" "meta-externalagent/1.1 (+https://developers.facebook.com/docs/sharing/webmasters/crawler)"
162.0.235.240 - - [28/Apr/2025:05:39:29 -0400] "POST /wp-admin/admin-ajax.php?action=async_litespeed&nonce=5G0JHj4a5t5NiPui0eC7NADxrCucO9pQ&litespeed_type=imgoptm HTTP/1.1" 200 0 "-" "WordPress/6.8; https://batconpakistan.org"
162.0.235.240 - - [28/Apr/2025:05:39:31 -0400] "GET /wp-content/plugins/contact-form-7-style/admin/predefined-templates.json HTTP/1.1" 200 1323 "-" "WordPress/6.8; https://batconpakistan.org"
103.221.222.85 - - [28/Apr/2025:05:42:08 -0400] "POST /xmlrpc.php HTTP/1.1" 403 1242 "https://batconpakistan.org" "Mozilla/5.0 (Windows NT 10.0; Win64; x64; rv:129.0) Gecko/20100101 Firefox/129.0"
162.0.235.240 - - [28/Apr/2025:05:46:09 -0400] "GET /wp-content/plugins/contact-form-7-style/admin/predefined-templates.json HTTP/1.1" 200 1323 "-" "WordPress/6.8; https://batconpakistan.org"
162.0.235.240 - - [28/Apr/2025:05:46:14 -0400] "POST /wp-cron.php?doing_wp_cron=1745833574.3474829196929931640625 HTTP/1.1" 200 0 "-" "WordPress/6.8; https://batconpakistan.org"
162.0.235.240 - - [28/Apr/2025:05:46:16 -0400] "GET /wp-content/plugins/contact-form-7-style/admin/predefined-templates.json HTTP/1.1" 200 1323 "-" "WordPress/6.8; https://batconpakistan.org"
40.77.167.7 - - [28/Apr/2025:05:45:53 -0400] "GET /Occupational-Health-&-Safety-Products-W-x-L-BlackGrayRedWhite-on-Yellow-Accuform-TDJ307XVM-Adhesive-DuraVinylS7-528000-Pipe-Markers/ HTTP/1.1" 200 16008 "-" "Mozilla/5.0 AppleWebKit/537.36 (KHTML, like Gecko; compatible; bingbot/2.0; +http://www.bing.com/bingbot.htm) Chrome/116.0.1938.76 Safari/537.36"
162.0.235.240 - - [28/Apr/2025:05:46:17 -0400] "POST /wp-admin/admin-ajax.php?action=async_litespeed&nonce=VO9gk519wVoNSBzdz3LQJBAf1I01Ix5v&litespeed_type=imgoptm HTTP/1.1" 200 0 "-" "WordPress/6.8; https://batconpakistan.org"
162.0.235.240 - - [28/Apr/2025:05:46:20 -0400] "GET /wp-content/plugins/contact-form-7-style/admin/predefined-templates.json HTTP/1.1" 200 1323 "-" "WordPress/6.8; https://batconpakistan.org"
162.0.235.240 - - [28/Apr/2025:05:47:41 -0400] "GET /wp-content/plugins/contact-form-7-style/admin/predefined-templates.json HTTP/1.1" 200 1323 "-" "WordPress/6.8; https://batconpakistan.org"
162.0.235.240 - - [28/Apr/2025:05:47:41 -0400] "POST /wp-cron.php?doing_wp_cron=1745833661.8478949069976806640625 HTTP/1.1" 200 0 "-" "WordPress/6.8; https://batconpakistan.org"
162.0.235.240 - - [28/Apr/2025:05:47:43 -0400] "GET /wp-content/plugins/contact-form-7-style/admin/predefined-templates.json HTTP/1.1" 200 1323 "-" "WordPress/6.8; https://batconpakistan.org"
199.195.248.147 - - [28/Apr/2025:05:47:39 -0400] "GET /wp-json/sure-triggers/v1/automation/action HTTP/1.1" 404 114 "-" "Mozilla/5.0 (Macintosh; Intel Mac OS X 10_15_7) AppleWebKit/537.36 (KHTML, like Gecko) Chrome/113.0.0.0 Safari/537.36"
162.0.235.240 - - [28/Apr/2025:05:47:44 -0400] "POST /wp-admin/admin-ajax.php?action=async_litespeed&nonce=UaGJLYDhSYBKgCdh6TSQkDApl1c3lLx0&litespeed_type=imgoptm HTTP/1.1" 200 0 "-" "WordPress/6.8; https://batconpakistan.org"
162.0.235.240 - - [28/Apr/2025:05:47:45 -0400] "GET /wp-content/plugins/contact-form-7-style/admin/predefined-templates.json HTTP/1.1" 200 1323 "-" "WordPress/6.8; https://batconpakistan.org"
199.188.207.22 - - [28/Apr/2025:05:48:09 -0400] "POST /xmlrpc.php HTTP/1.1" 403 1242 "https://batconpakistan.org" "Mozilla/5.0 (Windows NT 11.0; Win64; x64; rv:126.0) Gecko/20100101 Firefox/126.0"
162.0.235.240 - - [28/Apr/2025:05:49:39 -0400] "GET /wp-content/plugins/contact-form-7-style/admin/predefined-templates.json HTTP/1.1" 200 1323 "-" "WordPress/6.8; https://batconpakistan.org"
162.0.235.240 - - [28/Apr/2025:05:49:40 -0400] "POST /wp-cron.php?doing_wp_cron=1745833780.2322618961334228515625 HTTP/1.1" 200 0 "-" "WordPress/6.8; https://batconpakistan.org"
162.0.235.240 - - [28/Apr/2025:05:49:41 -0400] "GET /wp-content/plugins/contact-form-7-style/admin/predefined-templates.json HTTP/1.1" 200 1323 "-" "WordPress/6.8; https://batconpakistan.org"
40.77.167.7 - - [28/Apr/2025:05:49:33 -0400] "GET /Power-Transmission-Products-Wallet-Cover-Kickstand-Card-Holders-with-Free-WaterproofBag-Black-Huawei-Mate-655920-VBelt-Pulleys-&-Sheaves/ HTTP/1.1" 200 16006 "-" "Mozilla/5.0 AppleWebKit/537.36 (KHTML, like Gecko; compatible; bingbot/2.0; +http://www.bing.com/bingbot.htm) Chrome/116.0.1938.76 Safari/537.36"
162.0.235.240 - - [28/Apr/2025:05:49:41 -0400] "POST /wp-admin/admin-ajax.php?action=async_litespeed&nonce=r5xKpMQEvHuWQg9yZcAJS0X7ooRD9VaJ&litespeed_type=imgoptm HTTP/1.1" 200 0 "-" "WordPress/6.8; https://batconpakistan.org"
162.0.235.240 - - [28/Apr/2025:05:49:43 -0400] "GET /wp-content/plugins/contact-form-7-style/admin/predefined-templates.json HTTP/1.1" 200 1323 "-" "WordPress/6.8; https://batconpakistan.org"
162.0.235.240 - - [28/Apr/2025:05:49:56 -0400] "GET /wp-content/plugins/contact-form-7-style/admin/predefined-templates.json HTTP/1.1" 200 1323 "-" "WordPress/6.8; https://batconpakistan.org"
162.0.235.240 - - [28/Apr/2025:05:49:57 -0400] "POST /wp-cron.php?doing_wp_cron=1745833797.0754981040954589843750 HTTP/1.1" 200 0 "-" "WordPress/6.8; https://batconpakistan.org"
52.167.144.149 - - [28/Apr/2025:05:49:55 -0400] "GET /Industrial-Electrical-Bulb-with-Medium-Base-Pack-Reveal-234112-LED-Bulbs/ HTTP/1.1" 404 15890 "-" "Mozilla/5.0 AppleWebKit/537.36 (KHTML, like Gecko; compatible; bingbot/2.0; +http://www.bing.com/bingbot.htm) Chrome/116.0.1938.76 Safari/537.36"
162.0.235.240 - - [28/Apr/2025:05:49:58 -0400] "GET /wp-content/plugins/contact-form-7-style/admin/predefined-templates.json HTTP/1.1" 200 1323 "-" "WordPress/6.8; https://batconpakistan.org"
162.0.235.240 - - [28/Apr/2025:05:50:05 -0400] "GET /wp-content/plugins/contact-form-7-style/admin/predefined-templates.json HTTP/1.1" 200 1323 "-" "WordPress/6.8; https://batconpakistan.org"
162.0.235.240 - - [28/Apr/2025:05:50:07 -0400] "POST /wp-cron.php?doing_wp_cron=1745833806.7939779758453369140625 HTTP/1.1" 200 0 "-" "WordPress/6.8; https://batconpakistan.org"
40.77.167.7 - - [28/Apr/2025:05:50:03 -0400] "GET /Retail-Store-Fixtures-&-Equipment-Video-Surveillance-x-Victorian-Frame-756862-Store-Signs/ HTTP/1.1" 404 15888 "-" "Mozilla/5.0 AppleWebKit/537.36 (KHTML, like Gecko; compatible; bingbot/2.0; +http://www.bing.com/bingbot.htm) Chrome/116.0.1938.76 Safari/537.36"
162.0.235.240 - - [28/Apr/2025:05:50:08 -0400] "GET /wp-content/plugins/contact-form-7-style/admin/predefined-templates.json HTTP/1.1" 200 1323 "-" "WordPress/6.8; https://batconpakistan.org"
162.0.235.240 - - [28/Apr/2025:05:50:09 -0400] "POST /wp-admin/admin-ajax.php?action=async_litespeed&nonce=52v3zKJ2JnIbCFqOOeZsYXcDA0Ok0e6u&litespeed_type=imgoptm HTTP/1.1" 200 0 "-" "WordPress/6.8; https://batconpakistan.org"
162.0.235.240 - - [28/Apr/2025:05:50:11 -0400] "GET /wp-content/plugins/contact-form-7-style/admin/predefined-templates.json HTTP/1.1" 200 1323 "-" "WordPress/6.8; https://batconpakistan.org"
162.0.209.103 - - [28/Apr/2025:05:54:10 -0400] "POST /xmlrpc.php HTTP/1.1" 403 1242 "https://batconpakistan.org" "Mozilla/5.0 (Windows NT 10.0; Win64; x64) AppleWebKit/537.36 (KHTML, like Gecko) Chrome/114.0.5735.134 Safari/537.36"
64.226.78.121 - - [28/Apr/2025:05:55:09 -0400] "GET / HTTP/1.1" 200 23496 "-" "-"
64.226.78.121 - - [28/Apr/2025:05:55:10 -0400] "GET / HTTP/1.1" 200 23496 "-" "Mozilla/5.0 (Linux; Android 6.0; HTC One M9 Build/MRA233887) AppleWebKit/537.36 (KHTML, like Gecko) Chrome/52.0.1746.98 Mobile Safari/537.3"
64.226.78.121 - - [28/Apr/2025:05:55:11 -0400] "GET /@vite/env HTTP/1.1" 200 0 "-" "Go-http-client/1.1"
64.226.78.121 - - [28/Apr/2025:05:55:14 -0400] "GET /actuator/env HTTP/1.1" 200 0 "-" "Go-http-client/1.1"
64.226.78.121 - - [28/Apr/2025:05:55:17 -0400] "GET /server HTTP/1.1" 200 0 "-" "Go-http-client/1.1"
64.226.78.121 - - [28/Apr/2025:05:55:20 -0400] "GET /.vscode/sftp.json HTTP/1.1" 200 0 "-" "Go-http-client/1.1"
64.226.78.121 - - [28/Apr/2025:05:55:23 -0400] "GET /about HTTP/1.1" 200 0 "-" "Go-http-client/1.1"
64.226.78.121 - - [28/Apr/2025:05:55:26 -0400] "GET /debug/default/view?panel=config HTTP/1.1" 200 0 "-" "Go-http-client/1.1"
162.0.235.240 - - [28/Apr/2025:05:55:30 -0400] "GET /wp-content/plugins/contact-form-7-style/admin/predefined-templates.json HTTP/1.1" 200 1323 "-" "WordPress/6.8; https://batconpakistan.org"
162.0.235.240 - - [28/Apr/2025:05:55:30 -0400] "GET /wp-content/plugins/contact-form-7-style/admin/predefined-templates.json HTTP/1.1" 200 1323 "-" "WordPress/6.8; https://batconpakistan.org"
162.0.235.240 - - [28/Apr/2025:05:55:30 -0400] "GET /wp-content/plugins/contact-form-7-style/admin/predefined-templates.json HTTP/1.1" 200 1323 "-" "WordPress/6.8; https://batconpakistan.org"
162.0.235.240 - - [28/Apr/2025:05:55:30 -0400] "GET /wp-content/plugins/contact-form-7-style/admin/predefined-templates.json HTTP/1.1" 200 1323 "-" "WordPress/6.8; https://batconpakistan.org"
162.0.235.240 - - [28/Apr/2025:05:55:30 -0400] "GET /wp-content/plugins/contact-form-7-style/admin/predefined-templates.json HTTP/1.1" 200 1323 "-" "WordPress/6.8; https://batconpakistan.org"
162.0.235.240 - - [28/Apr/2025:05:55:30 -0400] "GET /wp-content/plugins/contact-form-7-style/admin/predefined-templates.json HTTP/1.1" 200 1323 "-" "WordPress/6.8; https://batconpakistan.org"
162.0.235.240 - - [28/Apr/2025:05:55:30 -0400] "GET /wp-content/plugins/contact-form-7-style/admin/predefined-templates.json HTTP/1.1" 200 1323 "-" "WordPress/6.8; https://batconpakistan.org"
64.226.78.121 - - [28/Apr/2025:05:55:29 -0400] "GET /v2/_catalog HTTP/1.1" 200 0 "-" "Go-http-client/1.1"
162.0.235.240 - - [28/Apr/2025:05:55:33 -0400] "GET /wp-content/plugins/contact-form-7-style/admin/predefined-templates.json HTTP/1.1" 200 1323 "-" "WordPress/6.8; https://batconpakistan.org"
162.0.235.240 - - [28/Apr/2025:05:55:34 -0400] "POST /wp-cron.php?doing_wp_cron=1745834134.3430221080780029296875 HTTP/1.1" 200 0 "-" "WordPress/6.8; https://batconpakistan.org"
162.0.235.240 - - [28/Apr/2025:05:55:34 -0400] "POST /wp-cron.php?doing_wp_cron=1745834134.3446691036224365234375 HTTP/1.1" 200 0 "-" "WordPress/6.8; https://batconpakistan.org"
162.0.235.240 - - [28/Apr/2025:05:55:34 -0400] "POST /wp-cron.php?doing_wp_cron=1745834134.3467559814453125000000 HTTP/1.1" 200 0 "-" "WordPress/6.8; https://batconpakistan.org"
162.0.235.240 - - [28/Apr/2025:05:55:34 -0400] "POST /wp-cron.php?doing_wp_cron=1745834134.3451540470123291015625 HTTP/1.1" 200 0 "-" "WordPress/6.8; https://batconpakistan.org"
64.226.78.121 - - [28/Apr/2025:05:55:32 -0400] "GET /ecp/Current/exporttool/microsoft.exchange.ediscovery.exporttool.application HTTP/1.1" 200 0 "-" "Go-http-client/1.1"
162.0.235.240 - - [28/Apr/2025:05:55:36 -0400] "GET /wp-content/plugins/contact-form-7-style/admin/predefined-templates.json HTTP/1.1" 200 1323 "-" "WordPress/6.8; https://batconpakistan.org"
162.0.235.240 - - [28/Apr/2025:05:55:36 -0400] "GET /wp-content/plugins/contact-form-7-style/admin/predefined-templates.json HTTP/1.1" 200 1323 "-" "WordPress/6.8; https://batconpakistan.org"
162.0.235.240 - - [28/Apr/2025:05:55:37 -0400] "GET /wp-content/plugins/contact-form-7-style/admin/predefined-templates.json HTTP/1.1" 200 1323 "-" "WordPress/6.8; https://batconpakistan.org"
162.0.235.240 - - [28/Apr/2025:05:55:37 -0400] "GET /wp-content/plugins/contact-form-7-style/admin/predefined-templates.json HTTP/1.1" 200 1323 "-" "WordPress/6.8; https://batconpakistan.org"
162.0.235.240 - - [28/Apr/2025:05:55:37 -0400] "GET /wp-content/plugins/contact-form-7-style/admin/predefined-templates.json HTTP/1.1" 200 1323 "-" "WordPress/6.8; https://batconpakistan.org"
64.226.78.121 - - [28/Apr/2025:05:55:35 -0400] "GET /login.action HTTP/1.1" 200 0 "-" "Go-http-client/1.1"
