162.0.235.240 - - [28/Apr/2025:17:35:55 -0400] "POST /wp-cron.php?doing_wp_cron=1745876155.2508571147918701171875 HTTP/1.1" 200 0 "-" "WordPress/6.8; https://batconpakistan.org"
13.74.68.224 - - [28/Apr/2025:17:35:54 -0400] "GET /file.php HTTP/1.1" 404 15888 "-" "-"
162.0.235.240 - - [28/Apr/2025:17:35:55 -0400] "GET /wp-content/plugins/contact-form-7-style/admin/predefined-templates.json HTTP/1.1" 200 1323 "-" "WordPress/6.8; https://batconpakistan.org"
162.0.235.240 - - [28/Apr/2025:17:35:56 -0400] "GET /wp-content/plugins/contact-form-7-style/admin/predefined-templates.json HTTP/1.1" 200 1323 "-" "WordPress/6.8; https://batconpakistan.org"
13.74.68.224 - - [28/Apr/2025:17:35:55 -0400] "GET /autoload_classmap.php HTTP/1.1" 301 0 "-" "-"
13.74.68.224 - - [28/Apr/2025:17:35:56 -0400] "GET /autoload_classmap.php HTTP/1.1" 404 15890 "-" "-"
162.0.235.240 - - [28/Apr/2025:17:35:58 -0400] "GET /wp-content/plugins/contact-form-7-style/admin/predefined-templates.json HTTP/1.1" 200 1323 "-" "WordPress/6.8; https://batconpakistan.org"
13.74.68.224 - - [28/Apr/2025:17:35:57 -0400] "GET /.well-known/caches.php.suspected HTTP/1.1" 301 0 "-" "-"
162.0.235.240 - - [28/Apr/2025:17:35:59 -0400] "GET /wp-content/plugins/contact-form-7-style/admin/predefined-templates.json HTTP/1.1" 200 1323 "-" "WordPress/6.8; https://batconpakistan.org"
13.74.68.224 - - [28/Apr/2025:17:35:58 -0400] "GET /.well-known/caches.php.suspected HTTP/1.1" 404 15891 "-" "-"
162.0.235.240 - - [28/Apr/2025:17:36:00 -0400] "GET /wp-content/plugins/contact-form-7-style/admin/predefined-templates.json HTTP/1.1" 200 1323 "-" "WordPress/6.8; https://batconpakistan.org"
13.74.68.224 - - [28/Apr/2025:17:35:59 -0400] "GET /wp-admin/user/index.php HTTP/1.1" 302 0 "-" "-"
162.0.235.240 - - [28/Apr/2025:17:36:01 -0400] "GET /wp-content/plugins/contact-form-7-style/admin/predefined-templates.json HTTP/1.1" 200 1323 "-" "WordPress/6.8; https://batconpakistan.org"
13.74.68.224 - - [28/Apr/2025:17:36:01 -0400] "GET /wp-login.php?redirect_to=https%3A%2F%2Fwww.batconpakistan.org%2Fwp-admin%2Fuser%2Findex.php&reauth=1 HTTP/1.1" 200 1894 "-" "-"
162.0.235.240 - - [28/Apr/2025:17:36:03 -0400] "GET /wp-content/plugins/contact-form-7-style/admin/predefined-templates.json HTTP/1.1" 200 1323 "-" "WordPress/6.8; https://batconpakistan.org"
13.74.68.224 - - [28/Apr/2025:17:36:02 -0400] "GET /admin.php HTTP/1.1" 301 0 "-" "-"
162.0.235.240 - - [28/Apr/2025:17:36:04 -0400] "GET /wp-content/plugins/contact-form-7-style/admin/predefined-templates.json HTTP/1.1" 200 1323 "-" "WordPress/6.8; https://batconpakistan.org"
13.74.68.224 - - [28/Apr/2025:17:36:03 -0400] "GET /admin.php HTTP/1.1" 404 15888 "-" "-"
162.0.235.240 - - [28/Apr/2025:17:36:05 -0400] "GET /wp-content/plugins/contact-form-7-style/admin/predefined-templates.json HTTP/1.1" 200 1323 "-" "WordPress/6.8; https://batconpakistan.org"
162.0.235.240 - - [28/Apr/2025:17:36:06 -0400] "POST /wp-cron.php?doing_wp_cron=1745876166.0045580863952636718750 HTTP/1.1" 200 0 "-" "WordPress/6.8; https://batconpakistan.org"
13.74.68.224 - - [28/Apr/2025:17:36:05 -0400] "GET /wp-includes/customize/chosen.php HTTP/1.1" 301 0 "-" "-"
162.0.235.240 - - [28/Apr/2025:17:36:06 -0400] "GET /wp-content/plugins/contact-form-7-style/admin/predefined-templates.json HTTP/1.1" 200 1323 "-" "WordPress/6.8; https://batconpakistan.org"
162.0.235.240 - - [28/Apr/2025:17:36:07 -0400] "GET /wp-content/plugins/contact-form-7-style/admin/predefined-templates.json HTTP/1.1" 200 1323 "-" "WordPress/6.8; https://batconpakistan.org"
13.74.68.224 - - [28/Apr/2025:17:36:06 -0400] "GET /wp-includes/customize/chosen.php HTTP/1.1" 404 15890 "-" "-"
162.0.235.240 - - [28/Apr/2025:17:36:07 -0400] "GET /wp-content/plugins/contact-form-7-style/admin/predefined-templates.json HTTP/1.1" 200 1323 "-" "WordPress/6.8; https://batconpakistan.org"
162.0.235.240 - - [28/Apr/2025:17:36:06 -0400] "POST /wp-admin/admin-ajax.php?action=async_litespeed&nonce=ebOEmJQwCRNbqD7qKiFvri5iQtNkECWY&litespeed_type=imgoptm HTTP/1.1" 200 0 "-" "WordPress/6.8; https://batconpakistan.org"
162.0.235.240 - - [28/Apr/2025:17:36:08 -0400] "GET /wp-content/plugins/contact-form-7-style/admin/predefined-templates.json HTTP/1.1" 200 1323 "-" "WordPress/6.8; https://batconpakistan.org"
13.74.68.224 - - [28/Apr/2025:17:36:07 -0400] "GET /wp-content/themes/about.php HTTP/1.1" 301 0 "-" "-"
13.74.68.224 - - [28/Apr/2025:17:36:09 -0400] "GET /wp-content/themes/about.php HTTP/1.1" 404 15888 "-" "-"
162.0.235.240 - - [28/Apr/2025:17:36:10 -0400] "GET /wp-content/plugins/contact-form-7-style/admin/predefined-templates.json HTTP/1.1" 200 1323 "-" "WordPress/6.8; https://batconpakistan.org"
13.74.68.224 - - [28/Apr/2025:17:36:09 -0400] "GET /wp-admin/classwithtostring.php HTTP/1.1" 301 0 "-" "-"
162.0.235.240 - - [28/Apr/2025:17:36:11 -0400] "GET /wp-content/plugins/contact-form-7-style/admin/predefined-templates.json HTTP/1.1" 200 1323 "-" "WordPress/6.8; https://batconpakistan.org"
13.74.68.224 - - [28/Apr/2025:17:36:10 -0400] "GET /wp-admin/classwithtostring.php HTTP/1.1" 404 15890 "-" "-"
162.0.235.240 - - [28/Apr/2025:17:36:13 -0400] "GET /wp-content/plugins/contact-form-7-style/admin/predefined-templates.json HTTP/1.1" 200 1323 "-" "WordPress/6.8; https://batconpakistan.org"
13.74.68.224 - - [28/Apr/2025:17:36:12 -0400] "GET /new.php HTTP/1.1" 301 0 "-" "-"
162.0.235.240 - - [28/Apr/2025:17:36:14 -0400] "GET /wp-content/plugins/contact-form-7-style/admin/predefined-templates.json HTTP/1.1" 200 1323 "-" "WordPress/6.8; https://batconpakistan.org"
13.74.68.224 - - [28/Apr/2025:17:36:13 -0400] "GET /new.php HTTP/1.1" 404 15890 "-" "-"
162.0.235.240 - - [28/Apr/2025:17:36:16 -0400] "GET /wp-content/plugins/contact-form-7-style/admin/predefined-templates.json HTTP/1.1" 200 1323 "-" "WordPress/6.8; https://batconpakistan.org"
13.74.68.224 - - [28/Apr/2025:17:36:15 -0400] "GET /goods.php HTTP/1.1" 301 0 "-" "-"
162.0.235.240 - - [28/Apr/2025:17:36:17 -0400] "GET /wp-content/plugins/contact-form-7-style/admin/predefined-templates.json HTTP/1.1" 200 1323 "-" "WordPress/6.8; https://batconpakistan.org"
13.74.68.224 - - [28/Apr/2025:17:36:16 -0400] "GET /goods.php HTTP/1.1" 404 15888 "-" "-"
162.0.235.240 - - [28/Apr/2025:17:36:18 -0400] "GET /wp-content/plugins/contact-form-7-style/admin/predefined-templates.json HTTP/1.1" 200 1323 "-" "WordPress/6.8; https://batconpakistan.org"
13.74.68.224 - - [28/Apr/2025:17:36:18 -0400] "GET /wp-admin/js/index.php HTTP/1.1" 301 0 "-" "-"
13.74.68.224 - - [28/Apr/2025:17:36:19 -0400] "GET /wp-admin/js/ HTTP/1.1" 403 1242 "-" "-"
162.0.235.240 - - [28/Apr/2025:17:36:20 -0400] "GET /wp-content/plugins/contact-form-7-style/admin/predefined-templates.json HTTP/1.1" 200 1323 "-" "WordPress/6.8; https://batconpakistan.org"
13.74.68.224 - - [28/Apr/2025:17:36:19 -0400] "GET /makeasmtp.php HTTP/1.1" 301 0 "-" "-"
162.0.235.240 - - [28/Apr/2025:17:36:21 -0400] "GET /wp-content/plugins/contact-form-7-style/admin/predefined-templates.json HTTP/1.1" 200 1323 "-" "WordPress/6.8; https://batconpakistan.org"
13.74.68.224 - - [28/Apr/2025:17:36:20 -0400] "GET /makeasmtp.php HTTP/1.1" 404 15890 "-" "-"
162.0.235.240 - - [28/Apr/2025:17:36:24 -0400] "GET /wp-content/plugins/contact-form-7-style/admin/predefined-templates.json HTTP/1.1" 200 1323 "-" "WordPress/6.8; https://batconpakistan.org"
13.74.68.224 - - [28/Apr/2025:17:36:22 -0400] "GET /wp-content/autoload_classmap.php HTTP/1.1" 301 0 "-" "-"
162.0.235.240 - - [28/Apr/2025:17:36:25 -0400] "GET /wp-content/plugins/contact-form-7-style/admin/predefined-templates.json HTTP/1.1" 200 1323 "-" "WordPress/6.8; https://batconpakistan.org"
13.74.68.224 - - [28/Apr/2025:17:36:24 -0400] "GET /wp-content/autoload_classmap.php HTTP/1.1" 404 15888 "-" "-"
13.74.68.224 - - [28/Apr/2025:17:36:26 -0400] "GET /wp-content/plugins/index.php HTTP/1.1" 200 0 "-" "-"
162.0.235.240 - - [28/Apr/2025:17:36:27 -0400] "GET /wp-content/plugins/contact-form-7-style/admin/predefined-templates.json HTTP/1.1" 200 1323 "-" "WordPress/6.8; https://batconpakistan.org"
13.74.68.224 - - [28/Apr/2025:17:36:26 -0400] "GET /wp-admin/css/colors/blue/admin.php HTTP/1.1" 301 0 "-" "-"
162.0.235.240 - - [28/Apr/2025:17:36:28 -0400] "GET /wp-content/plugins/contact-form-7-style/admin/predefined-templates.json HTTP/1.1" 200 1323 "-" "WordPress/6.8; https://batconpakistan.org"
13.74.68.224 - - [28/Apr/2025:17:36:27 -0400] "GET /wp-admin/css/colors/blue/admin.php HTTP/1.1" 404 15889 "-" "-"
162.0.235.240 - - [28/Apr/2025:17:36:30 -0400] "GET /wp-content/plugins/contact-form-7-style/admin/predefined-templates.json HTTP/1.1" 200 1323 "-" "WordPress/6.8; https://batconpakistan.org"
13.74.68.224 - - [28/Apr/2025:17:36:29 -0400] "GET /wp-admin/options.php HTTP/1.1" 302 0 "-" "-"
162.0.235.240 - - [28/Apr/2025:17:36:31 -0400] "GET /wp-content/plugins/contact-form-7-style/admin/predefined-templates.json HTTP/1.1" 200 1323 "-" "WordPress/6.8; https://batconpakistan.org"
13.74.68.224 - - [28/Apr/2025:17:36:30 -0400] "GET /wp-login.php?redirect_to=https%3A%2F%2Fwww.batconpakistan.org%2Fwp-admin%2Foptions.php&reauth=1 HTTP/1.1" 200 1898 "-" "-"
162.0.235.240 - - [28/Apr/2025:17:36:32 -0400] "GET /wp-content/plugins/contact-form-7-style/admin/predefined-templates.json HTTP/1.1" 200 1323 "-" "WordPress/6.8; https://batconpakistan.org"
13.74.68.224 - - [28/Apr/2025:17:36:31 -0400] "GET /readme.php HTTP/1.1" 301 0 "-" "-"
162.0.235.240 - - [28/Apr/2025:17:36:33 -0400] "GET /wp-content/plugins/contact-form-7-style/admin/predefined-templates.json HTTP/1.1" 200 1323 "-" "WordPress/6.8; https://batconpakistan.org"
13.74.68.224 - - [28/Apr/2025:17:36:32 -0400] "GET /readme.php HTTP/1.1" 404 15890 "-" "-"
162.0.235.240 - - [28/Apr/2025:17:36:35 -0400] "GET /wp-content/plugins/contact-form-7-style/admin/predefined-templates.json HTTP/1.1" 200 1323 "-" "WordPress/6.8; https://batconpakistan.org"
13.74.68.224 - - [28/Apr/2025:17:36:34 -0400] "GET /shell.php HTTP/1.1" 301 0 "-" "-"
162.0.235.240 - - [28/Apr/2025:17:36:36 -0400] "GET /wp-content/plugins/contact-form-7-style/admin/predefined-templates.json HTTP/1.1" 200 1323 "-" "WordPress/6.8; https://batconpakistan.org"
13.74.68.224 - - [28/Apr/2025:17:36:35 -0400] "GET /shell.php HTTP/1.1" 404 15890 "-" "-"
162.0.235.240 - - [28/Apr/2025:17:36:37 -0400] "GET /wp-content/plugins/contact-form-7-style/admin/predefined-templates.json HTTP/1.1" 200 1323 "-" "WordPress/6.8; https://batconpakistan.org"
13.74.68.224 - - [28/Apr/2025:17:36:37 -0400] "GET /hehe.php HTTP/1.1" 301 0 "-" "-"
162.0.235.240 - - [28/Apr/2025:17:36:39 -0400] "GET /wp-content/plugins/contact-form-7-style/admin/predefined-templates.json HTTP/1.1" 200 1323 "-" "WordPress/6.8; https://batconpakistan.org"
13.74.68.224 - - [28/Apr/2025:17:36:38 -0400] "GET /hehe.php HTTP/1.1" 404 15890 "-" "-"
162.0.235.240 - - [28/Apr/2025:17:36:40 -0400] "GET /wp-content/plugins/contact-form-7-style/admin/predefined-templates.json HTTP/1.1" 200 1323 "-" "WordPress/6.8; https://batconpakistan.org"
162.0.235.240 - - [28/Apr/2025:17:36:40 -0400] "POST /wp-cron.php?doing_wp_cron=1745876200.7566390037536621093750 HTTP/1.1" 200 0 "-" "WordPress/6.8; https://batconpakistan.org"
13.74.68.224 - - [28/Apr/2025:17:36:39 -0400] "GET /cong.php HTTP/1.1" 301 0 "-" "-"
13.74.68.224 - - [28/Apr/2025:17:36:41 -0400] "GET /cong.php HTTP/1.1" 404 15889 "-" "-"
162.0.235.240 - - [28/Apr/2025:17:36:41 -0400] "GET /wp-content/plugins/contact-form-7-style/admin/predefined-templates.json HTTP/1.1" 200 1323 "-" "WordPress/6.8; https://batconpakistan.org"
162.0.235.240 - - [28/Apr/2025:17:36:42 -0400] "GET /wp-content/plugins/contact-form-7-style/admin/predefined-templates.json HTTP/1.1" 200 1323 "-" "WordPress/6.8; https://batconpakistan.org"
13.74.68.224 - - [28/Apr/2025:17:36:41 -0400] "GET /admin/function.php HTTP/1.1" 301 0 "-" "-"
162.0.235.240 - - [28/Apr/2025:17:36:43 -0400] "GET /wp-content/plugins/contact-form-7-style/admin/predefined-templates.json HTTP/1.1" 200 1323 "-" "WordPress/6.8; https://batconpakistan.org"
13.74.68.224 - - [28/Apr/2025:17:36:42 -0400] "GET /admin/function.php HTTP/1.1" 404 15890 "-" "-"
162.0.235.240 - - [28/Apr/2025:17:36:45 -0400] "GET /wp-content/plugins/contact-form-7-style/admin/predefined-templates.json HTTP/1.1" 200 1323 "-" "WordPress/6.8; https://batconpakistan.org"
13.74.68.224 - - [28/Apr/2025:17:36:44 -0400] "GET /k.php HTTP/1.1" 301 0 "-" "-"
162.0.235.240 - - [28/Apr/2025:17:36:46 -0400] "GET /wp-content/plugins/contact-form-7-style/admin/predefined-templates.json HTTP/1.1" 200 1323 "-" "WordPress/6.8; https://batconpakistan.org"
13.74.68.224 - - [28/Apr/2025:17:36:45 -0400] "GET /k.php HTTP/1.1" 404 15890 "-" "-"
162.0.235.240 - - [28/Apr/2025:17:36:47 -0400] "GET /wp-content/plugins/contact-form-7-style/admin/predefined-templates.json HTTP/1.1" 200 1323 "-" "WordPress/6.8; https://batconpakistan.org"
13.74.68.224 - - [28/Apr/2025:17:36:46 -0400] "GET /inputs.php HTTP/1.1" 301 0 "-" "-"
162.0.235.240 - - [28/Apr/2025:17:36:48 -0400] "GET /wp-content/plugins/contact-form-7-style/admin/predefined-templates.json HTTP/1.1" 200 1323 "-" "WordPress/6.8; https://batconpakistan.org"
162.0.235.240 - - [28/Apr/2025:17:36:49 -0400] "POST /wp-cron.php?doing_wp_cron=1745876209.0917758941650390625000 HTTP/1.1" 200 0 "-" "WordPress/6.8; https://batconpakistan.org"
13.74.68.224 - - [28/Apr/2025:17:36:48 -0400] "GET /inputs.php HTTP/1.1" 404 15888 "-" "-"
162.0.235.240 - - [28/Apr/2025:17:36:49 -0400] "GET /wp-content/plugins/contact-form-7-style/admin/predefined-templates.json HTTP/1.1" 200 1323 "-" "WordPress/6.8; https://batconpakistan.org"
162.0.235.240 - - [28/Apr/2025:17:36:50 -0400] "GET /wp-content/plugins/contact-form-7-style/admin/predefined-templates.json HTTP/1.1" 200 1323 "-" "WordPress/6.8; https://batconpakistan.org"
13.74.68.224 - - [28/Apr/2025:17:36:49 -0400] "GET /item.php HTTP/1.1" 301 0 "-" "-"
162.0.235.240 - - [28/Apr/2025:17:36:51 -0400] "GET /wp-content/plugins/contact-form-7-style/admin/predefined-templates.json HTTP/1.1" 200 1323 "-" "WordPress/6.8; https://batconpakistan.org"
13.74.68.224 - - [28/Apr/2025:17:36:50 -0400] "GET /item.php HTTP/1.1" 404 15891 "-" "-"
162.0.235.240 - - [28/Apr/2025:17:36:53 -0400] "GET /wp-content/plugins/contact-form-7-style/admin/predefined-templates.json HTTP/1.1" 200 1323 "-" "WordPress/6.8; https://batconpakistan.org"
13.74.68.224 - - [28/Apr/2025:17:36:52 -0400] "GET /about/function.php HTTP/1.1" 301 0 "-" "-"
162.0.235.240 - - [28/Apr/2025:17:36:54 -0400] "GET /wp-content/plugins/contact-form-7-style/admin/predefined-templates.json HTTP/1.1" 200 1323 "-" "WordPress/6.8; https://batconpakistan.org"
13.74.68.224 - - [28/Apr/2025:17:36:53 -0400] "GET /about/function.php HTTP/1.1" 404 15890 "-" "-"
162.0.235.240 - - [28/Apr/2025:17:36:56 -0400] "GET /wp-content/plugins/contact-form-7-style/admin/predefined-templates.json HTTP/1.1" 200 1323 "-" "WordPress/6.8; https://batconpakistan.org"
162.0.235.240 - - [28/Apr/2025:17:36:56 -0400] "POST /wp-cron.php?doing_wp_cron=1745876216.4853539466857910156250 HTTP/1.1" 200 0 "-" "WordPress/6.8; https://batconpakistan.org"
13.74.68.224 - - [28/Apr/2025:17:36:55 -0400] "GET /classwithtostring.php HTTP/1.1" 301 0 "-" "-"
162.0.235.240 - - [28/Apr/2025:17:36:56 -0400] "GET /wp-content/plugins/contact-form-7-style/admin/predefined-templates.json HTTP/1.1" 200 1323 "-" "WordPress/6.8; https://batconpakistan.org"
162.0.235.240 - - [28/Apr/2025:17:36:57 -0400] "GET /wp-content/plugins/contact-form-7-style/admin/predefined-templates.json HTTP/1.1" 200 1323 "-" "WordPress/6.8; https://batconpakistan.org"
13.74.68.224 - - [28/Apr/2025:17:36:56 -0400] "GET /classwithtostring.php HTTP/1.1" 404 15889 "-" "-"
162.0.235.240 - - [28/Apr/2025:17:36:59 -0400] "GET /wp-content/plugins/contact-form-7-style/admin/predefined-templates.json HTTP/1.1" 200 1323 "-" "WordPress/6.8; https://batconpakistan.org"
13.74.68.224 - - [28/Apr/2025:17:36:58 -0400] "GET /wp-admin/includes/about.php HTTP/1.1" 301 0 "-" "-"
13.74.68.224 - - [28/Apr/2025:17:36:59 -0400] "GET /wp-admin/includes/about.php HTTP/1.1" 404 15888 "-" "-"
162.0.235.240 - - [28/Apr/2025:17:37:00 -0400] "GET /wp-content/plugins/contact-form-7-style/admin/predefined-templates.json HTTP/1.1" 200 1323 "-" "WordPress/6.8; https://batconpakistan.org"
13.74.68.224 - - [28/Apr/2025:17:36:59 -0400] "GET /as.php HTTP/1.1" 301 0 "-" "-"
162.0.235.240 - - [28/Apr/2025:17:37:01 -0400] "GET /wp-content/plugins/contact-form-7-style/admin/predefined-templates.json HTTP/1.1" 200 1323 "-" "WordPress/6.8; https://batconpakistan.org"
13.74.68.224 - - [28/Apr/2025:17:37:01 -0400] "GET /as.php HTTP/1.1" 404 15890 "-" "-"
162.0.235.240 - - [28/Apr/2025:17:37:03 -0400] "GET /wp-content/plugins/contact-form-7-style/admin/predefined-templates.json HTTP/1.1" 200 1323 "-" "WordPress/6.8; https://batconpakistan.org"
13.74.68.224 - - [28/Apr/2025:17:37:02 -0400] "GET /wp-includes/css/about.php HTTP/1.1" 301 0 "-" "-"
162.0.235.240 - - [28/Apr/2025:17:37:04 -0400] "GET /wp-content/plugins/contact-form-7-style/admin/predefined-templates.json HTTP/1.1" 200 1323 "-" "WordPress/6.8; https://batconpakistan.org"
13.74.68.224 - - [28/Apr/2025:17:37:04 -0400] "GET /wp-includes/css/about.php HTTP/1.1" 404 15890 "-" "-"
162.0.235.240 - - [28/Apr/2025:17:37:06 -0400] "GET /wp-content/plugins/contact-form-7-style/admin/predefined-templates.json HTTP/1.1" 200 1323 "-" "WordPress/6.8; https://batconpakistan.org"
162.0.235.240 - - [28/Apr/2025:17:37:06 -0400] "POST /wp-cron.php?doing_wp_cron=1745876226.3729500770568847656250 HTTP/1.1" 200 0 "-" "WordPress/6.8; https://batconpakistan.org"
13.74.68.224 - - [28/Apr/2025:17:37:05 -0400] "GET /aa.php HTTP/1.1" 301 0 "-" "-"
162.0.235.240 - - [28/Apr/2025:17:37:06 -0400] "GET /wp-content/plugins/contact-form-7-style/admin/predefined-templates.json HTTP/1.1" 200 1323 "-" "WordPress/6.8; https://batconpakistan.org"
162.0.235.240 - - [28/Apr/2025:17:37:07 -0400] "GET /wp-content/plugins/contact-form-7-style/admin/predefined-templates.json HTTP/1.1" 200 1323 "-" "WordPress/6.8; https://batconpakistan.org"
13.74.68.224 - - [28/Apr/2025:17:37:06 -0400] "GET /aa.php HTTP/1.1" 404 15891 "-" "-"
162.0.235.240 - - [28/Apr/2025:17:37:08 -0400] "GET /wp-content/plugins/contact-form-7-style/admin/predefined-templates.json HTTP/1.1" 200 1323 "-" "WordPress/6.8; https://batconpakistan.org"
162.0.235.240 - - [28/Apr/2025:17:37:07 -0400] "POST /wp-admin/admin-ajax.php?action=async_litespeed&nonce=BxgWi5m0e9nG5cdIMhvHVbktPfLOOZzx&litespeed_type=imgoptm HTTP/1.1" 200 0 "-" "WordPress/6.8; https://batconpakistan.org"
13.74.68.224 - - [28/Apr/2025:17:37:08 -0400] "GET /wp-admin/maint/ HTTP/1.1" 200 0 "-" "-"
162.0.235.240 - - [28/Apr/2025:17:37:09 -0400] "GET /wp-content/plugins/contact-form-7-style/admin/predefined-templates.json HTTP/1.1" 200 1323 "-" "WordPress/6.8; https://batconpakistan.org"
13.74.68.224 - - [28/Apr/2025:17:37:08 -0400] "GET /zwso.php HTTP/1.1" 301 0 "-" "-"
162.0.235.240 - - [28/Apr/2025:17:37:10 -0400] "GET /wp-content/plugins/contact-form-7-style/admin/predefined-templates.json HTTP/1.1" 200 1323 "-" "WordPress/6.8; https://batconpakistan.org"
13.74.68.224 - - [28/Apr/2025:17:37:09 -0400] "GET /zwso.php HTTP/1.1" 404 15890 "-" "-"
162.0.235.240 - - [28/Apr/2025:17:37:11 -0400] "GET /wp-content/plugins/contact-form-7-style/admin/predefined-templates.json HTTP/1.1" 200 1323 "-" "WordPress/6.8; https://batconpakistan.org"
13.74.68.224 - - [28/Apr/2025:17:37:11 -0400] "GET /wp-configs.php HTTP/1.1" 301 0 "-" "-"
13.74.68.224 - - [28/Apr/2025:17:37:12 -0400] "GET /wp-configs.php HTTP/1.1" 404 15888 "-" "-"
162.0.235.240 - - [28/Apr/2025:17:37:13 -0400] "GET /wp-content/plugins/contact-form-7-style/admin/predefined-templates.json HTTP/1.1" 200 1323 "-" "WordPress/6.8; https://batconpakistan.org"
13.74.68.224 - - [28/Apr/2025:17:37:12 -0400] "GET /files/index.php HTTP/1.1" 301 0 "-" "-"
162.0.235.240 - - [28/Apr/2025:17:37:14 -0400] "GET /wp-content/plugins/contact-form-7-style/admin/predefined-templates.json HTTP/1.1" 200 1323 "-" "WordPress/6.8; https://batconpakistan.org"
13.74.68.224 - - [28/Apr/2025:17:37:13 -0400] "GET /files/ HTTP/1.1" 404 15890 "-" "-"
162.0.235.240 - - [28/Apr/2025:17:37:16 -0400] "GET /wp-content/plugins/contact-form-7-style/admin/predefined-templates.json HTTP/1.1" 200 1323 "-" "WordPress/6.8; https://batconpakistan.org"
13.74.68.224 - - [28/Apr/2025:17:37:15 -0400] "GET /wp-content/plugins/WordPressCore/include.php HTTP/1.1" 301 0 "-" "-"
13.74.68.224 - - [28/Apr/2025:17:37:16 -0400] "GET /wp-content/plugins/WordPressCore/include.php HTTP/1.1" 404 15890 "-" "-"
162.0.235.240 - - [28/Apr/2025:17:37:17 -0400] "GET /wp-content/plugins/contact-form-7-style/admin/predefined-templates.json HTTP/1.1" 200 1323 "-" "WordPress/6.8; https://batconpakistan.org"
13.74.68.224 - - [28/Apr/2025:17:37:16 -0400] "GET /wp-admin/css/index.php HTTP/1.1" 301 0 "-" "-"
13.74.68.224 - - [28/Apr/2025:17:37:18 -0400] "GET /wp-admin/css/ HTTP/1.1" 403 1242 "-" "-"
162.0.235.240 - - [28/Apr/2025:17:37:19 -0400] "GET /wp-content/plugins/contact-form-7-style/admin/predefined-templates.json HTTP/1.1" 200 1323 "-" "WordPress/6.8; https://batconpakistan.org"
13.74.68.224 - - [28/Apr/2025:17:37:18 -0400] "GET /simple/function.php HTTP/1.1" 301 0 "-" "-"
162.0.235.240 - - [28/Apr/2025:17:37:20 -0400] "GET /wp-content/plugins/contact-form-7-style/admin/predefined-templates.json HTTP/1.1" 200 1323 "-" "WordPress/6.8; https://batconpakistan.org"
13.74.68.224 - - [28/Apr/2025:17:37:19 -0400] "GET /simple/function.php HTTP/1.1" 404 15890 "-" "-"
162.0.235.240 - - [28/Apr/2025:17:37:21 -0400] "GET /wp-content/plugins/contact-form-7-style/admin/predefined-templates.json HTTP/1.1" 200 1323 "-" "WordPress/6.8; https://batconpakistan.org"
13.74.68.224 - - [28/Apr/2025:17:37:21 -0400] "GET /css/index.php HTTP/1.1" 301 0 "-" "-"
162.0.235.240 - - [28/Apr/2025:17:37:22 -0400] "GET /wp-content/plugins/contact-form-7-style/admin/predefined-templates.json HTTP/1.1" 200 1323 "-" "WordPress/6.8; https://batconpakistan.org"
13.74.68.224 - - [28/Apr/2025:17:37:22 -0400] "GET /css/ HTTP/1.1" 404 15890 "-" "-"
13.74.68.224 - - [28/Apr/2025:17:37:23 -0400] "GET /wp-includes/assets/index.php HTTP/1.1" 403 1242 "-" "-"
162.0.235.240 - - [28/Apr/2025:17:37:24 -0400] "GET /wp-content/plugins/contact-form-7-style/admin/predefined-templates.json HTTP/1.1" 200 1323 "-" "WordPress/6.8; https://batconpakistan.org"
13.74.68.224 - - [28/Apr/2025:17:37:23 -0400] "GET /index.php HTTP/1.1" 301 0 "-" "-"
13.74.68.224 - - [28/Apr/2025:17:37:24 -0400] "GET / HTTP/1.1" 200 23495 "-" "-"
162.0.235.240 - - [28/Apr/2025:17:37:26 -0400] "GET /wp-content/plugins/contact-form-7-style/admin/predefined-templates.json HTTP/1.1" 200 1323 "-" "WordPress/6.8; https://batconpakistan.org"
13.74.68.224 - - [28/Apr/2025:17:37:25 -0400] "GET /wp-admin/images/admin.php HTTP/1.1" 301 0 "-" "-"
162.0.235.240 - - [28/Apr/2025:17:37:27 -0400] "GET /wp-content/plugins/contact-form-7-style/admin/predefined-templates.json HTTP/1.1" 200 1323 "-" "WordPress/6.8; https://batconpakistan.org"
13.74.68.224 - - [28/Apr/2025:17:37:26 -0400] "GET /wp-admin/images/admin.php HTTP/1.1" 404 15889 "-" "-"
162.0.235.240 - - [28/Apr/2025:17:37:28 -0400] "GET /wp-content/plugins/contact-form-7-style/admin/predefined-templates.json HTTP/1.1" 200 1323 "-" "WordPress/6.8; https://batconpakistan.org"
13.74.68.224 - - [28/Apr/2025:17:37:28 -0400] "GET /chosen.php HTTP/1.1" 301 0 "-" "-"
13.74.68.224 - - [28/Apr/2025:17:37:29 -0400] "GET /chosen.php HTTP/1.1" 404 15890 "-" "-"
162.0.235.240 - - [28/Apr/2025:17:37:30 -0400] "GET /wp-content/plugins/contact-form-7-style/admin/predefined-templates.json HTTP/1.1" 200 1323 "-" "WordPress/6.8; https://batconpakistan.org"
13.74.68.224 - - [28/Apr/2025:17:37:29 -0400] "GET /wp-file.php HTTP/1.1" 301 0 "-" "-"
162.0.235.240 - - [28/Apr/2025:17:37:31 -0400] "GET /wp-content/plugins/contact-form-7-style/admin/predefined-templates.json HTTP/1.1" 200 1323 "-" "WordPress/6.8; https://batconpakistan.org"
13.74.68.224 - - [28/Apr/2025:17:37:30 -0400] "GET /wp-file.php HTTP/1.1" 404 15890 "-" "-"
13.74.68.224 - - [28/Apr/2025:17:37:32 -0400] "GET /.well-known/pki-validation/xmrlpc.php HTTP/1.1" 404 1251 "-" "-"
162.0.235.240 - - [28/Apr/2025:17:37:33 -0400] "GET /wp-content/plugins/contact-form-7-style/admin/predefined-templates.json HTTP/1.1" 200 1323 "-" "WordPress/6.8; https://batconpakistan.org"
13.74.68.224 - - [28/Apr/2025:17:37:32 -0400] "GET /edit.php HTTP/1.1" 301 0 "-" "-"
13.74.68.224 - - [28/Apr/2025:17:37:33 -0400] "GET /edit.php HTTP/1.1" 404 15888 "-" "-"
13.74.68.224 - - [28/Apr/2025:17:37:34 -0400] "GET /wp-content/ HTTP/1.1" 200 0 "-" "-"
162.0.235.240 - - [28/Apr/2025:17:37:35 -0400] "GET /wp-content/plugins/contact-form-7-style/admin/predefined-templates.json HTTP/1.1" 200 1323 "-" "WordPress/6.8; https://batconpakistan.org"
13.74.68.224 - - [28/Apr/2025:17:37:34 -0400] "GET /wp-admin/css/colors/blue/index.php/ HTTP/1.1" 301 0 "-" "-"
13.74.68.224 - - [28/Apr/2025:17:37:35 -0400] "GET /wp-admin/css/colors/blue/ HTTP/1.1" 403 1242 "-" "-"
162.0.235.240 - - [28/Apr/2025:17:37:36 -0400] "GET /wp-content/plugins/contact-form-7-style/admin/predefined-templates.json HTTP/1.1" 200 1323 "-" "WordPress/6.8; https://batconpakistan.org"
13.74.68.224 - - [28/Apr/2025:17:37:35 -0400] "GET /1.php HTTP/1.1" 301 0 "-" "-"
162.0.235.240 - - [28/Apr/2025:17:37:37 -0400] "GET /wp-content/plugins/contact-form-7-style/admin/predefined-templates.json HTTP/1.1" 200 1323 "-" "WordPress/6.8; https://batconpakistan.org"
13.74.68.224 - - [28/Apr/2025:17:37:36 -0400] "GET /1.php HTTP/1.1" 404 15886 "-" "-"
162.0.235.240 - - [28/Apr/2025:17:37:39 -0400] "GET /wp-content/plugins/contact-form-7-style/admin/predefined-templates.json HTTP/1.1" 200 1323 "-" "WordPress/6.8; https://batconpakistan.org"
13.74.68.224 - - [28/Apr/2025:17:37:38 -0400] "GET /02.php HTTP/1.1" 301 0 "-" "-"
162.0.235.240 - - [28/Apr/2025:17:37:40 -0400] "GET /wp-content/plugins/contact-form-7-style/admin/predefined-templates.json HTTP/1.1" 200 1323 "-" "WordPress/6.8; https://batconpakistan.org"
162.0.235.240 - - [28/Apr/2025:17:37:40 -0400] "POST /wp-cron.php?doing_wp_cron=1745876260.8172819614410400390625 HTTP/1.1" 200 0 "-" "WordPress/6.8; https://batconpakistan.org"
13.74.68.224 - - [28/Apr/2025:17:37:39 -0400] "GET /02.php HTTP/1.1" 404 15890 "-" "-"
162.0.235.240 - - [28/Apr/2025:17:37:41 -0400] "GET /wp-content/plugins/contact-form-7-style/admin/predefined-templates.json HTTP/1.1" 200 1323 "-" "WordPress/6.8; https://batconpakistan.org"
162.0.235.240 - - [28/Apr/2025:17:37:42 -0400] "GET /wp-content/plugins/contact-form-7-style/admin/predefined-templates.json HTTP/1.1" 200 1323 "-" "WordPress/6.8; https://batconpakistan.org"
13.74.68.224 - - [28/Apr/2025:17:37:41 -0400] "GET /default.php HTTP/1.1" 301 0 "-" "-"
162.0.235.240 - - [28/Apr/2025:17:37:43 -0400] "GET /wp-content/plugins/contact-form-7-style/admin/predefined-templates.json HTTP/1.1" 200 1323 "-" "WordPress/6.8; https://batconpakistan.org"
13.74.68.224 - - [28/Apr/2025:17:37:42 -0400] "GET /default.php HTTP/1.1" 404 15888 "-" "-"
162.0.235.240 - - [28/Apr/2025:17:37:44 -0400] "GET /wp-content/plugins/contact-form-7-style/admin/predefined-templates.json HTTP/1.1" 200 1323 "-" "WordPress/6.8; https://batconpakistan.org"
13.74.68.224 - - [28/Apr/2025:17:37:44 -0400] "GET /ini.php HTTP/1.1" 301 0 "-" "-"
162.0.235.240 - - [28/Apr/2025:17:37:46 -0400] "GET /wp-content/plugins/contact-form-7-style/admin/predefined-templates.json HTTP/1.1" 200 1323 "-" "WordPress/6.8; https://batconpakistan.org"
13.74.68.224 - - [28/Apr/2025:17:37:45 -0400] "GET /ini.php HTTP/1.1" 404 15890 "-" "-"
162.0.235.240 - - [28/Apr/2025:17:37:47 -0400] "GET /wp-content/plugins/contact-form-7-style/admin/predefined-templates.json HTTP/1.1" 200 1323 "-" "WordPress/6.8; https://batconpakistan.org"
13.74.68.224 - - [28/Apr/2025:17:37:46 -0400] "GET /upload.php HTTP/1.1" 301 0 "-" "-"
162.0.235.240 - - [28/Apr/2025:17:37:48 -0400] "GET /wp-content/plugins/contact-form-7-style/admin/predefined-templates.json HTTP/1.1" 200 1323 "-" "WordPress/6.8; https://batconpakistan.org"
162.0.235.240 - - [28/Apr/2025:17:37:49 -0400] "POST /wp-cron.php?doing_wp_cron=1745876269.0201580524444580078125 HTTP/1.1" 200 0 "-" "WordPress/6.8; https://batconpakistan.org"
13.74.68.224 - - [28/Apr/2025:17:37:48 -0400] "GET /upload.php HTTP/1.1" 404 15890 "-" "-"
162.0.235.240 - - [28/Apr/2025:17:37:49 -0400] "GET /wp-content/plugins/contact-form-7-style/admin/predefined-templates.json HTTP/1.1" 200 1323 "-" "WordPress/6.8; https://batconpakistan.org"
162.0.235.240 - - [28/Apr/2025:17:37:50 -0400] "GET /wp-content/plugins/contact-form-7-style/admin/predefined-templates.json HTTP/1.1" 200 1323 "-" "WordPress/6.8; https://batconpakistan.org"
13.74.68.224 - - [28/Apr/2025:17:37:49 -0400] "GET /12.php HTTP/1.1" 301 0 "-" "-"
162.0.235.240 - - [28/Apr/2025:17:37:51 -0400] "GET /wp-content/plugins/contact-form-7-style/admin/predefined-templates.json HTTP/1.1" 200 1323 "-" "WordPress/6.8; https://batconpakistan.org"
13.74.68.224 - - [28/Apr/2025:17:37:51 -0400] "GET /12.php HTTP/1.1" 404 15891 "-" "-"
162.0.235.240 - - [28/Apr/2025:17:37:53 -0400] "GET /wp-content/plugins/contact-form-7-style/admin/predefined-templates.json HTTP/1.1" 200 1323 "-" "WordPress/6.8; https://batconpakistan.org"
13.74.68.224 - - [28/Apr/2025:17:37:52 -0400] "GET /public/makeasmtp.php HTTP/1.1" 301 0 "-" "-"
162.0.235.240 - - [28/Apr/2025:17:37:54 -0400] "GET /wp-content/plugins/contact-form-7-style/admin/predefined-templates.json HTTP/1.1" 200 1323 "-" "WordPress/6.8; https://batconpakistan.org"
13.74.68.224 - - [28/Apr/2025:17:37:53 -0400] "GET /public/makeasmtp.php HTTP/1.1" 404 15888 "-" "-"
162.0.235.240 - - [28/Apr/2025:17:37:55 -0400] "GET /wp-content/plugins/contact-form-7-style/admin/predefined-templates.json HTTP/1.1" 200 1323 "-" "WordPress/6.8; https://batconpakistan.org"
162.0.235.240 - - [28/Apr/2025:17:37:56 -0400] "POST /wp-cron.php?doing_wp_cron=1745876276.0932679176330566406250 HTTP/1.1" 200 0 "-" "WordPress/6.8; https://batconpakistan.org"
13.74.68.224 - - [28/Apr/2025:17:37:55 -0400] "GET /wp-content/themes/seotheme/mar.php HTTP/1.1" 301 0 "-" "-"
13.74.68.224 - - [28/Apr/2025:17:37:56 -0400] "GET /wp-content/themes/seotheme/mar.php HTTP/1.1" 404 15888 "-" "-"
162.0.235.240 - - [28/Apr/2025:17:37:56 -0400] "GET /wp-content/plugins/contact-form-7-style/admin/predefined-templates.json HTTP/1.1" 200 1323 "-" "WordPress/6.8; https://batconpakistan.org"
162.0.235.240 - - [28/Apr/2025:17:37:57 -0400] "GET /wp-content/plugins/contact-form-7-style/admin/predefined-templates.json HTTP/1.1" 200 1323 "-" "WordPress/6.8; https://batconpakistan.org"
13.74.68.224 - - [28/Apr/2025:17:37:56 -0400] "GET /admin/controller/extension/extension/ultra.php HTTP/1.1" 301 0 "-" "-"
162.0.235.240 - - [28/Apr/2025:17:37:58 -0400] "GET /wp-content/plugins/contact-form-7-style/admin/predefined-templates.json HTTP/1.1" 200 1323 "-" "WordPress/6.8; https://batconpakistan.org"
13.74.68.224 - - [28/Apr/2025:17:37:57 -0400] "GET /admin/controller/extension/extension/ultra.php HTTP/1.1" 404 15888 "-" "-"
162.0.235.240 - - [28/Apr/2025:17:38:00 -0400] "GET /wp-content/plugins/contact-form-7-style/admin/predefined-templates.json HTTP/1.1" 200 1323 "-" "WordPress/6.8; https://batconpakistan.org"
13.74.68.224 - - [28/Apr/2025:17:37:59 -0400] "GET /wp-admin.php HTTP/1.1" 301 0 "-" "-"
162.0.235.240 - - [28/Apr/2025:17:38:01 -0400] "GET /wp-content/plugins/contact-form-7-style/admin/predefined-templates.json HTTP/1.1" 200 1323 "-" "WordPress/6.8; https://batconpakistan.org"
13.74.68.224 - - [28/Apr/2025:17:38:00 -0400] "GET /wp-admin.php HTTP/1.1" 404 15890 "-" "-"
162.0.235.240 - - [28/Apr/2025:17:38:02 -0400] "GET /wp-content/plugins/contact-form-7-style/admin/predefined-templates.json HTTP/1.1" 200 1323 "-" "WordPress/6.8; https://batconpakistan.org"
13.74.68.224 - - [28/Apr/2025:17:38:02 -0400] "GET /wp-content/admin.php HTTP/1.1" 301 0 "-" "-"
162.0.235.240 - - [28/Apr/2025:17:38:04 -0400] "GET /wp-content/plugins/contact-form-7-style/admin/predefined-templates.json HTTP/1.1" 200 1323 "-" "WordPress/6.8; https://batconpakistan.org"
13.74.68.224 - - [28/Apr/2025:17:38:03 -0400] "GET /wp-content/admin.php HTTP/1.1" 404 15890 "-" "-"
162.0.235.240 - - [28/Apr/2025:17:38:05 -0400] "GET /wp-content/plugins/contact-form-7-style/admin/predefined-templates.json HTTP/1.1" 200 1323 "-" "WordPress/6.8; https://batconpakistan.org"
162.0.235.240 - - [28/Apr/2025:17:38:05 -0400] "POST /wp-cron.php?doing_wp_cron=1745876285.8667020797729492187500 HTTP/1.1" 200 0 "-" "WordPress/6.8; https://batconpakistan.org"
13.74.68.224 - - [28/Apr/2025:17:38:04 -0400] "GET /wp-admin/network/admin.php HTTP/1.1" 302 0 "-" "-"
162.0.235.240 - - [28/Apr/2025:17:38:06 -0400] "GET /wp-content/plugins/contact-form-7-style/admin/predefined-templates.json HTTP/1.1" 200 1323 "-" "WordPress/6.8; https://batconpakistan.org"
162.0.235.240 - - [28/Apr/2025:17:38:06 -0400] "GET /wp-content/plugins/contact-form-7-style/admin/predefined-templates.json HTTP/1.1" 200 1323 "-" "WordPress/6.8; https://batconpakistan.org"
13.74.68.224 - - [28/Apr/2025:17:38:06 -0400] "GET /wp-login.php?redirect_to=https%3A%2F%2Fwww.batconpakistan.org%2Fwp-admin%2Fnetwork%2Fadmin.php&reauth=1 HTTP/1.1" 200 1897 "-" "-"
13.74.68.224 - - [28/Apr/2025:17:38:07 -0400] "GET /wp-includes/customize/index.php HTTP/1.1" 403 1242 "-" "-"
162.0.235.240 - - [28/Apr/2025:17:38:07 -0400] "GET /wp-content/plugins/contact-form-7-style/admin/predefined-templates.json HTTP/1.1" 200 1323 "-" "WordPress/6.8; https://batconpakistan.org"
162.0.235.240 - - [28/Apr/2025:17:38:06 -0400] "POST /wp-admin/admin-ajax.php?action=async_litespeed&nonce=Oh1rLguR76EiDmJAjuLygCkq3uk8ZcqZ&litespeed_type=imgoptm HTTP/1.1" 200 0 "-" "WordPress/6.8; https://batconpakistan.org"
162.0.235.240 - - [28/Apr/2025:17:38:08 -0400] "GET /wp-content/plugins/contact-form-7-style/admin/predefined-templates.json HTTP/1.1" 200 1323 "-" "WordPress/6.8; https://batconpakistan.org"
13.74.68.224 - - [28/Apr/2025:17:38:07 -0400] "GET /admin.php7 HTTP/1.1" 301 0 "-" "-"
162.0.235.240 - - [28/Apr/2025:17:38:09 -0400] "GET /wp-content/plugins/contact-form-7-style/admin/predefined-templates.json HTTP/1.1" 200 1323 "-" "WordPress/6.8; https://batconpakistan.org"
13.74.68.224 - - [28/Apr/2025:17:38:08 -0400] "GET /admin.php7 HTTP/1.1" 404 15890 "-" "-"
162.0.235.240 - - [28/Apr/2025:17:38:10 -0400] "GET /wp-content/plugins/contact-form-7-style/admin/predefined-templates.json HTTP/1.1" 200 1323 "-" "WordPress/6.8; https://batconpakistan.org"
13.74.68.224 - - [28/Apr/2025:17:38:10 -0400] "GET /simple.php HTTP/1.1" 301 0 "-" "-"
162.0.235.240 - - [28/Apr/2025:17:38:11 -0400] "GET /wp-content/plugins/contact-form-7-style/admin/predefined-templates.json HTTP/1.1" 200 1323 "-" "WordPress/6.8; https://batconpakistan.org"
13.74.68.224 - - [28/Apr/2025:17:38:11 -0400] "GET /simple.php HTTP/1.1" 404 15890 "-" "-"
162.0.235.240 - - [28/Apr/2025:17:38:13 -0400] "GET /wp-content/plugins/contact-form-7-style/admin/predefined-templates.json HTTP/1.1" 200 1323 "-" "WordPress/6.8; https://batconpakistan.org"
13.74.68.224 - - [28/Apr/2025:17:38:12 -0400] "GET /wp-includes/Requests/about.php HTTP/1.1" 301 0 "-" "-"
13.74.68.224 - - [28/Apr/2025:17:38:13 -0400] "GET /wp-includes/Requests/about.php HTTP/1.1" 404 15890 "-" "-"
13.74.68.224 - - [28/Apr/2025:17:38:14 -0400] "GET /wp-content/uploads/ HTTP/1.1" 403 1242 "-" "-"
162.0.235.240 - - [28/Apr/2025:17:38:14 -0400] "GET /wp-content/plugins/contact-form-7-style/admin/predefined-templates.json HTTP/1.1" 200 1323 "-" "WordPress/6.8; https://batconpakistan.org"
13.74.68.224 - - [28/Apr/2025:17:38:14 -0400] "GET /wp-conflg.php HTTP/1.1" 301 0 "-" "-"
162.0.235.240 - - [28/Apr/2025:17:38:16 -0400] "GET /wp-content/plugins/contact-form-7-style/admin/predefined-templates.json HTTP/1.1" 200 1323 "-" "WordPress/6.8; https://batconpakistan.org"
13.74.68.224 - - [28/Apr/2025:17:38:15 -0400] "GET /wp-conflg.php HTTP/1.1" 404 15889 "-" "-"
162.0.235.240 - - [28/Apr/2025:17:38:17 -0400] "GET /wp-content/plugins/contact-form-7-style/admin/predefined-templates.json HTTP/1.1" 200 1323 "-" "WordPress/6.8; https://batconpakistan.org"
13.74.68.224 - - [28/Apr/2025:17:38:16 -0400] "GET /wp-includes/widgets/about.php HTTP/1.1" 301 0 "-" "-"
13.74.68.224 - - [28/Apr/2025:17:38:18 -0400] "GET /wp-includes/widgets/about.php HTTP/1.1" 404 15890 "-" "-"
162.0.235.240 - - [28/Apr/2025:17:38:19 -0400] "GET /wp-content/plugins/contact-form-7-style/admin/predefined-templates.json HTTP/1.1" 200 1323 "-" "WordPress/6.8; https://batconpakistan.org"
13.74.68.224 - - [28/Apr/2025:17:38:18 -0400] "GET /wp-admin/css/colors/coffee/index.php HTTP/1.1" 301 0 "-" "-"
13.74.68.224 - - [28/Apr/2025:17:38:19 -0400] "GET /wp-admin/css/colors/coffee/ HTTP/1.1" 403 1242 "-" "-"
162.0.235.240 - - [28/Apr/2025:17:38:20 -0400] "GET /wp-content/plugins/contact-form-7-style/admin/predefined-templates.json HTTP/1.1" 200 1323 "-" "WordPress/6.8; https://batconpakistan.org"
13.74.68.224 - - [28/Apr/2025:17:38:19 -0400] "GET /ty.php HTTP/1.1" 301 0 "-" "-"
162.0.235.240 - - [28/Apr/2025:17:38:21 -0400] "GET /wp-content/plugins/contact-form-7-style/admin/predefined-templates.json HTTP/1.1" 200 1323 "-" "WordPress/6.8; https://batconpakistan.org"
13.74.68.224 - - [28/Apr/2025:17:38:20 -0400] "GET /ty.php HTTP/1.1" 404 15890 "-" "-"
162.0.235.240 - - [28/Apr/2025:17:38:23 -0400] "GET /wp-content/plugins/contact-form-7-style/admin/predefined-templates.json HTTP/1.1" 200 1323 "-" "WordPress/6.8; https://batconpakistan.org"
13.74.68.224 - - [28/Apr/2025:17:38:22 -0400] "GET /wp-content/x/index.php HTTP/1.1" 301 0 "-" "-"
162.0.235.240 - - [28/Apr/2025:17:38:24 -0400] "GET /wp-content/plugins/contact-form-7-style/admin/predefined-templates.json HTTP/1.1" 200 1323 "-" "WordPress/6.8; https://batconpakistan.org"
13.74.68.224 - - [28/Apr/2025:17:38:23 -0400] "GET /wp-content/x/ HTTP/1.1" 404 15890 "-" "-"
162.0.235.240 - - [28/Apr/2025:17:38:26 -0400] "GET /wp-content/plugins/contact-form-7-style/admin/predefined-templates.json HTTP/1.1" 200 1323 "-" "WordPress/6.8; https://batconpakistan.org"
13.74.68.224 - - [28/Apr/2025:17:38:25 -0400] "GET /mah.php HTTP/1.1" 301 0 "-" "-"
162.0.235.240 - - [28/Apr/2025:17:38:27 -0400] "GET /wp-content/plugins/contact-form-7-style/admin/predefined-templates.json HTTP/1.1" 200 1323 "-" "WordPress/6.8; https://batconpakistan.org"
13.74.68.224 - - [28/Apr/2025:17:38:26 -0400] "GET /mah.php HTTP/1.1" 404 15890 "-" "-"
162.0.235.240 - - [28/Apr/2025:17:38:28 -0400] "GET /wp-content/plugins/contact-form-7-style/admin/predefined-templates.json HTTP/1.1" 200 1323 "-" "WordPress/6.8; https://batconpakistan.org"
13.74.68.224 - - [28/Apr/2025:17:38:28 -0400] "GET /wp-content/upgrade/index.php HTTP/1.1" 301 0 "-" "-"
13.74.68.224 - - [28/Apr/2025:17:38:29 -0400] "GET /wp-content/upgrade/ HTTP/1.1" 403 1242 "-" "-"
162.0.235.240 - - [28/Apr/2025:17:38:30 -0400] "GET /wp-content/plugins/contact-form-7-style/admin/predefined-templates.json HTTP/1.1" 200 1323 "-" "WordPress/6.8; https://batconpakistan.org"
13.74.68.224 - - [28/Apr/2025:17:38:29 -0400] "GET /wp-content/about.php HTTP/1.1" 301 0 "-" "-"
13.74.68.224 - - [28/Apr/2025:17:38:30 -0400] "GET /wp-content/about.php HTTP/1.1" 404 15890 "-" "-"
162.0.235.240 - - [28/Apr/2025:17:38:31 -0400] "GET /wp-content/plugins/contact-form-7-style/admin/predefined-templates.json HTTP/1.1" 200 1323 "-" "WordPress/6.8; https://batconpakistan.org"
13.74.68.224 - - [28/Apr/2025:17:38:31 -0400] "GET /buy.php HTTP/1.1" 301 0 "-" "-"
162.0.235.240 - - [28/Apr/2025:17:38:32 -0400] "GET /wp-content/plugins/contact-form-7-style/admin/predefined-templates.json HTTP/1.1" 200 1323 "-" "WordPress/6.8; https://batconpakistan.org"
13.74.68.224 - - [28/Apr/2025:17:38:32 -0400] "GET /buy.php HTTP/1.1" 404 15890 "-" "-"
13.74.68.224 - - [28/Apr/2025:17:38:33 -0400] "GET /wp-includes/IXR/index.php HTTP/1.1" 403 1242 "-" "-"
162.0.235.240 - - [28/Apr/2025:17:38:34 -0400] "GET /wp-content/plugins/contact-form-7-style/admin/predefined-templates.json HTTP/1.1" 200 1323 "-" "WordPress/6.8; https://batconpakistan.org"
13.74.68.224 - - [28/Apr/2025:17:38:33 -0400] "GET /wp-includes/fonts/wp-login.php HTTP/1.1" 301 0 "-" "-"
13.74.68.224 - - [28/Apr/2025:17:38:35 -0400] "GET /wp-includes/fonts/wp-login.php HTTP/1.1" 404 15890 "-" "-"
162.0.235.240 - - [28/Apr/2025:17:38:36 -0400] "GET /wp-content/plugins/contact-form-7-style/admin/predefined-templates.json HTTP/1.1" 200 1323 "-" "WordPress/6.8; https://batconpakistan.org"
13.74.68.224 - - [28/Apr/2025:17:38:35 -0400] "GET /wp-login.php HTTP/1.1" 200 1889 "-" "-"
162.0.235.240 - - [28/Apr/2025:17:38:37 -0400] "GET /wp-content/plugins/contact-form-7-style/admin/predefined-templates.json HTTP/1.1" 200 1323 "-" "WordPress/6.8; https://batconpakistan.org"
13.74.68.224 - - [28/Apr/2025:17:38:36 -0400] "GET /wp-content/themes/twentytwenty/404.php HTTP/1.1" 301 0 "-" "-"
162.0.235.240 - - [28/Apr/2025:17:38:38 -0400] "GET /wp-content/plugins/contact-form-7-style/admin/predefined-templates.json HTTP/1.1" 200 1323 "-" "WordPress/6.8; https://batconpakistan.org"
13.74.68.224 - - [28/Apr/2025:17:38:37 -0400] "GET /wp-content/themes/twentytwenty/404.php HTTP/1.1" 404 15890 "-" "-"
162.0.235.240 - - [28/Apr/2025:17:38:40 -0400] "GET /wp-content/plugins/contact-form-7-style/admin/predefined-templates.json HTTP/1.1" 200 1323 "-" "WordPress/6.8; https://batconpakistan.org"
162.0.235.240 - - [28/Apr/2025:17:38:40 -0400] "POST /wp-cron.php?doing_wp_cron=1745876320.2738320827484130859375 HTTP/1.1" 200 0 "-" "WordPress/6.8; https://batconpakistan.org"
13.74.68.224 - - [28/Apr/2025:17:38:39 -0400] "GET /cd.php HTTP/1.1" 301 0 "-" "-"
162.0.235.240 - - [28/Apr/2025:17:38:40 -0400] "GET /wp-content/plugins/contact-form-7-style/admin/predefined-templates.json HTTP/1.1" 200 1323 "-" "WordPress/6.8; https://batconpakistan.org"
162.0.235.240 - - [28/Apr/2025:17:38:41 -0400] "GET /wp-content/plugins/contact-form-7-style/admin/predefined-templates.json HTTP/1.1" 200 1323 "-" "WordPress/6.8; https://batconpakistan.org"
13.74.68.224 - - [28/Apr/2025:17:38:40 -0400] "GET /cd.php HTTP/1.1" 404 15888 "-" "-"
162.0.235.240 - - [28/Apr/2025:17:38:42 -0400] "GET /wp-content/plugins/contact-form-7-style/admin/predefined-templates.json HTTP/1.1" 200 1323 "-" "WordPress/6.8; https://batconpakistan.org"
13.74.68.224 - - [28/Apr/2025:17:38:42 -0400] "GET /themes.php HTTP/1.1" 301 0 "-" "-"
13.74.68.224 - - [28/Apr/2025:17:38:43 -0400] "GET /themes.php HTTP/1.1" 404 15888 "-" "-"
162.0.235.240 - - [28/Apr/2025:17:38:44 -0400] "GET /wp-content/plugins/contact-form-7-style/admin/predefined-templates.json HTTP/1.1" 200 1323 "-" "WordPress/6.8; https://batconpakistan.org"
13.74.68.224 - - [28/Apr/2025:17:38:43 -0400] "GET /wp-admin/autoload_classmap.php HTTP/1.1" 301 0 "-" "-"
162.0.235.240 - - [28/Apr/2025:17:38:45 -0400] "GET /wp-content/plugins/contact-form-7-style/admin/predefined-templates.json HTTP/1.1" 200 1323 "-" "WordPress/6.8; https://batconpakistan.org"
13.74.68.224 - - [28/Apr/2025:17:38:44 -0400] "GET /wp-admin/autoload_classmap.php HTTP/1.1" 404 15890 "-" "-"
162.0.235.240 - - [28/Apr/2025:17:38:46 -0400] "GET /wp-content/plugins/contact-form-7-style/admin/predefined-templates.json HTTP/1.1" 200 1323 "-" "WordPress/6.8; https://batconpakistan.org"
13.74.68.224 - - [28/Apr/2025:17:38:46 -0400] "GET /flower.php HTTP/1.1" 301 0 "-" "-"
162.0.235.240 - - [28/Apr/2025:17:38:47 -0400] "GET /wp-content/plugins/contact-form-7-style/admin/predefined-templates.json HTTP/1.1" 200 1323 "-" "WordPress/6.8; https://batconpakistan.org"
162.0.235.240 - - [28/Apr/2025:17:38:48 -0400] "POST /wp-cron.php?doing_wp_cron=1745876328.0867359638214111328125 HTTP/1.1" 200 0 "-" "WordPress/6.8; https://batconpakistan.org"
13.74.68.224 - - [28/Apr/2025:17:38:47 -0400] "GET /flower.php HTTP/1.1" 404 15889 "-" "-"
162.0.235.240 - - [28/Apr/2025:17:38:48 -0400] "GET /wp-content/plugins/contact-form-7-style/admin/predefined-templates.json HTTP/1.1" 200 1323 "-" "WordPress/6.8; https://batconpakistan.org"
162.0.235.240 - - [28/Apr/2025:17:38:49 -0400] "GET /wp-content/plugins/contact-form-7-style/admin/predefined-templates.json HTTP/1.1" 200 1323 "-" "WordPress/6.8; https://batconpakistan.org"
13.74.68.224 - - [28/Apr/2025:17:38:48 -0400] "GET /function.php HTTP/1.1" 301 0 "-" "-"
162.0.235.240 - - [28/Apr/2025:17:38:50 -0400] "GET /wp-content/plugins/contact-form-7-style/admin/predefined-templates.json HTTP/1.1" 200 1323 "-" "WordPress/6.8; https://batconpakistan.org"
13.74.68.224 - - [28/Apr/2025:17:38:49 -0400] "GET /function.php HTTP/1.1" 404 15889 "-" "-"
162.0.235.240 - - [28/Apr/2025:17:38:52 -0400] "GET /wp-content/plugins/contact-form-7-style/admin/predefined-templates.json HTTP/1.1" 200 1323 "-" "WordPress/6.8; https://batconpakistan.org"
13.74.68.224 - - [28/Apr/2025:17:38:51 -0400] "GET /content.php HTTP/1.1" 301 0 "-" "-"
162.0.235.240 - - [28/Apr/2025:17:38:53 -0400] "GET /wp-content/plugins/contact-form-7-style/admin/predefined-templates.json HTTP/1.1" 200 1323 "-" "WordPress/6.8; https://batconpakistan.org"
13.74.68.224 - - [28/Apr/2025:17:38:52 -0400] "GET /content.php HTTP/1.1" 404 15889 "-" "-"
162.0.235.240 - - [28/Apr/2025:17:38:55 -0400] "GET /wp-content/plugins/contact-form-7-style/admin/predefined-templates.json HTTP/1.1" 200 1323 "-" "WordPress/6.8; https://batconpakistan.org"
162.0.235.240 - - [28/Apr/2025:17:38:55 -0400] "POST /wp-cron.php?doing_wp_cron=1745876335.2148079872131347656250 HTTP/1.1" 200 0 "-" "WordPress/6.8; https://batconpakistan.org"
13.74.68.224 - - [28/Apr/2025:17:38:54 -0400] "GET /wp-includes/fonts/index.php HTTP/1.1" 301 0 "-" "-"
13.74.68.224 - - [28/Apr/2025:17:38:55 -0400] "GET /wp-includes/fonts/ HTTP/1.1" 403 1242 "-" "-"
162.0.235.240 - - [28/Apr/2025:17:38:55 -0400] "GET /wp-content/plugins/contact-form-7-style/admin/predefined-templates.json HTTP/1.1" 200 1323 "-" "WordPress/6.8; https://batconpakistan.org"
162.0.235.240 - - [28/Apr/2025:17:38:56 -0400] "GET /wp-content/plugins/contact-form-7-style/admin/predefined-templates.json HTTP/1.1" 200 1323 "-" "WordPress/6.8; https://batconpakistan.org"
13.74.68.224 - - [28/Apr/2025:17:38:55 -0400] "GET /admin/ HTTP/1.1" 301 0 "-" "-"
162.0.235.240 - - [28/Apr/2025:17:38:57 -0400] "GET /wp-content/plugins/contact-form-7-style/admin/predefined-templates.json HTTP/1.1" 200 1323 "-" "WordPress/6.8; https://batconpakistan.org"
13.74.68.224 - - [28/Apr/2025:17:38:56 -0400] "GET /admin/ HTTP/1.1" 302 0 "-" "-"
162.0.235.240 - - [28/Apr/2025:17:38:58 -0400] "GET /wp-content/plugins/contact-form-7-style/admin/predefined-templates.json HTTP/1.1" 200 1323 "-" "WordPress/6.8; https://batconpakistan.org"
13.74.68.224 - - [28/Apr/2025:17:38:58 -0400] "GET /wp-admin/ HTTP/1.1" 302 0 "-" "-"
162.0.235.240 - - [28/Apr/2025:17:39:00 -0400] "GET /wp-content/plugins/contact-form-7-style/admin/predefined-templates.json HTTP/1.1" 200 1323 "-" "WordPress/6.8; https://batconpakistan.org"
13.74.68.224 - - [28/Apr/2025:17:38:59 -0400] "GET /wp-login.php?redirect_to=https%3A%2F%2Fbatconpakistan.org%2Fwp-admin%2F&reauth=1 HTTP/1.1" 200 1889 "-" "-"
162.0.235.240 - - [28/Apr/2025:17:39:01 -0400] "GET /wp-content/plugins/contact-form-7-style/admin/predefined-templates.json HTTP/1.1" 200 1323 "-" "WordPress/6.8; https://batconpakistan.org"
13.74.68.224 - - [28/Apr/2025:17:39:00 -0400] "GET /.well-known/ HTTP/1.1" 301 0 "-" "-"
162.0.235.240 - - [28/Apr/2025:17:39:03 -0400] "GET /wp-content/plugins/contact-form-7-style/admin/predefined-templates.json HTTP/1.1" 200 1323 "-" "WordPress/6.8; https://batconpakistan.org"
13.74.68.224 - - [28/Apr/2025:17:39:02 -0400] "GET /.well-known/ HTTP/1.1" 404 15890 "-" "-"
13.74.68.224 - - [28/Apr/2025:17:39:03 -0400] "GET /wp-admin/setup-config.php HTTP/1.1" 403 1242 "-" "-"
162.0.235.240 - - [28/Apr/2025:17:39:05 -0400] "GET /wp-content/plugins/contact-form-7-style/admin/predefined-templates.json HTTP/1.1" 200 1323 "-" "WordPress/6.8; https://batconpakistan.org"
162.0.235.240 - - [28/Apr/2025:17:39:05 -0400] "POST /wp-cron.php?doing_wp_cron=1745876345.3498389720916748046875 HTTP/1.1" 200 0 "-" "WordPress/6.8; https://batconpakistan.org"
13.74.68.224 - - [28/Apr/2025:17:39:04 -0400] "GET /wp-includes/js/jcrop/Jcrop.php HTTP/1.1" 301 0 "-" "-"
162.0.235.240 - - [28/Apr/2025:17:39:06 -0400] "GET /wp-content/plugins/contact-form-7-style/admin/predefined-templates.json HTTP/1.1" 200 1323 "-" "WordPress/6.8; https://batconpakistan.org"
162.0.235.240 - - [28/Apr/2025:17:39:06 -0400] "GET /wp-content/plugins/contact-form-7-style/admin/predefined-templates.json HTTP/1.1" 200 1323 "-" "WordPress/6.8; https://batconpakistan.org"
13.74.68.224 - - [28/Apr/2025:17:39:05 -0400] "GET /wp-includes/js/jcrop/Jcrop.php HTTP/1.1" 404 15888 "-" "-"
162.0.235.240 - - [28/Apr/2025:17:39:06 -0400] "POST /wp-admin/admin-ajax.php?action=async_litespeed&nonce=yrcUKghP65xls1nQ9IyFtgMM4Z3oXBa5&litespeed_type=imgoptm HTTP/1.1" 200 0 "-" "WordPress/6.8; https://batconpakistan.org"
162.0.235.240 - - [28/Apr/2025:17:39:07 -0400] "GET /wp-content/plugins/contact-form-7-style/admin/predefined-templates.json HTTP/1.1" 200 1323 "-" "WordPress/6.8; https://batconpakistan.org"
162.0.235.240 - - [28/Apr/2025:17:39:08 -0400] "GET /wp-content/plugins/contact-form-7-style/admin/predefined-templates.json HTTP/1.1" 200 1323 "-" "WordPress/6.8; https://batconpakistan.org"
13.74.68.224 - - [28/Apr/2025:17:39:07 -0400] "GET /ge.php HTTP/1.1" 301 0 "-" "-"
162.0.235.240 - - [28/Apr/2025:17:39:09 -0400] "GET /wp-content/plugins/contact-form-7-style/admin/predefined-templates.json HTTP/1.1" 200 1323 "-" "WordPress/6.8; https://batconpakistan.org"
13.74.68.224 - - [28/Apr/2025:17:39:08 -0400] "GET /ge.php HTTP/1.1" 404 15890 "-" "-"
