162.0.235.240 - - [28/Apr/2025:17:42:44 -0400] "GET /wp-content/plugins/contact-form-7-style/admin/predefined-templates.json HTTP/1.1" 200 1323 "-" "WordPress/6.8; https://batconpakistan.org"
13.74.68.224 - - [28/Apr/2025:17:42:44 -0400] "GET /a.php HTTP/1.1" 404 15890 "-" "-"
162.0.235.240 - - [28/Apr/2025:17:42:46 -0400] "GET /wp-content/plugins/contact-form-7-style/admin/predefined-templates.json HTTP/1.1" 200 1323 "-" "WordPress/6.8; https://batconpakistan.org"
13.74.68.224 - - [28/Apr/2025:17:42:45 -0400] "GET /hehehehe.php HTTP/1.1" 301 0 "-" "-"
162.0.235.240 - - [28/Apr/2025:17:42:47 -0400] "GET /wp-content/plugins/contact-form-7-style/admin/predefined-templates.json HTTP/1.1" 200 1323 "-" "WordPress/6.8; https://batconpakistan.org"
13.74.68.224 - - [28/Apr/2025:17:42:46 -0400] "GET /hehehehe.php HTTP/1.1" 404 15890 "-" "-"
162.0.235.240 - - [28/Apr/2025:17:42:49 -0400] "GET /wp-content/plugins/contact-form-7-style/admin/predefined-templates.json HTTP/1.1" 200 1323 "-" "WordPress/6.8; https://batconpakistan.org"
162.0.235.240 - - [28/Apr/2025:17:42:49 -0400] "POST /wp-cron.php?doing_wp_cron=1745876569.5132119655609130859375 HTTP/1.1" 200 0 "-" "WordPress/6.8; https://batconpakistan.org"
13.74.68.224 - - [28/Apr/2025:17:42:48 -0400] "GET /wp-content/upgrade/wp-login.php HTTP/1.1" 301 0 "-" "-"
162.0.235.240 - - [28/Apr/2025:17:42:50 -0400] "GET /wp-content/plugins/contact-form-7-style/admin/predefined-templates.json HTTP/1.1" 200 1323 "-" "WordPress/6.8; https://batconpakistan.org"
162.0.235.240 - - [28/Apr/2025:17:42:50 -0400] "GET /wp-content/plugins/contact-form-7-style/admin/predefined-templates.json HTTP/1.1" 200 1323 "-" "WordPress/6.8; https://batconpakistan.org"
13.74.68.224 - - [28/Apr/2025:17:42:49 -0400] "GET /wp-content/upgrade/wp-login.php HTTP/1.1" 404 15886 "-" "-"
162.0.235.240 - - [28/Apr/2025:17:42:52 -0400] "GET /wp-content/plugins/contact-form-7-style/admin/predefined-templates.json HTTP/1.1" 200 1323 "-" "WordPress/6.8; https://batconpakistan.org"
13.74.68.224 - - [28/Apr/2025:17:42:51 -0400] "GET /wp-links.php HTTP/1.1" 301 0 "-" "-"
162.0.235.240 - - [28/Apr/2025:17:42:53 -0400] "GET /wp-content/plugins/contact-form-7-style/admin/predefined-templates.json HTTP/1.1" 200 1323 "-" "WordPress/6.8; https://batconpakistan.org"
13.74.68.224 - - [28/Apr/2025:17:42:52 -0400] "GET /wp-links.php HTTP/1.1" 404 15888 "-" "-"
162.0.235.240 - - [28/Apr/2025:17:42:55 -0400] "GET /wp-content/plugins/contact-form-7-style/admin/predefined-templates.json HTTP/1.1" 200 1323 "-" "WordPress/6.8; https://batconpakistan.org"
162.0.235.240 - - [28/Apr/2025:17:42:55 -0400] "POST /wp-cron.php?doing_wp_cron=1745876575.6070950031280517578125 HTTP/1.1" 200 0 "-" "WordPress/6.8; https://batconpakistan.org"
13.74.68.224 - - [28/Apr/2025:17:42:54 -0400] "GET /alfa-rex2.php7 HTTP/1.1" 301 0 "-" "-"
13.74.68.224 - - [28/Apr/2025:17:42:55 -0400] "GET /alfa-rex2.php7 HTTP/1.1" 404 15890 "-" "-"
162.0.235.240 - - [28/Apr/2025:17:42:56 -0400] "GET /wp-content/plugins/contact-form-7-style/admin/predefined-templates.json HTTP/1.1" 200 1323 "-" "WordPress/6.8; https://batconpakistan.org"
162.0.235.240 - - [28/Apr/2025:17:42:56 -0400] "GET /wp-content/plugins/contact-form-7-style/admin/predefined-templates.json HTTP/1.1" 200 1323 "-" "WordPress/6.8; https://batconpakistan.org"
13.74.68.224 - - [28/Apr/2025:17:42:56 -0400] "GET /s.php HTTP/1.1" 301 0 "-" "-"
13.74.68.224 - - [28/Apr/2025:17:42:57 -0400] "GET /s.php HTTP/1.1" 404 15889 "-" "-"
162.0.235.240 - - [28/Apr/2025:17:42:58 -0400] "GET /wp-content/plugins/contact-form-7-style/admin/predefined-templates.json HTTP/1.1" 200 1323 "-" "WordPress/6.8; https://batconpakistan.org"
13.74.68.224 - - [28/Apr/2025:17:42:57 -0400] "GET /header.php HTTP/1.1" 301 0 "-" "-"
162.0.235.240 - - [28/Apr/2025:17:42:59 -0400] "GET /wp-content/plugins/contact-form-7-style/admin/predefined-templates.json HTTP/1.1" 200 1323 "-" "WordPress/6.8; https://batconpakistan.org"
13.74.68.224 - - [28/Apr/2025:17:42:58 -0400] "GET /header.php HTTP/1.1" 404 15889 "-" "-"
162.0.235.240 - - [28/Apr/2025:17:43:01 -0400] "GET /wp-content/plugins/contact-form-7-style/admin/predefined-templates.json HTTP/1.1" 200 1323 "-" "WordPress/6.8; https://batconpakistan.org"
13.74.68.224 - - [28/Apr/2025:17:43:00 -0400] "GET /st.php HTTP/1.1" 301 0 "-" "-"
13.74.68.224 - - [28/Apr/2025:17:43:01 -0400] "GET /st.php HTTP/1.1" 404 15890 "-" "-"
162.0.235.240 - - [28/Apr/2025:17:43:03 -0400] "GET /wp-content/plugins/contact-form-7-style/admin/predefined-templates.json HTTP/1.1" 200 1323 "-" "WordPress/6.8; https://batconpakistan.org"
13.74.68.224 - - [28/Apr/2025:17:43:02 -0400] "GET /wp-admin/maint/admin.php HTTP/1.1" 301 0 "-" "-"
162.0.235.240 - - [28/Apr/2025:17:43:04 -0400] "GET /wp-content/plugins/contact-form-7-style/admin/predefined-templates.json HTTP/1.1" 200 1323 "-" "WordPress/6.8; https://batconpakistan.org"
13.74.68.224 - - [28/Apr/2025:17:43:03 -0400] "GET /wp-admin/maint/admin.php HTTP/1.1" 404 15888 "-" "-"
162.0.235.240 - - [28/Apr/2025:17:43:06 -0400] "GET /wp-content/plugins/contact-form-7-style/admin/predefined-templates.json HTTP/1.1" 200 1323 "-" "WordPress/6.8; https://batconpakistan.org"
162.0.235.240 - - [28/Apr/2025:17:43:06 -0400] "POST /wp-cron.php?doing_wp_cron=1745876586.4177410602569580078125 HTTP/1.1" 200 0 "-" "WordPress/6.8; https://batconpakistan.org"
13.74.68.224 - - [28/Apr/2025:17:43:05 -0400] "GET /wp-includes/certificates/wp-login.php HTTP/1.1" 301 0 "-" "-"
162.0.235.240 - - [28/Apr/2025:17:43:06 -0400] "GET /wp-content/plugins/contact-form-7-style/admin/predefined-templates.json HTTP/1.1" 200 1323 "-" "WordPress/6.8; https://batconpakistan.org"
162.0.235.240 - - [28/Apr/2025:17:43:07 -0400] "GET /wp-content/plugins/contact-form-7-style/admin/predefined-templates.json HTTP/1.1" 200 1323 "-" "WordPress/6.8; https://batconpakistan.org"
13.74.68.224 - - [28/Apr/2025:17:43:06 -0400] "GET /wp-includes/certificates/wp-login.php HTTP/1.1" 404 15890 "-" "-"
162.0.235.240 - - [28/Apr/2025:17:43:08 -0400] "GET /wp-content/plugins/contact-form-7-style/admin/predefined-templates.json HTTP/1.1" 200 1323 "-" "WordPress/6.8; https://batconpakistan.org"
162.0.235.240 - - [28/Apr/2025:17:43:07 -0400] "POST /wp-admin/admin-ajax.php?action=async_litespeed&nonce=6QOV52CsiRRGNY681cRmPQRiNZFhW23o&litespeed_type=imgoptm HTTP/1.1" 200 0 "-" "WordPress/6.8; https://batconpakistan.org"
162.0.235.240 - - [28/Apr/2025:17:43:09 -0400] "GET /wp-content/plugins/contact-form-7-style/admin/predefined-templates.json HTTP/1.1" 200 1323 "-" "WordPress/6.8; https://batconpakistan.org"
13.74.68.224 - - [28/Apr/2025:17:43:08 -0400] "GET /wp-admin/network/index.php HTTP/1.1" 302 0 "-" "-"
162.0.235.240 - - [28/Apr/2025:17:43:10 -0400] "GET /wp-content/plugins/contact-form-7-style/admin/predefined-templates.json HTTP/1.1" 200 1323 "-" "WordPress/6.8; https://batconpakistan.org"
13.74.68.224 - - [28/Apr/2025:17:43:09 -0400] "GET /wp-login.php?redirect_to=https%3A%2F%2Fwww.batconpakistan.org%2Fwp-admin%2Fnetwork%2Findex.php&reauth=1 HTTP/1.1" 200 1894 "-" "-"
162.0.235.240 - - [28/Apr/2025:17:43:11 -0400] "GET /wp-content/plugins/contact-form-7-style/admin/predefined-templates.json HTTP/1.1" 200 1323 "-" "WordPress/6.8; https://batconpakistan.org"
13.74.68.224 - - [28/Apr/2025:17:43:10 -0400] "GET /wp-admin/css/network.php HTTP/1.1" 301 0 "-" "-"
162.0.235.240 - - [28/Apr/2025:17:43:12 -0400] "GET /wp-content/plugins/contact-form-7-style/admin/predefined-templates.json HTTP/1.1" 200 1323 "-" "WordPress/6.8; https://batconpakistan.org"
13.74.68.224 - - [28/Apr/2025:17:43:11 -0400] "GET /wp-admin/css/network.php HTTP/1.1" 404 15890 "-" "-"
13.74.68.224 - - [28/Apr/2025:17:43:13 -0400] "GET /wp-cron.php HTTP/1.1" 200 0 "-" "-"
162.0.235.240 - - [28/Apr/2025:17:43:13 -0400] "GET /wp-content/plugins/contact-form-7-style/admin/predefined-templates.json HTTP/1.1" 200 1323 "-" "WordPress/6.8; https://batconpakistan.org"
162.0.235.240 - - [28/Apr/2025:17:43:14 -0400] "GET /wp-content/plugins/contact-form-7-style/admin/predefined-templates.json HTTP/1.1" 200 1323 "-" "WordPress/6.8; https://batconpakistan.org"
13.74.68.224 - - [28/Apr/2025:17:43:13 -0400] "GET /assets/bypass.php HTTP/1.1" 301 0 "-" "-"
162.0.235.240 - - [28/Apr/2025:17:43:15 -0400] "GET /wp-content/plugins/contact-form-7-style/admin/predefined-templates.json HTTP/1.1" 200 1323 "-" "WordPress/6.8; https://batconpakistan.org"
13.74.68.224 - - [28/Apr/2025:17:43:14 -0400] "GET /assets/bypass.php HTTP/1.1" 404 15890 "-" "-"
162.0.235.240 - - [28/Apr/2025:17:43:17 -0400] "GET /wp-content/plugins/contact-form-7-style/admin/predefined-templates.json HTTP/1.1" 200 1323 "-" "WordPress/6.8; https://batconpakistan.org"
13.74.68.224 - - [28/Apr/2025:17:43:16 -0400] "GET //radio.php HTTP/1.1" 301 0 "-" "-"
13.74.68.224 - - [28/Apr/2025:17:43:17 -0400] "GET /radio.php HTTP/1.1" 404 15887 "-" "-"
162.0.235.240 - - [28/Apr/2025:17:43:18 -0400] "GET /wp-content/plugins/contact-form-7-style/admin/predefined-templates.json HTTP/1.1" 200 1323 "-" "WordPress/6.8; https://batconpakistan.org"
13.74.68.224 - - [28/Apr/2025:17:43:17 -0400] "GET /sx.php HTTP/1.1" 301 0 "-" "-"
162.0.235.240 - - [28/Apr/2025:17:43:20 -0400] "GET /wp-content/plugins/contact-form-7-style/admin/predefined-templates.json HTTP/1.1" 200 1323 "-" "WordPress/6.8; https://batconpakistan.org"
13.74.68.224 - - [28/Apr/2025:17:43:19 -0400] "GET /sx.php HTTP/1.1" 404 15888 "-" "-"
162.0.235.240 - - [28/Apr/2025:17:43:21 -0400] "GET /wp-content/plugins/contact-form-7-style/admin/predefined-templates.json HTTP/1.1" 200 1323 "-" "WordPress/6.8; https://batconpakistan.org"
13.74.68.224 - - [28/Apr/2025:17:43:20 -0400] "GET /13.php HTTP/1.1" 301 0 "-" "-"
162.0.235.240 - - [28/Apr/2025:17:43:23 -0400] "GET /wp-content/plugins/contact-form-7-style/admin/predefined-templates.json HTTP/1.1" 200 1323 "-" "WordPress/6.8; https://batconpakistan.org"
13.74.68.224 - - [28/Apr/2025:17:43:22 -0400] "GET /13.php HTTP/1.1" 404 15889 "-" "-"
162.0.235.240 - - [28/Apr/2025:17:43:24 -0400] "GET /wp-content/plugins/contact-form-7-style/admin/predefined-templates.json HTTP/1.1" 200 1323 "-" "WordPress/6.8; https://batconpakistan.org"
13.74.68.224 - - [28/Apr/2025:17:43:23 -0400] "GET /0x.php HTTP/1.1" 301 0 "-" "-"
162.0.235.240 - - [28/Apr/2025:17:43:26 -0400] "GET /wp-content/plugins/contact-form-7-style/admin/predefined-templates.json HTTP/1.1" 200 1323 "-" "WordPress/6.8; https://batconpakistan.org"
13.74.68.224 - - [28/Apr/2025:17:43:25 -0400] "GET /0x.php HTTP/1.1" 404 15890 "-" "-"
162.0.235.240 - - [28/Apr/2025:17:43:27 -0400] "GET /wp-content/plugins/contact-form-7-style/admin/predefined-templates.json HTTP/1.1" 200 1323 "-" "WordPress/6.8; https://batconpakistan.org"
13.74.68.224 - - [28/Apr/2025:17:43:26 -0400] "GET /gebase.php HTTP/1.1" 301 0 "-" "-"
162.0.235.240 - - [28/Apr/2025:17:43:28 -0400] "GET /wp-content/plugins/contact-form-7-style/admin/predefined-templates.json HTTP/1.1" 200 1323 "-" "WordPress/6.8; https://batconpakistan.org"
13.74.68.224 - - [28/Apr/2025:17:43:28 -0400] "GET /gebase.php HTTP/1.1" 404 15890 "-" "-"
162.0.235.240 - - [28/Apr/2025:17:43:30 -0400] "GET /wp-content/plugins/contact-form-7-style/admin/predefined-templates.json HTTP/1.1" 200 1323 "-" "WordPress/6.8; https://batconpakistan.org"
13.74.68.224 - - [28/Apr/2025:17:43:29 -0400] "GET /adminfuns.php HTTP/1.1" 301 0 "-" "-"
162.0.235.240 - - [28/Apr/2025:17:43:31 -0400] "GET /wp-content/plugins/contact-form-7-style/admin/predefined-templates.json HTTP/1.1" 200 1323 "-" "WordPress/6.8; https://batconpakistan.org"
13.74.68.224 - - [28/Apr/2025:17:43:30 -0400] "GET /adminfuns.php HTTP/1.1" 404 15891 "-" "-"
162.0.235.240 - - [28/Apr/2025:17:43:33 -0400] "GET /wp-content/plugins/contact-form-7-style/admin/predefined-templates.json HTTP/1.1" 200 1323 "-" "WordPress/6.8; https://batconpakistan.org"
13.74.68.224 - - [28/Apr/2025:17:43:32 -0400] "GET /wp-content/languages/about.php HTTP/1.1" 301 0 "-" "-"
13.74.68.224 - - [28/Apr/2025:17:43:33 -0400] "GET /wp-content/languages/about.php HTTP/1.1" 404 15888 "-" "-"
162.0.235.240 - - [28/Apr/2025:17:43:34 -0400] "GET /wp-content/plugins/contact-form-7-style/admin/predefined-templates.json HTTP/1.1" 200 1323 "-" "WordPress/6.8; https://batconpakistan.org"
13.74.68.224 - - [28/Apr/2025:17:43:33 -0400] "GET /wp-includes/about.php HTTP/1.1" 301 0 "-" "-"
162.0.235.240 - - [28/Apr/2025:17:43:35 -0400] "GET /wp-content/plugins/contact-form-7-style/admin/predefined-templates.json HTTP/1.1" 200 1323 "-" "WordPress/6.8; https://batconpakistan.org"
13.74.68.224 - - [28/Apr/2025:17:43:34 -0400] "GET /wp-includes/about.php HTTP/1.1" 404 15890 "-" "-"
13.74.68.224 - - [28/Apr/2025:17:43:36 -0400] "GET /wp-admin/js/ HTTP/1.1" 403 1242 "-" "-"
162.0.235.240 - - [28/Apr/2025:17:43:37 -0400] "GET /wp-content/plugins/contact-form-7-style/admin/predefined-templates.json HTTP/1.1" 200 1323 "-" "WordPress/6.8; https://batconpakistan.org"
13.74.68.224 - - [28/Apr/2025:17:43:36 -0400] "GET //themes.php HTTP/1.1" 301 0 "-" "-"
13.74.68.224 - - [28/Apr/2025:17:43:37 -0400] "GET /themes.php HTTP/1.1" 404 15888 "-" "-"
162.0.235.240 - - [28/Apr/2025:17:43:39 -0400] "GET /wp-content/plugins/contact-form-7-style/admin/predefined-templates.json HTTP/1.1" 200 1323 "-" "WordPress/6.8; https://batconpakistan.org"
13.74.68.224 - - [28/Apr/2025:17:43:38 -0400] "GET /epinyins.php HTTP/1.1" 301 0 "-" "-"
162.0.235.240 - - [28/Apr/2025:17:43:40 -0400] "GET /wp-content/plugins/contact-form-7-style/admin/predefined-templates.json HTTP/1.1" 200 1323 "-" "WordPress/6.8; https://batconpakistan.org"
162.0.235.240 - - [28/Apr/2025:17:43:41 -0400] "POST /wp-cron.php?doing_wp_cron=1745876621.2296159267425537109375 HTTP/1.1" 200 0 "-" "WordPress/6.8; https://batconpakistan.org"
13.74.68.224 - - [28/Apr/2025:17:43:39 -0400] "GET /epinyins.php HTTP/1.1" 404 15888 "-" "-"
162.0.235.240 - - [28/Apr/2025:17:43:42 -0400] "GET /wp-content/plugins/contact-form-7-style/admin/predefined-templates.json HTTP/1.1" 200 1323 "-" "WordPress/6.8; https://batconpakistan.org"
162.0.235.240 - - [28/Apr/2025:17:43:43 -0400] "GET /wp-content/plugins/contact-form-7-style/admin/predefined-templates.json HTTP/1.1" 200 1323 "-" "WordPress/6.8; https://batconpakistan.org"
13.74.68.224 - - [28/Apr/2025:17:43:42 -0400] "GET /wp-admin/images/chosen.php HTTP/1.1" 301 0 "-" "-"
162.0.235.240 - - [28/Apr/2025:17:43:44 -0400] "GET /wp-content/plugins/contact-form-7-style/admin/predefined-templates.json HTTP/1.1" 200 1323 "-" "WordPress/6.8; https://batconpakistan.org"
13.74.68.224 - - [28/Apr/2025:17:43:43 -0400] "GET /wp-admin/images/chosen.php HTTP/1.1" 404 15887 "-" "-"
162.0.235.240 - - [28/Apr/2025:17:43:46 -0400] "GET /wp-content/plugins/contact-form-7-style/admin/predefined-templates.json HTTP/1.1" 200 1323 "-" "WordPress/6.8; https://batconpakistan.org"
13.74.68.224 - - [28/Apr/2025:17:43:45 -0400] "GET /used: HTTP/1.1" 301 0 "-" "-"
162.0.235.240 - - [28/Apr/2025:17:43:47 -0400] "GET /wp-content/plugins/contact-form-7-style/admin/predefined-templates.json HTTP/1.1" 200 1323 "-" "WordPress/6.8; https://batconpakistan.org"
13.74.68.224 - - [28/Apr/2025:17:43:46 -0400] "GET /used: HTTP/1.1" 404 15889 "-" "-"
162.0.235.240 - - [28/Apr/2025:17:43:49 -0400] "GET /wp-content/plugins/contact-form-7-style/admin/predefined-templates.json HTTP/1.1" 200 1323 "-" "WordPress/6.8; https://batconpakistan.org"
162.0.235.240 - - [28/Apr/2025:17:43:49 -0400] "POST /wp-cron.php?doing_wp_cron=1745876629.6389250755310058593750 HTTP/1.1" 200 0 "-" "WordPress/6.8; https://batconpakistan.org"
13.74.68.224 - - [28/Apr/2025:17:43:48 -0400] "GET /wp-includes/wp-class.php HTTP/1.1" 301 0 "-" "-"
162.0.235.240 - - [28/Apr/2025:17:43:50 -0400] "GET /wp-content/plugins/contact-form-7-style/admin/predefined-templates.json HTTP/1.1" 200 1323 "-" "WordPress/6.8; https://batconpakistan.org"
162.0.235.240 - - [28/Apr/2025:17:43:50 -0400] "GET /wp-content/plugins/contact-form-7-style/admin/predefined-templates.json HTTP/1.1" 200 1323 "-" "WordPress/6.8; https://batconpakistan.org"
13.74.68.224 - - [28/Apr/2025:17:43:50 -0400] "GET /wp-includes/wp-class.php HTTP/1.1" 404 15889 "-" "-"
162.0.235.240 - - [28/Apr/2025:17:43:52 -0400] "GET /wp-content/plugins/contact-form-7-style/admin/predefined-templates.json HTTP/1.1" 200 1323 "-" "WordPress/6.8; https://batconpakistan.org"
13.74.68.224 - - [28/Apr/2025:17:43:51 -0400] "GET /wp-content/dropdown.php HTTP/1.1" 301 0 "-" "-"
162.0.235.240 - - [28/Apr/2025:17:43:54 -0400] "GET /wp-content/plugins/contact-form-7-style/admin/predefined-templates.json HTTP/1.1" 200 1323 "-" "WordPress/6.8; https://batconpakistan.org"
13.74.68.224 - - [28/Apr/2025:17:43:53 -0400] "GET /wp-content/dropdown.php HTTP/1.1" 404 15888 "-" "-"
162.0.235.240 - - [28/Apr/2025:17:43:55 -0400] "GET /wp-content/plugins/contact-form-7-style/admin/predefined-templates.json HTTP/1.1" 200 1323 "-" "WordPress/6.8; https://batconpakistan.org"
162.0.235.240 - - [28/Apr/2025:17:43:56 -0400] "POST /wp-cron.php?doing_wp_cron=1745876636.2067649364471435546875 HTTP/1.1" 200 0 "-" "WordPress/6.8; https://batconpakistan.org"
13.74.68.224 - - [28/Apr/2025:17:43:54 -0400] "GET /wp-content/file.php HTTP/1.1" 301 0 "-" "-"
162.0.235.240 - - [28/Apr/2025:17:43:56 -0400] "GET /wp-content/plugins/contact-form-7-style/admin/predefined-templates.json HTTP/1.1" 200 1323 "-" "WordPress/6.8; https://batconpakistan.org"
162.0.235.240 - - [28/Apr/2025:17:43:57 -0400] "GET /wp-content/plugins/contact-form-7-style/admin/predefined-templates.json HTTP/1.1" 200 1323 "-" "WordPress/6.8; https://batconpakistan.org"
13.74.68.224 - - [28/Apr/2025:17:43:56 -0400] "GET /wp-content/file.php HTTP/1.1" 404 15889 "-" "-"
13.74.68.224 - - [28/Apr/2025:17:43:58 -0400] "GET /.well-known/pki-validation/index.php HTTP/1.1" 404 1251 "-" "-"
162.0.235.240 - - [28/Apr/2025:17:43:59 -0400] "GET /wp-content/plugins/contact-form-7-style/admin/predefined-templates.json HTTP/1.1" 200 1323 "-" "WordPress/6.8; https://batconpakistan.org"
13.74.68.224 - - [28/Apr/2025:17:43:58 -0400] "GET /gecko.php HTTP/1.1" 301 0 "-" "-"
162.0.235.240 - - [28/Apr/2025:17:44:00 -0400] "GET /wp-content/plugins/contact-form-7-style/admin/predefined-templates.json HTTP/1.1" 200 1323 "-" "WordPress/6.8; https://batconpakistan.org"
13.74.68.224 - - [28/Apr/2025:17:43:59 -0400] "GET /gecko.php HTTP/1.1" 404 15890 "-" "-"
162.0.235.240 - - [28/Apr/2025:17:44:02 -0400] "GET /wp-content/plugins/contact-form-7-style/admin/predefined-templates.json HTTP/1.1" 200 1323 "-" "WordPress/6.8; https://batconpakistan.org"
13.74.68.224 - - [28/Apr/2025:17:44:01 -0400] "GET /backup.php HTTP/1.1" 301 0 "-" "-"
162.0.235.240 - - [28/Apr/2025:17:44:05 -0400] "GET /wp-content/plugins/contact-form-7-style/admin/predefined-templates.json HTTP/1.1" 200 1323 "-" "WordPress/6.8; https://batconpakistan.org"
162.0.235.240 - - [28/Apr/2025:17:44:05 -0400] "POST /wp-cron.php?doing_wp_cron=1745876645.7920329570770263671875 HTTP/1.1" 200 0 "-" "WordPress/6.8; https://batconpakistan.org"
13.74.68.224 - - [28/Apr/2025:17:44:02 -0400] "GET /backup.php HTTP/1.1" 404 15889 "-" "-"
162.0.235.240 - - [28/Apr/2025:17:44:06 -0400] "GET /wp-content/plugins/contact-form-7-style/admin/predefined-templates.json HTTP/1.1" 200 1323 "-" "WordPress/6.8; https://batconpakistan.org"
162.0.235.240 - - [28/Apr/2025:17:44:07 -0400] "GET /wp-content/plugins/contact-form-7-style/admin/predefined-templates.json HTTP/1.1" 200 1323 "-" "WordPress/6.8; https://batconpakistan.org"
162.0.235.240 - - [28/Apr/2025:17:44:06 -0400] "POST /wp-admin/admin-ajax.php?action=async_litespeed&nonce=qoG2FOHhwSgXM8y6SEASgFEiHDSamjiZ&litespeed_type=imgoptm HTTP/1.1" 200 0 "-" "WordPress/6.8; https://batconpakistan.org"
162.0.235.240 - - [28/Apr/2025:17:44:07 -0400] "GET /wp-content/plugins/contact-form-7-style/admin/predefined-templates.json HTTP/1.1" 200 1323 "-" "WordPress/6.8; https://batconpakistan.org"
13.74.68.224 - - [28/Apr/2025:17:44:06 -0400] "GET /wp-seo.php HTTP/1.1" 301 0 "-" "-"
162.0.235.240 - - [28/Apr/2025:17:44:08 -0400] "GET /wp-content/plugins/contact-form-7-style/admin/predefined-templates.json HTTP/1.1" 200 1323 "-" "WordPress/6.8; https://batconpakistan.org"
13.74.68.224 - - [28/Apr/2025:17:44:07 -0400] "GET /wp-seo.php HTTP/1.1" 404 15890 "-" "-"
162.0.235.240 - - [28/Apr/2025:17:44:10 -0400] "GET /wp-content/plugins/contact-form-7-style/admin/predefined-templates.json HTTP/1.1" 200 1323 "-" "WordPress/6.8; https://batconpakistan.org"
13.74.68.224 - - [28/Apr/2025:17:44:09 -0400] "GET /main.php HTTP/1.1" 301 0 "-" "-"
162.0.235.240 - - [28/Apr/2025:17:44:11 -0400] "GET /wp-content/plugins/contact-form-7-style/admin/predefined-templates.json HTTP/1.1" 200 1323 "-" "WordPress/6.8; https://batconpakistan.org"
13.74.68.224 - - [28/Apr/2025:17:44:10 -0400] "GET /main.php HTTP/1.1" 404 15890 "-" "-"
162.0.235.240 - - [28/Apr/2025:17:44:13 -0400] "GET /wp-content/plugins/contact-form-7-style/admin/predefined-templates.json HTTP/1.1" 200 1323 "-" "WordPress/6.8; https://batconpakistan.org"
13.74.68.224 - - [28/Apr/2025:17:44:12 -0400] "GET /.well-known/acme-challenge/mariju.php HTTP/1.1" 301 0 "-" "-"
162.0.235.240 - - [28/Apr/2025:17:44:14 -0400] "GET /wp-content/plugins/contact-form-7-style/admin/predefined-templates.json HTTP/1.1" 200 1323 "-" "WordPress/6.8; https://batconpakistan.org"
13.74.68.224 - - [28/Apr/2025:17:44:14 -0400] "GET /.well-known/acme-challenge/mariju.php HTTP/1.1" 404 15890 "-" "-"
162.0.235.240 - - [28/Apr/2025:17:44:16 -0400] "GET /wp-content/plugins/contact-form-7-style/admin/predefined-templates.json HTTP/1.1" 200 1323 "-" "WordPress/6.8; https://batconpakistan.org"
13.74.68.224 - - [28/Apr/2025:17:44:15 -0400] "GET /wp-content/plugins/linkpreview/index.php HTTP/1.1" 301 0 "-" "-"
162.0.235.240 - - [28/Apr/2025:17:44:18 -0400] "GET /wp-content/plugins/contact-form-7-style/admin/predefined-templates.json HTTP/1.1" 200 1323 "-" "WordPress/6.8; https://batconpakistan.org"
13.74.68.224 - - [28/Apr/2025:17:44:17 -0400] "GET /wp-content/plugins/linkpreview/ HTTP/1.1" 404 15890 "-" "-"
162.0.235.240 - - [28/Apr/2025:17:44:20 -0400] "GET /wp-content/plugins/contact-form-7-style/admin/predefined-templates.json HTTP/1.1" 200 1323 "-" "WordPress/6.8; https://batconpakistan.org"
13.74.68.224 - - [28/Apr/2025:17:44:19 -0400] "GET /index_.php HTTP/1.1" 301 0 "-" "-"
162.0.235.240 - - [28/Apr/2025:17:44:21 -0400] "GET /wp-content/plugins/contact-form-7-style/admin/predefined-templates.json HTTP/1.1" 200 1323 "-" "WordPress/6.8; https://batconpakistan.org"
13.74.68.224 - - [28/Apr/2025:17:44:20 -0400] "GET /index_.php HTTP/1.1" 404 15890 "-" "-"
162.0.235.240 - - [28/Apr/2025:17:44:23 -0400] "GET /wp-content/plugins/contact-form-7-style/admin/predefined-templates.json HTTP/1.1" 200 1323 "-" "WordPress/6.8; https://batconpakistan.org"
13.74.68.224 - - [28/Apr/2025:17:44:22 -0400] "GET /wp-load.php HTTP/1.1" 200 0 "-" "-"
162.0.235.240 - - [28/Apr/2025:17:44:25 -0400] "GET /wp-content/plugins/contact-form-7-style/admin/predefined-templates.json HTTP/1.1" 200 1323 "-" "WordPress/6.8; https://batconpakistan.org"
13.74.68.224 - - [28/Apr/2025:17:44:24 -0400] "GET /settings.php HTTP/1.1" 301 0 "-" "-"
162.0.235.240 - - [28/Apr/2025:17:44:26 -0400] "GET /wp-content/plugins/contact-form-7-style/admin/predefined-templates.json HTTP/1.1" 200 1323 "-" "WordPress/6.8; https://batconpakistan.org"
13.74.68.224 - - [28/Apr/2025:17:44:25 -0400] "GET /settings.php HTTP/1.1" 404 15890 "-" "-"
13.74.68.224 - - [28/Apr/2025:17:44:27 -0400] "GET /wp-admin/install.php HTTP/1.1" 200 435 "-" "-"
162.0.235.240 - - [28/Apr/2025:17:44:28 -0400] "GET /wp-content/plugins/contact-form-7-style/admin/predefined-templates.json HTTP/1.1" 200 1323 "-" "WordPress/6.8; https://batconpakistan.org"
13.74.68.224 - - [28/Apr/2025:17:44:27 -0400] "GET /.well-known/cong.php HTTP/1.1" 301 0 "-" "-"
162.0.235.240 - - [28/Apr/2025:17:44:30 -0400] "GET /wp-content/plugins/contact-form-7-style/admin/predefined-templates.json HTTP/1.1" 200 1323 "-" "WordPress/6.8; https://batconpakistan.org"
13.74.68.224 - - [28/Apr/2025:17:44:29 -0400] "GET /.well-known/cong.php HTTP/1.1" 404 15889 "-" "-"
162.0.235.240 - - [28/Apr/2025:17:44:32 -0400] "GET /wp-content/plugins/contact-form-7-style/admin/predefined-templates.json HTTP/1.1" 200 1323 "-" "WordPress/6.8; https://batconpakistan.org"
13.74.68.224 - - [28/Apr/2025:17:44:31 -0400] "GET /mar.php HTTP/1.1" 301 0 "-" "-"
162.0.235.240 - - [28/Apr/2025:17:44:33 -0400] "GET /wp-content/plugins/contact-form-7-style/admin/predefined-templates.json HTTP/1.1" 200 1323 "-" "WordPress/6.8; https://batconpakistan.org"
13.74.68.224 - - [28/Apr/2025:17:44:32 -0400] "GET /mar.php HTTP/1.1" 404 15888 "-" "-"
162.0.235.240 - - [28/Apr/2025:17:44:35 -0400] "GET /wp-content/plugins/contact-form-7-style/admin/predefined-templates.json HTTP/1.1" 200 1323 "-" "WordPress/6.8; https://batconpakistan.org"
13.74.68.224 - - [28/Apr/2025:17:44:34 -0400] "GET /wp-admin/admin.php HTTP/1.1" 302 0 "-" "-"
162.0.235.240 - - [28/Apr/2025:17:44:36 -0400] "GET /wp-content/plugins/contact-form-7-style/admin/predefined-templates.json HTTP/1.1" 200 1323 "-" "WordPress/6.8; https://batconpakistan.org"
13.74.68.224 - - [28/Apr/2025:17:44:35 -0400] "GET /wp-login.php?redirect_to=https%3A%2F%2Fwww.batconpakistan.org%2Fwp-admin%2Fadmin.php&reauth=1 HTTP/1.1" 200 1894 "-" "-"
162.0.235.240 - - [28/Apr/2025:17:44:38 -0400] "GET /wp-content/plugins/contact-form-7-style/admin/predefined-templates.json HTTP/1.1" 200 1323 "-" "WordPress/6.8; https://batconpakistan.org"
13.74.68.224 - - [28/Apr/2025:17:44:37 -0400] "GET /wp-admin/css/colors/index.php HTTP/1.1" 301 0 "-" "-"
13.74.68.224 - - [28/Apr/2025:17:44:38 -0400] "GET /wp-admin/css/colors/ HTTP/1.1" 403 1242 "-" "-"
162.0.235.240 - - [28/Apr/2025:17:44:40 -0400] "GET /wp-content/plugins/contact-form-7-style/admin/predefined-templates.json HTTP/1.1" 200 1323 "-" "WordPress/6.8; https://batconpakistan.org"
162.0.235.240 - - [28/Apr/2025:17:44:40 -0400] "POST /wp-cron.php?doing_wp_cron=1745876680.4564709663391113281250 HTTP/1.1" 200 0 "-" "WordPress/6.8; https://batconpakistan.org"
13.74.68.224 - - [28/Apr/2025:17:44:39 -0400] "GET /gecko-new.php HTTP/1.1" 301 0 "-" "-"
162.0.235.240 - - [28/Apr/2025:17:44:41 -0400] "GET /wp-content/plugins/contact-form-7-style/admin/predefined-templates.json HTTP/1.1" 200 1323 "-" "WordPress/6.8; https://batconpakistan.org"
162.0.235.240 - - [28/Apr/2025:17:44:41 -0400] "GET /wp-content/plugins/contact-form-7-style/admin/predefined-templates.json HTTP/1.1" 200 1323 "-" "WordPress/6.8; https://batconpakistan.org"
13.74.68.224 - - [28/Apr/2025:17:44:40 -0400] "GET /gecko-new.php HTTP/1.1" 404 15890 "-" "-"
162.0.235.240 - - [28/Apr/2025:17:44:43 -0400] "GET /wp-content/plugins/contact-form-7-style/admin/predefined-templates.json HTTP/1.1" 200 1323 "-" "WordPress/6.8; https://batconpakistan.org"
13.74.68.224 - - [28/Apr/2025:17:44:42 -0400] "GET /bak.php HTTP/1.1" 301 0 "-" "-"
162.0.235.240 - - [28/Apr/2025:17:44:44 -0400] "GET /wp-content/plugins/contact-form-7-style/admin/predefined-templates.json HTTP/1.1" 200 1323 "-" "WordPress/6.8; https://batconpakistan.org"
13.74.68.224 - - [28/Apr/2025:17:44:43 -0400] "GET /bak.php HTTP/1.1" 404 15889 "-" "-"
162.0.235.240 - - [28/Apr/2025:17:44:46 -0400] "GET /wp-content/plugins/contact-form-7-style/admin/predefined-templates.json HTTP/1.1" 200 1323 "-" "WordPress/6.8; https://batconpakistan.org"
13.74.68.224 - - [28/Apr/2025:17:44:45 -0400] "GET /.well-known/acme-challenge/about.php HTTP/1.1" 301 0 "-" "-"
13.74.68.224 - - [28/Apr/2025:17:44:46 -0400] "GET /.well-known/acme-challenge/about.php HTTP/1.1" 404 15891 "-" "-"
162.0.235.240 - - [28/Apr/2025:17:44:47 -0400] "GET /wp-content/plugins/contact-form-7-style/admin/predefined-templates.json HTTP/1.1" 200 1323 "-" "WordPress/6.8; https://batconpakistan.org"
162.0.235.240 - - [28/Apr/2025:17:44:48 -0400] "POST /wp-cron.php?doing_wp_cron=1745876688.1913390159606933593750 HTTP/1.1" 200 0 "-" "WordPress/6.8; https://batconpakistan.org"
13.74.68.224 - - [28/Apr/2025:17:44:47 -0400] "GET /wp-includes/js/tinymce/skins/lightgray/img/index.php HTTP/1.1" 301 0 "-" "-"
13.74.68.224 - - [28/Apr/2025:17:44:48 -0400] "GET /wp-includes/js/tinymce/skins/lightgray/img/ HTTP/1.1" 403 1242 "-" "-"
162.0.235.240 - - [28/Apr/2025:17:44:48 -0400] "GET /wp-content/plugins/contact-form-7-style/admin/predefined-templates.json HTTP/1.1" 200 1323 "-" "WordPress/6.8; https://batconpakistan.org"
162.0.235.240 - - [28/Apr/2025:17:44:49 -0400] "GET /wp-content/plugins/contact-form-7-style/admin/predefined-templates.json HTTP/1.1" 200 1323 "-" "WordPress/6.8; https://batconpakistan.org"
13.74.68.224 - - [28/Apr/2025:17:44:48 -0400] "GET /ok.php HTTP/1.1" 301 0 "-" "-"
162.0.235.240 - - [28/Apr/2025:17:44:50 -0400] "GET /wp-content/plugins/contact-form-7-style/admin/predefined-templates.json HTTP/1.1" 200 1323 "-" "WordPress/6.8; https://batconpakistan.org"
13.74.68.224 - - [28/Apr/2025:17:44:49 -0400] "GET /ok.php HTTP/1.1" 404 15889 "-" "-"
162.0.235.240 - - [28/Apr/2025:17:44:52 -0400] "GET /wp-content/plugins/contact-form-7-style/admin/predefined-templates.json HTTP/1.1" 200 1323 "-" "WordPress/6.8; https://batconpakistan.org"
13.74.68.224 - - [28/Apr/2025:17:44:51 -0400] "GET /.well-known/admin.php HTTP/1.1" 301 0 "-" "-"
13.74.68.224 - - [28/Apr/2025:17:44:52 -0400] "GET /.well-known/admin.php HTTP/1.1" 404 15887 "-" "-"
162.0.235.240 - - [28/Apr/2025:17:44:53 -0400] "GET /wp-content/plugins/contact-form-7-style/admin/predefined-templates.json HTTP/1.1" 200 1323 "-" "WordPress/6.8; https://batconpakistan.org"
13.74.68.224 - - [28/Apr/2025:17:44:53 -0400] "GET /.well-known/gecko-litespeed.php HTTP/1.1" 301 0 "-" "-"
162.0.235.240 - - [28/Apr/2025:17:44:55 -0400] "GET /wp-content/plugins/contact-form-7-style/admin/predefined-templates.json HTTP/1.1" 200 1323 "-" "WordPress/6.8; https://batconpakistan.org"
162.0.235.240 - - [28/Apr/2025:17:44:55 -0400] "POST /wp-cron.php?doing_wp_cron=1745876695.4908850193023681640625 HTTP/1.1" 200 0 "-" "WordPress/6.8; https://batconpakistan.org"
13.74.68.224 - - [28/Apr/2025:17:44:54 -0400] "GET /.well-known/gecko-litespeed.php HTTP/1.1" 404 15888 "-" "-"
162.0.235.240 - - [28/Apr/2025:17:44:56 -0400] "GET /wp-content/plugins/contact-form-7-style/admin/predefined-templates.json HTTP/1.1" 200 1323 "-" "WordPress/6.8; https://batconpakistan.org"
162.0.235.240 - - [28/Apr/2025:17:44:57 -0400] "GET /wp-content/plugins/contact-form-7-style/admin/predefined-templates.json HTTP/1.1" 200 1323 "-" "WordPress/6.8; https://batconpakistan.org"
13.74.68.224 - - [28/Apr/2025:17:44:56 -0400] "GET /tiny.php HTTP/1.1" 301 0 "-" "-"
162.0.235.240 - - [28/Apr/2025:17:44:58 -0400] "GET /wp-content/plugins/contact-form-7-style/admin/predefined-templates.json HTTP/1.1" 200 1323 "-" "WordPress/6.8; https://batconpakistan.org"
13.74.68.224 - - [28/Apr/2025:17:44:57 -0400] "GET /tiny.php HTTP/1.1" 404 15891 "-" "-"
162.0.235.240 - - [28/Apr/2025:17:44:59 -0400] "GET /wp-content/plugins/contact-form-7-style/admin/predefined-templates.json HTTP/1.1" 200 1323 "-" "WordPress/6.8; https://batconpakistan.org"
13.74.68.224 - - [28/Apr/2025:17:44:58 -0400] "GET /.well-known/index.php HTTP/1.1" 301 0 "-" "-"
13.74.68.224 - - [28/Apr/2025:17:45:00 -0400] "GET /.well-known/ HTTP/1.1" 404 15890 "-" "-"
162.0.235.240 - - [28/Apr/2025:17:45:01 -0400] "GET /wp-content/plugins/contact-form-7-style/admin/predefined-templates.json HTTP/1.1" 200 1323 "-" "WordPress/6.8; https://batconpakistan.org"
13.74.68.224 - - [28/Apr/2025:17:45:00 -0400] "GET /wp-includes/buy.php HTTP/1.1" 301 0 "-" "-"
162.0.235.240 - - [28/Apr/2025:17:45:03 -0400] "GET /wp-content/plugins/contact-form-7-style/admin/predefined-templates.json HTTP/1.1" 200 1323 "-" "WordPress/6.8; https://batconpakistan.org"
13.74.68.224 - - [28/Apr/2025:17:45:02 -0400] "GET /wp-includes/buy.php HTTP/1.1" 404 15888 "-" "-"
162.0.235.240 - - [28/Apr/2025:17:45:05 -0400] "GET /wp-content/plugins/contact-form-7-style/admin/predefined-templates.json HTTP/1.1" 200 1323 "-" "WordPress/6.8; https://batconpakistan.org"
162.0.235.240 - - [28/Apr/2025:17:45:06 -0400] "POST /wp-cron.php?doing_wp_cron=1745876705.8709371089935302734375 HTTP/1.1" 200 0 "-" "WordPress/6.8; https://batconpakistan.org"
13.74.68.224 - - [28/Apr/2025:17:45:04 -0400] "GET /cgi-bin/about.php HTTP/1.1" 301 0 "-" "-"
13.74.68.224 - - [28/Apr/2025:17:45:06 -0400] "GET /cgi-bin/about.php HTTP/1.1" 404 15888 "-" "-"
162.0.235.240 - - [28/Apr/2025:17:45:06 -0400] "GET /wp-content/plugins/contact-form-7-style/admin/predefined-templates.json HTTP/1.1" 200 1323 "-" "WordPress/6.8; https://batconpakistan.org"
162.0.235.240 - - [28/Apr/2025:17:45:07 -0400] "GET /wp-content/plugins/contact-form-7-style/admin/predefined-templates.json HTTP/1.1" 200 1323 "-" "WordPress/6.8; https://batconpakistan.org"
162.0.235.240 - - [28/Apr/2025:17:45:07 -0400] "POST /wp-admin/admin-ajax.php?action=async_litespeed&nonce=fonl8Az66i1k0B0dEKr31xUhscszVlhm&litespeed_type=imgoptm HTTP/1.1" 200 0 "-" "WordPress/6.8; https://batconpakistan.org"
13.74.68.224 - - [28/Apr/2025:17:45:06 -0400] "GET /wander.php HTTP/1.1" 301 0 "-" "-"
162.0.235.240 - - [28/Apr/2025:17:45:08 -0400] "GET /wp-content/plugins/contact-form-7-style/admin/predefined-templates.json HTTP/1.1" 200 1323 "-" "WordPress/6.8; https://batconpakistan.org"
162.0.235.240 - - [28/Apr/2025:17:45:10 -0400] "GET /wp-content/plugins/contact-form-7-style/admin/predefined-templates.json HTTP/1.1" 200 1323 "-" "WordPress/6.8; https://batconpakistan.org"
13.74.68.224 - - [28/Apr/2025:17:45:08 -0400] "GET /wander.php HTTP/1.1" 404 15889 "-" "-"
162.0.235.240 - - [28/Apr/2025:17:45:12 -0400] "GET /wp-content/plugins/contact-form-7-style/admin/predefined-templates.json HTTP/1.1" 200 1323 "-" "WordPress/6.8; https://batconpakistan.org"
13.74.68.224 - - [28/Apr/2025:17:45:11 -0400] "GET /system_log.php HTTP/1.1" 301 0 "-" "-"
162.0.235.240 - - [28/Apr/2025:17:45:13 -0400] "GET /wp-content/plugins/contact-form-7-style/admin/predefined-templates.json HTTP/1.1" 200 1323 "-" "WordPress/6.8; https://batconpakistan.org"
13.74.68.224 - - [28/Apr/2025:17:45:12 -0400] "GET /system_log.php HTTP/1.1" 404 15890 "-" "-"
162.0.235.240 - - [28/Apr/2025:17:45:15 -0400] "GET /wp-content/plugins/contact-form-7-style/admin/predefined-templates.json HTTP/1.1" 200 1323 "-" "WordPress/6.8; https://batconpakistan.org"
13.74.68.224 - - [28/Apr/2025:17:45:14 -0400] "GET /images/index.php HTTP/1.1" 301 0 "-" "-"
162.0.235.240 - - [28/Apr/2025:17:45:17 -0400] "GET /wp-content/plugins/contact-form-7-style/admin/predefined-templates.json HTTP/1.1" 200 1323 "-" "WordPress/6.8; https://batconpakistan.org"
13.74.68.224 - - [28/Apr/2025:17:45:16 -0400] "GET /images/ HTTP/1.1" 404 15888 "-" "-"
162.0.235.240 - - [28/Apr/2025:17:45:18 -0400] "GET /wp-content/plugins/contact-form-7-style/admin/predefined-templates.json HTTP/1.1" 200 1323 "-" "WordPress/6.8; https://batconpakistan.org"
13.74.68.224 - - [28/Apr/2025:17:45:17 -0400] "GET /wp-admin/css/colors/about.php HTTP/1.1" 301 0 "-" "-"
162.0.235.240 - - [28/Apr/2025:17:45:20 -0400] "GET /wp-content/plugins/contact-form-7-style/admin/predefined-templates.json HTTP/1.1" 200 1323 "-" "WordPress/6.8; https://batconpakistan.org"
13.74.68.224 - - [28/Apr/2025:17:45:19 -0400] "GET /wp-admin/css/colors/about.php HTTP/1.1" 404 15889 "-" "-"
162.0.235.240 - - [28/Apr/2025:17:45:22 -0400] "GET /wp-content/plugins/contact-form-7-style/admin/predefined-templates.json HTTP/1.1" 200 1323 "-" "WordPress/6.8; https://batconpakistan.org"
13.74.68.224 - - [28/Apr/2025:17:45:21 -0400] "GET /wp.php HTTP/1.1" 301 0 "-" "-"
13.74.68.224 - - [28/Apr/2025:17:45:22 -0400] "GET /wp.php HTTP/1.1" 404 15889 "-" "-"
162.0.235.240 - - [28/Apr/2025:17:45:24 -0400] "GET /wp-content/plugins/contact-form-7-style/admin/predefined-templates.json HTTP/1.1" 200 1323 "-" "WordPress/6.8; https://batconpakistan.org"
13.74.68.224 - - [28/Apr/2025:17:45:23 -0400] "GET /.well-known/wp-login.php HTTP/1.1" 301 0 "-" "-"
162.0.235.240 - - [28/Apr/2025:17:45:25 -0400] "GET /wp-content/plugins/contact-form-7-style/admin/predefined-templates.json HTTP/1.1" 200 1323 "-" "WordPress/6.8; https://batconpakistan.org"
13.74.68.224 - - [28/Apr/2025:17:45:24 -0400] "GET /.well-known/wp-login.php HTTP/1.1" 404 15890 "-" "-"
162.0.235.240 - - [28/Apr/2025:17:45:27 -0400] "GET /wp-content/plugins/contact-form-7-style/admin/predefined-templates.json HTTP/1.1" 200 1323 "-" "WordPress/6.8; https://batconpakistan.org"
13.74.68.224 - - [28/Apr/2025:17:45:26 -0400] "GET /fi2.php HTTP/1.1" 301 0 "-" "-"
162.0.235.240 - - [28/Apr/2025:17:45:28 -0400] "GET /wp-content/plugins/contact-form-7-style/admin/predefined-templates.json HTTP/1.1" 200 1323 "-" "WordPress/6.8; https://batconpakistan.org"
13.74.68.224 - - [28/Apr/2025:17:45:27 -0400] "GET /fi2.php HTTP/1.1" 404 15889 "-" "-"
162.0.235.240 - - [28/Apr/2025:17:45:29 -0400] "GET /wp-content/plugins/contact-form-7-style/admin/predefined-templates.json HTTP/1.1" 200 1323 "-" "WordPress/6.8; https://batconpakistan.org"
13.74.68.224 - - [28/Apr/2025:17:45:29 -0400] "GET /.well-known/classwithtostring.php HTTP/1.1" 301 0 "-" "-"
162.0.235.240 - - [28/Apr/2025:17:45:30 -0400] "GET /wp-content/plugins/contact-form-7-style/admin/predefined-templates.json HTTP/1.1" 200 1323 "-" "WordPress/6.8; https://batconpakistan.org"
13.74.68.224 - - [28/Apr/2025:17:45:30 -0400] "GET /.well-known/classwithtostring.php HTTP/1.1" 404 15889 "-" "-"
162.0.235.240 - - [28/Apr/2025:17:45:32 -0400] "GET /wp-content/plugins/contact-form-7-style/admin/predefined-templates.json HTTP/1.1" 200 1323 "-" "WordPress/6.8; https://batconpakistan.org"
13.74.68.224 - - [28/Apr/2025:17:45:31 -0400] "GET /db.php HTTP/1.1" 301 0 "-" "-"
13.74.68.224 - - [28/Apr/2025:17:45:32 -0400] "GET /db.php HTTP/1.1" 404 15887 "-" "-"
162.0.235.240 - - [28/Apr/2025:17:45:34 -0400] "GET /wp-content/plugins/contact-form-7-style/admin/predefined-templates.json HTTP/1.1" 200 1323 "-" "WordPress/6.8; https://batconpakistan.org"
13.74.68.224 - - [28/Apr/2025:17:45:33 -0400] "GET /templates/beez3/index.php HTTP/1.1" 301 0 "-" "-"
162.0.235.240 - - [28/Apr/2025:17:45:35 -0400] "GET /wp-content/plugins/contact-form-7-style/admin/predefined-templates.json HTTP/1.1" 200 1323 "-" "WordPress/6.8; https://batconpakistan.org"
13.74.68.224 - - [28/Apr/2025:17:45:34 -0400] "GET /templates/beez3/ HTTP/1.1" 404 15889 "-" "-"
162.0.235.240 - - [28/Apr/2025:17:45:37 -0400] "GET /wp-content/plugins/contact-form-7-style/admin/predefined-templates.json HTTP/1.1" 200 1323 "-" "WordPress/6.8; https://batconpakistan.org"
13.74.68.224 - - [28/Apr/2025:17:45:36 -0400] "GET /wp-admin/js/about.php HTTP/1.1" 301 0 "-" "-"
13.74.68.224 - - [28/Apr/2025:17:45:37 -0400] "GET /wp-admin/js/about.php HTTP/1.1" 404 15889 "-" "-"
162.0.235.240 - - [28/Apr/2025:17:45:38 -0400] "GET /wp-content/plugins/contact-form-7-style/admin/predefined-templates.json HTTP/1.1" 200 1323 "-" "WordPress/6.8; https://batconpakistan.org"
13.74.68.224 - - [28/Apr/2025:17:45:37 -0400] "GET /comfunctions.php HTTP/1.1" 301 0 "-" "-"
162.0.235.240 - - [28/Apr/2025:17:45:39 -0400] "GET /wp-content/plugins/contact-form-7-style/admin/predefined-templates.json HTTP/1.1" 200 1323 "-" "WordPress/6.8; https://batconpakistan.org"
162.0.235.240 - - [28/Apr/2025:17:45:40 -0400] "POST /wp-cron.php?doing_wp_cron=1745876740.2223858833312988281250 HTTP/1.1" 200 0 "-" "WordPress/6.8; https://batconpakistan.org"
13.74.68.224 - - [28/Apr/2025:17:45:39 -0400] "GET /comfunctions.php HTTP/1.1" 404 15890 "-" "-"
162.0.235.240 - - [28/Apr/2025:17:45:40 -0400] "GET /wp-content/plugins/contact-form-7-style/admin/predefined-templates.json HTTP/1.1" 200 1323 "-" "WordPress/6.8; https://batconpakistan.org"
162.0.235.240 - - [28/Apr/2025:17:45:41 -0400] "GET /wp-content/plugins/contact-form-7-style/admin/predefined-templates.json HTTP/1.1" 200 1323 "-" "WordPress/6.8; https://batconpakistan.org"
162.0.235.240 - - [28/Apr/2025:17:45:42 -0400] "GET /wp-content/plugins/contact-form-7-style/admin/predefined-templates.json HTTP/1.1" 200 1323 "-" "WordPress/6.8; https://batconpakistan.org"
13.74.68.224 - - [28/Apr/2025:17:45:40 -0400] "GET /images/class-config.php HTTP/1.1" 301 0 "-" "-"
162.0.235.240 - - [28/Apr/2025:17:45:43 -0400] "GET /wp-content/plugins/contact-form-7-style/admin/predefined-templates.json HTTP/1.1" 200 1323 "-" "WordPress/6.8; https://batconpakistan.org"
35.173.81.27 - - [28/Apr/2025:17:45:40 -0400] "GET /bat-convervation-pakistan/our-team/ HTTP/1.1" 200 24261 "-" "Grammarly/1.0 (http://www.grammarly.com)"
13.74.68.224 - - [28/Apr/2025:17:45:42 -0400] "GET /images/class-config.php HTTP/1.1" 404 15889 "-" "-"
162.0.235.240 - - [28/Apr/2025:17:45:45 -0400] "GET /wp-content/plugins/contact-form-7-style/admin/predefined-templates.json HTTP/1.1" 200 1323 "-" "WordPress/6.8; https://batconpakistan.org"
13.74.68.224 - - [28/Apr/2025:17:45:44 -0400] "GET /admin HTTP/1.1" 301 0 "-" "-"
162.0.235.240 - - [28/Apr/2025:17:45:46 -0400] "GET /wp-content/plugins/contact-form-7-style/admin/predefined-templates.json HTTP/1.1" 200 1323 "-" "WordPress/6.8; https://batconpakistan.org"
13.74.68.224 - - [28/Apr/2025:17:45:45 -0400] "GET /admin HTTP/1.1" 302 0 "-" "-"
162.0.235.240 - - [28/Apr/2025:17:45:48 -0400] "GET /wp-content/plugins/contact-form-7-style/admin/predefined-templates.json HTTP/1.1" 200 1323 "-" "WordPress/6.8; https://batconpakistan.org"
162.0.235.240 - - [28/Apr/2025:17:45:48 -0400] "POST /wp-cron.php?doing_wp_cron=1745876748.4309689998626708984375 HTTP/1.1" 200 0 "-" "WordPress/6.8; https://batconpakistan.org"
13.74.68.224 - - [28/Apr/2025:17:45:47 -0400] "GET /wp-admin/ HTTP/1.1" 302 0 "-" "-"
162.0.235.240 - - [28/Apr/2025:17:45:49 -0400] "GET /wp-content/plugins/contact-form-7-style/admin/predefined-templates.json HTTP/1.1" 200 1323 "-" "WordPress/6.8; https://batconpakistan.org"
162.0.235.240 - - [28/Apr/2025:17:45:49 -0400] "GET /wp-content/plugins/contact-form-7-style/admin/predefined-templates.json HTTP/1.1" 200 1323 "-" "WordPress/6.8; https://batconpakistan.org"
13.74.68.224 - - [28/Apr/2025:17:45:48 -0400] "GET /wp-login.php?redirect_to=https%3A%2F%2Fbatconpakistan.org%2Fwp-admin%2F&reauth=1 HTTP/1.1" 200 1889 "-" "-"
162.0.235.240 - - [28/Apr/2025:17:45:51 -0400] "GET /wp-content/plugins/contact-form-7-style/admin/predefined-templates.json HTTP/1.1" 200 1323 "-" "WordPress/6.8; https://batconpakistan.org"
13.74.68.224 - - [28/Apr/2025:17:45:50 -0400] "GET /wp-includes/widgets/include.php HTTP/1.1" 301 0 "-" "-"
162.0.235.240 - - [28/Apr/2025:17:45:52 -0400] "GET /wp-content/plugins/contact-form-7-style/admin/predefined-templates.json HTTP/1.1" 200 1323 "-" "WordPress/6.8; https://batconpakistan.org"
13.74.68.224 - - [28/Apr/2025:17:45:51 -0400] "GET /wp-includes/widgets/include.php HTTP/1.1" 404 15890 "-" "-"
162.0.235.240 - - [28/Apr/2025:17:45:54 -0400] "GET /wp-content/plugins/contact-form-7-style/admin/predefined-templates.json HTTP/1.1" 200 1323 "-" "WordPress/6.8; https://batconpakistan.org"
13.74.68.224 - - [28/Apr/2025:17:45:53 -0400] "GET /system.php HTTP/1.1" 301 0 "-" "-"
162.0.235.240 - - [28/Apr/2025:17:45:55 -0400] "GET /wp-content/plugins/contact-form-7-style/admin/predefined-templates.json HTTP/1.1" 200 1323 "-" "WordPress/6.8; https://batconpakistan.org"
162.0.235.240 - - [28/Apr/2025:17:45:55 -0400] "POST /wp-cron.php?doing_wp_cron=1745876755.8985280990600585937500 HTTP/1.1" 200 0 "-" "WordPress/6.8; https://batconpakistan.org"
13.74.68.224 - - [28/Apr/2025:17:45:54 -0400] "GET /system.php HTTP/1.1" 404 15890 "-" "-"
162.0.235.240 - - [28/Apr/2025:17:45:56 -0400] "GET /wp-content/plugins/contact-form-7-style/admin/predefined-templates.json HTTP/1.1" 200 1323 "-" "WordPress/6.8; https://batconpakistan.org"
162.0.235.240 - - [28/Apr/2025:17:45:57 -0400] "GET /wp-content/plugins/contact-form-7-style/admin/predefined-templates.json HTTP/1.1" 200 1323 "-" "WordPress/6.8; https://batconpakistan.org"
13.74.68.224 - - [28/Apr/2025:17:45:56 -0400] "GET /install.php HTTP/1.1" 301 0 "-" "-"
13.74.68.224 - - [28/Apr/2025:17:45:57 -0400] "GET /install.php HTTP/1.1" 404 15891 "-" "-"
162.0.235.240 - - [28/Apr/2025:17:45:59 -0400] "GET /wp-content/plugins/contact-form-7-style/admin/predefined-templates.json HTTP/1.1" 200 1323 "-" "WordPress/6.8; https://batconpakistan.org"
13.74.68.224 - - [28/Apr/2025:17:45:58 -0400] "GET /v.php HTTP/1.1" 301 0 "-" "-"
162.0.235.240 - - [28/Apr/2025:17:46:00 -0400] "GET /wp-content/plugins/contact-form-7-style/admin/predefined-templates.json HTTP/1.1" 200 1323 "-" "WordPress/6.8; https://batconpakistan.org"
13.74.68.224 - - [28/Apr/2025:17:45:59 -0400] "GET /v.php HTTP/1.1" 404 15892 "-" "-"
162.0.235.240 - - [28/Apr/2025:17:46:02 -0400] "GET /wp-content/plugins/contact-form-7-style/admin/predefined-templates.json HTTP/1.1" 200 1323 "-" "WordPress/6.8; https://batconpakistan.org"
13.74.68.224 - - [28/Apr/2025:17:46:01 -0400] "GET /.well-known/acme-challenge/admin.php HTTP/1.1" 301 0 "-" "-"
162.0.235.240 - - [28/Apr/2025:17:46:03 -0400] "GET /wp-content/plugins/contact-form-7-style/admin/predefined-templates.json HTTP/1.1" 200 1323 "-" "WordPress/6.8; https://batconpakistan.org"
13.74.68.224 - - [28/Apr/2025:17:46:02 -0400] "GET /.well-known/acme-challenge/admin.php HTTP/1.1" 404 15890 "-" "-"
162.0.235.240 - - [28/Apr/2025:17:46:05 -0400] "GET /wp-content/plugins/contact-form-7-style/admin/predefined-templates.json HTTP/1.1" 200 1323 "-" "WordPress/6.8; https://batconpakistan.org"
162.0.235.240 - - [28/Apr/2025:17:46:05 -0400] "POST /wp-cron.php?doing_wp_cron=1745876765.4839069843292236328125 HTTP/1.1" 200 0 "-" "WordPress/6.8; https://batconpakistan.org"
13.74.68.224 - - [28/Apr/2025:17:46:04 -0400] "GET /wp-includes/wp-includes_function.php HTTP/1.1" 301 0 "-" "-"
162.0.235.240 - - [28/Apr/2025:17:46:06 -0400] "GET /wp-content/plugins/contact-form-7-style/admin/predefined-templates.json HTTP/1.1" 200 1323 "-" "WordPress/6.8; https://batconpakistan.org"
162.0.235.240 - - [28/Apr/2025:17:46:06 -0400] "GET /wp-content/plugins/contact-form-7-style/admin/predefined-templates.json HTTP/1.1" 200 1323 "-" "WordPress/6.8; https://batconpakistan.org"
13.74.68.224 - - [28/Apr/2025:17:46:05 -0400] "GET /wp-includes/wp-includes_function.php HTTP/1.1" 404 15888 "-" "-"
162.0.235.240 - - [28/Apr/2025:17:46:06 -0400] "POST /wp-admin/admin-ajax.php?action=async_litespeed&nonce=cFownaspqiI1IirsyGGrxMacVhZ4oPYf&litespeed_type=imgoptm HTTP/1.1" 200 0 "-" "WordPress/6.8; https://batconpakistan.org"
162.0.235.240 - - [28/Apr/2025:17:46:07 -0400] "GET /wp-content/plugins/contact-form-7-style/admin/predefined-templates.json HTTP/1.1" 200 1323 "-" "WordPress/6.8; https://batconpakistan.org"
162.0.235.240 - - [28/Apr/2025:17:46:08 -0400] "GET /wp-content/plugins/contact-form-7-style/admin/predefined-templates.json HTTP/1.1" 200 1323 "-" "WordPress/6.8; https://batconpakistan.org"
13.74.68.224 - - [28/Apr/2025:17:46:07 -0400] "GET /wp-admin/js/autoload_classmap.php HTTP/1.1" 301 0 "-" "-"
162.0.235.240 - - [28/Apr/2025:17:46:09 -0400] "GET /wp-content/plugins/contact-form-7-style/admin/predefined-templates.json HTTP/1.1" 200 1323 "-" "WordPress/6.8; https://batconpakistan.org"
13.74.68.224 - - [28/Apr/2025:17:46:08 -0400] "GET /wp-admin/js/autoload_classmap.php HTTP/1.1" 404 15888 "-" "-"
162.0.235.240 - - [28/Apr/2025:17:46:11 -0400] "GET /wp-content/plugins/contact-form-7-style/admin/predefined-templates.json HTTP/1.1" 200 1323 "-" "WordPress/6.8; https://batconpakistan.org"
13.74.68.224 - - [28/Apr/2025:17:46:10 -0400] "GET /wp-signup.php HTTP/1.1" 302 0 "-" "-"
162.0.235.240 - - [28/Apr/2025:17:46:12 -0400] "GET /wp-content/plugins/contact-form-7-style/admin/predefined-templates.json HTTP/1.1" 200 1323 "-" "WordPress/6.8; https://batconpakistan.org"
13.74.68.224 - - [28/Apr/2025:17:46:11 -0400] "GET /wp-login.php?action=register HTTP/1.1" 302 0 "-" "-"
162.0.235.240 - - [28/Apr/2025:17:46:13 -0400] "GET /wp-content/plugins/contact-form-7-style/admin/predefined-templates.json HTTP/1.1" 200 1323 "-" "WordPress/6.8; https://batconpakistan.org"
13.74.68.224 - - [28/Apr/2025:17:46:12 -0400] "GET /wp-login.php?registration=disabled HTTP/1.1" 200 1957 "-" "-"
162.0.235.240 - - [28/Apr/2025:17:46:15 -0400] "GET /wp-content/plugins/contact-form-7-style/admin/predefined-templates.json HTTP/1.1" 200 1323 "-" "WordPress/6.8; https://batconpakistan.org"
13.74.68.224 - - [28/Apr/2025:17:46:14 -0400] "GET /.well-known/file.php/ HTTP/1.1" 301 0 "-" "-"
162.0.235.240 - - [28/Apr/2025:17:46:16 -0400] "GET /wp-content/plugins/contact-form-7-style/admin/predefined-templates.json HTTP/1.1" 200 1323 "-" "WordPress/6.8; https://batconpakistan.org"
13.74.68.224 - - [28/Apr/2025:17:46:15 -0400] "GET /.well-known/file.php/ HTTP/1.1" 404 15894 "-" "-"
162.0.235.240 - - [28/Apr/2025:17:46:18 -0400] "GET /wp-content/plugins/contact-form-7-style/admin/predefined-templates.json HTTP/1.1" 200 1323 "-" "WordPress/6.8; https://batconpakistan.org"
13.74.68.224 - - [28/Apr/2025:17:46:17 -0400] "GET /wp-includes/SimplePie/gzdecodes.php.suspected HTTP/1.1" 301 0 "-" "-"
162.0.235.240 - - [28/Apr/2025:17:46:19 -0400] "GET /wp-content/plugins/contact-form-7-style/admin/predefined-templates.json HTTP/1.1" 200 1323 "-" "WordPress/6.8; https://batconpakistan.org"
13.74.68.224 - - [28/Apr/2025:17:46:18 -0400] "GET /wp-includes/SimplePie/gzdecodes.php.suspected HTTP/1.1" 404 15890 "-" "-"
162.0.235.240 - - [28/Apr/2025:17:46:21 -0400] "GET /wp-content/plugins/contact-form-7-style/admin/predefined-templates.json HTTP/1.1" 200 1323 "-" "WordPress/6.8; https://batconpakistan.org"
13.74.68.224 - - [28/Apr/2025:17:46:20 -0400] "GET /wp-admin/user/xmrlpc.php HTTP/1.1" 301 0 "-" "-"
13.74.68.224 - - [28/Apr/2025:17:46:21 -0400] "GET /wp-admin/user/xmrlpc.php HTTP/1.1" 404 15890 "-" "-"
