162.0.235.240 - - [28/Apr/2025:08:37:06 -0400] "GET /wp-content/plugins/contact-form-7-style/admin/predefined-templates.json HTTP/1.1" 200 1323 "-" "WordPress/6.8; https://batconpakistan.org"
162.0.235.240 - - [28/Apr/2025:08:37:07 -0400] "GET /wp-content/plugins/contact-form-7-style/admin/predefined-templates.json HTTP/1.1" 200 1323 "-" "WordPress/6.8; https://batconpakistan.org"
162.0.235.240 - - [28/Apr/2025:08:37:06 -0400] "POST /wp-admin/admin-ajax.php?action=async_litespeed&nonce=eUvF2qUTFu8Wt50QseGdd2hBrSUwbskQ&litespeed_type=imgoptm HTTP/1.1" 200 0 "-" "WordPress/6.8; https://batconpakistan.org"
52.170.2.169 - - [28/Apr/2025:08:37:06 -0400] "GET /yindu.php HTTP/1.1" 301 0 "-" "-"
162.0.235.240 - - [28/Apr/2025:08:37:07 -0400] "GET /wp-content/plugins/contact-form-7-style/admin/predefined-templates.json HTTP/1.1" 200 1323 "-" "WordPress/6.8; https://batconpakistan.org"
162.0.235.240 - - [28/Apr/2025:08:37:08 -0400] "GET /wp-content/plugins/contact-form-7-style/admin/predefined-templates.json HTTP/1.1" 200 1323 "-" "WordPress/6.8; https://batconpakistan.org"
52.170.2.169 - - [28/Apr/2025:08:37:07 -0400] "GET /yindu.php HTTP/1.1" 404 15889 "-" "-"
162.0.235.240 - - [28/Apr/2025:08:37:10 -0400] "GET /wp-content/plugins/contact-form-7-style/admin/predefined-templates.json HTTP/1.1" 200 1323 "-" "WordPress/6.8; https://batconpakistan.org"
52.170.2.169 - - [28/Apr/2025:08:37:09 -0400] "GET /wp-admin/class-db.php HTTP/1.1" 301 0 "-" "-"
162.0.235.240 - - [28/Apr/2025:08:37:11 -0400] "GET /wp-content/plugins/contact-form-7-style/admin/predefined-templates.json HTTP/1.1" 200 1323 "-" "WordPress/6.8; https://batconpakistan.org"
52.170.2.169 - - [28/Apr/2025:08:37:10 -0400] "GET /wp-admin/class-db.php HTTP/1.1" 404 15890 "-" "-"
162.0.235.240 - - [28/Apr/2025:08:37:13 -0400] "GET /wp-content/plugins/contact-form-7-style/admin/predefined-templates.json HTTP/1.1" 200 1323 "-" "WordPress/6.8; https://batconpakistan.org"
52.170.2.169 - - [28/Apr/2025:08:37:12 -0400] "GET /baxa1.phP8 HTTP/1.1" 301 0 "-" "-"
162.0.235.240 - - [28/Apr/2025:08:37:15 -0400] "GET /wp-content/plugins/contact-form-7-style/admin/predefined-templates.json HTTP/1.1" 200 1323 "-" "WordPress/6.8; https://batconpakistan.org"
52.170.2.169 - - [28/Apr/2025:08:37:14 -0400] "GET /baxa1.phP8 HTTP/1.1" 404 15890 "-" "-"
162.0.235.240 - - [28/Apr/2025:08:37:17 -0400] "GET /wp-content/plugins/contact-form-7-style/admin/predefined-templates.json HTTP/1.1" 200 1323 "-" "WordPress/6.8; https://batconpakistan.org"
52.170.2.169 - - [28/Apr/2025:08:37:16 -0400] "GET /baxa1.php HTTP/1.1" 301 0 "-" "-"
162.0.235.240 - - [28/Apr/2025:08:37:19 -0400] "GET /wp-content/plugins/contact-form-7-style/admin/predefined-templates.json HTTP/1.1" 200 1323 "-" "WordPress/6.8; https://batconpakistan.org"
52.170.2.169 - - [28/Apr/2025:08:37:18 -0400] "GET /baxa1.php HTTP/1.1" 404 15888 "-" "-"
162.0.235.240 - - [28/Apr/2025:08:37:21 -0400] "GET /wp-content/plugins/contact-form-7-style/admin/predefined-templates.json HTTP/1.1" 200 1323 "-" "WordPress/6.8; https://batconpakistan.org"
52.170.2.169 - - [28/Apr/2025:08:37:20 -0400] "GET /.well-known//index.php HTTP/1.1" 301 0 "-" "-"
162.0.235.240 - - [28/Apr/2025:08:37:22 -0400] "GET /wp-content/plugins/contact-form-7-style/admin/predefined-templates.json HTTP/1.1" 200 1323 "-" "WordPress/6.8; https://batconpakistan.org"
52.170.2.169 - - [28/Apr/2025:08:37:21 -0400] "GET /.well-known/ HTTP/1.1" 404 15887 "-" "-"
162.0.235.240 - - [28/Apr/2025:08:37:24 -0400] "GET /wp-content/plugins/contact-form-7-style/admin/predefined-templates.json HTTP/1.1" 200 1323 "-" "WordPress/6.8; https://batconpakistan.org"
52.170.2.169 - - [28/Apr/2025:08:37:23 -0400] "GET /libraries/phpmailer//index.php HTTP/1.1" 301 0 "-" "-"
162.0.235.240 - - [28/Apr/2025:08:37:25 -0400] "GET /wp-content/plugins/contact-form-7-style/admin/predefined-templates.json HTTP/1.1" 200 1323 "-" "WordPress/6.8; https://batconpakistan.org"
52.170.2.169 - - [28/Apr/2025:08:37:24 -0400] "GET /libraries/phpmailer/ HTTP/1.1" 404 15890 "-" "-"
162.0.235.240 - - [28/Apr/2025:08:37:28 -0400] "GET /wp-content/plugins/contact-form-7-style/admin/predefined-templates.json HTTP/1.1" 200 1323 "-" "WordPress/6.8; https://batconpakistan.org"
52.170.2.169 - - [28/Apr/2025:08:37:26 -0400] "GET /wp-admin/autoload_classmap.php HTTP/1.1" 301 0 "-" "-"
162.0.235.240 - - [28/Apr/2025:08:37:29 -0400] "GET /wp-content/plugins/contact-form-7-style/admin/predefined-templates.json HTTP/1.1" 200 1323 "-" "WordPress/6.8; https://batconpakistan.org"
52.170.2.169 - - [28/Apr/2025:08:37:28 -0400] "GET /wp-admin/autoload_classmap.php HTTP/1.1" 404 15888 "-" "-"
162.0.235.240 - - [28/Apr/2025:08:37:31 -0400] "GET /wp-content/plugins/contact-form-7-style/admin/predefined-templates.json HTTP/1.1" 200 1323 "-" "WordPress/6.8; https://batconpakistan.org"
52.170.2.169 - - [28/Apr/2025:08:37:30 -0400] "GET /wp-admin/css/colors/blue//1.php HTTP/1.1" 301 0 "-" "-"
162.0.235.240 - - [28/Apr/2025:08:37:33 -0400] "GET /wp-content/plugins/contact-form-7-style/admin/predefined-templates.json HTTP/1.1" 200 1323 "-" "WordPress/6.8; https://batconpakistan.org"
52.170.2.169 - - [28/Apr/2025:08:37:32 -0400] "GET /wp-admin/css/colors/blue/1.php HTTP/1.1" 404 15890 "-" "-"
162.0.235.240 - - [28/Apr/2025:08:37:34 -0400] "GET /wp-content/plugins/contact-form-7-style/admin/predefined-templates.json HTTP/1.1" 200 1323 "-" "WordPress/6.8; https://batconpakistan.org"
52.170.2.169 - - [28/Apr/2025:08:37:33 -0400] "GET /wp-content/plugins//about.php HTTP/1.1" 301 0 "-" "-"
162.0.235.240 - - [28/Apr/2025:08:37:35 -0400] "GET /wp-content/plugins/contact-form-7-style/admin/predefined-templates.json HTTP/1.1" 200 1323 "-" "WordPress/6.8; https://batconpakistan.org"
52.170.2.169 - - [28/Apr/2025:08:37:34 -0400] "GET /wp-content/plugins/about.php HTTP/1.1" 404 15890 "-" "-"
52.170.2.169 - - [28/Apr/2025:08:37:36 -0400] "GET /wp-content/plugins//index.php HTTP/1.1" 200 0 "-" "-"
162.0.235.240 - - [28/Apr/2025:08:37:37 -0400] "GET /wp-content/plugins/contact-form-7-style/admin/predefined-templates.json HTTP/1.1" 200 1323 "-" "WordPress/6.8; https://batconpakistan.org"
52.170.2.169 - - [28/Apr/2025:08:37:36 -0400] "GET /wp-content/plugins/about.php HTTP/1.1" 301 0 "-" "-"
52.170.2.169 - - [28/Apr/2025:08:37:37 -0400] "GET /wp-content/plugins/about.php HTTP/1.1" 404 15890 "-" "-"
162.0.235.240 - - [28/Apr/2025:08:37:38 -0400] "GET /wp-content/plugins/contact-form-7-style/admin/predefined-templates.json HTTP/1.1" 200 1323 "-" "WordPress/6.8; https://batconpakistan.org"
52.170.2.169 - - [28/Apr/2025:08:37:37 -0400] "GET /wp-content/uploads/BbUMY/flower.php HTTP/1.1" 301 0 "-" "-"
162.0.235.240 - - [28/Apr/2025:08:37:40 -0400] "GET /wp-content/plugins/contact-form-7-style/admin/predefined-templates.json HTTP/1.1" 200 1323 "-" "WordPress/6.8; https://batconpakistan.org"
162.0.235.240 - - [28/Apr/2025:08:37:40 -0400] "POST /wp-cron.php?doing_wp_cron=1745843860.4177680015563964843750 HTTP/1.1" 200 0 "-" "WordPress/6.8; https://batconpakistan.org"
52.170.2.169 - - [28/Apr/2025:08:37:39 -0400] "GET /wp-content/uploads/BbUMY/flower.php HTTP/1.1" 404 15891 "-" "-"
162.0.235.240 - - [28/Apr/2025:08:37:41 -0400] "GET /wp-content/plugins/contact-form-7-style/admin/predefined-templates.json HTTP/1.1" 200 1323 "-" "WordPress/6.8; https://batconpakistan.org"
162.0.235.240 - - [28/Apr/2025:08:37:41 -0400] "GET /wp-content/plugins/contact-form-7-style/admin/predefined-templates.json HTTP/1.1" 200 1323 "-" "WordPress/6.8; https://batconpakistan.org"
52.170.2.169 - - [28/Apr/2025:08:37:40 -0400] "GET /wp-includes/ID3//file.php HTTP/1.1" 301 0 "-" "-"
162.0.235.240 - - [28/Apr/2025:08:37:42 -0400] "GET /wp-content/plugins/contact-form-7-style/admin/predefined-templates.json HTTP/1.1" 200 1323 "-" "WordPress/6.8; https://batconpakistan.org"
52.170.2.169 - - [28/Apr/2025:08:37:42 -0400] "GET /wp-includes/ID3/file.php HTTP/1.1" 404 15889 "-" "-"
162.0.235.240 - - [28/Apr/2025:08:37:44 -0400] "GET /wp-content/plugins/contact-form-7-style/admin/predefined-templates.json HTTP/1.1" 200 1323 "-" "WordPress/6.8; https://batconpakistan.org"
52.170.2.169 - - [28/Apr/2025:08:37:43 -0400] "GET /wp-includes/Text/Diff/Engine//about.php HTTP/1.1" 301 0 "-" "-"
162.0.235.240 - - [28/Apr/2025:08:37:45 -0400] "GET /wp-content/plugins/contact-form-7-style/admin/predefined-templates.json HTTP/1.1" 200 1323 "-" "WordPress/6.8; https://batconpakistan.org"
52.170.2.169 - - [28/Apr/2025:08:37:44 -0400] "GET /wp-includes/Text/Diff/Engine/about.php HTTP/1.1" 404 15888 "-" "-"
52.170.2.169 - - [28/Apr/2025:08:37:46 -0400] "GET /wp-includes/Text/Diff/Engine//index.php HTTP/1.1" 403 1242 "-" "-"
162.0.235.240 - - [28/Apr/2025:08:37:47 -0400] "GET /wp-content/plugins/contact-form-7-style/admin/predefined-templates.json HTTP/1.1" 200 1323 "-" "WordPress/6.8; https://batconpakistan.org"
52.170.2.169 - - [28/Apr/2025:08:37:46 -0400] "GET /wp-includes/css//index.php HTTP/1.1" 301 0 "-" "-"
52.170.2.169 - - [28/Apr/2025:08:37:47 -0400] "GET /wp-includes/css/ HTTP/1.1" 403 1242 "-" "-"
162.0.235.240 - - [28/Apr/2025:08:37:49 -0400] "GET /wp-content/plugins/contact-form-7-style/admin/predefined-templates.json HTTP/1.1" 200 1323 "-" "WordPress/6.8; https://batconpakistan.org"
162.0.235.240 - - [28/Apr/2025:08:37:49 -0400] "POST /wp-cron.php?doing_wp_cron=1745843869.5380239486694335937500 HTTP/1.1" 200 0 "-" "WordPress/6.8; https://batconpakistan.org"
52.170.2.169 - - [28/Apr/2025:08:37:47 -0400] "GET /wp-includes/css//xc.php HTTP/1.1" 301 0 "-" "-"
162.0.235.240 - - [28/Apr/2025:08:37:50 -0400] "GET /wp-content/plugins/contact-form-7-style/admin/predefined-templates.json HTTP/1.1" 200 1323 "-" "WordPress/6.8; https://batconpakistan.org"
162.0.235.240 - - [28/Apr/2025:08:37:50 -0400] "GET /wp-content/plugins/contact-form-7-style/admin/predefined-templates.json HTTP/1.1" 200 1323 "-" "WordPress/6.8; https://batconpakistan.org"
52.170.2.169 - - [28/Apr/2025:08:37:49 -0400] "GET /wp-includes/css/xc.php HTTP/1.1" 404 15889 "-" "-"
162.0.235.240 - - [28/Apr/2025:08:37:52 -0400] "GET /wp-content/plugins/contact-form-7-style/admin/predefined-templates.json HTTP/1.1" 200 1323 "-" "WordPress/6.8; https://batconpakistan.org"
52.170.2.169 - - [28/Apr/2025:08:37:51 -0400] "GET /wp-includes/images//about.php HTTP/1.1" 301 0 "-" "-"
162.0.235.240 - - [28/Apr/2025:08:37:53 -0400] "GET /wp-content/plugins/contact-form-7-style/admin/predefined-templates.json HTTP/1.1" 200 1323 "-" "WordPress/6.8; https://batconpakistan.org"
52.170.2.169 - - [28/Apr/2025:08:37:52 -0400] "GET /wp-includes/images/about.php HTTP/1.1" 404 15890 "-" "-"
162.0.235.240 - - [28/Apr/2025:08:37:55 -0400] "GET /wp-content/plugins/contact-form-7-style/admin/predefined-templates.json HTTP/1.1" 200 1323 "-" "WordPress/6.8; https://batconpakistan.org"
162.0.235.240 - - [28/Apr/2025:08:37:55 -0400] "POST /wp-cron.php?doing_wp_cron=1745843875.8496949672698974609375 HTTP/1.1" 200 0 "-" "WordPress/6.8; https://batconpakistan.org"
52.170.2.169 - - [28/Apr/2025:08:37:54 -0400] "GET /wp-includes/images/crystal//index.php HTTP/1.1" 301 0 "-" "-"
52.170.2.169 - - [28/Apr/2025:08:37:56 -0400] "GET /wp-includes/images/crystal/ HTTP/1.1" 403 1242 "-" "-"
162.0.235.240 - - [28/Apr/2025:08:37:56 -0400] "GET /wp-content/plugins/contact-form-7-style/admin/predefined-templates.json HTTP/1.1" 200 1323 "-" "WordPress/6.8; https://batconpakistan.org"
162.0.235.240 - - [28/Apr/2025:08:37:57 -0400] "GET /wp-content/plugins/contact-form-7-style/admin/predefined-templates.json HTTP/1.1" 200 1323 "-" "WordPress/6.8; https://batconpakistan.org"
52.170.2.169 - - [28/Apr/2025:08:37:56 -0400] "GET /wp//index.php HTTP/1.1" 301 0 "-" "-"
162.0.235.240 - - [28/Apr/2025:08:37:58 -0400] "GET /wp-content/plugins/contact-form-7-style/admin/predefined-templates.json HTTP/1.1" 200 1323 "-" "WordPress/6.8; https://batconpakistan.org"
52.170.2.169 - - [28/Apr/2025:08:37:57 -0400] "GET /wp/ HTTP/1.1" 404 15890 "-" "-"
162.0.235.240 - - [28/Apr/2025:08:38:00 -0400] "GET /wp-content/plugins/contact-form-7-style/admin/predefined-templates.json HTTP/1.1" 200 1323 "-" "WordPress/6.8; https://batconpakistan.org"
52.170.2.169 - - [28/Apr/2025:08:37:59 -0400] "GET /user.php HTTP/1.1" 301 0 "-" "-"
162.0.235.240 - - [28/Apr/2025:08:38:01 -0400] "GET /wp-content/plugins/contact-form-7-style/admin/predefined-templates.json HTTP/1.1" 200 1323 "-" "WordPress/6.8; https://batconpakistan.org"
52.170.2.169 - - [28/Apr/2025:08:38:00 -0400] "GET /user.php HTTP/1.1" 404 15890 "-" "-"
162.0.235.240 - - [28/Apr/2025:08:38:03 -0400] "GET /wp-content/plugins/contact-form-7-style/admin/predefined-templates.json HTTP/1.1" 200 1323 "-" "WordPress/6.8; https://batconpakistan.org"
52.170.2.169 - - [28/Apr/2025:08:38:02 -0400] "GET /wp-2019.php HTTP/1.1" 301 0 "-" "-"
162.0.235.240 - - [28/Apr/2025:08:38:04 -0400] "GET /wp-content/plugins/contact-form-7-style/admin/predefined-templates.json HTTP/1.1" 200 1323 "-" "WordPress/6.8; https://batconpakistan.org"
162.0.235.240 - - [28/Apr/2025:08:38:05 -0400] "POST /wp-cron.php?doing_wp_cron=1745843885.1051909923553466796875 HTTP/1.1" 200 0 "-" "WordPress/6.8; https://batconpakistan.org"
52.170.2.169 - - [28/Apr/2025:08:38:03 -0400] "GET /wp-2019.php HTTP/1.1" 404 15890 "-" "-"
162.0.235.240 - - [28/Apr/2025:08:38:05 -0400] "GET /wp-content/plugins/contact-form-7-style/admin/predefined-templates.json HTTP/1.1" 200 1323 "-" "WordPress/6.8; https://batconpakistan.org"
162.0.235.240 - - [28/Apr/2025:08:38:06 -0400] "GET /wp-content/plugins/contact-form-7-style/admin/predefined-templates.json HTTP/1.1" 200 1323 "-" "WordPress/6.8; https://batconpakistan.org"
52.170.2.169 - - [28/Apr/2025:08:38:05 -0400] "GET /chosen.php HTTP/1.1" 301 0 "-" "-"
162.0.235.240 - - [28/Apr/2025:08:38:06 -0400] "POST /wp-admin/admin-ajax.php?action=async_litespeed&nonce=dL44ynweRAMzJc4U11bsO7X3AMYOIxs2&litespeed_type=imgoptm HTTP/1.1" 200 0 "-" "WordPress/6.8; https://batconpakistan.org"
162.0.235.240 - - [28/Apr/2025:08:38:07 -0400] "GET /wp-content/plugins/contact-form-7-style/admin/predefined-templates.json HTTP/1.1" 200 1323 "-" "WordPress/6.8; https://batconpakistan.org"
162.0.235.240 - - [28/Apr/2025:08:38:07 -0400] "GET /wp-content/plugins/contact-form-7-style/admin/predefined-templates.json HTTP/1.1" 200 1323 "-" "WordPress/6.8; https://batconpakistan.org"
52.170.2.169 - - [28/Apr/2025:08:38:06 -0400] "GET /chosen.php HTTP/1.1" 404 15887 "-" "-"
162.0.235.240 - - [28/Apr/2025:08:38:09 -0400] "GET /wp-content/plugins/contact-form-7-style/admin/predefined-templates.json HTTP/1.1" 200 1323 "-" "WordPress/6.8; https://batconpakistan.org"
52.170.2.169 - - [28/Apr/2025:08:38:08 -0400] "GET /functions.php HTTP/1.1" 301 0 "-" "-"
162.0.235.240 - - [28/Apr/2025:08:38:10 -0400] "GET /wp-content/plugins/contact-form-7-style/admin/predefined-templates.json HTTP/1.1" 200 1323 "-" "WordPress/6.8; https://batconpakistan.org"
52.170.2.169 - - [28/Apr/2025:08:38:10 -0400] "GET /functions.php HTTP/1.1" 404 15890 "-" "-"
162.0.235.240 - - [28/Apr/2025:08:38:12 -0400] "GET /wp-content/plugins/contact-form-7-style/admin/predefined-templates.json HTTP/1.1" 200 1323 "-" "WordPress/6.8; https://batconpakistan.org"
52.170.2.169 - - [28/Apr/2025:08:38:11 -0400] "GET /cron.php HTTP/1.1" 301 0 "-" "-"
162.0.235.240 - - [28/Apr/2025:08:38:13 -0400] "GET /wp-content/plugins/contact-form-7-style/admin/predefined-templates.json HTTP/1.1" 200 1323 "-" "WordPress/6.8; https://batconpakistan.org"
52.170.2.169 - - [28/Apr/2025:08:38:12 -0400] "GET /cron.php HTTP/1.1" 404 15890 "-" "-"
162.0.235.240 - - [28/Apr/2025:08:38:15 -0400] "GET /wp-content/plugins/contact-form-7-style/admin/predefined-templates.json HTTP/1.1" 200 1323 "-" "WordPress/6.8; https://batconpakistan.org"
52.170.2.169 - - [28/Apr/2025:08:38:14 -0400] "GET /edit.php HTTP/1.1" 301 0 "-" "-"
162.0.235.240 - - [28/Apr/2025:08:38:16 -0400] "GET /wp-content/plugins/contact-form-7-style/admin/predefined-templates.json HTTP/1.1" 200 1323 "-" "WordPress/6.8; https://batconpakistan.org"
52.170.2.169 - - [28/Apr/2025:08:38:15 -0400] "GET /edit.php HTTP/1.1" 404 15889 "-" "-"
162.0.235.240 - - [28/Apr/2025:08:38:18 -0400] "GET /wp-content/plugins/contact-form-7-style/admin/predefined-templates.json HTTP/1.1" 200 1323 "-" "WordPress/6.8; https://batconpakistan.org"
52.170.2.169 - - [28/Apr/2025:08:38:17 -0400] "GET /gecko-new.php HTTP/1.1" 301 0 "-" "-"
162.0.235.240 - - [28/Apr/2025:08:38:19 -0400] "GET /wp-content/plugins/contact-form-7-style/admin/predefined-templates.json HTTP/1.1" 200 1323 "-" "WordPress/6.8; https://batconpakistan.org"
52.170.2.169 - - [28/Apr/2025:08:38:18 -0400] "GET /gecko-new.php HTTP/1.1" 404 15890 "-" "-"
162.0.235.240 - - [28/Apr/2025:08:38:21 -0400] "GET /wp-content/plugins/contact-form-7-style/admin/predefined-templates.json HTTP/1.1" 200 1323 "-" "WordPress/6.8; https://batconpakistan.org"
52.170.2.169 - - [28/Apr/2025:08:38:20 -0400] "GET /cookie.php HTTP/1.1" 301 0 "-" "-"
162.0.235.240 - - [28/Apr/2025:08:38:22 -0400] "GET /wp-content/plugins/contact-form-7-style/admin/predefined-templates.json HTTP/1.1" 200 1323 "-" "WordPress/6.8; https://batconpakistan.org"
52.170.2.169 - - [28/Apr/2025:08:38:21 -0400] "GET /cookie.php HTTP/1.1" 404 15890 "-" "-"
162.0.235.240 - - [28/Apr/2025:08:38:23 -0400] "GET /wp-content/plugins/contact-form-7-style/admin/predefined-templates.json HTTP/1.1" 200 1323 "-" "WordPress/6.8; https://batconpakistan.org"
52.170.2.169 - - [28/Apr/2025:08:38:23 -0400] "GET /xleet.php HTTP/1.1" 301 0 "-" "-"
162.0.235.240 - - [28/Apr/2025:08:38:25 -0400] "GET /wp-content/plugins/contact-form-7-style/admin/predefined-templates.json HTTP/1.1" 200 1323 "-" "WordPress/6.8; https://batconpakistan.org"
52.170.2.169 - - [28/Apr/2025:08:38:24 -0400] "GET /xleet.php HTTP/1.1" 404 15889 "-" "-"
162.0.235.240 - - [28/Apr/2025:08:38:26 -0400] "GET /wp-content/plugins/contact-form-7-style/admin/predefined-templates.json HTTP/1.1" 200 1323 "-" "WordPress/6.8; https://batconpakistan.org"
52.170.2.169 - - [28/Apr/2025:08:38:25 -0400] "GET /spip.php HTTP/1.1" 301 0 "-" "-"
162.0.235.240 - - [28/Apr/2025:08:38:28 -0400] "GET /wp-content/plugins/contact-form-7-style/admin/predefined-templates.json HTTP/1.1" 200 1323 "-" "WordPress/6.8; https://batconpakistan.org"
52.170.2.169 - - [28/Apr/2025:08:38:27 -0400] "GET /spip.php HTTP/1.1" 404 15890 "-" "-"
162.0.235.240 - - [28/Apr/2025:08:38:29 -0400] "GET /wp-content/plugins/contact-form-7-style/admin/predefined-templates.json HTTP/1.1" 200 1323 "-" "WordPress/6.8; https://batconpakistan.org"
52.170.2.169 - - [28/Apr/2025:08:38:28 -0400] "GET /22.php HTTP/1.1" 301 0 "-" "-"
162.0.235.240 - - [28/Apr/2025:08:38:31 -0400] "GET /wp-content/plugins/contact-form-7-style/admin/predefined-templates.json HTTP/1.1" 200 1323 "-" "WordPress/6.8; https://batconpakistan.org"
52.170.2.169 - - [28/Apr/2025:08:38:30 -0400] "GET /22.php HTTP/1.1" 404 15887 "-" "-"
162.0.235.240 - - [28/Apr/2025:08:38:32 -0400] "GET /wp-content/plugins/contact-form-7-style/admin/predefined-templates.json HTTP/1.1" 200 1323 "-" "WordPress/6.8; https://batconpakistan.org"
52.170.2.169 - - [28/Apr/2025:08:38:32 -0400] "GET /room.php HTTP/1.1" 301 0 "-" "-"
162.0.235.240 - - [28/Apr/2025:08:38:34 -0400] "GET /wp-content/plugins/contact-form-7-style/admin/predefined-templates.json HTTP/1.1" 200 1323 "-" "WordPress/6.8; https://batconpakistan.org"
52.170.2.169 - - [28/Apr/2025:08:38:33 -0400] "GET /room.php HTTP/1.1" 404 15889 "-" "-"
162.0.235.240 - - [28/Apr/2025:08:38:36 -0400] "GET /wp-content/plugins/contact-form-7-style/admin/predefined-templates.json HTTP/1.1" 200 1323 "-" "WordPress/6.8; https://batconpakistan.org"
52.170.2.169 - - [28/Apr/2025:08:38:35 -0400] "GET /disagreed.php HTTP/1.1" 301 0 "-" "-"
162.0.235.240 - - [28/Apr/2025:08:38:37 -0400] "GET /wp-content/plugins/contact-form-7-style/admin/predefined-templates.json HTTP/1.1" 200 1323 "-" "WordPress/6.8; https://batconpakistan.org"
52.170.2.169 - - [28/Apr/2025:08:38:36 -0400] "GET /disagreed.php HTTP/1.1" 404 15889 "-" "-"
162.0.235.240 - - [28/Apr/2025:08:38:39 -0400] "GET /wp-content/plugins/contact-form-7-style/admin/predefined-templates.json HTTP/1.1" 200 1323 "-" "WordPress/6.8; https://batconpakistan.org"
52.170.2.169 - - [28/Apr/2025:08:38:38 -0400] "GET /text.php HTTP/1.1" 301 0 "-" "-"
162.0.235.240 - - [28/Apr/2025:08:38:41 -0400] "GET /wp-content/plugins/contact-form-7-style/admin/predefined-templates.json HTTP/1.1" 200 1323 "-" "WordPress/6.8; https://batconpakistan.org"
162.0.235.240 - - [28/Apr/2025:08:38:41 -0400] "POST /wp-cron.php?doing_wp_cron=1745843921.3112659454345703125000 HTTP/1.1" 200 0 "-" "WordPress/6.8; https://batconpakistan.org"
52.170.2.169 - - [28/Apr/2025:08:38:39 -0400] "GET /text.php HTTP/1.1" 404 15888 "-" "-"
162.0.235.240 - - [28/Apr/2025:08:38:42 -0400] "GET /wp-content/plugins/contact-form-7-style/admin/predefined-templates.json HTTP/1.1" 200 1323 "-" "WordPress/6.8; https://batconpakistan.org"
162.0.235.240 - - [28/Apr/2025:08:38:43 -0400] "GET /wp-content/plugins/contact-form-7-style/admin/predefined-templates.json HTTP/1.1" 200 1323 "-" "WordPress/6.8; https://batconpakistan.org"
52.170.2.169 - - [28/Apr/2025:08:38:41 -0400] "GET /alfa-rex.php HTTP/1.1" 301 0 "-" "-"
162.0.235.240 - - [28/Apr/2025:08:38:44 -0400] "GET /wp-content/plugins/contact-form-7-style/admin/predefined-templates.json HTTP/1.1" 200 1323 "-" "WordPress/6.8; https://batconpakistan.org"
52.170.2.169 - - [28/Apr/2025:08:38:43 -0400] "GET /alfa-rex.php HTTP/1.1" 404 15890 "-" "-"
162.0.235.240 - - [28/Apr/2025:08:38:46 -0400] "GET /wp-content/plugins/contact-form-7-style/admin/predefined-templates.json HTTP/1.1" 200 1323 "-" "WordPress/6.8; https://batconpakistan.org"
52.170.2.169 - - [28/Apr/2025:08:38:45 -0400] "GET /alfa-rex.php7 HTTP/1.1" 301 0 "-" "-"
162.0.235.240 - - [28/Apr/2025:08:38:48 -0400] "GET /wp-content/plugins/contact-form-7-style/admin/predefined-templates.json HTTP/1.1" 200 1323 "-" "WordPress/6.8; https://batconpakistan.org"
162.0.235.240 - - [28/Apr/2025:08:38:49 -0400] "POST /wp-cron.php?doing_wp_cron=1745843928.8722040653228759765625 HTTP/1.1" 200 0 "-" "WordPress/6.8; https://batconpakistan.org"
162.0.235.240 - - [28/Apr/2025:08:38:49 -0400] "GET /wp-content/plugins/contact-form-7-style/admin/predefined-templates.json HTTP/1.1" 200 1323 "-" "WordPress/6.8; https://batconpakistan.org"
52.170.2.169 - - [28/Apr/2025:08:38:47 -0400] "GET /alfa-rex.php7 HTTP/1.1" 404 15889 "-" "-"
162.0.235.240 - - [28/Apr/2025:08:38:51 -0400] "GET /wp-content/plugins/contact-form-7-style/admin/predefined-templates.json HTTP/1.1" 200 1323 "-" "WordPress/6.8; https://batconpakistan.org"
52.170.2.169 - - [28/Apr/2025:08:38:50 -0400] "GET /feeds.php HTTP/1.1" 301 0 "-" "-"
162.0.235.240 - - [28/Apr/2025:08:38:52 -0400] "GET /wp-content/plugins/contact-form-7-style/admin/predefined-templates.json HTTP/1.1" 200 1323 "-" "WordPress/6.8; https://batconpakistan.org"
52.170.2.169 - - [28/Apr/2025:08:38:51 -0400] "GET /feeds.php HTTP/1.1" 404 15888 "-" "-"
162.0.235.240 - - [28/Apr/2025:08:38:54 -0400] "GET /wp-content/plugins/contact-form-7-style/admin/predefined-templates.json HTTP/1.1" 200 1323 "-" "WordPress/6.8; https://batconpakistan.org"
52.170.2.169 - - [28/Apr/2025:08:38:53 -0400] "GET /radio.php HTTP/1.1" 301 0 "-" "-"
162.0.235.240 - - [28/Apr/2025:08:38:55 -0400] "GET /wp-content/plugins/contact-form-7-style/admin/predefined-templates.json HTTP/1.1" 200 1323 "-" "WordPress/6.8; https://batconpakistan.org"
162.0.235.240 - - [28/Apr/2025:08:38:56 -0400] "POST /wp-cron.php?doing_wp_cron=1745843936.1583800315856933593750 HTTP/1.1" 200 0 "-" "WordPress/6.8; https://batconpakistan.org"
52.170.2.169 - - [28/Apr/2025:08:38:54 -0400] "GET /radio.php HTTP/1.1" 404 15888 "-" "-"
162.0.235.240 - - [28/Apr/2025:08:38:57 -0400] "GET /wp-content/plugins/contact-form-7-style/admin/predefined-templates.json HTTP/1.1" 200 1323 "-" "WordPress/6.8; https://batconpakistan.org"
162.0.235.240 - - [28/Apr/2025:08:38:57 -0400] "GET /wp-content/plugins/contact-form-7-style/admin/predefined-templates.json HTTP/1.1" 200 1323 "-" "WordPress/6.8; https://batconpakistan.org"
52.170.2.169 - - [28/Apr/2025:08:38:56 -0400] "GET /dropdown.php HTTP/1.1" 301 0 "-" "-"
162.0.235.240 - - [28/Apr/2025:08:38:59 -0400] "GET /wp-content/plugins/contact-form-7-style/admin/predefined-templates.json HTTP/1.1" 200 1323 "-" "WordPress/6.8; https://batconpakistan.org"
52.170.2.169 - - [28/Apr/2025:08:38:58 -0400] "GET /dropdown.php HTTP/1.1" 404 15889 "-" "-"
162.0.235.240 - - [28/Apr/2025:08:39:01 -0400] "GET /wp-content/plugins/contact-form-7-style/admin/predefined-templates.json HTTP/1.1" 200 1323 "-" "WordPress/6.8; https://batconpakistan.org"
52.170.2.169 - - [28/Apr/2025:08:39:00 -0400] "GET /defaults.php HTTP/1.1" 301 0 "-" "-"
162.0.235.240 - - [28/Apr/2025:08:39:02 -0400] "GET /wp-content/plugins/contact-form-7-style/admin/predefined-templates.json HTTP/1.1" 200 1323 "-" "WordPress/6.8; https://batconpakistan.org"
52.170.2.169 - - [28/Apr/2025:08:39:01 -0400] "GET /defaults.php HTTP/1.1" 404 15890 "-" "-"
162.0.235.240 - - [28/Apr/2025:08:39:04 -0400] "GET /wp-content/plugins/contact-form-7-style/admin/predefined-templates.json HTTP/1.1" 200 1323 "-" "WordPress/6.8; https://batconpakistan.org"
162.0.235.240 - - [28/Apr/2025:08:39:05 -0400] "POST /wp-cron.php?doing_wp_cron=1745843945.1568319797515869140625 HTTP/1.1" 200 0 "-" "WordPress/6.8; https://batconpakistan.org"
52.170.2.169 - - [28/Apr/2025:08:39:03 -0400] "GET /system.php HTTP/1.1" 301 0 "-" "-"
162.0.235.240 - - [28/Apr/2025:08:39:05 -0400] "GET /wp-content/plugins/contact-form-7-style/admin/predefined-templates.json HTTP/1.1" 200 1323 "-" "WordPress/6.8; https://batconpakistan.org"
162.0.235.240 - - [28/Apr/2025:08:39:06 -0400] "GET /wp-content/plugins/contact-form-7-style/admin/predefined-templates.json HTTP/1.1" 200 1323 "-" "WordPress/6.8; https://batconpakistan.org"
52.170.2.169 - - [28/Apr/2025:08:39:05 -0400] "GET /system.php HTTP/1.1" 404 15888 "-" "-"
52.170.2.169 - - [28/Apr/2025:08:39:06 -0400] "GET /xmlrpc.php HTTP/1.1" 403 1242 "-" "-"
162.0.235.240 - - [28/Apr/2025:08:39:06 -0400] "POST /wp-admin/admin-ajax.php?action=async_litespeed&nonce=UpvFdGm0zc2mgHL8kEiBGWNMirHDKW9d&litespeed_type=imgoptm HTTP/1.1" 200 0 "-" "WordPress/6.8; https://batconpakistan.org"
162.0.235.240 - - [28/Apr/2025:08:39:07 -0400] "GET /wp-content/plugins/contact-form-7-style/admin/predefined-templates.json HTTP/1.1" 200 1323 "-" "WordPress/6.8; https://batconpakistan.org"
162.0.235.240 - - [28/Apr/2025:08:39:07 -0400] "GET /wp-content/plugins/contact-form-7-style/admin/predefined-templates.json HTTP/1.1" 200 1323 "-" "WordPress/6.8; https://batconpakistan.org"
52.170.2.169 - - [28/Apr/2025:08:39:07 -0400] "GET /xmlrpc.php0 HTTP/1.1" 301 0 "-" "-"
162.0.235.240 - - [28/Apr/2025:08:39:08 -0400] "GET /wp-content/plugins/contact-form-7-style/admin/predefined-templates.json HTTP/1.1" 200 1323 "-" "WordPress/6.8; https://batconpakistan.org"
52.170.2.169 - - [28/Apr/2025:08:39:08 -0400] "GET /xmlrpc.php0 HTTP/1.1" 404 15890 "-" "-"
162.0.235.240 - - [28/Apr/2025:08:39:10 -0400] "GET /wp-content/plugins/contact-form-7-style/admin/predefined-templates.json HTTP/1.1" 200 1323 "-" "WordPress/6.8; https://batconpakistan.org"
52.170.2.169 - - [28/Apr/2025:08:39:09 -0400] "GET /colors.php HTTP/1.1" 301 0 "-" "-"
162.0.235.240 - - [28/Apr/2025:08:39:12 -0400] "GET /wp-content/plugins/contact-form-7-style/admin/predefined-templates.json HTTP/1.1" 200 1323 "-" "WordPress/6.8; https://batconpakistan.org"
52.170.2.169 - - [28/Apr/2025:08:39:11 -0400] "GET /colors.php HTTP/1.1" 404 15890 "-" "-"
162.0.235.240 - - [28/Apr/2025:08:39:13 -0400] "GET /wp-content/plugins/contact-form-7-style/admin/predefined-templates.json HTTP/1.1" 200 1323 "-" "WordPress/6.8; https://batconpakistan.org"
52.170.2.169 - - [28/Apr/2025:08:39:12 -0400] "GET /updates.php HTTP/1.1" 301 0 "-" "-"
162.0.235.240 - - [28/Apr/2025:08:39:15 -0400] "GET /wp-content/plugins/contact-form-7-style/admin/predefined-templates.json HTTP/1.1" 200 1323 "-" "WordPress/6.8; https://batconpakistan.org"
52.170.2.169 - - [28/Apr/2025:08:39:14 -0400] "GET /updates.php HTTP/1.1" 404 15890 "-" "-"
162.0.235.240 - - [28/Apr/2025:08:39:17 -0400] "GET /wp-content/plugins/contact-form-7-style/admin/predefined-templates.json HTTP/1.1" 200 1323 "-" "WordPress/6.8; https://batconpakistan.org"
52.170.2.169 - - [28/Apr/2025:08:39:16 -0400] "GET /alfa-rex1.php HTTP/1.1" 301 0 "-" "-"
162.0.235.240 - - [28/Apr/2025:08:39:18 -0400] "GET /wp-content/plugins/contact-form-7-style/admin/predefined-templates.json HTTP/1.1" 200 1323 "-" "WordPress/6.8; https://batconpakistan.org"
52.170.2.169 - - [28/Apr/2025:08:39:17 -0400] "GET /alfa-rex1.php HTTP/1.1" 404 15889 "-" "-"
162.0.235.240 - - [28/Apr/2025:08:39:19 -0400] "GET /wp-content/plugins/contact-form-7-style/admin/predefined-templates.json HTTP/1.1" 200 1323 "-" "WordPress/6.8; https://batconpakistan.org"
52.170.2.169 - - [28/Apr/2025:08:39:18 -0400] "GET /wp-index.php HTTP/1.1" 301 0 "-" "-"
162.0.235.240 - - [28/Apr/2025:08:39:21 -0400] "GET /wp-content/plugins/contact-form-7-style/admin/predefined-templates.json HTTP/1.1" 200 1323 "-" "WordPress/6.8; https://batconpakistan.org"
52.170.2.169 - - [28/Apr/2025:08:39:20 -0400] "GET /wp-index.php HTTP/1.1" 404 15887 "-" "-"
162.0.235.240 - - [28/Apr/2025:08:39:23 -0400] "GET /wp-content/plugins/contact-form-7-style/admin/predefined-templates.json HTTP/1.1" 200 1323 "-" "WordPress/6.8; https://batconpakistan.org"
52.170.2.169 - - [28/Apr/2025:08:39:22 -0400] "GET /wp-admin.php HTTP/1.1" 301 0 "-" "-"
162.0.235.240 - - [28/Apr/2025:08:39:24 -0400] "GET /wp-content/plugins/contact-form-7-style/admin/predefined-templates.json HTTP/1.1" 200 1323 "-" "WordPress/6.8; https://batconpakistan.org"
52.170.2.169 - - [28/Apr/2025:08:39:23 -0400] "GET /wp-admin.php HTTP/1.1" 404 15889 "-" "-"
162.0.235.240 - - [28/Apr/2025:08:39:26 -0400] "GET /wp-content/plugins/contact-form-7-style/admin/predefined-templates.json HTTP/1.1" 200 1323 "-" "WordPress/6.8; https://batconpakistan.org"
52.170.2.169 - - [28/Apr/2025:08:39:25 -0400] "GET /alfa.php HTTP/1.1" 301 0 "-" "-"
162.0.235.240 - - [28/Apr/2025:08:39:28 -0400] "GET /wp-content/plugins/contact-form-7-style/admin/predefined-templates.json HTTP/1.1" 200 1323 "-" "WordPress/6.8; https://batconpakistan.org"
52.170.2.169 - - [28/Apr/2025:08:39:27 -0400] "GET /alfa.php HTTP/1.1" 404 15889 "-" "-"
162.0.235.240 - - [28/Apr/2025:08:39:30 -0400] "GET /wp-content/plugins/contact-form-7-style/admin/predefined-templates.json HTTP/1.1" 200 1323 "-" "WordPress/6.8; https://batconpakistan.org"
52.170.2.169 - - [28/Apr/2025:08:39:29 -0400] "GET /alfanew.php7 HTTP/1.1" 301 0 "-" "-"
162.0.235.240 - - [28/Apr/2025:08:39:32 -0400] "GET /wp-content/plugins/contact-form-7-style/admin/predefined-templates.json HTTP/1.1" 200 1323 "-" "WordPress/6.8; https://batconpakistan.org"
52.170.2.169 - - [28/Apr/2025:08:39:31 -0400] "GET /alfanew.php7 HTTP/1.1" 404 15888 "-" "-"
162.0.235.240 - - [28/Apr/2025:08:39:33 -0400] "GET /wp-content/plugins/contact-form-7-style/admin/predefined-templates.json HTTP/1.1" 200 1323 "-" "WordPress/6.8; https://batconpakistan.org"
52.170.2.169 - - [28/Apr/2025:08:39:32 -0400] "GET /locale.php HTTP/1.1" 301 0 "-" "-"
162.0.235.240 - - [28/Apr/2025:08:39:35 -0400] "GET /wp-content/plugins/contact-form-7-style/admin/predefined-templates.json HTTP/1.1" 200 1323 "-" "WordPress/6.8; https://batconpakistan.org"
52.170.2.169 - - [28/Apr/2025:08:39:34 -0400] "GET /locale.php HTTP/1.1" 404 15889 "-" "-"
162.0.235.240 - - [28/Apr/2025:08:39:37 -0400] "GET /wp-content/plugins/contact-form-7-style/admin/predefined-templates.json HTTP/1.1" 200 1323 "-" "WordPress/6.8; https://batconpakistan.org"
52.170.2.169 - - [28/Apr/2025:08:39:36 -0400] "GET /wxo.php HTTP/1.1" 301 0 "-" "-"
162.0.235.240 - - [28/Apr/2025:08:39:39 -0400] "GET /wp-content/plugins/contact-form-7-style/admin/predefined-templates.json HTTP/1.1" 200 1323 "-" "WordPress/6.8; https://batconpakistan.org"
52.170.2.169 - - [28/Apr/2025:08:39:38 -0400] "GET /wxo.php HTTP/1.1" 404 15888 "-" "-"
162.0.235.240 - - [28/Apr/2025:08:39:41 -0400] "GET /wp-content/plugins/contact-form-7-style/admin/predefined-templates.json HTTP/1.1" 200 1323 "-" "WordPress/6.8; https://batconpakistan.org"
162.0.235.240 - - [28/Apr/2025:08:39:41 -0400] "POST /wp-cron.php?doing_wp_cron=1745843981.7691230773925781250000 HTTP/1.1" 200 0 "-" "WordPress/6.8; https://batconpakistan.org"
52.170.2.169 - - [28/Apr/2025:08:39:40 -0400] "GET /colour.php HTTP/1.1" 301 0 "-" "-"
162.0.235.240 - - [28/Apr/2025:08:39:42 -0400] "GET /wp-content/plugins/contact-form-7-style/admin/predefined-templates.json HTTP/1.1" 200 1323 "-" "WordPress/6.8; https://batconpakistan.org"
162.0.235.240 - - [28/Apr/2025:08:39:43 -0400] "GET /wp-content/plugins/contact-form-7-style/admin/predefined-templates.json HTTP/1.1" 200 1323 "-" "WordPress/6.8; https://batconpakistan.org"
52.170.2.169 - - [28/Apr/2025:08:39:42 -0400] "GET /colour.php HTTP/1.1" 404 15888 "-" "-"
162.0.235.240 - - [28/Apr/2025:08:39:44 -0400] "GET /wp-content/plugins/contact-form-7-style/admin/predefined-templates.json HTTP/1.1" 200 1323 "-" "WordPress/6.8; https://batconpakistan.org"
52.170.2.169 - - [28/Apr/2025:08:39:43 -0400] "GET /files.php HTTP/1.1" 301 0 "-" "-"
162.0.235.240 - - [28/Apr/2025:08:39:46 -0400] "GET /wp-content/plugins/contact-form-7-style/admin/predefined-templates.json HTTP/1.1" 200 1323 "-" "WordPress/6.8; https://batconpakistan.org"
52.170.2.169 - - [28/Apr/2025:08:39:45 -0400] "GET /files.php HTTP/1.1" 404 15889 "-" "-"
162.0.235.240 - - [28/Apr/2025:08:39:47 -0400] "GET /wp-content/plugins/contact-form-7-style/admin/predefined-templates.json HTTP/1.1" 200 1323 "-" "WordPress/6.8; https://batconpakistan.org"
52.170.2.169 - - [28/Apr/2025:08:39:46 -0400] "GET /install.php HTTP/1.1" 301 0 "-" "-"
162.0.235.240 - - [28/Apr/2025:08:39:48 -0400] "GET /wp-content/plugins/contact-form-7-style/admin/predefined-templates.json HTTP/1.1" 200 1323 "-" "WordPress/6.8; https://batconpakistan.org"
162.0.235.240 - - [28/Apr/2025:08:39:49 -0400] "POST /wp-cron.php?doing_wp_cron=1745843989.2021970748901367187500 HTTP/1.1" 200 0 "-" "WordPress/6.8; https://batconpakistan.org"
52.170.2.169 - - [28/Apr/2025:08:39:47 -0400] "GET /install.php HTTP/1.1" 404 15890 "-" "-"
162.0.235.240 - - [28/Apr/2025:08:39:50 -0400] "GET /wp-content/plugins/contact-form-7-style/admin/predefined-templates.json HTTP/1.1" 200 1323 "-" "WordPress/6.8; https://batconpakistan.org"
162.0.235.240 - - [28/Apr/2025:08:39:50 -0400] "GET /wp-content/plugins/contact-form-7-style/admin/predefined-templates.json HTTP/1.1" 200 1323 "-" "WordPress/6.8; https://batconpakistan.org"
52.170.2.169 - - [28/Apr/2025:08:39:49 -0400] "GET /wp-contentt.php HTTP/1.1" 301 0 "-" "-"
162.0.235.240 - - [28/Apr/2025:08:39:52 -0400] "GET /wp-content/plugins/contact-form-7-style/admin/predefined-templates.json HTTP/1.1" 200 1323 "-" "WordPress/6.8; https://batconpakistan.org"
52.170.2.169 - - [28/Apr/2025:08:39:51 -0400] "GET /wp-contentt.php HTTP/1.1" 404 15888 "-" "-"
162.0.235.240 - - [28/Apr/2025:08:39:54 -0400] "GET /wp-content/plugins/contact-form-7-style/admin/predefined-templates.json HTTP/1.1" 200 1323 "-" "WordPress/6.8; https://batconpakistan.org"
52.170.2.169 - - [28/Apr/2025:08:39:53 -0400] "GET /config.php7 HTTP/1.1" 301 0 "-" "-"
162.0.235.240 - - [28/Apr/2025:08:39:55 -0400] "GET /wp-content/plugins/contact-form-7-style/admin/predefined-templates.json HTTP/1.1" 200 1323 "-" "WordPress/6.8; https://batconpakistan.org"
162.0.235.240 - - [28/Apr/2025:08:39:55 -0400] "POST /wp-cron.php?doing_wp_cron=1745843995.7683999538421630859375 HTTP/1.1" 200 0 "-" "WordPress/6.8; https://batconpakistan.org"
52.170.2.169 - - [28/Apr/2025:08:39:54 -0400] "GET /config.php7 HTTP/1.1" 404 15889 "-" "-"
162.0.235.240 - - [28/Apr/2025:08:39:56 -0400] "GET /wp-content/plugins/contact-form-7-style/admin/predefined-templates.json HTTP/1.1" 200 1323 "-" "WordPress/6.8; https://batconpakistan.org"
162.0.235.240 - - [28/Apr/2025:08:39:57 -0400] "GET /wp-content/plugins/contact-form-7-style/admin/predefined-templates.json HTTP/1.1" 200 1323 "-" "WordPress/6.8; https://batconpakistan.org"
52.170.2.169 - - [28/Apr/2025:08:39:56 -0400] "GET /config.php HTTP/1.1" 301 0 "-" "-"
162.0.235.240 - - [28/Apr/2025:08:39:58 -0400] "GET /wp-content/plugins/contact-form-7-style/admin/predefined-templates.json HTTP/1.1" 200 1323 "-" "WordPress/6.8; https://batconpakistan.org"
52.170.2.169 - - [28/Apr/2025:08:39:57 -0400] "GET /config.php HTTP/1.1" 404 15889 "-" "-"
162.0.235.240 - - [28/Apr/2025:08:40:00 -0400] "GET /wp-content/plugins/contact-form-7-style/admin/predefined-templates.json HTTP/1.1" 200 1323 "-" "WordPress/6.8; https://batconpakistan.org"
52.170.2.169 - - [28/Apr/2025:08:39:59 -0400] "GET /theme.php HTTP/1.1" 301 0 "-" "-"
162.0.235.240 - - [28/Apr/2025:08:40:01 -0400] "GET /wp-content/plugins/contact-form-7-style/admin/predefined-templates.json HTTP/1.1" 200 1323 "-" "WordPress/6.8; https://batconpakistan.org"
52.170.2.169 - - [28/Apr/2025:08:40:00 -0400] "GET /theme.php HTTP/1.1" 404 15890 "-" "-"
162.0.235.240 - - [28/Apr/2025:08:40:03 -0400] "GET /wp-content/plugins/contact-form-7-style/admin/predefined-templates.json HTTP/1.1" 200 1323 "-" "WordPress/6.8; https://batconpakistan.org"
52.170.2.169 - - [28/Apr/2025:08:40:02 -0400] "GET /block-bindings.php HTTP/1.1" 301 0 "-" "-"
162.0.235.240 - - [28/Apr/2025:08:40:05 -0400] "GET /wp-content/plugins/contact-form-7-style/admin/predefined-templates.json HTTP/1.1" 200 1323 "-" "WordPress/6.8; https://batconpakistan.org"
162.0.235.240 - - [28/Apr/2025:08:40:06 -0400] "POST /wp-cron.php?doing_wp_cron=1745844006.0999960899353027343750 HTTP/1.1" 200 0 "-" "WordPress/6.8; https://batconpakistan.org"
52.170.2.169 - - [28/Apr/2025:08:40:04 -0400] "GET /block-bindings.php HTTP/1.1" 404 15888 "-" "-"
162.0.235.240 - - [28/Apr/2025:08:40:07 -0400] "GET /wp-content/plugins/contact-form-7-style/admin/predefined-templates.json HTTP/1.1" 200 1323 "-" "WordPress/6.8; https://batconpakistan.org"
162.0.235.240 - - [28/Apr/2025:08:40:07 -0400] "GET /wp-content/plugins/contact-form-7-style/admin/predefined-templates.json HTTP/1.1" 200 1323 "-" "WordPress/6.8; https://batconpakistan.org"
52.170.2.169 - - [28/Apr/2025:08:40:06 -0400] "GET /class_api.php HTTP/1.1" 301 0 "-" "-"
162.0.235.240 - - [28/Apr/2025:08:40:07 -0400] "POST /wp-admin/admin-ajax.php?action=async_litespeed&nonce=LdWW8WWxzNNbFxpR6jMLtFprCsKephz3&litespeed_type=imgoptm HTTP/1.1" 200 0 "-" "WordPress/6.8; https://batconpakistan.org"
162.0.235.240 - - [28/Apr/2025:08:40:08 -0400] "GET /wp-content/plugins/contact-form-7-style/admin/predefined-templates.json HTTP/1.1" 200 1323 "-" "WordPress/6.8; https://batconpakistan.org"
162.0.235.240 - - [28/Apr/2025:08:40:09 -0400] "GET /wp-content/plugins/contact-form-7-style/admin/predefined-templates.json HTTP/1.1" 200 1323 "-" "WordPress/6.8; https://batconpakistan.org"
52.170.2.169 - - [28/Apr/2025:08:40:08 -0400] "GET /class_api.php HTTP/1.1" 404 15890 "-" "-"
162.0.235.240 - - [28/Apr/2025:08:40:11 -0400] "GET /wp-content/plugins/contact-form-7-style/admin/predefined-templates.json HTTP/1.1" 200 1323 "-" "WordPress/6.8; https://batconpakistan.org"
52.170.2.169 - - [28/Apr/2025:08:40:10 -0400] "GET /inputs.php HTTP/1.1" 301 0 "-" "-"
162.0.235.240 - - [28/Apr/2025:08:40:12 -0400] "GET /wp-content/plugins/contact-form-7-style/admin/predefined-templates.json HTTP/1.1" 200 1323 "-" "WordPress/6.8; https://batconpakistan.org"
52.170.2.169 - - [28/Apr/2025:08:40:11 -0400] "GET /inputs.php HTTP/1.1" 404 15889 "-" "-"
162.0.235.240 - - [28/Apr/2025:08:40:14 -0400] "GET /wp-content/plugins/contact-form-7-style/admin/predefined-templates.json HTTP/1.1" 200 1323 "-" "WordPress/6.8; https://batconpakistan.org"
52.170.2.169 - - [28/Apr/2025:08:40:13 -0400] "GET /root.php HTTP/1.1" 301 0 "-" "-"
162.0.235.240 - - [28/Apr/2025:08:40:15 -0400] "GET /wp-content/plugins/contact-form-7-style/admin/predefined-templates.json HTTP/1.1" 200 1323 "-" "WordPress/6.8; https://batconpakistan.org"
52.170.2.169 - - [28/Apr/2025:08:40:14 -0400] "GET /root.php HTTP/1.1" 404 15888 "-" "-"
162.0.235.240 - - [28/Apr/2025:08:40:18 -0400] "GET /wp-content/plugins/contact-form-7-style/admin/predefined-templates.json HTTP/1.1" 200 1323 "-" "WordPress/6.8; https://batconpakistan.org"
52.170.2.169 - - [28/Apr/2025:08:40:16 -0400] "GET /menu.php HTTP/1.1" 301 0 "-" "-"
162.0.235.240 - - [28/Apr/2025:08:40:19 -0400] "GET /wp-content/plugins/contact-form-7-style/admin/predefined-templates.json HTTP/1.1" 200 1323 "-" "WordPress/6.8; https://batconpakistan.org"
52.170.2.169 - - [28/Apr/2025:08:40:18 -0400] "GET /menu.php HTTP/1.1" 404 15890 "-" "-"
162.0.235.240 - - [28/Apr/2025:08:40:21 -0400] "GET /wp-content/plugins/contact-form-7-style/admin/predefined-templates.json HTTP/1.1" 200 1323 "-" "WordPress/6.8; https://batconpakistan.org"
52.170.2.169 - - [28/Apr/2025:08:40:20 -0400] "GET /plugin.php HTTP/1.1" 301 0 "-" "-"
162.0.235.240 - - [28/Apr/2025:08:40:22 -0400] "GET /wp-content/plugins/contact-form-7-style/admin/predefined-templates.json HTTP/1.1" 200 1323 "-" "WordPress/6.8; https://batconpakistan.org"
52.170.2.169 - - [28/Apr/2025:08:40:21 -0400] "GET /plugin.php HTTP/1.1" 404 15888 "-" "-"
162.0.235.240 - - [28/Apr/2025:08:40:24 -0400] "GET /wp-content/plugins/contact-form-7-style/admin/predefined-templates.json HTTP/1.1" 200 1323 "-" "WordPress/6.8; https://batconpakistan.org"
52.170.2.169 - - [28/Apr/2025:08:40:23 -0400] "GET /cloud.php HTTP/1.1" 301 0 "-" "-"
162.0.235.240 - - [28/Apr/2025:08:40:25 -0400] "GET /wp-content/plugins/contact-form-7-style/admin/predefined-templates.json HTTP/1.1" 200 1323 "-" "WordPress/6.8; https://batconpakistan.org"
52.170.2.169 - - [28/Apr/2025:08:40:24 -0400] "GET /cloud.php HTTP/1.1" 404 15887 "-" "-"
162.0.235.240 - - [28/Apr/2025:08:40:27 -0400] "GET /wp-content/plugins/contact-form-7-style/admin/predefined-templates.json HTTP/1.1" 200 1323 "-" "WordPress/6.8; https://batconpakistan.org"
52.170.2.169 - - [28/Apr/2025:08:40:26 -0400] "GET /configs.php HTTP/1.1" 301 0 "-" "-"
162.0.235.240 - - [28/Apr/2025:08:40:29 -0400] "GET /wp-content/plugins/contact-form-7-style/admin/predefined-templates.json HTTP/1.1" 200 1323 "-" "WordPress/6.8; https://batconpakistan.org"
52.170.2.169 - - [28/Apr/2025:08:40:28 -0400] "GET /configs.php HTTP/1.1" 404 15889 "-" "-"
162.0.235.240 - - [28/Apr/2025:08:40:31 -0400] "GET /wp-content/plugins/contact-form-7-style/admin/predefined-templates.json HTTP/1.1" 200 1323 "-" "WordPress/6.8; https://batconpakistan.org"
52.170.2.169 - - [28/Apr/2025:08:40:30 -0400] "GET /wp-configs.php HTTP/1.1" 301 0 "-" "-"
162.0.235.240 - - [28/Apr/2025:08:40:33 -0400] "GET /wp-content/plugins/contact-form-7-style/admin/predefined-templates.json HTTP/1.1" 200 1323 "-" "WordPress/6.8; https://batconpakistan.org"
52.170.2.169 - - [28/Apr/2025:08:40:32 -0400] "GET /wp-configs.php HTTP/1.1" 404 15887 "-" "-"
162.0.235.240 - - [28/Apr/2025:08:40:35 -0400] "GET /wp-content/plugins/contact-form-7-style/admin/predefined-templates.json HTTP/1.1" 200 1323 "-" "WordPress/6.8; https://batconpakistan.org"
52.170.2.169 - - [28/Apr/2025:08:40:34 -0400] "GET /update.php HTTP/1.1" 301 0 "-" "-"
162.0.235.240 - - [28/Apr/2025:08:40:37 -0400] "GET /wp-content/plugins/contact-form-7-style/admin/predefined-templates.json HTTP/1.1" 200 1323 "-" "WordPress/6.8; https://batconpakistan.org"
52.170.2.169 - - [28/Apr/2025:08:40:36 -0400] "GET /update.php HTTP/1.1" 404 15889 "-" "-"
162.0.235.240 - - [28/Apr/2025:08:40:40 -0400] "GET /wp-content/plugins/contact-form-7-style/admin/predefined-templates.json HTTP/1.1" 200 1323 "-" "WordPress/6.8; https://batconpakistan.org"
162.0.235.240 - - [28/Apr/2025:08:40:40 -0400] "POST /wp-cron.php?doing_wp_cron=1745844040.4437539577484130859375 HTTP/1.1" 200 0 "-" "WordPress/6.8; https://batconpakistan.org"
52.170.2.169 - - [28/Apr/2025:08:40:38 -0400] "GET /2.php HTTP/1.1" 301 0 "-" "-"
162.0.235.240 - - [28/Apr/2025:08:40:42 -0400] "GET /wp-content/plugins/contact-form-7-style/admin/predefined-templates.json HTTP/1.1" 200 1323 "-" "WordPress/6.8; https://batconpakistan.org"
162.0.235.240 - - [28/Apr/2025:08:40:42 -0400] "GET /wp-content/plugins/contact-form-7-style/admin/predefined-templates.json HTTP/1.1" 200 1323 "-" "WordPress/6.8; https://batconpakistan.org"
52.170.2.169 - - [28/Apr/2025:08:40:41 -0400] "GET /2.php HTTP/1.1" 404 15888 "-" "-"
162.0.235.240 - - [28/Apr/2025:08:40:43 -0400] "GET /wp-content/plugins/contact-form-7-style/admin/predefined-templates.json HTTP/1.1" 200 1323 "-" "WordPress/6.8; https://batconpakistan.org"
52.170.2.169 - - [28/Apr/2025:08:40:42 -0400] "GET /input.php HTTP/1.1" 301 0 "-" "-"
162.0.235.240 - - [28/Apr/2025:08:40:45 -0400] "GET /wp-content/plugins/contact-form-7-style/admin/predefined-templates.json HTTP/1.1" 200 1323 "-" "WordPress/6.8; https://batconpakistan.org"
52.170.2.169 - - [28/Apr/2025:08:40:44 -0400] "GET /input.php HTTP/1.1" 404 15888 "-" "-"
162.0.235.240 - - [28/Apr/2025:08:40:46 -0400] "GET /wp-content/plugins/contact-form-7-style/admin/predefined-templates.json HTTP/1.1" 200 1323 "-" "WordPress/6.8; https://batconpakistan.org"
162.0.235.240 - - [28/Apr/2025:08:40:47 -0400] "GET /wp-content/plugins/contact-form-7-style/admin/predefined-templates.json HTTP/1.1" 200 1323 "-" "WordPress/6.8; https://batconpakistan.org"
52.170.2.169 - - [28/Apr/2025:08:40:45 -0400] "GET /aaa.php HTTP/1.1" 301 0 "-" "-"
40.77.167.149 - - [28/Apr/2025:08:40:46 -0400] "GET /2021/02/20/earthday-org-and-batcon-pakistan-join-hands/w_996/https://batconpakistan.org/wp-content/uploads/2021/02/earthday-Batcon-pakistan-post-image.jpg HTTP/1.1" 301 0 "-" "Mozilla/5.0 AppleWebKit/537.36 (KHTML, like Gecko; compatible; bingbot/2.0; +http://www.bing.com/bingbot.htm) Chrome/116.0.1938.76 Safari/537.36"
162.0.235.240 - - [28/Apr/2025:08:40:48 -0400] "GET /wp-content/plugins/contact-form-7-style/admin/predefined-templates.json HTTP/1.1" 200 1323 "-" "WordPress/6.8; https://batconpakistan.org"
162.0.235.240 - - [28/Apr/2025:08:40:48 -0400] "POST /wp-cron.php?doing_wp_cron=1745844048.7578809261322021484375 HTTP/1.1" 200 0 "-" "WordPress/6.8; https://batconpakistan.org"
52.170.2.169 - - [28/Apr/2025:08:40:47 -0400] "GET /aaa.php HTTP/1.1" 404 15890 "-" "-"
162.0.235.240 - - [28/Apr/2025:08:40:49 -0400] "GET /wp-content/plugins/contact-form-7-style/admin/predefined-templates.json HTTP/1.1" 200 1323 "-" "WordPress/6.8; https://batconpakistan.org"
162.0.235.240 - - [28/Apr/2025:08:40:49 -0400] "GET /wp-content/plugins/contact-form-7-style/admin/predefined-templates.json HTTP/1.1" 200 1323 "-" "WordPress/6.8; https://batconpakistan.org"
40.77.167.149 - - [28/Apr/2025:08:40:49 -0400] "GET /2021/02/20/earthday-org-and-batcon-pakistan-join-hands/w_996/https:/batconpakistan.org/wp-content/uploads/2021/02/earthday-Batcon-pakistan-post-image.jpg HTTP/1.1" 404 15889 "-" "Mozilla/5.0 AppleWebKit/537.36 (KHTML, like Gecko; compatible; bingbot/2.0; +http://www.bing.com/bingbot.htm) Chrome/116.0.1938.76 Safari/537.36"
162.0.235.240 - - [28/Apr/2025:08:41:02 -0400] "GET /wp-content/plugins/contact-form-7-style/admin/predefined-templates.json HTTP/1.1" 200 1323 "-" "WordPress/6.8; https://batconpakistan.org"
162.0.235.240 - - [28/Apr/2025:08:41:02 -0400] "POST /wp-cron.php?doing_wp_cron=1745844062.4453029632568359375000 HTTP/1.1" 200 0 "-" "WordPress/6.8; https://batconpakistan.org"
2a03:2880:f800:17:: - - [28/Apr/2025:08:41:01 -0400] "GET /2021/01/03/south-asian-scientists-and-conservationists-bust-myths-about-bats-and-covid-19/ HTTP/1.1" 200 28711 "-" "meta-externalagent/1.1 (+https://developers.facebook.com/docs/sharing/webmasters/crawler)"
162.0.235.240 - - [28/Apr/2025:08:41:03 -0400] "GET /wp-content/plugins/contact-form-7-style/admin/predefined-templates.json HTTP/1.1" 200 1323 "-" "WordPress/6.8; https://batconpakistan.org"
162.0.235.240 - - [28/Apr/2025:08:48:35 -0400] "GET /wp-content/plugins/contact-form-7-style/admin/predefined-templates.json HTTP/1.1" 200 1323 "-" "WordPress/6.8; https://batconpakistan.org"
162.0.235.240 - - [28/Apr/2025:08:48:36 -0400] "POST /wp-cron.php?doing_wp_cron=1745844515.8560159206390380859375 HTTP/1.1" 200 0 "-" "WordPress/6.8; https://batconpakistan.org"
40.77.167.8 - - [28/Apr/2025:08:48:31 -0400] "GET /Industrial-Electrical-TR-Items-IRF9362TRPBF-Trans-301106-MOSFET/ HTTP/1.1" 200 16006 "-" "Mozilla/5.0 AppleWebKit/537.36 (KHTML, like Gecko; compatible; bingbot/2.0; +http://www.bing.com/bingbot.htm) Chrome/116.0.1938.76 Safari/537.36"
162.0.235.240 - - [28/Apr/2025:08:48:37 -0400] "GET /wp-content/plugins/contact-form-7-style/admin/predefined-templates.json HTTP/1.1" 200 1323 "-" "WordPress/6.8; https://batconpakistan.org"
162.0.235.240 - - [28/Apr/2025:08:48:37 -0400] "POST /wp-admin/admin-ajax.php?action=async_litespeed&nonce=qML6fYMlHaFFWLCZnKLxmYkytr4chHmi&litespeed_type=imgoptm HTTP/1.1" 200 0 "-" "WordPress/6.8; https://batconpakistan.org"
162.0.235.240 - - [28/Apr/2025:08:48:38 -0400] "GET /wp-content/plugins/contact-form-7-style/admin/predefined-templates.json HTTP/1.1" 200 1323 "-" "WordPress/6.8; https://batconpakistan.org"
162.0.235.240 - - [28/Apr/2025:08:54:28 -0400] "GET /wp-content/plugins/contact-form-7-style/admin/predefined-templates.json HTTP/1.1" 200 1323 "-" "WordPress/6.8; https://batconpakistan.org"
162.0.235.240 - - [28/Apr/2025:08:54:29 -0400] "POST /wp-cron.php?doing_wp_cron=1745844869.2654631137847900390625 HTTP/1.1" 200 0 "-" "WordPress/6.8; https://batconpakistan.org"
40.77.167.23 - - [28/Apr/2025:08:54:24 -0400] "GET /Cutting-Tools-FG-Carborundum-Burr-29768-Cutting-Burrs/ HTTP/1.1" 200 16010 "-" "Mozilla/5.0 AppleWebKit/537.36 (KHTML, like Gecko; compatible; bingbot/2.0; +http://www.bing.com/bingbot.htm) Chrome/116.0.1938.76 Safari/537.36"
