52.169.87.17 - - [28/Apr/2025:15:55:36 -0400] "GET /wp-admin/images/index.php HTTP/1.1" 301 0 "-" "-"
52.169.87.17 - - [28/Apr/2025:15:55:38 -0400] "GET /wp-admin/images/ HTTP/1.1" 403 1242 "-" "-"
162.0.235.240 - - [28/Apr/2025:15:55:39 -0400] "GET /wp-content/plugins/contact-form-7-style/admin/predefined-templates.json HTTP/1.1" 200 1323 "-" "WordPress/6.8; https://batconpakistan.org"
52.169.87.17 - - [28/Apr/2025:15:55:38 -0400] "GET /wp-admin/css/colors/index.php HTTP/1.1" 301 0 "-" "-"
52.169.87.17 - - [28/Apr/2025:15:55:39 -0400] "GET /wp-admin/css/colors/ HTTP/1.1" 403 1242 "-" "-"
162.0.235.240 - - [28/Apr/2025:15:55:41 -0400] "GET /wp-content/plugins/contact-form-7-style/admin/predefined-templates.json HTTP/1.1" 200 1323 "-" "WordPress/6.8; https://batconpakistan.org"
162.0.235.240 - - [28/Apr/2025:15:55:41 -0400] "POST /wp-cron.php?doing_wp_cron=1745870141.4402940273284912109375 HTTP/1.1" 200 0 "-" "WordPress/6.8; https://batconpakistan.org"
52.169.87.17 - - [28/Apr/2025:15:55:39 -0400] "GET /wp-content/themes/pridmag/db.php HTTP/1.1" 301 0 "-" "-"
162.0.235.240 - - [28/Apr/2025:15:55:42 -0400] "GET /wp-content/plugins/contact-form-7-style/admin/predefined-templates.json HTTP/1.1" 200 1323 "-" "WordPress/6.8; https://batconpakistan.org"
162.0.235.240 - - [28/Apr/2025:15:55:42 -0400] "GET /wp-content/plugins/contact-form-7-style/admin/predefined-templates.json HTTP/1.1" 200 1323 "-" "WordPress/6.8; https://batconpakistan.org"
52.169.87.17 - - [28/Apr/2025:15:55:41 -0400] "GET /wp-content/themes/pridmag/db.php HTTP/1.1" 404 15888 "-" "-"
162.0.235.240 - - [28/Apr/2025:15:55:44 -0400] "GET /wp-content/plugins/contact-form-7-style/admin/predefined-templates.json HTTP/1.1" 200 1323 "-" "WordPress/6.8; https://batconpakistan.org"
52.169.87.17 - - [28/Apr/2025:15:55:43 -0400] "GET /wp-content/themes/seotheme/mar.php HTTP/1.1" 301 0 "-" "-"
162.0.235.240 - - [28/Apr/2025:15:55:46 -0400] "GET /wp-content/plugins/contact-form-7-style/admin/predefined-templates.json HTTP/1.1" 200 1323 "-" "WordPress/6.8; https://batconpakistan.org"
52.169.87.17 - - [28/Apr/2025:15:55:45 -0400] "GET /wp-content/themes/seotheme/mar.php HTTP/1.1" 404 15891 "-" "-"
162.0.235.240 - - [28/Apr/2025:15:55:47 -0400] "GET /wp-content/plugins/contact-form-7-style/admin/predefined-templates.json HTTP/1.1" 200 1323 "-" "WordPress/6.8; https://batconpakistan.org"
162.0.235.240 - - [28/Apr/2025:15:55:48 -0400] "POST /wp-cron.php?doing_wp_cron=1745870148.2090280055999755859375 HTTP/1.1" 200 0 "-" "WordPress/6.8; https://batconpakistan.org"
52.169.87.17 - - [28/Apr/2025:15:55:47 -0400] "GET /wp-content/plugins/linkpreview/db.php HTTP/1.1" 301 0 "-" "-"
162.0.235.240 - - [28/Apr/2025:15:55:48 -0400] "GET /wp-content/plugins/contact-form-7-style/admin/predefined-templates.json HTTP/1.1" 200 1323 "-" "WordPress/6.8; https://batconpakistan.org"
162.0.235.240 - - [28/Apr/2025:15:55:49 -0400] "GET /wp-content/plugins/contact-form-7-style/admin/predefined-templates.json HTTP/1.1" 200 1323 "-" "WordPress/6.8; https://batconpakistan.org"
52.169.87.17 - - [28/Apr/2025:15:55:48 -0400] "GET /wp-content/plugins/linkpreview/db.php HTTP/1.1" 404 15889 "-" "-"
162.0.235.240 - - [28/Apr/2025:15:55:51 -0400] "GET /wp-content/plugins/contact-form-7-style/admin/predefined-templates.json HTTP/1.1" 200 1323 "-" "WordPress/6.8; https://batconpakistan.org"
52.169.87.17 - - [28/Apr/2025:15:55:50 -0400] "GET /wp-content/themes/seotheme/db.php HTTP/1.1" 301 0 "-" "-"
162.0.235.240 - - [28/Apr/2025:15:55:52 -0400] "GET /wp-content/plugins/contact-form-7-style/admin/predefined-templates.json HTTP/1.1" 200 1323 "-" "WordPress/6.8; https://batconpakistan.org"
52.169.87.17 - - [28/Apr/2025:15:55:51 -0400] "GET /wp-content/themes/seotheme/db.php HTTP/1.1" 404 15890 "-" "-"
162.0.235.240 - - [28/Apr/2025:15:55:54 -0400] "GET /wp-content/plugins/contact-form-7-style/admin/predefined-templates.json HTTP/1.1" 200 1323 "-" "WordPress/6.8; https://batconpakistan.org"
52.169.87.17 - - [28/Apr/2025:15:55:53 -0400] "GET /wp-content/plugins/seoplugins/db.php HTTP/1.1" 301 0 "-" "-"
162.0.235.240 - - [28/Apr/2025:15:55:55 -0400] "GET /wp-content/plugins/contact-form-7-style/admin/predefined-templates.json HTTP/1.1" 200 1323 "-" "WordPress/6.8; https://batconpakistan.org"
162.0.235.240 - - [28/Apr/2025:15:55:56 -0400] "POST /wp-cron.php?doing_wp_cron=1745870155.9786829948425292968750 HTTP/1.1" 200 0 "-" "WordPress/6.8; https://batconpakistan.org"
52.169.87.17 - - [28/Apr/2025:15:55:54 -0400] "GET /wp-content/plugins/seoplugins/db.php HTTP/1.1" 404 15889 "-" "-"
162.0.235.240 - - [28/Apr/2025:15:55:56 -0400] "GET /wp-content/plugins/contact-form-7-style/admin/predefined-templates.json HTTP/1.1" 200 1323 "-" "WordPress/6.8; https://batconpakistan.org"
52.169.87.17 - - [28/Apr/2025:15:55:56 -0400] "GET /.well-known/pki-validation/xmrlpc.php HTTP/1.1" 404 1251 "-" "-"
162.0.235.240 - - [28/Apr/2025:15:55:58 -0400] "GET /wp-content/plugins/contact-form-7-style/admin/predefined-templates.json HTTP/1.1" 200 1323 "-" "WordPress/6.8; https://batconpakistan.org"
52.169.87.17 - - [28/Apr/2025:15:55:57 -0400] "GET /.well-known/acme-challenge/xmrlpc.php HTTP/1.1" 301 0 "-" "-"
52.169.87.17 - - [28/Apr/2025:15:55:58 -0400] "GET /.well-known/acme-challenge/xmrlpc.php HTTP/1.1" 404 15888 "-" "-"
162.0.235.240 - - [28/Apr/2025:15:56:05 -0400] "GET /wp-content/plugins/contact-form-7-style/admin/predefined-templates.json HTTP/1.1" 200 1323 "-" "WordPress/6.8; https://batconpakistan.org"
162.0.235.240 - - [28/Apr/2025:15:56:06 -0400] "POST /wp-cron.php?doing_wp_cron=1745870166.0025370121002197265625 HTTP/1.1" 200 0 "-" "WordPress/6.8; https://batconpakistan.org"
52.169.87.17 - - [28/Apr/2025:15:56:04 -0400] "GET /wp-admin/network/xmrlpc.php HTTP/1.1" 301 0 "-" "-"
162.0.235.240 - - [28/Apr/2025:15:56:06 -0400] "GET /wp-content/plugins/contact-form-7-style/admin/predefined-templates.json HTTP/1.1" 200 1323 "-" "WordPress/6.8; https://batconpakistan.org"
162.0.235.240 - - [28/Apr/2025:15:56:07 -0400] "GET /wp-content/plugins/contact-form-7-style/admin/predefined-templates.json HTTP/1.1" 200 1323 "-" "WordPress/6.8; https://batconpakistan.org"
52.169.87.17 - - [28/Apr/2025:15:56:06 -0400] "GET /wp-admin/network/xmrlpc.php HTTP/1.1" 404 15890 "-" "-"
162.0.235.240 - - [28/Apr/2025:15:56:07 -0400] "POST /wp-admin/admin-ajax.php?action=async_litespeed&nonce=B5T6AWULMd25LfGJWf9mAoSettTJKwOC&litespeed_type=imgoptm HTTP/1.1" 200 0 "-" "WordPress/6.8; https://batconpakistan.org"
162.0.235.240 - - [28/Apr/2025:15:56:08 -0400] "GET /wp-content/plugins/contact-form-7-style/admin/predefined-templates.json HTTP/1.1" 200 1323 "-" "WordPress/6.8; https://batconpakistan.org"
162.0.235.240 - - [28/Apr/2025:15:56:09 -0400] "GET /wp-content/plugins/contact-form-7-style/admin/predefined-templates.json HTTP/1.1" 200 1323 "-" "WordPress/6.8; https://batconpakistan.org"
52.169.87.17 - - [28/Apr/2025:15:56:08 -0400] "GET /xmrlpc.php HTTP/1.1" 301 0 "-" "-"
162.0.235.240 - - [28/Apr/2025:15:56:10 -0400] "GET /wp-content/plugins/contact-form-7-style/admin/predefined-templates.json HTTP/1.1" 200 1323 "-" "WordPress/6.8; https://batconpakistan.org"
52.169.87.17 - - [28/Apr/2025:15:56:09 -0400] "GET /xmrlpc.php HTTP/1.1" 404 15888 "-" "-"
162.0.235.240 - - [28/Apr/2025:15:56:12 -0400] "GET /wp-content/plugins/contact-form-7-style/admin/predefined-templates.json HTTP/1.1" 200 1323 "-" "WordPress/6.8; https://batconpakistan.org"
52.169.87.17 - - [28/Apr/2025:15:56:11 -0400] "GET /cgi-bin/xmrlpc.php HTTP/1.1" 301 0 "-" "-"
162.0.235.240 - - [28/Apr/2025:15:56:13 -0400] "GET /wp-content/plugins/contact-form-7-style/admin/predefined-templates.json HTTP/1.1" 200 1323 "-" "WordPress/6.8; https://batconpakistan.org"
52.169.87.17 - - [28/Apr/2025:15:56:12 -0400] "GET /cgi-bin/xmrlpc.php HTTP/1.1" 404 15891 "-" "-"
162.0.235.240 - - [28/Apr/2025:15:56:15 -0400] "GET /wp-content/plugins/contact-form-7-style/admin/predefined-templates.json HTTP/1.1" 200 1323 "-" "WordPress/6.8; https://batconpakistan.org"
52.169.87.17 - - [28/Apr/2025:15:56:14 -0400] "GET /css/xmrlpc.php HTTP/1.1" 301 0 "-" "-"
162.0.235.240 - - [28/Apr/2025:15:56:16 -0400] "GET /wp-content/plugins/contact-form-7-style/admin/predefined-templates.json HTTP/1.1" 200 1323 "-" "WordPress/6.8; https://batconpakistan.org"
52.169.87.17 - - [28/Apr/2025:15:56:15 -0400] "GET /css/xmrlpc.php HTTP/1.1" 404 15888 "-" "-"
162.0.235.240 - - [28/Apr/2025:15:56:18 -0400] "GET /wp-content/plugins/contact-form-7-style/admin/predefined-templates.json HTTP/1.1" 200 1323 "-" "WordPress/6.8; https://batconpakistan.org"
52.169.87.17 - - [28/Apr/2025:15:56:17 -0400] "GET /wp-admin/user/xmrlpc.php HTTP/1.1" 301 0 "-" "-"
162.0.235.240 - - [28/Apr/2025:15:56:19 -0400] "GET /wp-content/plugins/contact-form-7-style/admin/predefined-templates.json HTTP/1.1" 200 1323 "-" "WordPress/6.8; https://batconpakistan.org"
52.169.87.17 - - [28/Apr/2025:15:56:18 -0400] "GET /wp-admin/user/xmrlpc.php HTTP/1.1" 404 15890 "-" "-"
162.0.235.240 - - [28/Apr/2025:15:56:21 -0400] "GET /wp-content/plugins/contact-form-7-style/admin/predefined-templates.json HTTP/1.1" 200 1323 "-" "WordPress/6.8; https://batconpakistan.org"
52.169.87.17 - - [28/Apr/2025:15:56:20 -0400] "GET /img/xmrlpc.php HTTP/1.1" 301 0 "-" "-"
162.0.235.240 - - [28/Apr/2025:15:56:22 -0400] "GET /wp-content/plugins/contact-form-7-style/admin/predefined-templates.json HTTP/1.1" 200 1323 "-" "WordPress/6.8; https://batconpakistan.org"
52.169.87.17 - - [28/Apr/2025:15:56:21 -0400] "GET /img/xmrlpc.php HTTP/1.1" 404 15889 "-" "-"
162.0.235.240 - - [28/Apr/2025:15:56:24 -0400] "GET /wp-content/plugins/contact-form-7-style/admin/predefined-templates.json HTTP/1.1" 200 1323 "-" "WordPress/6.8; https://batconpakistan.org"
52.169.87.17 - - [28/Apr/2025:15:56:23 -0400] "GET /wp-admin/css/colors/coffee/xmrlpc.php HTTP/1.1" 301 0 "-" "-"
162.0.235.240 - - [28/Apr/2025:15:56:25 -0400] "GET /wp-content/plugins/contact-form-7-style/admin/predefined-templates.json HTTP/1.1" 200 1323 "-" "WordPress/6.8; https://batconpakistan.org"
52.169.87.17 - - [28/Apr/2025:15:56:24 -0400] "GET /wp-admin/css/colors/coffee/xmrlpc.php HTTP/1.1" 404 15888 "-" "-"
162.0.235.240 - - [28/Apr/2025:15:56:27 -0400] "GET /wp-content/plugins/contact-form-7-style/admin/predefined-templates.json HTTP/1.1" 200 1323 "-" "WordPress/6.8; https://batconpakistan.org"
52.169.87.17 - - [28/Apr/2025:15:56:26 -0400] "GET /wp-admin/images/xmrlpc.php HTTP/1.1" 301 0 "-" "-"
162.0.235.240 - - [28/Apr/2025:15:56:28 -0400] "GET /wp-content/plugins/contact-form-7-style/admin/predefined-templates.json HTTP/1.1" 200 1323 "-" "WordPress/6.8; https://batconpakistan.org"
52.169.87.17 - - [28/Apr/2025:15:56:27 -0400] "GET /wp-admin/images/xmrlpc.php HTTP/1.1" 404 15888 "-" "-"
162.0.235.240 - - [28/Apr/2025:15:56:30 -0400] "GET /wp-content/plugins/contact-form-7-style/admin/predefined-templates.json HTTP/1.1" 200 1323 "-" "WordPress/6.8; https://batconpakistan.org"
52.169.87.17 - - [28/Apr/2025:15:56:29 -0400] "GET /images/xmrlpc.php HTTP/1.1" 301 0 "-" "-"
162.0.235.240 - - [28/Apr/2025:15:56:31 -0400] "GET /wp-content/plugins/contact-form-7-style/admin/predefined-templates.json HTTP/1.1" 200 1323 "-" "WordPress/6.8; https://batconpakistan.org"
52.169.87.17 - - [28/Apr/2025:15:56:30 -0400] "GET /images/xmrlpc.php HTTP/1.1" 404 15889 "-" "-"
162.0.235.240 - - [28/Apr/2025:15:56:33 -0400] "GET /wp-content/plugins/contact-form-7-style/admin/predefined-templates.json HTTP/1.1" 200 1323 "-" "WordPress/6.8; https://batconpakistan.org"
52.169.87.17 - - [28/Apr/2025:15:56:32 -0400] "GET /wp-admin/js/widgets/xmrlpc.php HTTP/1.1" 301 0 "-" "-"
162.0.235.240 - - [28/Apr/2025:15:56:34 -0400] "GET /wp-content/plugins/contact-form-7-style/admin/predefined-templates.json HTTP/1.1" 200 1323 "-" "WordPress/6.8; https://batconpakistan.org"
52.169.87.17 - - [28/Apr/2025:15:56:33 -0400] "GET /wp-admin/js/widgets/xmrlpc.php HTTP/1.1" 404 15890 "-" "-"
162.0.235.240 - - [28/Apr/2025:15:56:36 -0400] "GET /wp-content/plugins/contact-form-7-style/admin/predefined-templates.json HTTP/1.1" 200 1323 "-" "WordPress/6.8; https://batconpakistan.org"
52.169.87.17 - - [28/Apr/2025:15:56:35 -0400] "GET /wp-admin/css/colors/xmrlpc.php HTTP/1.1" 301 0 "-" "-"
162.0.235.240 - - [28/Apr/2025:15:56:37 -0400] "GET /wp-content/plugins/contact-form-7-style/admin/predefined-templates.json HTTP/1.1" 200 1323 "-" "WordPress/6.8; https://batconpakistan.org"
52.169.87.17 - - [28/Apr/2025:15:56:36 -0400] "GET /wp-admin/css/colors/xmrlpc.php HTTP/1.1" 404 15889 "-" "-"
162.0.235.240 - - [28/Apr/2025:15:56:39 -0400] "GET /wp-content/plugins/contact-form-7-style/admin/predefined-templates.json HTTP/1.1" 200 1323 "-" "WordPress/6.8; https://batconpakistan.org"
52.169.87.17 - - [28/Apr/2025:15:56:38 -0400] "GET /wp-admin/includes/xmrlpc.php HTTP/1.1" 301 0 "-" "-"
162.0.235.240 - - [28/Apr/2025:15:56:41 -0400] "GET /wp-content/plugins/contact-form-7-style/admin/predefined-templates.json HTTP/1.1" 200 1323 "-" "WordPress/6.8; https://batconpakistan.org"
162.0.235.240 - - [28/Apr/2025:15:56:41 -0400] "POST /wp-cron.php?doing_wp_cron=1745870201.3158988952636718750000 HTTP/1.1" 200 0 "-" "WordPress/6.8; https://batconpakistan.org"
52.169.87.17 - - [28/Apr/2025:15:56:39 -0400] "GET /wp-admin/includes/xmrlpc.php HTTP/1.1" 404 15890 "-" "-"
162.0.235.240 - - [28/Apr/2025:15:56:41 -0400] "GET /wp-content/plugins/contact-form-7-style/admin/predefined-templates.json HTTP/1.1" 200 1323 "-" "WordPress/6.8; https://batconpakistan.org"
162.0.235.240 - - [28/Apr/2025:15:56:43 -0400] "GET /wp-content/plugins/contact-form-7-style/admin/predefined-templates.json HTTP/1.1" 200 1323 "-" "WordPress/6.8; https://batconpakistan.org"
52.169.87.17 - - [28/Apr/2025:15:56:42 -0400] "GET /wp-admin/css/colors/blue/xmrlpc.php HTTP/1.1" 301 0 "-" "-"
162.0.235.240 - - [28/Apr/2025:15:56:44 -0400] "GET /wp-content/plugins/contact-form-7-style/admin/predefined-templates.json HTTP/1.1" 200 1323 "-" "WordPress/6.8; https://batconpakistan.org"
52.169.87.17 - - [28/Apr/2025:15:56:43 -0400] "GET /wp-admin/css/colors/blue/xmrlpc.php HTTP/1.1" 404 15887 "-" "-"
162.0.235.240 - - [28/Apr/2025:15:56:46 -0400] "GET /wp-content/plugins/contact-form-7-style/admin/predefined-templates.json HTTP/1.1" 200 1323 "-" "WordPress/6.8; https://batconpakistan.org"
52.169.87.17 - - [28/Apr/2025:15:56:45 -0400] "GET /wp-admin/xmrlpc.php HTTP/1.1" 301 0 "-" "-"
162.0.235.240 - - [28/Apr/2025:15:56:47 -0400] "GET /wp-content/plugins/contact-form-7-style/admin/predefined-templates.json HTTP/1.1" 200 1323 "-" "WordPress/6.8; https://batconpakistan.org"
52.169.87.17 - - [28/Apr/2025:15:56:46 -0400] "GET /wp-admin/xmrlpc.php HTTP/1.1" 404 15888 "-" "-"
162.0.235.240 - - [28/Apr/2025:15:56:49 -0400] "GET /wp-content/plugins/contact-form-7-style/admin/predefined-templates.json HTTP/1.1" 200 1323 "-" "WordPress/6.8; https://batconpakistan.org"
162.0.235.240 - - [28/Apr/2025:15:56:49 -0400] "POST /wp-cron.php?doing_wp_cron=1745870209.7175951004028320312500 HTTP/1.1" 200 0 "-" "WordPress/6.8; https://batconpakistan.org"
52.169.87.17 - - [28/Apr/2025:15:56:48 -0400] "GET /smaxx.php HTTP/1.1" 301 0 "-" "-"
162.0.235.240 - - [28/Apr/2025:15:56:50 -0400] "GET /wp-content/plugins/contact-form-7-style/admin/predefined-templates.json HTTP/1.1" 200 1323 "-" "WordPress/6.8; https://batconpakistan.org"
162.0.235.240 - - [28/Apr/2025:15:56:51 -0400] "GET /wp-content/plugins/contact-form-7-style/admin/predefined-templates.json HTTP/1.1" 200 1323 "-" "WordPress/6.8; https://batconpakistan.org"
52.169.87.17 - - [28/Apr/2025:15:56:50 -0400] "GET /smaxx.php HTTP/1.1" 404 15889 "-" "-"
162.0.235.240 - - [28/Apr/2025:15:56:53 -0400] "GET /wp-content/plugins/contact-form-7-style/admin/predefined-templates.json HTTP/1.1" 200 1323 "-" "WordPress/6.8; https://batconpakistan.org"
52.169.87.17 - - [28/Apr/2025:15:56:52 -0400] "GET /wp-admin/smaxx.php HTTP/1.1" 301 0 "-" "-"
162.0.235.240 - - [28/Apr/2025:15:56:55 -0400] "GET /wp-content/plugins/contact-form-7-style/admin/predefined-templates.json HTTP/1.1" 200 1323 "-" "WordPress/6.8; https://batconpakistan.org"
162.0.235.240 - - [28/Apr/2025:15:56:55 -0400] "POST /wp-cron.php?doing_wp_cron=1745870215.5278029441833496093750 HTTP/1.1" 200 0 "-" "WordPress/6.8; https://batconpakistan.org"
52.169.87.17 - - [28/Apr/2025:15:56:54 -0400] "GET /wp-admin/smaxx.php HTTP/1.1" 404 15888 "-" "-"
162.0.235.240 - - [28/Apr/2025:15:56:56 -0400] "GET /wp-content/plugins/contact-form-7-style/admin/predefined-templates.json HTTP/1.1" 200 1323 "-" "WordPress/6.8; https://batconpakistan.org"
162.0.235.240 - - [28/Apr/2025:15:56:57 -0400] "GET /wp-content/plugins/contact-form-7-style/admin/predefined-templates.json HTTP/1.1" 200 1323 "-" "WordPress/6.8; https://batconpakistan.org"
52.169.87.17 - - [28/Apr/2025:15:56:56 -0400] "GET /wp-content/plugins/WordPressCore/smaxx.php HTTP/1.1" 301 0 "-" "-"
162.0.235.240 - - [28/Apr/2025:15:56:58 -0400] "GET /wp-content/plugins/contact-form-7-style/admin/predefined-templates.json HTTP/1.1" 200 1323 "-" "WordPress/6.8; https://batconpakistan.org"
52.169.87.17 - - [28/Apr/2025:15:56:57 -0400] "GET /wp-content/plugins/WordPressCore/smaxx.php HTTP/1.1" 404 15890 "-" "-"
162.0.235.240 - - [28/Apr/2025:15:57:00 -0400] "GET /wp-content/plugins/contact-form-7-style/admin/predefined-templates.json HTTP/1.1" 200 1323 "-" "WordPress/6.8; https://batconpakistan.org"
52.169.87.17 - - [28/Apr/2025:15:56:59 -0400] "GET /wp-includes/images/smaxx.php HTTP/1.1" 301 0 "-" "-"
162.0.235.240 - - [28/Apr/2025:15:57:01 -0400] "GET /wp-content/plugins/contact-form-7-style/admin/predefined-templates.json HTTP/1.1" 200 1323 "-" "WordPress/6.8; https://batconpakistan.org"
52.169.87.17 - - [28/Apr/2025:15:57:00 -0400] "GET /wp-includes/images/smaxx.php HTTP/1.1" 404 15889 "-" "-"
162.0.235.240 - - [28/Apr/2025:15:57:03 -0400] "GET /wp-content/plugins/contact-form-7-style/admin/predefined-templates.json HTTP/1.1" 200 1323 "-" "WordPress/6.8; https://batconpakistan.org"
52.169.87.17 - - [28/Apr/2025:15:57:02 -0400] "GET /wp-content/plugins/core-plugin/smaxx.php HTTP/1.1" 301 0 "-" "-"
162.0.235.240 - - [28/Apr/2025:15:57:04 -0400] "GET /wp-content/plugins/contact-form-7-style/admin/predefined-templates.json HTTP/1.1" 200 1323 "-" "WordPress/6.8; https://batconpakistan.org"
162.0.235.240 - - [28/Apr/2025:15:57:05 -0400] "POST /wp-cron.php?doing_wp_cron=1745870225.1932830810546875000000 HTTP/1.1" 200 0 "-" "WordPress/6.8; https://batconpakistan.org"
52.169.87.17 - - [28/Apr/2025:15:57:04 -0400] "GET /wp-content/plugins/core-plugin/smaxx.php HTTP/1.1" 404 15891 "-" "-"
162.0.235.240 - - [28/Apr/2025:15:57:05 -0400] "GET /wp-content/plugins/contact-form-7-style/admin/predefined-templates.json HTTP/1.1" 200 1323 "-" "WordPress/6.8; https://batconpakistan.org"
162.0.235.240 - - [28/Apr/2025:15:57:07 -0400] "GET /wp-content/plugins/contact-form-7-style/admin/predefined-templates.json HTTP/1.1" 200 1323 "-" "WordPress/6.8; https://batconpakistan.org"
162.0.235.240 - - [28/Apr/2025:15:57:06 -0400] "POST /wp-admin/admin-ajax.php?action=async_litespeed&nonce=9ngYxgn1NapsLt9lGA072ZkXY4Cg5wBm&litespeed_type=imgoptm HTTP/1.1" 200 0 "-" "WordPress/6.8; https://batconpakistan.org"
52.169.87.17 - - [28/Apr/2025:15:57:06 -0400] "GET /wp-includes/smaxx.php HTTP/1.1" 301 0 "-" "-"
162.0.235.240 - - [28/Apr/2025:15:57:07 -0400] "GET /wp-content/plugins/contact-form-7-style/admin/predefined-templates.json HTTP/1.1" 200 1323 "-" "WordPress/6.8; https://batconpakistan.org"
162.0.235.240 - - [28/Apr/2025:15:57:08 -0400] "GET /wp-content/plugins/contact-form-7-style/admin/predefined-templates.json HTTP/1.1" 200 1323 "-" "WordPress/6.8; https://batconpakistan.org"
52.169.87.17 - - [28/Apr/2025:15:57:07 -0400] "GET /wp-includes/smaxx.php HTTP/1.1" 404 15890 "-" "-"
162.0.235.240 - - [28/Apr/2025:15:57:10 -0400] "GET /wp-content/plugins/contact-form-7-style/admin/predefined-templates.json HTTP/1.1" 200 1323 "-" "WordPress/6.8; https://batconpakistan.org"
52.169.87.17 - - [28/Apr/2025:15:57:09 -0400] "GET /wp-content/plugins/smaxx.php HTTP/1.1" 301 0 "-" "-"
162.0.235.240 - - [28/Apr/2025:15:57:11 -0400] "GET /wp-content/plugins/contact-form-7-style/admin/predefined-templates.json HTTP/1.1" 200 1323 "-" "WordPress/6.8; https://batconpakistan.org"
52.169.87.17 - - [28/Apr/2025:15:57:10 -0400] "GET /wp-content/plugins/smaxx.php HTTP/1.1" 404 15888 "-" "-"
162.0.235.240 - - [28/Apr/2025:15:57:13 -0400] "GET /wp-content/plugins/contact-form-7-style/admin/predefined-templates.json HTTP/1.1" 200 1323 "-" "WordPress/6.8; https://batconpakistan.org"
52.169.87.17 - - [28/Apr/2025:15:57:12 -0400] "GET /xt/smaxx.php HTTP/1.1" 301 0 "-" "-"
162.0.235.240 - - [28/Apr/2025:15:57:14 -0400] "GET /wp-content/plugins/contact-form-7-style/admin/predefined-templates.json HTTP/1.1" 200 1323 "-" "WordPress/6.8; https://batconpakistan.org"
52.169.87.17 - - [28/Apr/2025:15:57:13 -0400] "GET /xt/smaxx.php HTTP/1.1" 404 15890 "-" "-"
162.0.235.240 - - [28/Apr/2025:15:57:16 -0400] "GET /wp-content/plugins/contact-form-7-style/admin/predefined-templates.json HTTP/1.1" 200 1323 "-" "WordPress/6.8; https://batconpakistan.org"
52.169.87.17 - - [28/Apr/2025:15:57:15 -0400] "GET /wp-content/smaxx.php HTTP/1.1" 301 0 "-" "-"
162.0.235.240 - - [28/Apr/2025:15:57:17 -0400] "GET /wp-content/plugins/contact-form-7-style/admin/predefined-templates.json HTTP/1.1" 200 1323 "-" "WordPress/6.8; https://batconpakistan.org"
52.169.87.17 - - [28/Apr/2025:15:57:17 -0400] "GET /wp-content/smaxx.php HTTP/1.1" 404 15890 "-" "-"
162.0.235.240 - - [28/Apr/2025:15:57:19 -0400] "GET /wp-content/plugins/contact-form-7-style/admin/predefined-templates.json HTTP/1.1" 200 1323 "-" "WordPress/6.8; https://batconpakistan.org"
52.169.87.17 - - [28/Apr/2025:15:57:18 -0400] "GET /wp-content/themes/twentyfive/smaxx.php HTTP/1.1" 301 0 "-" "-"
162.0.235.240 - - [28/Apr/2025:15:57:20 -0400] "GET /wp-content/plugins/contact-form-7-style/admin/predefined-templates.json HTTP/1.1" 200 1323 "-" "WordPress/6.8; https://batconpakistan.org"
52.169.87.17 - - [28/Apr/2025:15:57:20 -0400] "GET /wp-content/themes/twentyfive/smaxx.php HTTP/1.1" 404 15890 "-" "-"
162.0.235.240 - - [28/Apr/2025:15:57:22 -0400] "GET /wp-content/plugins/contact-form-7-style/admin/predefined-templates.json HTTP/1.1" 200 1323 "-" "WordPress/6.8; https://batconpakistan.org"
52.169.87.17 - - [28/Apr/2025:15:57:21 -0400] "GET /wp-content/upgrade/sx.php HTTP/1.1" 301 0 "-" "-"
162.0.235.240 - - [28/Apr/2025:15:57:23 -0400] "GET /wp-content/plugins/contact-form-7-style/admin/predefined-templates.json HTTP/1.1" 200 1323 "-" "WordPress/6.8; https://batconpakistan.org"
52.169.87.17 - - [28/Apr/2025:15:57:22 -0400] "GET /wp-content/upgrade/sx.php HTTP/1.1" 404 15890 "-" "-"
52.169.87.17 - - [28/Apr/2025:15:57:24 -0400] "GET /.well-known/pki-validation/sx.php HTTP/1.1" 404 1251 "-" "-"
162.0.235.240 - - [28/Apr/2025:15:57:25 -0400] "GET /wp-content/plugins/contact-form-7-style/admin/predefined-templates.json HTTP/1.1" 200 1323 "-" "WordPress/6.8; https://batconpakistan.org"
52.169.87.17 - - [28/Apr/2025:15:57:24 -0400] "GET /wp-admin/user/sx.php HTTP/1.1" 301 0 "-" "-"
162.0.235.240 - - [28/Apr/2025:15:57:27 -0400] "GET /wp-content/plugins/contact-form-7-style/admin/predefined-templates.json HTTP/1.1" 200 1323 "-" "WordPress/6.8; https://batconpakistan.org"
52.169.87.17 - - [28/Apr/2025:15:57:26 -0400] "GET /wp-admin/user/sx.php HTTP/1.1" 404 15889 "-" "-"
162.0.235.240 - - [28/Apr/2025:15:57:28 -0400] "GET /wp-content/plugins/contact-form-7-style/admin/predefined-templates.json HTTP/1.1" 200 1323 "-" "WordPress/6.8; https://batconpakistan.org"
52.169.87.17 - - [28/Apr/2025:15:57:27 -0400] "GET /wp-includes/ID3/sx.php HTTP/1.1" 301 0 "-" "-"
162.0.235.240 - - [28/Apr/2025:15:57:30 -0400] "GET /wp-content/plugins/contact-form-7-style/admin/predefined-templates.json HTTP/1.1" 200 1323 "-" "WordPress/6.8; https://batconpakistan.org"
52.169.87.17 - - [28/Apr/2025:15:57:29 -0400] "GET /wp-includes/ID3/sx.php HTTP/1.1" 404 15890 "-" "-"
162.0.235.240 - - [28/Apr/2025:15:57:31 -0400] "GET /wp-content/plugins/contact-form-7-style/admin/predefined-templates.json HTTP/1.1" 200 1323 "-" "WordPress/6.8; https://batconpakistan.org"
52.169.87.17 - - [28/Apr/2025:15:57:31 -0400] "GET /wp-includes/blocks/sx.php HTTP/1.1" 301 0 "-" "-"
162.0.235.240 - - [28/Apr/2025:15:57:33 -0400] "GET /wp-content/plugins/contact-form-7-style/admin/predefined-templates.json HTTP/1.1" 200 1323 "-" "WordPress/6.8; https://batconpakistan.org"
52.169.87.17 - - [28/Apr/2025:15:57:32 -0400] "GET /wp-includes/blocks/sx.php HTTP/1.1" 404 15889 "-" "-"
162.0.235.240 - - [28/Apr/2025:15:57:35 -0400] "GET /wp-content/plugins/contact-form-7-style/admin/predefined-templates.json HTTP/1.1" 200 1323 "-" "WordPress/6.8; https://batconpakistan.org"
52.169.87.17 - - [28/Apr/2025:15:57:34 -0400] "GET /wp-includes/sx.php HTTP/1.1" 301 0 "-" "-"
162.0.235.240 - - [28/Apr/2025:15:57:36 -0400] "GET /wp-content/plugins/contact-form-7-style/admin/predefined-templates.json HTTP/1.1" 200 1323 "-" "WordPress/6.8; https://batconpakistan.org"
52.169.87.17 - - [28/Apr/2025:15:57:35 -0400] "GET /wp-includes/sx.php HTTP/1.1" 404 15888 "-" "-"
162.0.235.240 - - [28/Apr/2025:15:57:38 -0400] "GET /wp-content/plugins/contact-form-7-style/admin/predefined-templates.json HTTP/1.1" 200 1323 "-" "WordPress/6.8; https://batconpakistan.org"
52.169.87.17 - - [28/Apr/2025:15:57:37 -0400] "GET /wp-admin/sx.php HTTP/1.1" 301 0 "-" "-"
162.0.235.240 - - [28/Apr/2025:15:57:39 -0400] "GET /wp-content/plugins/contact-form-7-style/admin/predefined-templates.json HTTP/1.1" 200 1323 "-" "WordPress/6.8; https://batconpakistan.org"
52.169.87.17 - - [28/Apr/2025:15:57:38 -0400] "GET /wp-admin/sx.php HTTP/1.1" 404 15890 "-" "-"
162.0.235.240 - - [28/Apr/2025:15:57:41 -0400] "GET /wp-content/plugins/contact-form-7-style/admin/predefined-templates.json HTTP/1.1" 200 1323 "-" "WordPress/6.8; https://batconpakistan.org"
162.0.235.240 - - [28/Apr/2025:15:57:41 -0400] "POST /wp-cron.php?doing_wp_cron=1745870261.6972711086273193359375 HTTP/1.1" 200 0 "-" "WordPress/6.8; https://batconpakistan.org"
52.169.87.17 - - [28/Apr/2025:15:57:40 -0400] "GET /wp-content/plugins/fix/sx.php HTTP/1.1" 301 0 "-" "-"
162.0.235.240 - - [28/Apr/2025:15:57:42 -0400] "GET /wp-content/plugins/contact-form-7-style/admin/predefined-templates.json HTTP/1.1" 200 1323 "-" "WordPress/6.8; https://batconpakistan.org"
162.0.235.240 - - [28/Apr/2025:15:57:43 -0400] "GET /wp-content/plugins/contact-form-7-style/admin/predefined-templates.json HTTP/1.1" 200 1323 "-" "WordPress/6.8; https://batconpakistan.org"
52.169.87.17 - - [28/Apr/2025:15:57:42 -0400] "GET /wp-content/plugins/fix/sx.php HTTP/1.1" 404 15888 "-" "-"
162.0.235.240 - - [28/Apr/2025:15:57:44 -0400] "GET /wp-content/plugins/contact-form-7-style/admin/predefined-templates.json HTTP/1.1" 200 1323 "-" "WordPress/6.8; https://batconpakistan.org"
52.169.87.17 - - [28/Apr/2025:15:57:43 -0400] "GET /wp-admin/includes/sx.php HTTP/1.1" 301 0 "-" "-"
162.0.235.240 - - [28/Apr/2025:15:57:46 -0400] "GET /wp-content/plugins/contact-form-7-style/admin/predefined-templates.json HTTP/1.1" 200 1323 "-" "WordPress/6.8; https://batconpakistan.org"
52.169.87.17 - - [28/Apr/2025:15:57:45 -0400] "GET /wp-admin/includes/sx.php HTTP/1.1" 404 15889 "-" "-"
162.0.235.240 - - [28/Apr/2025:15:57:48 -0400] "GET /wp-content/plugins/contact-form-7-style/admin/predefined-templates.json HTTP/1.1" 200 1323 "-" "WordPress/6.8; https://batconpakistan.org"
162.0.235.240 - - [28/Apr/2025:15:57:48 -0400] "POST /wp-cron.php?doing_wp_cron=1745870268.3264820575714111328125 HTTP/1.1" 200 0 "-" "WordPress/6.8; https://batconpakistan.org"
52.169.87.17 - - [28/Apr/2025:15:57:47 -0400] "GET /cgi-bin/sx.php HTTP/1.1" 301 0 "-" "-"
162.0.235.240 - - [28/Apr/2025:15:57:49 -0400] "GET /wp-content/plugins/contact-form-7-style/admin/predefined-templates.json HTTP/1.1" 200 1323 "-" "WordPress/6.8; https://batconpakistan.org"
162.0.235.240 - - [28/Apr/2025:15:57:49 -0400] "GET /wp-content/plugins/contact-form-7-style/admin/predefined-templates.json HTTP/1.1" 200 1323 "-" "WordPress/6.8; https://batconpakistan.org"
52.169.87.17 - - [28/Apr/2025:15:57:48 -0400] "GET /cgi-bin/sx.php HTTP/1.1" 404 15888 "-" "-"
162.0.235.240 - - [28/Apr/2025:15:57:51 -0400] "GET /wp-content/plugins/contact-form-7-style/admin/predefined-templates.json HTTP/1.1" 200 1323 "-" "WordPress/6.8; https://batconpakistan.org"
52.169.87.17 - - [28/Apr/2025:15:57:50 -0400] "GET /wp-admin/css/sx.php HTTP/1.1" 301 0 "-" "-"
162.0.235.240 - - [28/Apr/2025:15:57:52 -0400] "GET /wp-content/plugins/contact-form-7-style/admin/predefined-templates.json HTTP/1.1" 200 1323 "-" "WordPress/6.8; https://batconpakistan.org"
52.169.87.17 - - [28/Apr/2025:15:57:52 -0400] "GET /wp-admin/css/sx.php HTTP/1.1" 404 15890 "-" "-"
162.0.235.240 - - [28/Apr/2025:15:57:54 -0400] "GET /wp-content/plugins/contact-form-7-style/admin/predefined-templates.json HTTP/1.1" 200 1323 "-" "WordPress/6.8; https://batconpakistan.org"
52.169.87.17 - - [28/Apr/2025:15:57:53 -0400] "GET /wp-admin/network/sx.php HTTP/1.1" 301 0 "-" "-"
162.0.235.240 - - [28/Apr/2025:15:57:55 -0400] "GET /wp-content/plugins/contact-form-7-style/admin/predefined-templates.json HTTP/1.1" 200 1323 "-" "WordPress/6.8; https://batconpakistan.org"
162.0.235.240 - - [28/Apr/2025:15:57:56 -0400] "POST /wp-cron.php?doing_wp_cron=1745870276.1125929355621337890625 HTTP/1.1" 200 0 "-" "WordPress/6.8; https://batconpakistan.org"
52.169.87.17 - - [28/Apr/2025:15:57:55 -0400] "GET /wp-admin/network/sx.php HTTP/1.1" 404 15890 "-" "-"
162.0.235.240 - - [28/Apr/2025:15:57:56 -0400] "GET /wp-content/plugins/contact-form-7-style/admin/predefined-templates.json HTTP/1.1" 200 1323 "-" "WordPress/6.8; https://batconpakistan.org"
162.0.235.240 - - [28/Apr/2025:15:57:57 -0400] "GET /wp-content/plugins/contact-form-7-style/admin/predefined-templates.json HTTP/1.1" 200 1323 "-" "WordPress/6.8; https://batconpakistan.org"
52.169.87.17 - - [28/Apr/2025:15:57:56 -0400] "GET /wp-includes/block-supports/sx.php HTTP/1.1" 301 0 "-" "-"
162.0.235.240 - - [28/Apr/2025:15:57:59 -0400] "GET /wp-content/plugins/contact-form-7-style/admin/predefined-templates.json HTTP/1.1" 200 1323 "-" "WordPress/6.8; https://batconpakistan.org"
52.169.87.17 - - [28/Apr/2025:15:57:58 -0400] "GET /wp-includes/block-supports/sx.php HTTP/1.1" 404 15890 "-" "-"
162.0.235.240 - - [28/Apr/2025:15:58:01 -0400] "GET /wp-content/plugins/contact-form-7-style/admin/predefined-templates.json HTTP/1.1" 200 1323 "-" "WordPress/6.8; https://batconpakistan.org"
52.169.87.17 - - [28/Apr/2025:15:58:00 -0400] "GET /wp-includes/IXR/sx.php HTTP/1.1" 301 0 "-" "-"
162.0.235.240 - - [28/Apr/2025:15:58:02 -0400] "GET /wp-content/plugins/contact-form-7-style/admin/predefined-templates.json HTTP/1.1" 200 1323 "-" "WordPress/6.8; https://batconpakistan.org"
52.169.87.17 - - [28/Apr/2025:15:58:01 -0400] "GET /wp-includes/IXR/sx.php HTTP/1.1" 404 15888 "-" "-"
162.0.235.240 - - [28/Apr/2025:15:58:04 -0400] "GET /wp-content/plugins/contact-form-7-style/admin/predefined-templates.json HTTP/1.1" 200 1323 "-" "WordPress/6.8; https://batconpakistan.org"
52.169.87.17 - - [28/Apr/2025:15:58:03 -0400] "GET /.well-known/sx.php HTTP/1.1" 301 0 "-" "-"
162.0.235.240 - - [28/Apr/2025:15:58:05 -0400] "GET /wp-content/plugins/contact-form-7-style/admin/predefined-templates.json HTTP/1.1" 200 1323 "-" "WordPress/6.8; https://batconpakistan.org"
162.0.235.240 - - [28/Apr/2025:15:58:06 -0400] "POST /wp-cron.php?doing_wp_cron=1745870286.0973479747772216796875 HTTP/1.1" 200 0 "-" "WordPress/6.8; https://batconpakistan.org"
52.169.87.17 - - [28/Apr/2025:15:58:04 -0400] "GET /.well-known/sx.php HTTP/1.1" 404 15890 "-" "-"
162.0.235.240 - - [28/Apr/2025:15:58:06 -0400] "GET /wp-content/plugins/contact-form-7-style/admin/predefined-templates.json HTTP/1.1" 200 1323 "-" "WordPress/6.8; https://batconpakistan.org"
162.0.235.240 - - [28/Apr/2025:15:58:07 -0400] "GET /wp-content/plugins/contact-form-7-style/admin/predefined-templates.json HTTP/1.1" 200 1323 "-" "WordPress/6.8; https://batconpakistan.org"
52.169.87.17 - - [28/Apr/2025:15:58:06 -0400] "GET /wp-includes/js/tinymce/skins/lightgray/fonts/sx.php HTTP/1.1" 301 0 "-" "-"
162.0.235.240 - - [28/Apr/2025:15:58:07 -0400] "POST /wp-admin/admin-ajax.php?action=async_litespeed&nonce=bE58tGQw1yqTmCBuWMWoW9ywb21EsXbV&litespeed_type=imgoptm HTTP/1.1" 200 0 "-" "WordPress/6.8; https://batconpakistan.org"
162.0.235.240 - - [28/Apr/2025:15:58:08 -0400] "GET /wp-content/plugins/contact-form-7-style/admin/predefined-templates.json HTTP/1.1" 200 1323 "-" "WordPress/6.8; https://batconpakistan.org"
162.0.235.240 - - [28/Apr/2025:15:58:09 -0400] "GET /wp-content/plugins/contact-form-7-style/admin/predefined-templates.json HTTP/1.1" 200 1323 "-" "WordPress/6.8; https://batconpakistan.org"
52.169.87.17 - - [28/Apr/2025:15:58:08 -0400] "GET /wp-includes/js/tinymce/skins/lightgray/fonts/sx.php HTTP/1.1" 404 15891 "-" "-"
162.0.235.240 - - [28/Apr/2025:15:58:11 -0400] "GET /wp-content/plugins/contact-form-7-style/admin/predefined-templates.json HTTP/1.1" 200 1323 "-" "WordPress/6.8; https://batconpakistan.org"
52.169.87.17 - - [28/Apr/2025:15:58:10 -0400] "GET /wp-content/sx.php HTTP/1.1" 301 0 "-" "-"
162.0.235.240 - - [28/Apr/2025:15:58:12 -0400] "GET /wp-content/plugins/contact-form-7-style/admin/predefined-templates.json HTTP/1.1" 200 1323 "-" "WordPress/6.8; https://batconpakistan.org"
52.169.87.17 - - [28/Apr/2025:15:58:11 -0400] "GET /wp-content/sx.php HTTP/1.1" 404 15888 "-" "-"
162.0.235.240 - - [28/Apr/2025:15:58:14 -0400] "GET /wp-content/plugins/contact-form-7-style/admin/predefined-templates.json HTTP/1.1" 200 1323 "-" "WordPress/6.8; https://batconpakistan.org"
52.169.87.17 - - [28/Apr/2025:15:58:13 -0400] "GET /wp-content/plugins/elementor/sx.php HTTP/1.1" 301 0 "-" "-"
162.0.235.240 - - [28/Apr/2025:15:58:15 -0400] "GET /wp-content/plugins/contact-form-7-style/admin/predefined-templates.json HTTP/1.1" 200 1323 "-" "WordPress/6.8; https://batconpakistan.org"
52.169.87.17 - - [28/Apr/2025:15:58:15 -0400] "GET /wp-content/plugins/elementor/sx.php HTTP/1.1" 404 15890 "-" "-"
162.0.235.240 - - [28/Apr/2025:15:58:18 -0400] "GET /wp-content/plugins/contact-form-7-style/admin/predefined-templates.json HTTP/1.1" 200 1323 "-" "WordPress/6.8; https://batconpakistan.org"
52.169.87.17 - - [28/Apr/2025:15:58:17 -0400] "GET /.well-known/acme-challenge/sx.php HTTP/1.1" 301 0 "-" "-"
162.0.235.240 - - [28/Apr/2025:15:58:19 -0400] "GET /wp-content/plugins/contact-form-7-style/admin/predefined-templates.json HTTP/1.1" 200 1323 "-" "WordPress/6.8; https://batconpakistan.org"
52.169.87.17 - - [28/Apr/2025:15:58:18 -0400] "GET /.well-known/acme-challenge/sx.php HTTP/1.1" 404 15888 "-" "-"
162.0.235.240 - - [28/Apr/2025:15:58:21 -0400] "GET /wp-content/plugins/contact-form-7-style/admin/predefined-templates.json HTTP/1.1" 200 1323 "-" "WordPress/6.8; https://batconpakistan.org"
52.169.87.17 - - [28/Apr/2025:15:58:20 -0400] "GET /wp-includes/js/jcrop/sx.php HTTP/1.1" 301 0 "-" "-"
162.0.235.240 - - [28/Apr/2025:15:58:22 -0400] "GET /wp-content/plugins/contact-form-7-style/admin/predefined-templates.json HTTP/1.1" 200 1323 "-" "WordPress/6.8; https://batconpakistan.org"
52.169.87.17 - - [28/Apr/2025:15:58:21 -0400] "GET /wp-includes/js/jcrop/sx.php HTTP/1.1" 404 15890 "-" "-"
162.0.235.240 - - [28/Apr/2025:15:58:24 -0400] "GET /wp-content/plugins/contact-form-7-style/admin/predefined-templates.json HTTP/1.1" 200 1323 "-" "WordPress/6.8; https://batconpakistan.org"
52.169.87.17 - - [28/Apr/2025:15:58:23 -0400] "GET /wp-includes/rest-api/sx.php HTTP/1.1" 301 0 "-" "-"
162.0.235.240 - - [28/Apr/2025:15:58:26 -0400] "GET /wp-content/plugins/contact-form-7-style/admin/predefined-templates.json HTTP/1.1" 200 1323 "-" "WordPress/6.8; https://batconpakistan.org"
52.169.87.17 - - [28/Apr/2025:15:58:25 -0400] "GET /wp-includes/rest-api/sx.php HTTP/1.1" 404 15888 "-" "-"
162.0.235.240 - - [28/Apr/2025:15:58:27 -0400] "GET /wp-content/plugins/contact-form-7-style/admin/predefined-templates.json HTTP/1.1" 200 1323 "-" "WordPress/6.8; https://batconpakistan.org"
52.169.87.17 - - [28/Apr/2025:15:58:27 -0400] "GET /wp-admin/images/sx.php HTTP/1.1" 301 0 "-" "-"
162.0.235.240 - - [28/Apr/2025:15:58:29 -0400] "GET /wp-content/plugins/contact-form-7-style/admin/predefined-templates.json HTTP/1.1" 200 1323 "-" "WordPress/6.8; https://batconpakistan.org"
52.169.87.17 - - [28/Apr/2025:15:58:28 -0400] "GET /wp-admin/images/sx.php HTTP/1.1" 404 15889 "-" "-"
162.0.235.240 - - [28/Apr/2025:15:58:30 -0400] "GET /wp-content/plugins/contact-form-7-style/admin/predefined-templates.json HTTP/1.1" 200 1323 "-" "WordPress/6.8; https://batconpakistan.org"
52.169.87.17 - - [28/Apr/2025:15:58:29 -0400] "GET /wp-admin/css/colors/blue/blue.php HTTP/1.1" 301 0 "-" "-"
162.0.235.240 - - [28/Apr/2025:15:58:32 -0400] "GET /wp-content/plugins/contact-form-7-style/admin/predefined-templates.json HTTP/1.1" 200 1323 "-" "WordPress/6.8; https://batconpakistan.org"
52.169.87.17 - - [28/Apr/2025:15:58:31 -0400] "GET /wp-admin/css/colors/blue/blue.php HTTP/1.1" 404 15890 "-" "-"
162.0.235.240 - - [28/Apr/2025:15:58:33 -0400] "GET /wp-content/plugins/contact-form-7-style/admin/predefined-templates.json HTTP/1.1" 200 1323 "-" "WordPress/6.8; https://batconpakistan.org"
52.169.87.17 - - [28/Apr/2025:15:58:32 -0400] "GET /chosen HTTP/1.1" 301 0 "-" "-"
162.0.235.240 - - [28/Apr/2025:15:58:35 -0400] "GET /wp-content/plugins/contact-form-7-style/admin/predefined-templates.json HTTP/1.1" 200 1323 "-" "WordPress/6.8; https://batconpakistan.org"
52.169.87.17 - - [28/Apr/2025:15:58:34 -0400] "GET /chosen HTTP/1.1" 404 15890 "-" "-"
162.0.235.240 - - [28/Apr/2025:15:58:36 -0400] "GET /wp-content/plugins/contact-form-7-style/admin/predefined-templates.json HTTP/1.1" 200 1323 "-" "WordPress/6.8; https://batconpakistan.org"
52.169.87.17 - - [28/Apr/2025:15:58:35 -0400] "GET /wp-content/plugins/fix/up.php HTTP/1.1" 301 0 "-" "-"
162.0.235.240 - - [28/Apr/2025:15:58:38 -0400] "GET /wp-content/plugins/contact-form-7-style/admin/predefined-templates.json HTTP/1.1" 200 1323 "-" "WordPress/6.8; https://batconpakistan.org"
52.169.87.17 - - [28/Apr/2025:15:58:37 -0400] "GET /wp-content/plugins/fix/up.php HTTP/1.1" 404 15889 "-" "-"
162.0.235.240 - - [28/Apr/2025:15:58:39 -0400] "GET /wp-content/plugins/contact-form-7-style/admin/predefined-templates.json HTTP/1.1" 200 1323 "-" "WordPress/6.8; https://batconpakistan.org"
52.169.87.17 - - [28/Apr/2025:15:58:38 -0400] "GET /install.php HTTP/1.1" 301 0 "-" "-"
162.0.235.240 - - [28/Apr/2025:15:58:40 -0400] "GET /wp-content/plugins/contact-form-7-style/admin/predefined-templates.json HTTP/1.1" 200 1323 "-" "WordPress/6.8; https://batconpakistan.org"
162.0.235.240 - - [28/Apr/2025:15:58:41 -0400] "POST /wp-cron.php?doing_wp_cron=1745870321.0761311054229736328125 HTTP/1.1" 200 0 "-" "WordPress/6.8; https://batconpakistan.org"
52.169.87.17 - - [28/Apr/2025:15:58:40 -0400] "GET /install.php HTTP/1.1" 404 15890 "-" "-"
162.0.235.240 - - [28/Apr/2025:15:58:41 -0400] "GET /wp-content/plugins/contact-form-7-style/admin/predefined-templates.json HTTP/1.1" 200 1323 "-" "WordPress/6.8; https://batconpakistan.org"
162.0.235.240 - - [28/Apr/2025:15:58:42 -0400] "GET /wp-content/plugins/contact-form-7-style/admin/predefined-templates.json HTTP/1.1" 200 1323 "-" "WordPress/6.8; https://batconpakistan.org"
52.169.87.17 - - [28/Apr/2025:15:58:41 -0400] "GET /wp-includes/images/include.php HTTP/1.1" 301 0 "-" "-"
162.0.235.240 - - [28/Apr/2025:15:58:43 -0400] "GET /wp-content/plugins/contact-form-7-style/admin/predefined-templates.json HTTP/1.1" 200 1323 "-" "WordPress/6.8; https://batconpakistan.org"
52.169.87.17 - - [28/Apr/2025:15:58:43 -0400] "GET /wp-includes/images/include.php HTTP/1.1" 404 15889 "-" "-"
162.0.235.240 - - [28/Apr/2025:15:58:45 -0400] "GET /wp-content/plugins/contact-form-7-style/admin/predefined-templates.json HTTP/1.1" 200 1323 "-" "WordPress/6.8; https://batconpakistan.org"
52.169.87.17 - - [28/Apr/2025:15:58:44 -0400] "GET /wp-content/themes/wp-classic/inc/index.php HTTP/1.1" 301 0 "-" "-"
162.0.235.240 - - [28/Apr/2025:15:58:47 -0400] "GET /wp-content/plugins/contact-form-7-style/admin/predefined-templates.json HTTP/1.1" 200 1323 "-" "WordPress/6.8; https://batconpakistan.org"
52.169.87.17 - - [28/Apr/2025:15:58:46 -0400] "GET /wp-content/themes/wp-classic/inc/ HTTP/1.1" 404 15890 "-" "-"
162.0.235.240 - - [28/Apr/2025:15:58:49 -0400] "GET /wp-content/plugins/contact-form-7-style/admin/predefined-templates.json HTTP/1.1" 200 1323 "-" "WordPress/6.8; https://batconpakistan.org"
162.0.235.240 - - [28/Apr/2025:15:58:49 -0400] "POST /wp-cron.php?doing_wp_cron=1745870329.3228609561920166015625 HTTP/1.1" 200 0 "-" "WordPress/6.8; https://batconpakistan.org"
52.169.87.17 - - [28/Apr/2025:15:58:48 -0400] "GET /assets/images/1p.php HTTP/1.1" 301 0 "-" "-"
162.0.235.240 - - [28/Apr/2025:15:58:49 -0400] "GET /wp-content/plugins/contact-form-7-style/admin/predefined-templates.json HTTP/1.1" 200 1323 "-" "WordPress/6.8; https://batconpakistan.org"
162.0.235.240 - - [28/Apr/2025:15:58:50 -0400] "GET /wp-content/plugins/contact-form-7-style/admin/predefined-templates.json HTTP/1.1" 200 1323 "-" "WordPress/6.8; https://batconpakistan.org"
52.169.87.17 - - [28/Apr/2025:15:58:49 -0400] "GET /assets/images/1p.php HTTP/1.1" 404 15889 "-" "-"
162.0.235.240 - - [28/Apr/2025:15:58:52 -0400] "GET /wp-content/plugins/contact-form-7-style/admin/predefined-templates.json HTTP/1.1" 200 1323 "-" "WordPress/6.8; https://batconpakistan.org"
52.169.87.17 - - [28/Apr/2025:15:58:51 -0400] "GET /class.api.php HTTP/1.1" 301 0 "-" "-"
162.0.235.240 - - [28/Apr/2025:15:58:53 -0400] "GET /wp-content/plugins/contact-form-7-style/admin/predefined-templates.json HTTP/1.1" 200 1323 "-" "WordPress/6.8; https://batconpakistan.org"
52.169.87.17 - - [28/Apr/2025:15:58:52 -0400] "GET /class.api.php HTTP/1.1" 404 15891 "-" "-"
162.0.235.240 - - [28/Apr/2025:15:58:55 -0400] "GET /wp-content/plugins/contact-form-7-style/admin/predefined-templates.json HTTP/1.1" 200 1323 "-" "WordPress/6.8; https://batconpakistan.org"
162.0.235.240 - - [28/Apr/2025:15:58:55 -0400] "POST /wp-cron.php?doing_wp_cron=1745870335.8230180740356445312500 HTTP/1.1" 200 0 "-" "WordPress/6.8; https://batconpakistan.org"
52.169.87.17 - - [28/Apr/2025:15:58:54 -0400] "GET /plugin.php HTTP/1.1" 301 0 "-" "-"
162.0.235.240 - - [28/Apr/2025:15:58:56 -0400] "GET /wp-content/plugins/contact-form-7-style/admin/predefined-templates.json HTTP/1.1" 200 1323 "-" "WordPress/6.8; https://batconpakistan.org"
162.0.235.240 - - [28/Apr/2025:15:58:57 -0400] "GET /wp-content/plugins/contact-form-7-style/admin/predefined-templates.json HTTP/1.1" 200 1323 "-" "WordPress/6.8; https://batconpakistan.org"
52.169.87.17 - - [28/Apr/2025:15:58:56 -0400] "GET /plugin.php HTTP/1.1" 404 15890 "-" "-"
162.0.235.240 - - [28/Apr/2025:15:58:58 -0400] "GET /wp-content/plugins/contact-form-7-style/admin/predefined-templates.json HTTP/1.1" 200 1323 "-" "WordPress/6.8; https://batconpakistan.org"
52.169.87.17 - - [28/Apr/2025:15:58:58 -0400] "GET /wp-mail.php HTTP/1.1" 403 942 "-" "-"
162.0.235.240 - - [28/Apr/2025:15:59:00 -0400] "GET /wp-content/plugins/contact-form-7-style/admin/predefined-templates.json HTTP/1.1" 200 1323 "-" "WordPress/6.8; https://batconpakistan.org"
52.169.87.17 - - [28/Apr/2025:15:58:59 -0400] "GET /cong.php HTTP/1.1" 301 0 "-" "-"
162.0.235.240 - - [28/Apr/2025:15:59:01 -0400] "GET /wp-content/plugins/contact-form-7-style/admin/predefined-templates.json HTTP/1.1" 200 1323 "-" "WordPress/6.8; https://batconpakistan.org"
52.169.87.17 - - [28/Apr/2025:15:59:00 -0400] "GET /cong.php HTTP/1.1" 404 15888 "-" "-"
52.169.87.17 - - [28/Apr/2025:15:59:02 -0400] "GET /wp-content/index.php HTTP/1.1" 200 0 "-" "-"
52.169.87.17 - - [28/Apr/2025:15:59:03 -0400] "GET /.well-known/acme-challenge/xmrlpc.php HTTP/1.1" 301 0 "-" "-"
52.169.87.17 - - [28/Apr/2025:15:59:03 -0400] "GET /.well-known/acme-challenge/xmrlpc.php HTTP/1.1" 404 15888 "-" "-"
162.0.235.240 - - [28/Apr/2025:15:59:04 -0400] "GET /wp-content/plugins/contact-form-7-style/admin/predefined-templates.json HTTP/1.1" 200 1323 "-" "WordPress/6.8; https://batconpakistan.org"
162.0.235.240 - - [28/Apr/2025:15:59:05 -0400] "POST /wp-cron.php?doing_wp_cron=1745870345.2772819995880126953125 HTTP/1.1" 200 0 "-" "WordPress/6.8; https://batconpakistan.org"
52.169.87.17 - - [28/Apr/2025:15:59:03 -0400] "GET /wp-configs.php HTTP/1.1" 301 0 "-" "-"
162.0.235.240 - - [28/Apr/2025:15:59:06 -0400] "GET /wp-content/plugins/contact-form-7-style/admin/predefined-templates.json HTTP/1.1" 200 1323 "-" "WordPress/6.8; https://batconpakistan.org"
162.0.235.240 - - [28/Apr/2025:15:59:06 -0400] "GET /wp-content/plugins/contact-form-7-style/admin/predefined-templates.json HTTP/1.1" 200 1323 "-" "WordPress/6.8; https://batconpakistan.org"
52.169.87.17 - - [28/Apr/2025:15:59:05 -0400] "GET /wp-configs.php HTTP/1.1" 404 15890 "-" "-"
162.0.235.240 - - [28/Apr/2025:15:59:06 -0400] "POST /wp-admin/admin-ajax.php?action=async_litespeed&nonce=UcN1lv3DOAxcFb3UaDlOEySN8y2Vpa5R&litespeed_type=imgoptm HTTP/1.1" 200 0 "-" "WordPress/6.8; https://batconpakistan.org"
162.0.235.240 - - [28/Apr/2025:15:59:07 -0400] "GET /wp-content/plugins/contact-form-7-style/admin/predefined-templates.json HTTP/1.1" 200 1323 "-" "WordPress/6.8; https://batconpakistan.org"
162.0.235.240 - - [28/Apr/2025:15:59:08 -0400] "GET /wp-content/plugins/contact-form-7-style/admin/predefined-templates.json HTTP/1.1" 200 1323 "-" "WordPress/6.8; https://batconpakistan.org"
52.169.87.17 - - [28/Apr/2025:15:59:07 -0400] "GET /input.php HTTP/1.1" 301 0 "-" "-"
52.169.87.17 - - [28/Apr/2025:15:59:08 -0400] "GET /input.php HTTP/1.1" 404 15890 "-" "-"
162.0.235.240 - - [28/Apr/2025:15:59:16 -0400] "GET /wp-content/plugins/contact-form-7-style/admin/predefined-templates.json HTTP/1.1" 200 1323 "-" "WordPress/6.8; https://batconpakistan.org"
52.169.87.17 - - [28/Apr/2025:15:59:15 -0400] "GET /0z.php HTTP/1.1" 301 0 "-" "-"
162.0.235.240 - - [28/Apr/2025:15:59:18 -0400] "GET /wp-content/plugins/contact-form-7-style/admin/predefined-templates.json HTTP/1.1" 200 1323 "-" "WordPress/6.8; https://batconpakistan.org"
52.169.87.17 - - [28/Apr/2025:15:59:16 -0400] "GET /0z.php HTTP/1.1" 404 15890 "-" "-"
162.0.235.240 - - [28/Apr/2025:15:59:20 -0400] "GET /wp-content/plugins/contact-form-7-style/admin/predefined-templates.json HTTP/1.1" 200 1323 "-" "WordPress/6.8; https://batconpakistan.org"
52.169.87.17 - - [28/Apr/2025:15:59:19 -0400] "GET /media.php HTTP/1.1" 301 0 "-" "-"
162.0.235.240 - - [28/Apr/2025:15:59:21 -0400] "GET /wp-content/plugins/contact-form-7-style/admin/predefined-templates.json HTTP/1.1" 200 1323 "-" "WordPress/6.8; https://batconpakistan.org"
52.169.87.17 - - [28/Apr/2025:15:59:21 -0400] "GET /media.php HTTP/1.1" 404 15889 "-" "-"
162.0.235.240 - - [28/Apr/2025:15:59:23 -0400] "GET /wp-content/plugins/contact-form-7-style/admin/predefined-templates.json HTTP/1.1" 200 1323 "-" "WordPress/6.8; https://batconpakistan.org"
52.169.87.17 - - [28/Apr/2025:15:59:22 -0400] "GET /chosen.php HTTP/1.1" 301 0 "-" "-"
162.0.235.240 - - [28/Apr/2025:15:59:24 -0400] "GET /wp-content/plugins/contact-form-7-style/admin/predefined-templates.json HTTP/1.1" 200 1323 "-" "WordPress/6.8; https://batconpakistan.org"
52.169.87.17 - - [28/Apr/2025:15:59:23 -0400] "GET /chosen.php HTTP/1.1" 404 15890 "-" "-"
162.0.235.240 - - [28/Apr/2025:15:59:26 -0400] "GET /wp-content/plugins/contact-form-7-style/admin/predefined-templates.json HTTP/1.1" 200 1323 "-" "WordPress/6.8; https://batconpakistan.org"
52.169.87.17 - - [28/Apr/2025:15:59:25 -0400] "GET /wp-includes/fonts/wp-login.php HTTP/1.1" 301 0 "-" "-"
162.0.235.240 - - [28/Apr/2025:15:59:27 -0400] "GET /wp-content/plugins/contact-form-7-style/admin/predefined-templates.json HTTP/1.1" 200 1323 "-" "WordPress/6.8; https://batconpakistan.org"
52.169.87.17 - - [28/Apr/2025:15:59:27 -0400] "GET /wp-includes/fonts/wp-login.php HTTP/1.1" 404 15890 "-" "-"
162.0.235.240 - - [28/Apr/2025:15:59:30 -0400] "GET /wp-content/plugins/contact-form-7-style/admin/predefined-templates.json HTTP/1.1" 200 1323 "-" "WordPress/6.8; https://batconpakistan.org"
52.169.87.17 - - [28/Apr/2025:15:59:29 -0400] "GET /wp-admin/users.php HTTP/1.1" 302 0 "-" "-"
162.0.235.240 - - [28/Apr/2025:15:59:31 -0400] "GET /wp-content/plugins/contact-form-7-style/admin/predefined-templates.json HTTP/1.1" 200 1323 "-" "WordPress/6.8; https://batconpakistan.org"
52.169.87.17 - - [28/Apr/2025:15:59:30 -0400] "GET /wp-login.php?redirect_to=https%3A%2F%2Fwww.batconpakistan.org%2Fwp-admin%2Fusers.php&reauth=1 HTTP/1.1" 200 1897 "-" "-"
162.0.235.240 - - [28/Apr/2025:15:59:33 -0400] "GET /wp-content/plugins/contact-form-7-style/admin/predefined-templates.json HTTP/1.1" 200 1323 "-" "WordPress/6.8; https://batconpakistan.org"
52.169.87.17 - - [28/Apr/2025:15:59:32 -0400] "GET /wp-content/uploads/cache.php HTTP/1.1" 301 0 "-" "-"
162.0.235.240 - - [28/Apr/2025:15:59:34 -0400] "GET /wp-content/plugins/contact-form-7-style/admin/predefined-templates.json HTTP/1.1" 200 1323 "-" "WordPress/6.8; https://batconpakistan.org"
52.169.87.17 - - [28/Apr/2025:15:59:33 -0400] "GET /wp-content/uploads/cache.php HTTP/1.1" 404 15890 "-" "-"
162.0.235.240 - - [28/Apr/2025:15:59:36 -0400] "GET /wp-content/plugins/contact-form-7-style/admin/predefined-templates.json HTTP/1.1" 200 1323 "-" "WordPress/6.8; https://batconpakistan.org"
52.169.87.17 - - [28/Apr/2025:15:59:35 -0400] "GET /.wp-cli/wp-login.php HTTP/1.1" 301 0 "-" "-"
162.0.235.240 - - [28/Apr/2025:15:59:37 -0400] "GET /wp-content/plugins/contact-form-7-style/admin/predefined-templates.json HTTP/1.1" 200 1323 "-" "WordPress/6.8; https://batconpakistan.org"
52.169.87.17 - - [28/Apr/2025:15:59:37 -0400] "GET /.wp-cli/wp-login.php HTTP/1.1" 404 15889 "-" "-"
