162.0.235.240 - - [28/Apr/2025:15:06:46 -0400] "GET /wp-content/plugins/contact-form-7-style/admin/predefined-templates.json HTTP/1.1" 200 1323 "-" "WordPress/6.8; https://batconpakistan.org"
13.94.109.204 - - [28/Apr/2025:15:06:45 -0400] "GET //themes.php HTTP/1.1" 301 0 "-" "-"
13.94.109.204 - - [28/Apr/2025:15:06:46 -0400] "GET /themes.php HTTP/1.1" 404 15890 "-" "-"
162.0.235.240 - - [28/Apr/2025:15:06:47 -0400] "GET /wp-content/plugins/contact-form-7-style/admin/predefined-templates.json HTTP/1.1" 200 1323 "-" "WordPress/6.8; https://batconpakistan.org"
162.0.235.240 - - [28/Apr/2025:15:06:48 -0400] "POST /wp-cron.php?doing_wp_cron=1745867208.1993970870971679687500 HTTP/1.1" 200 0 "-" "WordPress/6.8; https://batconpakistan.org"
13.94.109.204 - - [28/Apr/2025:15:06:47 -0400] "GET /epinyins.php HTTP/1.1" 404 15890 "-" "-"
162.0.235.240 - - [28/Apr/2025:15:06:49 -0400] "GET /wp-content/plugins/contact-form-7-style/admin/predefined-templates.json HTTP/1.1" 200 1323 "-" "WordPress/6.8; https://batconpakistan.org"
162.0.235.240 - - [28/Apr/2025:15:06:50 -0400] "GET /wp-content/plugins/contact-form-7-style/admin/predefined-templates.json HTTP/1.1" 200 1323 "-" "WordPress/6.8; https://batconpakistan.org"
13.94.109.204 - - [28/Apr/2025:15:06:49 -0400] "GET /wp-admin/images/chosen.php HTTP/1.1" 404 15890 "-" "-"
162.0.235.240 - - [28/Apr/2025:15:06:53 -0400] "GET /wp-content/plugins/contact-form-7-style/admin/predefined-templates.json HTTP/1.1" 200 1323 "-" "WordPress/6.8; https://batconpakistan.org"
13.94.109.204 - - [28/Apr/2025:15:06:51 -0400] "GET /used: HTTP/1.1" 404 15887 "-" "-"
162.0.235.240 - - [28/Apr/2025:15:06:56 -0400] "GET /wp-content/plugins/contact-form-7-style/admin/predefined-templates.json HTTP/1.1" 200 1323 "-" "WordPress/6.8; https://batconpakistan.org"
162.0.235.240 - - [28/Apr/2025:15:06:56 -0400] "POST /wp-cron.php?doing_wp_cron=1745867216.6534430980682373046875 HTTP/1.1" 200 0 "-" "WordPress/6.8; https://batconpakistan.org"
13.94.109.204 - - [28/Apr/2025:15:06:54 -0400] "GET /wp-includes/wp-class.php HTTP/1.1" 404 15890 "-" "-"
162.0.235.240 - - [28/Apr/2025:15:06:57 -0400] "GET /wp-content/plugins/contact-form-7-style/admin/predefined-templates.json HTTP/1.1" 200 1323 "-" "WordPress/6.8; https://batconpakistan.org"
162.0.235.240 - - [28/Apr/2025:15:06:58 -0400] "GET /wp-content/plugins/contact-form-7-style/admin/predefined-templates.json HTTP/1.1" 200 1323 "-" "WordPress/6.8; https://batconpakistan.org"
13.94.109.204 - - [28/Apr/2025:15:06:57 -0400] "GET /wp-content/dropdown.php HTTP/1.1" 404 15888 "-" "-"
162.0.235.240 - - [28/Apr/2025:15:07:00 -0400] "GET /wp-content/plugins/contact-form-7-style/admin/predefined-templates.json HTTP/1.1" 200 1323 "-" "WordPress/6.8; https://batconpakistan.org"
13.94.109.204 - - [28/Apr/2025:15:06:59 -0400] "GET /wp-content/file.php HTTP/1.1" 404 15890 "-" "-"
13.94.109.204 - - [28/Apr/2025:15:07:01 -0400] "GET /.well-known/pki-validation/index.php HTTP/1.1" 404 1251 "-" "-"
162.0.235.240 - - [28/Apr/2025:15:07:01 -0400] "GET /wp-content/plugins/contact-form-7-style/admin/predefined-templates.json HTTP/1.1" 200 1323 "-" "WordPress/6.8; https://batconpakistan.org"
52.167.144.16 - - [28/Apr/2025:15:06:58 -0400] "GET /Retail-Store-Fixtures-&-Equipment-Beverages-Prohibited-x-Chalk-Burst-737346-Store-Signs/ HTTP/1.1" 404 15889 "-" "Mozilla/5.0 AppleWebKit/537.36 (KHTML, like Gecko; compatible; bingbot/2.0; +http://www.bing.com/bingbot.htm) Chrome/116.0.1938.76 Safari/537.36"
162.0.235.240 - - [28/Apr/2025:15:07:02 -0400] "GET /wp-content/plugins/contact-form-7-style/admin/predefined-templates.json HTTP/1.1" 200 1323 "-" "WordPress/6.8; https://batconpakistan.org"
13.94.109.204 - - [28/Apr/2025:15:07:01 -0400] "GET /gecko.php HTTP/1.1" 404 15888 "-" "-"
162.0.235.240 - - [28/Apr/2025:15:07:04 -0400] "GET /wp-content/plugins/contact-form-7-style/admin/predefined-templates.json HTTP/1.1" 200 1323 "-" "WordPress/6.8; https://batconpakistan.org"
13.94.109.204 - - [28/Apr/2025:15:07:03 -0400] "GET /backup.php HTTP/1.1" 404 15890 "-" "-"
162.0.235.240 - - [28/Apr/2025:15:07:07 -0400] "GET /wp-content/plugins/contact-form-7-style/admin/predefined-templates.json HTTP/1.1" 200 1323 "-" "WordPress/6.8; https://batconpakistan.org"
162.0.235.240 - - [28/Apr/2025:15:07:07 -0400] "POST /wp-cron.php?doing_wp_cron=1745867227.5607490539550781250000 HTTP/1.1" 200 0 "-" "WordPress/6.8; https://batconpakistan.org"
13.94.109.204 - - [28/Apr/2025:15:07:05 -0400] "GET /wp-seo.php HTTP/1.1" 404 15889 "-" "-"
162.0.235.240 - - [28/Apr/2025:15:07:08 -0400] "GET /wp-content/plugins/contact-form-7-style/admin/predefined-templates.json HTTP/1.1" 200 1323 "-" "WordPress/6.8; https://batconpakistan.org"
162.0.235.240 - - [28/Apr/2025:15:07:09 -0400] "POST /wp-admin/admin-ajax.php?action=async_litespeed&nonce=gHw93wuK7T5DpfzKDMRKPVxef4jjHA0x&litespeed_type=imgoptm HTTP/1.1" 200 0 "-" "WordPress/6.8; https://batconpakistan.org"
162.0.235.240 - - [28/Apr/2025:15:07:10 -0400] "GET /wp-content/plugins/contact-form-7-style/admin/predefined-templates.json HTTP/1.1" 200 1323 "-" "WordPress/6.8; https://batconpakistan.org"
162.0.235.240 - - [28/Apr/2025:15:07:10 -0400] "GET /wp-content/plugins/contact-form-7-style/admin/predefined-templates.json HTTP/1.1" 200 1323 "-" "WordPress/6.8; https://batconpakistan.org"
13.94.109.204 - - [28/Apr/2025:15:07:08 -0400] "GET /main.php HTTP/1.1" 404 15890 "-" "-"
54.36.148.147 - - [28/Apr/2025:15:07:09 -0400] "GET /Filtration-%D0%9C%D0%86L%D0%90N-N%D0%95W-%D0%92U%D0%9C%D0%A0%D0%95R-R%D0%95%D0%86NF%D0%9ER%D0%A1%D0%95%D0%9C%D0%95N%D0%A2-127676-Air-Dryers/ HTTP/1.1" 404 15889 "-" "Mozilla/5.0 (compatible; AhrefsBot/7.0; +http://ahrefs.com/robot/)"
162.0.235.240 - - [28/Apr/2025:15:07:11 -0400] "GET /wp-content/plugins/contact-form-7-style/admin/predefined-templates.json HTTP/1.1" 200 1323 "-" "WordPress/6.8; https://batconpakistan.org"
162.0.235.240 - - [28/Apr/2025:15:07:13 -0400] "GET /wp-content/plugins/contact-form-7-style/admin/predefined-templates.json HTTP/1.1" 200 1323 "-" "WordPress/6.8; https://batconpakistan.org"
13.94.109.204 - - [28/Apr/2025:15:07:11 -0400] "GET /.well-known/acme-challenge/mariju.php HTTP/1.1" 404 15889 "-" "-"
162.0.235.240 - - [28/Apr/2025:15:07:15 -0400] "GET /wp-content/plugins/contact-form-7-style/admin/predefined-templates.json HTTP/1.1" 200 1323 "-" "WordPress/6.8; https://batconpakistan.org"
13.94.109.204 - - [28/Apr/2025:15:07:14 -0400] "GET /wp-content/plugins/linkpreview/index.php HTTP/1.1" 301 0 "-" "-"
162.0.235.240 - - [28/Apr/2025:15:07:17 -0400] "GET /wp-content/plugins/contact-form-7-style/admin/predefined-templates.json HTTP/1.1" 200 1323 "-" "WordPress/6.8; https://batconpakistan.org"
13.94.109.204 - - [28/Apr/2025:15:07:16 -0400] "GET /wp-content/plugins/linkpreview/ HTTP/1.1" 404 15888 "-" "-"
162.0.235.240 - - [28/Apr/2025:15:07:19 -0400] "GET /wp-content/plugins/contact-form-7-style/admin/predefined-templates.json HTTP/1.1" 200 1323 "-" "WordPress/6.8; https://batconpakistan.org"
13.94.109.204 - - [28/Apr/2025:15:07:18 -0400] "GET /index_.php HTTP/1.1" 404 15890 "-" "-"
162.0.235.240 - - [28/Apr/2025:15:07:23 -0400] "GET /wp-content/plugins/contact-form-7-style/admin/predefined-templates.json HTTP/1.1" 200 1323 "-" "WordPress/6.8; https://batconpakistan.org"
13.94.109.204 - - [28/Apr/2025:15:07:19 -0400] "GET /wp-load.php HTTP/1.1" 200 0 "-" "-"
162.0.235.240 - - [28/Apr/2025:15:07:25 -0400] "GET /wp-content/plugins/contact-form-7-style/admin/predefined-templates.json HTTP/1.1" 200 1323 "-" "WordPress/6.8; https://batconpakistan.org"
13.94.109.204 - - [28/Apr/2025:15:07:24 -0400] "GET /settings.php HTTP/1.1" 404 15888 "-" "-"
13.94.109.204 - - [28/Apr/2025:15:07:26 -0400] "GET /wp-admin/install.php HTTP/1.1" 200 435 "-" "-"
162.0.235.240 - - [28/Apr/2025:15:07:27 -0400] "GET /wp-content/plugins/contact-form-7-style/admin/predefined-templates.json HTTP/1.1" 200 1323 "-" "WordPress/6.8; https://batconpakistan.org"
13.94.109.204 - - [28/Apr/2025:15:07:26 -0400] "GET /.well-known/cong.php HTTP/1.1" 404 15889 "-" "-"
162.0.235.240 - - [28/Apr/2025:15:07:29 -0400] "GET /wp-content/plugins/contact-form-7-style/admin/predefined-templates.json HTTP/1.1" 200 1323 "-" "WordPress/6.8; https://batconpakistan.org"
13.94.109.204 - - [28/Apr/2025:15:07:28 -0400] "GET /mar.php HTTP/1.1" 404 15887 "-" "-"
162.0.235.240 - - [28/Apr/2025:15:07:34 -0400] "GET /wp-content/plugins/contact-form-7-style/admin/predefined-templates.json HTTP/1.1" 200 1323 "-" "WordPress/6.8; https://batconpakistan.org"
13.94.109.204 - - [28/Apr/2025:15:07:30 -0400] "GET /wp-admin/admin.php HTTP/1.1" 302 0 "-" "-"
162.0.235.240 - - [28/Apr/2025:15:07:37 -0400] "GET /wp-content/plugins/contact-form-7-style/admin/predefined-templates.json HTTP/1.1" 200 1323 "-" "WordPress/6.8; https://batconpakistan.org"
13.94.109.204 - - [28/Apr/2025:15:07:35 -0400] "GET /wp-login.php?redirect_to=https%3A%2F%2Fbatconpakistan.org%2Fwp-admin%2Fadmin.php&reauth=1 HTTP/1.1" 200 1887 "-" "-"
162.0.235.240 - - [28/Apr/2025:15:07:38 -0400] "GET /wp-content/plugins/contact-form-7-style/admin/predefined-templates.json HTTP/1.1" 200 1323 "-" "WordPress/6.8; https://batconpakistan.org"
13.94.109.204 - - [28/Apr/2025:15:07:37 -0400] "GET /wp-admin/css/colors/index.php HTTP/1.1" 301 0 "-" "-"
13.94.109.204 - - [28/Apr/2025:15:07:39 -0400] "GET /wp-admin/css/colors/ HTTP/1.1" 403 1242 "-" "-"
162.0.235.240 - - [28/Apr/2025:15:07:40 -0400] "GET /wp-content/plugins/contact-form-7-style/admin/predefined-templates.json HTTP/1.1" 200 1323 "-" "WordPress/6.8; https://batconpakistan.org"
162.0.235.240 - - [28/Apr/2025:15:07:41 -0400] "POST /wp-cron.php?doing_wp_cron=1745867260.9178121089935302734375 HTTP/1.1" 200 0 "-" "WordPress/6.8; https://batconpakistan.org"
13.94.109.204 - - [28/Apr/2025:15:07:39 -0400] "GET /gecko-new.php HTTP/1.1" 404 15890 "-" "-"
162.0.235.240 - - [28/Apr/2025:15:07:41 -0400] "GET /wp-content/plugins/contact-form-7-style/admin/predefined-templates.json HTTP/1.1" 200 1323 "-" "WordPress/6.8; https://batconpakistan.org"
162.0.235.240 - - [28/Apr/2025:15:07:43 -0400] "GET /wp-content/plugins/contact-form-7-style/admin/predefined-templates.json HTTP/1.1" 200 1323 "-" "WordPress/6.8; https://batconpakistan.org"
13.94.109.204 - - [28/Apr/2025:15:07:41 -0400] "GET /bak.php HTTP/1.1" 404 15889 "-" "-"
162.0.235.240 - - [28/Apr/2025:15:07:45 -0400] "GET /wp-content/plugins/contact-form-7-style/admin/predefined-templates.json HTTP/1.1" 200 1323 "-" "WordPress/6.8; https://batconpakistan.org"
162.0.235.240 - - [28/Apr/2025:15:07:45 -0400] "POST /wp-cron.php?doing_wp_cron=1745867265.7148630619049072265625 HTTP/1.1" 200 0 "-" "WordPress/6.8; https://batconpakistan.org"
13.94.109.204 - - [28/Apr/2025:15:07:44 -0400] "GET /.well-known/acme-challenge/about.php HTTP/1.1" 404 15889 "-" "-"
162.0.235.240 - - [28/Apr/2025:15:07:46 -0400] "GET /wp-content/plugins/contact-form-7-style/admin/predefined-templates.json HTTP/1.1" 200 1323 "-" "WordPress/6.8; https://batconpakistan.org"
162.0.235.240 - - [28/Apr/2025:15:07:47 -0400] "GET /wp-content/plugins/contact-form-7-style/admin/predefined-templates.json HTTP/1.1" 200 1323 "-" "WordPress/6.8; https://batconpakistan.org"
13.94.109.204 - - [28/Apr/2025:15:07:46 -0400] "GET /wp-includes/js/tinymce/skins/lightgray/img/index.php HTTP/1.1" 301 0 "-" "-"
13.94.109.204 - - [28/Apr/2025:15:07:48 -0400] "GET /wp-includes/js/tinymce/skins/lightgray/img/ HTTP/1.1" 403 1242 "-" "-"
162.0.235.240 - - [28/Apr/2025:15:07:49 -0400] "GET /wp-content/plugins/contact-form-7-style/admin/predefined-templates.json HTTP/1.1" 200 1323 "-" "WordPress/6.8; https://batconpakistan.org"
13.94.109.204 - - [28/Apr/2025:15:07:48 -0400] "GET /ok.php HTTP/1.1" 404 15889 "-" "-"
13.94.109.204 - - [28/Apr/2025:15:07:50 -0400] "GET /.well-known/admin.php HTTP/1.1" 503 917 "-" "-"
13.94.109.204 - - [28/Apr/2025:15:07:50 -0400] "GET /.well-known/gecko-litespeed.php HTTP/1.1" 503 917 "-" "-"
13.94.109.204 - - [28/Apr/2025:15:07:50 -0400] "GET /tiny.php HTTP/1.1" 503 917 "-" "-"
13.94.109.204 - - [28/Apr/2025:15:07:50 -0400] "GET /.well-known/index.php HTTP/1.1" 503 917 "-" "-"
13.94.109.204 - - [28/Apr/2025:15:07:51 -0400] "GET /wp-includes/buy.php HTTP/1.1" 503 917 "-" "-"
13.94.109.204 - - [28/Apr/2025:15:07:51 -0400] "GET /cgi-bin/about.php HTTP/1.1" 503 917 "-" "-"
13.94.109.204 - - [28/Apr/2025:15:07:51 -0400] "GET /wander.php HTTP/1.1" 503 917 "-" "-"
13.94.109.204 - - [28/Apr/2025:15:07:51 -0400] "GET /system_log.php HTTP/1.1" 503 917 "-" "-"
162.0.235.240 - - [28/Apr/2025:15:07:52 -0400] "GET /wp-content/plugins/contact-form-7-style/admin/predefined-templates.json HTTP/1.1" 200 1323 "-" "WordPress/6.8; https://batconpakistan.org"
13.94.109.204 - - [28/Apr/2025:15:07:52 -0400] "GET /images/index.php HTTP/1.1" 503 917 "-" "-"
13.94.109.204 - - [28/Apr/2025:15:07:52 -0400] "GET /wp-admin/css/colors/about.php HTTP/1.1" 503 917 "-" "-"
13.94.109.204 - - [28/Apr/2025:15:07:52 -0400] "GET /wp.php HTTP/1.1" 503 917 "-" "-"
13.94.109.204 - - [28/Apr/2025:15:07:52 -0400] "GET /.well-known/wp-login.php HTTP/1.1" 503 917 "-" "-"
162.0.235.240 - - [28/Apr/2025:15:07:50 -0400] "GET /?wp_scrape_key=89e9b16074813ca915ddbb47baf8907c&wp_scrape_nonce=1745867268 HTTP/1.1" 200 23555 "-" "WordPress/6.8; https://batconpakistan.org"
13.94.109.204 - - [28/Apr/2025:15:07:52 -0400] "GET /fi2.php HTTP/1.1" 503 917 "-" "-"
13.94.109.204 - - [28/Apr/2025:15:07:53 -0400] "GET /.well-known/classwithtostring.php HTTP/1.1" 503 917 "-" "-"
13.94.109.204 - - [28/Apr/2025:15:07:53 -0400] "GET /db.php HTTP/1.1" 503 917 "-" "-"
58.49.233.126 - - [28/Apr/2025:15:07:53 -0400] "GET / HTTP/1.1" 200 23496 "http://batconpakistan.org" "Mozilla/5.0 (iPhone; CPU iPhone OS 13_2_3 like Mac OS X) AppleWebKit/605.1.15 (KHTML, like Gecko) Version/13.0.3 Mobile/15E148 Safari/604.1"
13.94.109.204 - - [28/Apr/2025:15:07:53 -0400] "GET /templates/beez3/index.php HTTP/1.1" 503 917 "-" "-"
13.94.109.204 - - [28/Apr/2025:15:07:53 -0400] "GET /wp-admin/js/about.php HTTP/1.1" 503 917 "-" "-"
13.94.109.204 - - [28/Apr/2025:15:07:54 -0400] "GET /comfunctions.php HTTP/1.1" 503 917 "-" "-"
13.94.109.204 - - [28/Apr/2025:15:07:54 -0400] "GET /images/class-config.php HTTP/1.1" 503 917 "-" "-"
13.94.109.204 - - [28/Apr/2025:15:07:54 -0400] "GET /admin HTTP/1.1" 503 917 "-" "-"
13.94.109.204 - - [28/Apr/2025:15:07:54 -0400] "GET /wp-includes/widgets/include.php HTTP/1.1" 503 917 "-" "-"
13.94.109.204 - - [28/Apr/2025:15:07:54 -0400] "GET /system.php HTTP/1.1" 503 917 "-" "-"
13.94.109.204 - - [28/Apr/2025:15:07:55 -0400] "GET /install.php HTTP/1.1" 503 917 "-" "-"
13.94.109.204 - - [28/Apr/2025:15:07:55 -0400] "GET /v.php HTTP/1.1" 503 917 "-" "-"
13.94.109.204 - - [28/Apr/2025:15:07:55 -0400] "GET /.well-known/acme-challenge/admin.php HTTP/1.1" 503 917 "-" "-"
13.94.109.204 - - [28/Apr/2025:15:07:55 -0400] "GET /wp-includes/wp-includes_function.php HTTP/1.1" 503 917 "-" "-"
13.94.109.204 - - [28/Apr/2025:15:07:56 -0400] "GET /wp-admin/js/autoload_classmap.php HTTP/1.1" 503 917 "-" "-"
13.94.109.204 - - [28/Apr/2025:15:07:56 -0400] "GET /wp-signup.php HTTP/1.1" 503 917 "-" "-"
162.0.235.240 - - [28/Apr/2025:15:07:56 -0400] "GET /wp-content/plugins/contact-form-7-style/admin/predefined-templates.json HTTP/1.1" 200 1323 "-" "WordPress/6.8; https://batconpakistan.org"
13.94.109.204 - - [28/Apr/2025:15:07:56 -0400] "GET /.well-known/file.php/ HTTP/1.1" 503 917 "-" "-"
13.94.109.204 - - [28/Apr/2025:15:07:56 -0400] "GET /wp-includes/SimplePie/gzdecodes.php.suspected HTTP/1.1" 503 917 "-" "-"
13.94.109.204 - - [28/Apr/2025:15:07:56 -0400] "GET /wp-admin/user/xmrlpc.php HTTP/1.1" 503 917 "-" "-"
13.94.109.204 - - [28/Apr/2025:15:07:57 -0400] "GET /wp-content/languages/wp-login.php HTTP/1.1" 503 917 "-" "-"
162.0.235.240 - - [28/Apr/2025:15:07:55 -0400] "GET /?wp_scrape_key=0c09559a7949e350d256a451ac5fddc0&wp_scrape_nonce=1745867273 HTTP/1.1" 200 23565 "-" "WordPress/6.8; https://batconpakistan.org"
162.0.235.240 - - [28/Apr/2025:15:07:58 -0400] "GET /wp-content/plugins/contact-form-7-style/admin/predefined-templates.json HTTP/1.1" 200 1323 "-" "WordPress/6.8; https://batconpakistan.org"
13.94.109.204 - - [28/Apr/2025:15:07:57 -0400] "GET /wp-content/plugins/xt/ HTTP/1.1" 404 15889 "-" "-"
162.0.235.240 - - [28/Apr/2025:15:08:05 -0400] "GET /wp-content/plugins/contact-form-7-style/admin/predefined-templates.json HTTP/1.1" 200 1323 "-" "WordPress/6.8; https://batconpakistan.org"
162.0.235.240 - - [28/Apr/2025:15:08:05 -0400] "POST /wp-cron.php?doing_wp_cron=1745867285.8020460605621337890625 HTTP/1.1" 200 0 "-" "WordPress/6.8; https://batconpakistan.org"
13.94.109.204 - - [28/Apr/2025:15:07:59 -0400] "GET //wp-configs.php HTTP/1.1" 200 194 "-" "-"
162.0.235.240 - - [28/Apr/2025:15:08:07 -0400] "GET /wp-content/plugins/contact-form-7-style/admin/predefined-templates.json HTTP/1.1" 200 1323 "-" "WordPress/6.8; https://batconpakistan.org"
162.0.235.240 - - [28/Apr/2025:15:08:07 -0400] "GET /wp-content/plugins/contact-form-7-style/admin/predefined-templates.json HTTP/1.1" 200 1323 "-" "WordPress/6.8; https://batconpakistan.org"
13.94.109.204 - - [28/Apr/2025:15:08:06 -0400] "GET /help.php HTTP/1.1" 404 15890 "-" "-"
162.0.235.240 - - [28/Apr/2025:15:08:07 -0400] "POST /wp-admin/admin-ajax.php?action=async_litespeed&nonce=LM0XOQmxgmK984SDNxH7mY9ZN4fBmU9e&litespeed_type=imgoptm HTTP/1.1" 200 0 "-" "WordPress/6.8; https://batconpakistan.org"
162.0.235.240 - - [28/Apr/2025:15:08:09 -0400] "GET /wp-content/plugins/contact-form-7-style/admin/predefined-templates.json HTTP/1.1" 200 1323 "-" "WordPress/6.8; https://batconpakistan.org"
162.0.235.240 - - [28/Apr/2025:15:08:09 -0400] "GET /wp-content/plugins/contact-form-7-style/admin/predefined-templates.json HTTP/1.1" 200 1323 "-" "WordPress/6.8; https://batconpakistan.org"
13.94.109.204 - - [28/Apr/2025:15:08:08 -0400] "GET /wp-back.php HTTP/1.1" 404 15888 "-" "-"
162.0.235.240 - - [28/Apr/2025:15:08:26 -0400] "GET /wp-content/plugins/contact-form-7-style/admin/predefined-templates.json HTTP/1.1" 200 1323 "-" "WordPress/6.8; https://batconpakistan.org"
162.0.235.240 - - [28/Apr/2025:15:08:27 -0400] "POST /wp-cron.php?doing_wp_cron=1745867307.2092740535736083984375 HTTP/1.1" 200 0 "-" "WordPress/6.8; https://batconpakistan.org"
13.94.109.204 - - [28/Apr/2025:15:08:10 -0400] "GET /wp-content//autoload_classmap.php HTTP/1.1" 301 0 "-" "-"
162.0.235.240 - - [28/Apr/2025:15:08:28 -0400] "GET /wp-content/plugins/contact-form-7-style/admin/predefined-templates.json HTTP/1.1" 200 1323 "-" "WordPress/6.8; https://batconpakistan.org"
162.0.235.240 - - [28/Apr/2025:15:08:28 -0400] "GET /wp-content/plugins/contact-form-7-style/admin/predefined-templates.json HTTP/1.1" 200 1323 "-" "WordPress/6.8; https://batconpakistan.org"
13.94.109.204 - - [28/Apr/2025:15:08:27 -0400] "GET /wp-content/autoload_classmap.php HTTP/1.1" 404 15888 "-" "-"
162.0.235.240 - - [28/Apr/2025:15:08:30 -0400] "GET /wp-content/plugins/contact-form-7-style/admin/predefined-templates.json HTTP/1.1" 200 1323 "-" "WordPress/6.8; https://batconpakistan.org"
13.94.109.204 - - [28/Apr/2025:15:08:29 -0400] "GET /wp-content/plugins/about.php HTTP/1.1" 404 15887 "-" "-"
162.0.235.240 - - [28/Apr/2025:15:08:33 -0400] "GET /wp-content/plugins/contact-form-7-style/admin/predefined-templates.json HTTP/1.1" 200 1323 "-" "WordPress/6.8; https://batconpakistan.org"
13.94.109.204 - - [28/Apr/2025:15:08:31 -0400] "GET /home/function.php HTTP/1.1" 404 15888 "-" "-"
162.0.235.240 - - [28/Apr/2025:15:08:36 -0400] "GET /wp-content/plugins/contact-form-7-style/admin/predefined-templates.json HTTP/1.1" 200 1323 "-" "WordPress/6.8; https://batconpakistan.org"
13.94.109.204 - - [28/Apr/2025:15:08:34 -0400] "GET /wp-content/plugins/simple/simple.php HTTP/1.1" 404 15889 "-" "-"
162.0.235.240 - - [28/Apr/2025:15:08:40 -0400] "GET /wp-content/plugins/contact-form-7-style/admin/predefined-templates.json HTTP/1.1" 200 1323 "-" "WordPress/6.8; https://batconpakistan.org"
162.0.235.240 - - [28/Apr/2025:15:08:40 -0400] "POST /wp-cron.php?doing_wp_cron=1745867320.3942739963531494140625 HTTP/1.1" 200 0 "-" "WordPress/6.8; https://batconpakistan.org"
13.94.109.204 - - [28/Apr/2025:15:08:38 -0400] "GET /wp-admin/css/colors/blue/about.php HTTP/1.1" 404 15889 "-" "-"
162.0.235.240 - - [28/Apr/2025:15:08:41 -0400] "GET /wp-content/plugins/contact-form-7-style/admin/predefined-templates.json HTTP/1.1" 200 1323 "-" "WordPress/6.8; https://batconpakistan.org"
162.0.235.240 - - [28/Apr/2025:15:08:42 -0400] "GET /wp-content/plugins/contact-form-7-style/admin/predefined-templates.json HTTP/1.1" 200 1323 "-" "WordPress/6.8; https://batconpakistan.org"
13.94.109.204 - - [28/Apr/2025:15:08:41 -0400] "GET /wp-admin/css/colors/midnight/colors.php HTTP/1.1" 404 15890 "-" "-"
162.0.235.240 - - [28/Apr/2025:15:08:45 -0400] "GET /wp-content/plugins/contact-form-7-style/admin/predefined-templates.json HTTP/1.1" 200 1323 "-" "WordPress/6.8; https://batconpakistan.org"
13.94.109.204 - - [28/Apr/2025:15:08:43 -0400] "GET /alfanew.php7 HTTP/1.1" 404 15890 "-" "-"
162.0.235.240 - - [28/Apr/2025:15:08:46 -0400] "GET /wp-content/plugins/contact-form-7-style/admin/predefined-templates.json HTTP/1.1" 200 1323 "-" "WordPress/6.8; https://batconpakistan.org"
13.94.109.204 - - [28/Apr/2025:15:08:45 -0400] "GET /themes/index.php HTTP/1.1" 301 0 "-" "-"
162.0.235.240 - - [28/Apr/2025:15:08:48 -0400] "GET /wp-content/plugins/contact-form-7-style/admin/predefined-templates.json HTTP/1.1" 200 1323 "-" "WordPress/6.8; https://batconpakistan.org"
162.0.235.240 - - [28/Apr/2025:15:08:48 -0400] "POST /wp-cron.php?doing_wp_cron=1745867328.5548191070556640625000 HTTP/1.1" 200 0 "-" "WordPress/6.8; https://batconpakistan.org"
13.94.109.204 - - [28/Apr/2025:15:08:47 -0400] "GET /themes/ HTTP/1.1" 404 15889 "-" "-"
162.0.235.240 - - [28/Apr/2025:15:08:49 -0400] "GET /wp-content/plugins/contact-form-7-style/admin/predefined-templates.json HTTP/1.1" 200 1323 "-" "WordPress/6.8; https://batconpakistan.org"
162.0.235.240 - - [28/Apr/2025:15:08:50 -0400] "GET /wp-content/plugins/contact-form-7-style/admin/predefined-templates.json HTTP/1.1" 200 1323 "-" "WordPress/6.8; https://batconpakistan.org"
13.94.109.204 - - [28/Apr/2025:15:08:49 -0400] "GET /moderation.php HTTP/1.1" 404 15890 "-" "-"
162.0.235.240 - - [28/Apr/2025:15:08:52 -0400] "GET /wp-content/plugins/contact-form-7-style/admin/predefined-templates.json HTTP/1.1" 200 1323 "-" "WordPress/6.8; https://batconpakistan.org"
13.94.109.204 - - [28/Apr/2025:15:08:51 -0400] "GET /wp-content/plugins/xt HTTP/1.1" 404 15890 "-" "-"
162.0.235.240 - - [28/Apr/2025:15:10:37 -0400] "GET /wp-content/plugins/contact-form-7-style/admin/predefined-templates.json HTTP/1.1" 200 1323 "-" "WordPress/6.8; https://batconpakistan.org"
162.0.235.240 - - [28/Apr/2025:15:10:38 -0400] "POST /wp-cron.php?doing_wp_cron=1745867438.2086179256439208984375 HTTP/1.1" 200 0 "-" "WordPress/6.8; https://batconpakistan.org"
54.36.149.39 - - [28/Apr/2025:15:10:33 -0400] "GET /Fasteners-The-Hillman-Group-73966-HollowWall-Anchors/ HTTP/1.1" 200 16006 "-" "Mozilla/5.0 (compatible; AhrefsBot/7.0; +http://ahrefs.com/robot/)"
162.0.235.240 - - [28/Apr/2025:15:10:39 -0400] "GET /wp-content/plugins/contact-form-7-style/admin/predefined-templates.json HTTP/1.1" 200 1323 "-" "WordPress/6.8; https://batconpakistan.org"
162.0.235.240 - - [28/Apr/2025:15:10:40 -0400] "POST /wp-admin/admin-ajax.php?action=async_litespeed&nonce=HQ6Tpq9x0c8rIQ3ymrcuKtiLMxVvtzqm&litespeed_type=imgoptm HTTP/1.1" 200 0 "-" "WordPress/6.8; https://batconpakistan.org"
162.0.235.240 - - [28/Apr/2025:15:10:41 -0400] "GET /wp-content/plugins/contact-form-7-style/admin/predefined-templates.json HTTP/1.1" 200 1323 "-" "WordPress/6.8; https://batconpakistan.org"
162.0.235.240 - - [28/Apr/2025:15:10:41 -0400] "POST /wp-admin/admin-ajax.php?action=wp_1_wc_privacy_cleanup&nonce=8337d470bd HTTP/1.1" 200 0 "-" "WordPress/6.8; https://batconpakistan.org"
162.0.235.240 - - [28/Apr/2025:15:10:43 -0400] "GET /wp-content/plugins/contact-form-7-style/admin/predefined-templates.json HTTP/1.1" 200 1323 "-" "WordPress/6.8; https://batconpakistan.org"
162.0.235.240 - - [28/Apr/2025:15:13:36 -0400] "GET /wp-content/plugins/contact-form-7-style/admin/predefined-templates.json HTTP/1.1" 200 1323 "-" "WordPress/6.8; https://batconpakistan.org"
162.0.235.240 - - [28/Apr/2025:15:13:37 -0400] "POST /wp-cron.php?doing_wp_cron=1745867616.8788540363311767578125 HTTP/1.1" 200 0 "-" "WordPress/6.8; https://batconpakistan.org"
54.36.148.99 - - [28/Apr/2025:15:13:31 -0400] "GET /Fasteners-Stainless-Steel-Hex-86594-Hex-Nuts/ HTTP/1.1" 200 16007 "-" "Mozilla/5.0 (compatible; AhrefsBot/7.0; +http://ahrefs.com/robot/)"
162.0.235.240 - - [28/Apr/2025:15:13:37 -0400] "GET /wp-content/plugins/contact-form-7-style/admin/predefined-templates.json HTTP/1.1" 200 1323 "-" "WordPress/6.8; https://batconpakistan.org"
162.0.235.240 - - [28/Apr/2025:15:13:38 -0400] "POST /wp-admin/admin-ajax.php?action=async_litespeed&nonce=RMIwjhXZbcVwfolrgTahnsG7FxxacWUL&litespeed_type=imgoptm HTTP/1.1" 200 0 "-" "WordPress/6.8; https://batconpakistan.org"
162.0.235.240 - - [28/Apr/2025:15:13:39 -0400] "GET /wp-content/plugins/contact-form-7-style/admin/predefined-templates.json HTTP/1.1" 200 1323 "-" "WordPress/6.8; https://batconpakistan.org"
162.0.235.240 - - [28/Apr/2025:15:17:01 -0400] "GET /wp-content/plugins/contact-form-7-style/admin/predefined-templates.json HTTP/1.1" 200 1323 "-" "WordPress/6.8; https://batconpakistan.org"
162.0.235.240 - - [28/Apr/2025:15:17:02 -0400] "POST /wp-cron.php?doing_wp_cron=1745867822.0789880752563476562500 HTTP/1.1" 200 0 "-" "WordPress/6.8; https://batconpakistan.org"
54.36.148.95 - - [28/Apr/2025:15:16:56 -0400] "GET /Fasteners-Pk-External-Retaining-96844-External-Retaining-Rings/ HTTP/1.1" 200 16008 "-" "Mozilla/5.0 (compatible; AhrefsBot/7.0; +http://ahrefs.com/robot/)"
162.0.235.240 - - [28/Apr/2025:15:17:03 -0400] "GET /wp-content/plugins/contact-form-7-style/admin/predefined-templates.json HTTP/1.1" 200 1323 "-" "WordPress/6.8; https://batconpakistan.org"
162.0.235.240 - - [28/Apr/2025:15:17:03 -0400] "POST /wp-admin/admin-ajax.php?action=async_litespeed&nonce=l8smFmS2Iv146XgX4TSP9gSXb7QG2LZ5&litespeed_type=imgoptm HTTP/1.1" 200 0 "-" "WordPress/6.8; https://batconpakistan.org"
162.0.235.240 - - [28/Apr/2025:15:17:04 -0400] "GET /wp-content/plugins/contact-form-7-style/admin/predefined-templates.json HTTP/1.1" 200 1323 "-" "WordPress/6.8; https://batconpakistan.org"
162.0.235.240 - - [28/Apr/2025:15:19:50 -0400] "GET /wp-content/plugins/contact-form-7-style/admin/predefined-templates.json HTTP/1.1" 200 1323 "-" "WordPress/6.8; https://batconpakistan.org"
162.0.235.240 - - [28/Apr/2025:15:19:51 -0400] "POST /wp-cron.php?doing_wp_cron=1745867991.3913590908050537109375 HTTP/1.1" 200 0 "-" "WordPress/6.8; https://batconpakistan.org"
54.36.148.34 - - [28/Apr/2025:15:19:46 -0400] "GET /Fasteners-Nut-Pack-of-92662-TNuts/ HTTP/1.1" 200 16010 "-" "Mozilla/5.0 (compatible; AhrefsBot/7.0; +http://ahrefs.com/robot/)"
162.0.235.240 - - [28/Apr/2025:15:19:52 -0400] "GET /wp-content/plugins/contact-form-7-style/admin/predefined-templates.json HTTP/1.1" 200 1323 "-" "WordPress/6.8; https://batconpakistan.org"
162.0.235.240 - - [28/Apr/2025:15:19:52 -0400] "POST /wp-admin/admin-ajax.php?action=async_litespeed&nonce=FCLdUBJ9b429y18V4kMeSRzhKzMtHvwc&litespeed_type=imgoptm HTTP/1.1" 200 0 "-" "WordPress/6.8; https://batconpakistan.org"
162.0.235.240 - - [28/Apr/2025:15:19:55 -0400] "GET /wp-content/plugins/contact-form-7-style/admin/predefined-templates.json HTTP/1.1" 200 1323 "-" "WordPress/6.8; https://batconpakistan.org"
162.0.235.240 - - [28/Apr/2025:15:22:54 -0400] "GET /wp-content/plugins/contact-form-7-style/admin/predefined-templates.json HTTP/1.1" 200 1323 "-" "WordPress/6.8; https://batconpakistan.org"
162.0.235.240 - - [28/Apr/2025:15:22:55 -0400] "POST /wp-cron.php?doing_wp_cron=1745868175.1127390861511230468750 HTTP/1.1" 200 0 "-" "WordPress/6.8; https://batconpakistan.org"
54.36.148.128 - - [28/Apr/2025:15:22:49 -0400] "GET /Cutting-Tools-x-OAL-Taper-48956-Extra-Long-Drill-Bits/ HTTP/1.1" 200 16010 "-" "Mozilla/5.0 (compatible; AhrefsBot/7.0; +http://ahrefs.com/robot/)"
162.0.235.240 - - [28/Apr/2025:15:22:56 -0400] "GET /wp-content/plugins/contact-form-7-style/admin/predefined-templates.json HTTP/1.1" 200 1323 "-" "WordPress/6.8; https://batconpakistan.org"
162.0.235.240 - - [28/Apr/2025:15:22:56 -0400] "POST /wp-admin/admin-ajax.php?action=async_litespeed&nonce=dokZBmDOPLcMmKMYgDeOtM63JYaLkRuI&litespeed_type=imgoptm HTTP/1.1" 200 0 "-" "WordPress/6.8; https://batconpakistan.org"
162.0.235.240 - - [28/Apr/2025:15:22:57 -0400] "GET /wp-content/plugins/contact-form-7-style/admin/predefined-templates.json HTTP/1.1" 200 1323 "-" "WordPress/6.8; https://batconpakistan.org"
162.0.235.240 - - [28/Apr/2025:15:26:24 -0400] "GET /wp-content/plugins/contact-form-7-style/admin/predefined-templates.json HTTP/1.1" 200 1323 "-" "WordPress/6.8; https://batconpakistan.org"
162.0.235.240 - - [28/Apr/2025:15:26:25 -0400] "POST /wp-cron.php?doing_wp_cron=1745868384.9317340850830078125000 HTTP/1.1" 200 0 "-" "WordPress/6.8; https://batconpakistan.org"
54.36.148.195 - - [28/Apr/2025:15:26:19 -0400] "GET /Cutting-Tools-x-Metric-Right-69620-Hand-Threading-Taps/ HTTP/1.1" 200 16009 "-" "Mozilla/5.0 (compatible; AhrefsBot/7.0; +http://ahrefs.com/robot/)"
162.0.235.240 - - [28/Apr/2025:15:26:26 -0400] "GET /wp-content/plugins/contact-form-7-style/admin/predefined-templates.json HTTP/1.1" 200 1323 "-" "WordPress/6.8; https://batconpakistan.org"
162.0.235.240 - - [28/Apr/2025:15:26:26 -0400] "POST /wp-admin/admin-ajax.php?action=async_litespeed&nonce=SZdYSKai2c1RCTQg87tnqzZT97pZbquT&litespeed_type=imgoptm HTTP/1.1" 200 0 "-" "WordPress/6.8; https://batconpakistan.org"
162.0.235.240 - - [28/Apr/2025:15:26:28 -0400] "GET /wp-content/plugins/contact-form-7-style/admin/predefined-templates.json HTTP/1.1" 200 1323 "-" "WordPress/6.8; https://batconpakistan.org"
162.0.235.240 - - [28/Apr/2025:15:27:19 -0400] "GET /wp-content/plugins/contact-form-7-style/admin/predefined-templates.json HTTP/1.1" 200 1323 "-" "WordPress/6.8; https://batconpakistan.org"
162.0.235.240 - - [28/Apr/2025:15:27:19 -0400] "POST /wp-cron.php?doing_wp_cron=1745868439.5126690864562988281250 HTTP/1.1" 200 0 "-" "WordPress/6.8; https://batconpakistan.org"
185.76.236.239 - - [28/Apr/2025:15:27:18 -0400] "GET /contact-us/ HTTP/1.1" 200 17604 "https://batconpakistan.org/contact-us/" "Mozilla/5.0 (Windows NT 10.0; Win64; x64) AppleWebKit/537.36 (KHTML, like Gecko) Chrome/130.0.0.0 Safari/537.36"
162.0.235.240 - - [28/Apr/2025:15:27:20 -0400] "GET /wp-content/plugins/contact-form-7-style/admin/predefined-templates.json HTTP/1.1" 200 1323 "-" "WordPress/6.8; https://batconpakistan.org"
162.0.235.240 - - [28/Apr/2025:15:27:20 -0400] "POST /wp-admin/admin-ajax.php?action=async_litespeed&nonce=OZnUpopSOY3nlpNJzeMgXIDrojWYAEs4&litespeed_type=imgoptm HTTP/1.1" 200 0 "-" "WordPress/6.8; https://batconpakistan.org"
162.0.235.240 - - [28/Apr/2025:15:27:23 -0400] "GET /wp-content/plugins/contact-form-7-style/admin/predefined-templates.json HTTP/1.1" 200 1323 "-" "WordPress/6.8; https://batconpakistan.org"
51.8.102.26 - - [28/Apr/2025:15:27:55 -0400] "GET /wp-content/uploads/dynamic-mobmenu.css?ver=2.8.7-900 HTTP/1.1" 200 1744 "-" "Mozilla/5.0 (Macintosh; Intel Mac OS X 10_15_7) AppleWebKit/537.36 (KHTML, like Gecko) Chrome/131.0.0.0 Safari/537.36; compatible; OAI-SearchBot/1.0; +https://openai.com/searchbot"
162.0.235.240 - - [28/Apr/2025:15:29:23 -0400] "GET /wp-content/plugins/contact-form-7-style/admin/predefined-templates.json HTTP/1.1" 200 1323 "-" "WordPress/6.8; https://batconpakistan.org"
162.0.235.240 - - [28/Apr/2025:15:29:24 -0400] "POST /wp-cron.php?doing_wp_cron=1745868564.0336380004882812500000 HTTP/1.1" 200 0 "-" "WordPress/6.8; https://batconpakistan.org"
54.36.149.33 - - [28/Apr/2025:15:29:18 -0400] "GET /Cutting-Tools-Tools-OAL-Flute-LOC-Radius-Round-58058-Corner-Radius/ HTTP/1.1" 200 16009 "-" "Mozilla/5.0 (compatible; AhrefsBot/7.0; +http://ahrefs.com/robot/)"
162.0.235.240 - - [28/Apr/2025:15:29:25 -0400] "GET /wp-content/plugins/contact-form-7-style/admin/predefined-templates.json HTTP/1.1" 200 1323 "-" "WordPress/6.8; https://batconpakistan.org"
162.0.235.240 - - [28/Apr/2025:15:29:25 -0400] "POST /wp-admin/admin-ajax.php?action=async_litespeed&nonce=IdGLVn7WMRteqslEsdOqUDfvCCpKZ4QO&litespeed_type=imgoptm HTTP/1.1" 200 0 "-" "WordPress/6.8; https://batconpakistan.org"
162.0.235.240 - - [28/Apr/2025:15:29:27 -0400] "GET /wp-content/plugins/contact-form-7-style/admin/predefined-templates.json HTTP/1.1" 200 1323 "-" "WordPress/6.8; https://batconpakistan.org"
162.0.235.240 - - [28/Apr/2025:15:35:49 -0400] "GET /wp-content/plugins/contact-form-7-style/admin/predefined-templates.json HTTP/1.1" 200 1323 "-" "WordPress/6.8; https://batconpakistan.org"
162.0.235.240 - - [28/Apr/2025:15:35:50 -0400] "POST /wp-cron.php?doing_wp_cron=1745868950.4312479496002197265625 HTTP/1.1" 200 0 "-" "WordPress/6.8; https://batconpakistan.org"
162.0.235.240 - - [28/Apr/2025:15:35:51 -0400] "GET /wp-content/plugins/contact-form-7-style/admin/predefined-templates.json HTTP/1.1" 200 1323 "-" "WordPress/6.8; https://batconpakistan.org"
54.36.148.235 - - [28/Apr/2025:15:35:41 -0400] "GET /product/premium-quality/ HTTP/1.1" 200 19856 "-" "Mozilla/5.0 (compatible; AhrefsBot/7.0; +http://ahrefs.com/robot/)"
162.0.235.240 - - [28/Apr/2025:15:35:51 -0400] "POST /wp-admin/admin-ajax.php?action=async_litespeed&nonce=vtv2i4xYHG2wE08lztpnW01nx0mr2OvX&litespeed_type=imgoptm HTTP/1.1" 200 0 "-" "WordPress/6.8; https://batconpakistan.org"
162.0.235.240 - - [28/Apr/2025:15:35:52 -0400] "GET /wp-content/plugins/contact-form-7-style/admin/predefined-templates.json HTTP/1.1" 200 1323 "-" "WordPress/6.8; https://batconpakistan.org"
162.0.235.240 - - [28/Apr/2025:15:37:21 -0400] "GET /wp-content/plugins/contact-form-7-style/admin/predefined-templates.json HTTP/1.1" 200 1323 "-" "WordPress/6.8; https://batconpakistan.org"
162.0.235.240 - - [28/Apr/2025:15:37:22 -0400] "POST /wp-cron.php?doing_wp_cron=1745869042.3242509365081787109375 HTTP/1.1" 200 0 "-" "WordPress/6.8; https://batconpakistan.org"
2a03:2880:f800:3:: - - [28/Apr/2025:15:37:17 -0400] "GET /our-approach/ HTTP/1.1" 200 19919 "-" "meta-externalagent/1.1 (+https://developers.facebook.com/docs/sharing/webmasters/crawler)"
162.0.235.240 - - [28/Apr/2025:15:37:23 -0400] "GET /wp-content/plugins/contact-form-7-style/admin/predefined-templates.json HTTP/1.1" 200 1323 "-" "WordPress/6.8; https://batconpakistan.org"
162.0.235.240 - - [28/Apr/2025:15:37:23 -0400] "POST /wp-admin/admin-ajax.php?action=async_litespeed&nonce=mLPnFNrwn9A09TMhsiVI2qbDyybEO76j&litespeed_type=imgoptm HTTP/1.1" 200 0 "-" "WordPress/6.8; https://batconpakistan.org"
162.0.235.240 - - [28/Apr/2025:15:37:24 -0400] "GET /wp-content/plugins/contact-form-7-style/admin/predefined-templates.json HTTP/1.1" 200 1323 "-" "WordPress/6.8; https://batconpakistan.org"
162.0.235.240 - - [28/Apr/2025:15:38:40 -0400] "GET /wp-content/plugins/contact-form-7-style/admin/predefined-templates.json HTTP/1.1" 200 1323 "-" "WordPress/6.8; https://batconpakistan.org"
162.0.235.240 - - [28/Apr/2025:15:38:41 -0400] "POST /wp-cron.php?doing_wp_cron=1745869121.1316609382629394531250 HTTP/1.1" 200 0 "-" "WordPress/6.8; https://batconpakistan.org"
54.36.148.70 - - [28/Apr/2025:15:38:39 -0400] "GET /Cutting-Tools-PSHT38NF241-71342-Spiral-Point-Taps/ HTTP/1.1" 404 15890 "-" "Mozilla/5.0 (compatible; AhrefsBot/7.0; +http://ahrefs.com/robot/)"
162.0.235.240 - - [28/Apr/2025:15:38:41 -0400] "GET /wp-content/plugins/contact-form-7-style/admin/predefined-templates.json HTTP/1.1" 200 1323 "-" "WordPress/6.8; https://batconpakistan.org"
162.0.235.240 - - [28/Apr/2025:15:38:42 -0400] "POST /wp-admin/admin-ajax.php?action=async_litespeed&nonce=MNyY9MfWWt3zNCWLEU7IgButDtivjkA1&litespeed_type=imgoptm HTTP/1.1" 200 0 "-" "WordPress/6.8; https://batconpakistan.org"
162.0.235.240 - - [28/Apr/2025:15:38:43 -0400] "GET /wp-content/plugins/contact-form-7-style/admin/predefined-templates.json HTTP/1.1" 200 1323 "-" "WordPress/6.8; https://batconpakistan.org"
162.0.235.240 - - [28/Apr/2025:15:40:02 -0400] "GET /wp-content/plugins/contact-form-7-style/admin/predefined-templates.json HTTP/1.1" 200 1323 "-" "WordPress/6.8; https://batconpakistan.org"
162.0.235.240 - - [28/Apr/2025:15:40:03 -0400] "POST /wp-cron.php?doing_wp_cron=1745869203.1949679851531982421875 HTTP/1.1" 200 0 "-" "WordPress/6.8; https://batconpakistan.org"
40.77.167.72 - - [28/Apr/2025:15:40:01 -0400] "GET /Science-Education-Industrial-Beauty-Electronic-Magnifying-Glass-Mini-Pocket-Handheld-Microscope-Color-781134-USB-Microscopes/ HTTP/1.1" 404 15888 "-" "Mozilla/5.0 AppleWebKit/537.36 (KHTML, like Gecko; compatible; bingbot/2.0; +http://www.bing.com/bingbot.htm) Chrome/116.0.1938.76 Safari/537.36"
162.0.235.240 - - [28/Apr/2025:15:40:04 -0400] "GET /wp-content/plugins/contact-form-7-style/admin/predefined-templates.json HTTP/1.1" 200 1323 "-" "WordPress/6.8; https://batconpakistan.org"
162.0.235.240 - - [28/Apr/2025:15:40:04 -0400] "POST /wp-admin/admin-ajax.php?action=async_litespeed&nonce=ys0wBSBjGuCRokjgOZF6OzOeuSLg1dKM&litespeed_type=imgoptm HTTP/1.1" 200 0 "-" "WordPress/6.8; https://batconpakistan.org"
162.0.235.240 - - [28/Apr/2025:15:40:06 -0400] "GET /wp-content/plugins/contact-form-7-style/admin/predefined-templates.json HTTP/1.1" 200 1323 "-" "WordPress/6.8; https://batconpakistan.org"
162.0.235.240 - - [28/Apr/2025:15:41:52 -0400] "GET /wp-content/plugins/contact-form-7-style/admin/predefined-templates.json HTTP/1.1" 200 1323 "-" "WordPress/6.8; https://batconpakistan.org"
162.0.235.240 - - [28/Apr/2025:15:41:53 -0400] "POST /wp-cron.php?doing_wp_cron=1745869313.4031970500946044921875 HTTP/1.1" 200 0 "-" "WordPress/6.8; https://batconpakistan.org"
54.36.148.7 - - [28/Apr/2025:15:41:48 -0400] "GET /Cutting-Tools-Made-in-Morse-44282-Hole-Enlarging-Drill-Bits/ HTTP/1.1" 200 16009 "-" "Mozilla/5.0 (compatible; AhrefsBot/7.0; +http://ahrefs.com/robot/)"
162.0.235.240 - - [28/Apr/2025:15:41:54 -0400] "GET /wp-content/plugins/contact-form-7-style/admin/predefined-templates.json HTTP/1.1" 200 1323 "-" "WordPress/6.8; https://batconpakistan.org"
162.0.235.240 - - [28/Apr/2025:15:41:54 -0400] "POST /wp-admin/admin-ajax.php?action=async_litespeed&nonce=HwXeOV2lXYpJ00jiX5RFbAQfutIznQya&litespeed_type=imgoptm HTTP/1.1" 200 0 "-" "WordPress/6.8; https://batconpakistan.org"
162.0.235.240 - - [28/Apr/2025:15:41:56 -0400] "GET /wp-content/plugins/contact-form-7-style/admin/predefined-templates.json HTTP/1.1" 200 1323 "-" "WordPress/6.8; https://batconpakistan.org"
162.0.235.240 - - [28/Apr/2025:15:45:26 -0400] "GET /wp-content/plugins/contact-form-7-style/admin/predefined-templates.json HTTP/1.1" 200 1323 "-" "WordPress/6.8; https://batconpakistan.org"
162.0.235.240 - - [28/Apr/2025:15:45:26 -0400] "POST /wp-cron.php?doing_wp_cron=1745869526.7271080017089843750000 HTTP/1.1" 200 0 "-" "WordPress/6.8; https://batconpakistan.org"
54.36.148.179 - - [28/Apr/2025:15:45:22 -0400] "GET /Commercial-Door-Products-Stainless-Steel-Finish-EWP250S-ProLok-25340-Strikes/ HTTP/1.1" 200 16009 "-" "Mozilla/5.0 (compatible; AhrefsBot/7.0; +http://ahrefs.com/robot/)"
162.0.235.240 - - [28/Apr/2025:15:45:27 -0400] "GET /wp-content/plugins/contact-form-7-style/admin/predefined-templates.json HTTP/1.1" 200 1323 "-" "WordPress/6.8; https://batconpakistan.org"
162.0.235.240 - - [28/Apr/2025:15:45:27 -0400] "POST /wp-admin/admin-ajax.php?action=async_litespeed&nonce=tqUtVSOrLMq6a8ERi1HK700sKGXy3uk1&litespeed_type=imgoptm HTTP/1.1" 200 0 "-" "WordPress/6.8; https://batconpakistan.org"
162.0.235.240 - - [28/Apr/2025:15:45:29 -0400] "GET /wp-content/plugins/contact-form-7-style/admin/predefined-templates.json HTTP/1.1" 200 1323 "-" "WordPress/6.8; https://batconpakistan.org"
162.0.235.240 - - [28/Apr/2025:15:51:06 -0400] "GET /wp-content/plugins/contact-form-7-style/admin/predefined-templates.json HTTP/1.1" 200 1323 "-" "WordPress/6.8; https://batconpakistan.org"
162.0.235.240 - - [28/Apr/2025:15:51:07 -0400] "POST /wp-cron.php?doing_wp_cron=1745869866.9227149486541748046875 HTTP/1.1" 200 0 "-" "WordPress/6.8; https://batconpakistan.org"
104.234.167.102 - - [28/Apr/2025:15:51:02 -0400] "GET /asset/ckeditor/plugins/fileman// HTTP/1.1" 200 194 "-" "Go-http-client/1.1"
162.0.235.240 - - [28/Apr/2025:15:51:07 -0400] "GET /wp-content/plugins/contact-form-7-style/admin/predefined-templates.json HTTP/1.1" 200 1323 "-" "WordPress/6.8; https://batconpakistan.org"
162.0.235.240 - - [28/Apr/2025:15:51:08 -0400] "POST /wp-admin/admin-ajax.php?action=async_litespeed&nonce=qOx4M1xxRljA35wcYLUc25uaHHMepPWB&litespeed_type=imgoptm HTTP/1.1" 200 0 "-" "WordPress/6.8; https://batconpakistan.org"
162.0.235.240 - - [28/Apr/2025:15:51:09 -0400] "GET /wp-content/plugins/contact-form-7-style/admin/predefined-templates.json HTTP/1.1" 200 1323 "-" "WordPress/6.8; https://batconpakistan.org"
162.0.235.240 - - [28/Apr/2025:15:51:27 -0400] "GET /wp-content/plugins/contact-form-7-style/admin/predefined-templates.json HTTP/1.1" 200 1323 "-" "WordPress/6.8; https://batconpakistan.org"
162.0.235.240 - - [28/Apr/2025:15:51:27 -0400] "POST /wp-cron.php?doing_wp_cron=1745869887.5939230918884277343750 HTTP/1.1" 200 0 "-" "WordPress/6.8; https://batconpakistan.org"
52.169.87.17 - - [28/Apr/2025:15:51:26 -0400] "GET /lv.php HTTP/1.1" 301 0 "-" "-"
162.0.235.240 - - [28/Apr/2025:15:51:28 -0400] "GET /wp-content/plugins/contact-form-7-style/admin/predefined-templates.json HTTP/1.1" 200 1323 "-" "WordPress/6.8; https://batconpakistan.org"
162.0.235.240 - - [28/Apr/2025:15:51:29 -0400] "GET /wp-content/plugins/contact-form-7-style/admin/predefined-templates.json HTTP/1.1" 200 1323 "-" "WordPress/6.8; https://batconpakistan.org"
52.169.87.17 - - [28/Apr/2025:15:51:28 -0400] "GET /lv.php HTTP/1.1" 404 15889 "-" "-"
162.0.235.240 - - [28/Apr/2025:15:51:31 -0400] "GET /wp-content/plugins/contact-form-7-style/admin/predefined-templates.json HTTP/1.1" 200 1323 "-" "WordPress/6.8; https://batconpakistan.org"
52.169.87.17 - - [28/Apr/2025:15:51:30 -0400] "GET /wp-content/plugins/pwnd/pwnd.php HTTP/1.1" 301 0 "-" "-"
162.0.235.240 - - [28/Apr/2025:15:51:32 -0400] "GET /wp-content/plugins/contact-form-7-style/admin/predefined-templates.json HTTP/1.1" 200 1323 "-" "WordPress/6.8; https://batconpakistan.org"
162.0.235.240 - - [28/Apr/2025:15:51:32 -0400] "POST /wp-cron.php?doing_wp_cron=1745869892.6982390880584716796875 HTTP/1.1" 200 0 "-" "WordPress/6.8; https://batconpakistan.org"
52.169.87.17 - - [28/Apr/2025:15:51:31 -0400] "GET /wp-content/plugins/pwnd/pwnd.php HTTP/1.1" 404 15891 "-" "-"
162.0.235.240 - - [28/Apr/2025:15:51:33 -0400] "GET /wp-content/plugins/contact-form-7-style/admin/predefined-templates.json HTTP/1.1" 200 1323 "-" "WordPress/6.8; https://batconpakistan.org"
162.0.235.240 - - [28/Apr/2025:15:51:34 -0400] "GET /wp-content/plugins/contact-form-7-style/admin/predefined-templates.json HTTP/1.1" 200 1323 "-" "WordPress/6.8; https://batconpakistan.org"
52.169.87.17 - - [28/Apr/2025:15:51:33 -0400] "GET /wp-content/plugins/pwnd-1/pwnd.php HTTP/1.1" 301 0 "-" "-"
162.0.235.240 - - [28/Apr/2025:15:51:35 -0400] "GET /wp-content/plugins/contact-form-7-style/admin/predefined-templates.json HTTP/1.1" 200 1323 "-" "WordPress/6.8; https://batconpakistan.org"
52.169.87.17 - - [28/Apr/2025:15:51:34 -0400] "GET /wp-content/plugins/pwnd-1/pwnd.php HTTP/1.1" 404 15888 "-" "-"
162.0.235.240 - - [28/Apr/2025:15:51:37 -0400] "GET /wp-content/plugins/contact-form-7-style/admin/predefined-templates.json HTTP/1.1" 200 1323 "-" "WordPress/6.8; https://batconpakistan.org"
52.169.87.17 - - [28/Apr/2025:15:51:36 -0400] "GET /wp-includes/Requests/about.php HTTP/1.1" 301 0 "-" "-"
162.0.235.240 - - [28/Apr/2025:15:51:38 -0400] "GET /wp-content/plugins/contact-form-7-style/admin/predefined-templates.json HTTP/1.1" 200 1323 "-" "WordPress/6.8; https://batconpakistan.org"
52.169.87.17 - - [28/Apr/2025:15:51:37 -0400] "GET /wp-includes/Requests/about.php HTTP/1.1" 404 15890 "-" "-"
162.0.235.240 - - [28/Apr/2025:15:51:40 -0400] "GET /wp-content/plugins/contact-form-7-style/admin/predefined-templates.json HTTP/1.1" 200 1323 "-" "WordPress/6.8; https://batconpakistan.org"
162.0.235.240 - - [28/Apr/2025:15:51:40 -0400] "POST /wp-cron.php?doing_wp_cron=1745869900.2038710117340087890625 HTTP/1.1" 200 0 "-" "WordPress/6.8; https://batconpakistan.org"
52.169.87.17 - - [28/Apr/2025:15:51:39 -0400] "GET /wp-includes/style-engine/about.php HTTP/1.1" 301 0 "-" "-"
162.0.235.240 - - [28/Apr/2025:15:51:40 -0400] "GET /wp-content/plugins/contact-form-7-style/admin/predefined-templates.json HTTP/1.1" 200 1323 "-" "WordPress/6.8; https://batconpakistan.org"
162.0.235.240 - - [28/Apr/2025:15:51:41 -0400] "GET /wp-content/plugins/contact-form-7-style/admin/predefined-templates.json HTTP/1.1" 200 1323 "-" "WordPress/6.8; https://batconpakistan.org"
52.169.87.17 - - [28/Apr/2025:15:51:40 -0400] "GET /wp-includes/style-engine/about.php HTTP/1.1" 404 15891 "-" "-"
162.0.235.240 - - [28/Apr/2025:15:51:43 -0400] "GET /wp-content/plugins/contact-form-7-style/admin/predefined-templates.json HTTP/1.1" 200 1323 "-" "WordPress/6.8; https://batconpakistan.org"
52.169.87.17 - - [28/Apr/2025:15:51:42 -0400] "GET /wp-includes/rest-api/about.php HTTP/1.1" 301 0 "-" "-"
162.0.235.240 - - [28/Apr/2025:15:51:44 -0400] "GET /wp-content/plugins/contact-form-7-style/admin/predefined-templates.json HTTP/1.1" 200 1323 "-" "WordPress/6.8; https://batconpakistan.org"
52.169.87.17 - - [28/Apr/2025:15:51:43 -0400] "GET /wp-includes/rest-api/about.php HTTP/1.1" 404 15892 "-" "-"
162.0.235.240 - - [28/Apr/2025:15:51:45 -0400] "GET /wp-content/plugins/contact-form-7-style/admin/predefined-templates.json HTTP/1.1" 200 1323 "-" "WordPress/6.8; https://batconpakistan.org"
52.169.87.17 - - [28/Apr/2025:15:51:45 -0400] "GET /wp-includes/SimplePie/about.php HTTP/1.1" 301 0 "-" "-"
162.0.235.240 - - [28/Apr/2025:15:51:47 -0400] "GET /wp-content/plugins/contact-form-7-style/admin/predefined-templates.json HTTP/1.1" 200 1323 "-" "WordPress/6.8; https://batconpakistan.org"
52.169.87.17 - - [28/Apr/2025:15:51:46 -0400] "GET /wp-includes/SimplePie/about.php HTTP/1.1" 404 15888 "-" "-"
162.0.235.240 - - [28/Apr/2025:15:51:48 -0400] "GET /wp-content/plugins/contact-form-7-style/admin/predefined-templates.json HTTP/1.1" 200 1323 "-" "WordPress/6.8; https://batconpakistan.org"
162.0.235.240 - - [28/Apr/2025:15:51:48 -0400] "POST /wp-cron.php?doing_wp_cron=1745869908.8161640167236328125000 HTTP/1.1" 200 0 "-" "WordPress/6.8; https://batconpakistan.org"
52.169.87.17 - - [28/Apr/2025:15:51:47 -0400] "GET /wp-content/banners/about.php HTTP/1.1" 301 0 "-" "-"
162.0.235.240 - - [28/Apr/2025:15:51:49 -0400] "GET /wp-content/plugins/contact-form-7-style/admin/predefined-templates.json HTTP/1.1" 200 1323 "-" "WordPress/6.8; https://batconpakistan.org"
162.0.235.240 - - [28/Apr/2025:15:51:49 -0400] "GET /wp-content/plugins/contact-form-7-style/admin/predefined-templates.json HTTP/1.1" 200 1323 "-" "WordPress/6.8; https://batconpakistan.org"
52.169.87.17 - - [28/Apr/2025:15:51:49 -0400] "GET /wp-content/banners/about.php HTTP/1.1" 404 15890 "-" "-"
162.0.235.240 - - [28/Apr/2025:15:51:51 -0400] "GET /wp-content/plugins/contact-form-7-style/admin/predefined-templates.json HTTP/1.1" 200 1323 "-" "WordPress/6.8; https://batconpakistan.org"
52.169.87.17 - - [28/Apr/2025:15:51:50 -0400] "GET /wp-content/about.php HTTP/1.1" 301 0 "-" "-"
162.0.235.240 - - [28/Apr/2025:15:51:52 -0400] "GET /wp-content/plugins/contact-form-7-style/admin/predefined-templates.json HTTP/1.1" 200 1323 "-" "WordPress/6.8; https://batconpakistan.org"
52.169.87.17 - - [28/Apr/2025:15:51:51 -0400] "GET /wp-content/about.php HTTP/1.1" 404 15890 "-" "-"
162.0.235.240 - - [28/Apr/2025:15:51:54 -0400] "GET /wp-content/plugins/contact-form-7-style/admin/predefined-templates.json HTTP/1.1" 200 1323 "-" "WordPress/6.8; https://batconpakistan.org"
52.169.87.17 - - [28/Apr/2025:15:51:53 -0400] "GET /.well-known/about.php HTTP/1.1" 301 0 "-" "-"
162.0.235.240 - - [28/Apr/2025:15:51:55 -0400] "GET /wp-content/plugins/contact-form-7-style/admin/predefined-templates.json HTTP/1.1" 200 1323 "-" "WordPress/6.8; https://batconpakistan.org"
162.0.235.240 - - [28/Apr/2025:15:51:55 -0400] "POST /wp-cron.php?doing_wp_cron=1745869915.9063110351562500000000 HTTP/1.1" 200 0 "-" "WordPress/6.8; https://batconpakistan.org"
52.169.87.17 - - [28/Apr/2025:15:51:54 -0400] "GET /.well-known/about.php HTTP/1.1" 404 15889 "-" "-"
162.0.235.240 - - [28/Apr/2025:15:51:56 -0400] "GET /wp-content/plugins/contact-form-7-style/admin/predefined-templates.json HTTP/1.1" 200 1323 "-" "WordPress/6.8; https://batconpakistan.org"
162.0.235.240 - - [28/Apr/2025:15:51:57 -0400] "GET /wp-content/plugins/contact-form-7-style/admin/predefined-templates.json HTTP/1.1" 200 1323 "-" "WordPress/6.8; https://batconpakistan.org"
52.169.87.17 - - [28/Apr/2025:15:51:56 -0400] "GET /wp-includes/Text/about.php HTTP/1.1" 301 0 "-" "-"
162.0.235.240 - - [28/Apr/2025:15:51:58 -0400] "GET /wp-content/plugins/contact-form-7-style/admin/predefined-templates.json HTTP/1.1" 200 1323 "-" "WordPress/6.8; https://batconpakistan.org"
52.169.87.17 - - [28/Apr/2025:15:51:57 -0400] "GET /wp-includes/Text/about.php HTTP/1.1" 404 15890 "-" "-"
162.0.235.240 - - [28/Apr/2025:15:52:00 -0400] "GET /wp-content/plugins/contact-form-7-style/admin/predefined-templates.json HTTP/1.1" 200 1323 "-" "WordPress/6.8; https://batconpakistan.org"
52.169.87.17 - - [28/Apr/2025:15:51:59 -0400] "GET /wp-includes/ID3/about.php HTTP/1.1" 301 0 "-" "-"
162.0.235.240 - - [28/Apr/2025:15:52:01 -0400] "GET /wp-content/plugins/contact-form-7-style/admin/predefined-templates.json HTTP/1.1" 200 1323 "-" "WordPress/6.8; https://batconpakistan.org"
