95.108.213.99 - - [28/Apr/2025:06:50:05 -0400] "GET /wp-json/wp/v2/posts/1993 HTTP/1.1" 200 33753 "-" "Mozilla/5.0 (compatible; YandexBot/3.0; +http://yandex.com/bots)"
162.0.235.240 - - [28/Apr/2025:06:50:13 -0400] "GET /wp-content/plugins/contact-form-7-style/admin/predefined-templates.json HTTP/1.1" 200 1323 "-" "WordPress/6.8; https://batconpakistan.org"
13.94.89.74 - - [28/Apr/2025:06:50:11 -0400] "GET /.well-known/acme-challenge/my1.php HTTP/1.1" 404 15875 "-" "-"
162.0.235.240 - - [28/Apr/2025:06:50:17 -0400] "GET /wp-content/plugins/contact-form-7-style/admin/predefined-templates.json HTTP/1.1" 200 1323 "-" "WordPress/6.8; https://batconpakistan.org"
13.94.89.74 - - [28/Apr/2025:06:50:14 -0400] "GET //.well-known/acme-challenge/xmrlpc.php?p= HTTP/1.1" 301 0 "-" "-"
162.0.235.240 - - [28/Apr/2025:06:50:19 -0400] "GET /wp-content/plugins/contact-form-7-style/admin/predefined-templates.json HTTP/1.1" 200 1323 "-" "WordPress/6.8; https://batconpakistan.org"
13.94.89.74 - - [28/Apr/2025:06:50:17 -0400] "GET /.well-known/acme-challenge/xmrlpc.php HTTP/1.1" 404 15876 "-" "-"
162.0.235.240 - - [28/Apr/2025:06:50:21 -0400] "GET /wp-content/plugins/contact-form-7-style/admin/predefined-templates.json HTTP/1.1" 200 1323 "-" "WordPress/6.8; https://batconpakistan.org"
13.94.89.74 - - [28/Apr/2025:06:50:20 -0400] "GET //.well-known/pki-validation/cloud.php HTTP/1.1" 301 0 "-" "-"
13.94.89.74 - - [28/Apr/2025:06:50:21 -0400] "GET /.well-known/pki-validation/cloud.php HTTP/1.1" 404 1251 "-" "-"
162.0.235.240 - - [28/Apr/2025:06:50:23 -0400] "GET /wp-content/plugins/contact-form-7-style/admin/predefined-templates.json HTTP/1.1" 200 1323 "-" "WordPress/6.8; https://batconpakistan.org"
13.94.89.74 - - [28/Apr/2025:06:50:22 -0400] "GET //.well-known/pki-validation/index.php?p= HTTP/1.1" 301 0 "-" "-"
13.94.89.74 - - [28/Apr/2025:06:50:24 -0400] "GET /.well-known/pki-validation/ HTTP/1.1" 404 1251 "-" "-"
162.0.235.240 - - [28/Apr/2025:06:50:25 -0400] "GET /wp-content/plugins/contact-form-7-style/admin/predefined-templates.json HTTP/1.1" 200 1323 "-" "WordPress/6.8; https://batconpakistan.org"
13.94.89.74 - - [28/Apr/2025:06:50:24 -0400] "GET //1.php HTTP/1.1" 301 0 "-" "-"
162.0.235.240 - - [28/Apr/2025:06:50:28 -0400] "GET /wp-content/plugins/contact-form-7-style/admin/predefined-templates.json HTTP/1.1" 200 1323 "-" "WordPress/6.8; https://batconpakistan.org"
13.94.89.74 - - [28/Apr/2025:06:50:26 -0400] "GET /1.php HTTP/1.1" 404 15878 "-" "-"
162.0.235.240 - - [28/Apr/2025:06:50:29 -0400] "GET /wp-content/plugins/contact-form-7-style/admin/predefined-templates.json HTTP/1.1" 200 1323 "-" "WordPress/6.8; https://batconpakistan.org"
13.94.89.74 - - [28/Apr/2025:06:50:28 -0400] "GET //404.php HTTP/1.1" 301 0 "-" "-"
162.0.235.240 - - [28/Apr/2025:06:50:31 -0400] "GET /wp-content/plugins/contact-form-7-style/admin/predefined-templates.json HTTP/1.1" 200 1323 "-" "WordPress/6.8; https://batconpakistan.org"
13.94.89.74 - - [28/Apr/2025:06:50:30 -0400] "GET /404.php HTTP/1.1" 404 15877 "-" "-"
162.0.235.240 - - [28/Apr/2025:06:50:33 -0400] "GET /wp-content/plugins/contact-form-7-style/admin/predefined-templates.json HTTP/1.1" 200 1323 "-" "WordPress/6.8; https://batconpakistan.org"
13.94.89.74 - - [28/Apr/2025:06:50:32 -0400] "GET //a.php HTTP/1.1" 301 0 "-" "-"
162.0.235.240 - - [28/Apr/2025:06:50:35 -0400] "GET /wp-content/plugins/contact-form-7-style/admin/predefined-templates.json HTTP/1.1" 200 1323 "-" "WordPress/6.8; https://batconpakistan.org"
13.94.89.74 - - [28/Apr/2025:06:50:33 -0400] "GET /a.php HTTP/1.1" 404 15876 "-" "-"
162.0.235.240 - - [28/Apr/2025:06:50:37 -0400] "GET /wp-content/plugins/contact-form-7-style/admin/predefined-templates.json HTTP/1.1" 200 1323 "-" "WordPress/6.8; https://batconpakistan.org"
13.94.89.74 - - [28/Apr/2025:06:50:36 -0400] "GET //about.php HTTP/1.1" 301 0 "-" "-"
162.0.235.240 - - [28/Apr/2025:06:50:39 -0400] "GET /wp-content/plugins/contact-form-7-style/admin/predefined-templates.json HTTP/1.1" 200 1323 "-" "WordPress/6.8; https://batconpakistan.org"
13.94.89.74 - - [28/Apr/2025:06:50:38 -0400] "GET /about.php HTTP/1.1" 404 15877 "-" "-"
162.0.235.240 - - [28/Apr/2025:06:50:41 -0400] "GET /wp-content/plugins/contact-form-7-style/admin/predefined-templates.json HTTP/1.1" 200 1323 "-" "WordPress/6.8; https://batconpakistan.org"
162.0.235.240 - - [28/Apr/2025:06:50:41 -0400] "POST /wp-cron.php?doing_wp_cron=1745837441.8257789611816406250000 HTTP/1.1" 200 0 "-" "WordPress/6.8; https://batconpakistan.org"
13.94.89.74 - - [28/Apr/2025:06:50:40 -0400] "GET //about.php HTTP/1.1" 301 0 "-" "-"
13.94.89.74 - - [28/Apr/2025:06:50:42 -0400] "GET /about.php HTTP/1.1" 404 15877 "-" "-"
162.0.235.240 - - [28/Apr/2025:06:50:42 -0400] "GET /wp-content/plugins/contact-form-7-style/admin/predefined-templates.json HTTP/1.1" 200 1323 "-" "WordPress/6.8; https://batconpakistan.org"
162.0.235.240 - - [28/Apr/2025:06:50:43 -0400] "GET /wp-content/plugins/contact-form-7-style/admin/predefined-templates.json HTTP/1.1" 200 1323 "-" "WordPress/6.8; https://batconpakistan.org"
13.94.89.74 - - [28/Apr/2025:06:50:42 -0400] "GET //admin.php HTTP/1.1" 301 0 "-" "-"
162.0.235.240 - - [28/Apr/2025:06:50:45 -0400] "GET /wp-content/plugins/contact-form-7-style/admin/predefined-templates.json HTTP/1.1" 200 1323 "-" "WordPress/6.8; https://batconpakistan.org"
13.94.89.74 - - [28/Apr/2025:06:50:44 -0400] "GET /admin.php HTTP/1.1" 404 15879 "-" "-"
162.0.235.240 - - [28/Apr/2025:06:50:47 -0400] "GET /wp-content/plugins/contact-form-7-style/admin/predefined-templates.json HTTP/1.1" 200 1323 "-" "WordPress/6.8; https://batconpakistan.org"
13.94.89.74 - - [28/Apr/2025:06:50:46 -0400] "GET //alfanew.php HTTP/1.1" 301 0 "-" "-"
162.0.235.240 - - [28/Apr/2025:06:50:49 -0400] "GET /wp-content/plugins/contact-form-7-style/admin/predefined-templates.json HTTP/1.1" 200 1323 "-" "WordPress/6.8; https://batconpakistan.org"
162.0.235.240 - - [28/Apr/2025:06:50:49 -0400] "POST /wp-cron.php?doing_wp_cron=1745837449.5461618900299072265625 HTTP/1.1" 200 0 "-" "WordPress/6.8; https://batconpakistan.org"
13.94.89.74 - - [28/Apr/2025:06:50:48 -0400] "GET /alfanew.php HTTP/1.1" 404 15876 "-" "-"
162.0.235.240 - - [28/Apr/2025:06:50:50 -0400] "GET /wp-content/plugins/contact-form-7-style/admin/predefined-templates.json HTTP/1.1" 200 1323 "-" "WordPress/6.8; https://batconpakistan.org"
162.0.235.240 - - [28/Apr/2025:06:50:51 -0400] "GET /wp-content/plugins/contact-form-7-style/admin/predefined-templates.json HTTP/1.1" 200 1323 "-" "WordPress/6.8; https://batconpakistan.org"
13.94.89.74 - - [28/Apr/2025:06:50:50 -0400] "GET //alfanew.php7 HTTP/1.1" 301 0 "-" "-"
162.0.235.240 - - [28/Apr/2025:06:50:53 -0400] "GET /wp-content/plugins/contact-form-7-style/admin/predefined-templates.json HTTP/1.1" 200 1323 "-" "WordPress/6.8; https://batconpakistan.org"
13.94.89.74 - - [28/Apr/2025:06:50:52 -0400] "GET /alfanew.php7 HTTP/1.1" 404 15876 "-" "-"
162.0.235.240 - - [28/Apr/2025:06:50:55 -0400] "GET /wp-content/plugins/contact-form-7-style/admin/predefined-templates.json HTTP/1.1" 200 1323 "-" "WordPress/6.8; https://batconpakistan.org"
162.0.235.240 - - [28/Apr/2025:06:50:55 -0400] "POST /wp-cron.php?doing_wp_cron=1745837455.3327600955963134765625 HTTP/1.1" 200 0 "-" "WordPress/6.8; https://batconpakistan.org"
13.94.89.74 - - [28/Apr/2025:06:50:54 -0400] "GET //autoload_classmap.php HTTP/1.1" 301 0 "-" "-"
162.0.235.240 - - [28/Apr/2025:06:50:56 -0400] "GET /wp-content/plugins/contact-form-7-style/admin/predefined-templates.json HTTP/1.1" 200 1323 "-" "WordPress/6.8; https://batconpakistan.org"
162.0.235.240 - - [28/Apr/2025:06:50:56 -0400] "GET /wp-content/plugins/contact-form-7-style/admin/predefined-templates.json HTTP/1.1" 200 1323 "-" "WordPress/6.8; https://batconpakistan.org"
13.94.89.74 - - [28/Apr/2025:06:50:55 -0400] "GET /autoload_classmap.php HTTP/1.1" 404 15877 "-" "-"
162.0.235.240 - - [28/Apr/2025:06:50:58 -0400] "GET /wp-content/plugins/contact-form-7-style/admin/predefined-templates.json HTTP/1.1" 200 1323 "-" "WordPress/6.8; https://batconpakistan.org"
13.94.89.74 - - [28/Apr/2025:06:50:57 -0400] "GET //bp.php?taf HTTP/1.1" 301 0 "-" "-"
162.0.235.240 - - [28/Apr/2025:06:50:59 -0400] "GET /wp-content/plugins/contact-form-7-style/admin/predefined-templates.json HTTP/1.1" 200 1323 "-" "WordPress/6.8; https://batconpakistan.org"
13.94.89.74 - - [28/Apr/2025:06:50:58 -0400] "GET /bp.php?taf HTTP/1.1" 404 15876 "-" "-"
162.0.235.240 - - [28/Apr/2025:06:51:01 -0400] "GET /wp-content/plugins/contact-form-7-style/admin/predefined-templates.json HTTP/1.1" 200 1323 "-" "WordPress/6.8; https://batconpakistan.org"
13.94.89.74 - - [28/Apr/2025:06:51:00 -0400] "GET //cgi-bin/cloud.php HTTP/1.1" 301 0 "-" "-"
162.0.235.240 - - [28/Apr/2025:06:51:02 -0400] "GET /wp-content/plugins/contact-form-7-style/admin/predefined-templates.json HTTP/1.1" 200 1323 "-" "WordPress/6.8; https://batconpakistan.org"
13.94.89.74 - - [28/Apr/2025:06:51:01 -0400] "GET /cgi-bin/cloud.php HTTP/1.1" 404 15877 "-" "-"
162.0.235.240 - - [28/Apr/2025:06:51:04 -0400] "GET /wp-content/plugins/contact-form-7-style/admin/predefined-templates.json HTTP/1.1" 200 1323 "-" "WordPress/6.8; https://batconpakistan.org"
13.94.89.74 - - [28/Apr/2025:06:51:03 -0400] "GET //cgi-bin/my1.php HTTP/1.1" 301 0 "-" "-"
162.0.235.240 - - [28/Apr/2025:06:51:06 -0400] "GET /wp-content/plugins/contact-form-7-style/admin/predefined-templates.json HTTP/1.1" 200 1323 "-" "WordPress/6.8; https://batconpakistan.org"
162.0.235.240 - - [28/Apr/2025:06:51:06 -0400] "POST /wp-cron.php?doing_wp_cron=1745837466.4033980369567871093750 HTTP/1.1" 200 0 "-" "WordPress/6.8; https://batconpakistan.org"
13.94.89.74 - - [28/Apr/2025:06:51:05 -0400] "GET /cgi-bin/my1.php HTTP/1.1" 404 15877 "-" "-"
162.0.235.240 - - [28/Apr/2025:06:51:07 -0400] "GET /wp-content/plugins/contact-form-7-style/admin/predefined-templates.json HTTP/1.1" 200 1323 "-" "WordPress/6.8; https://batconpakistan.org"
162.0.235.240 - - [28/Apr/2025:06:51:08 -0400] "GET /wp-content/plugins/contact-form-7-style/admin/predefined-templates.json HTTP/1.1" 200 1323 "-" "WordPress/6.8; https://batconpakistan.org"
13.94.89.74 - - [28/Apr/2025:06:51:07 -0400] "GET //cgi-bin/xmrlpc.php?p= HTTP/1.1" 301 0 "-" "-"
162.0.235.240 - - [28/Apr/2025:06:51:07 -0400] "POST /wp-admin/admin-ajax.php?action=async_litespeed&nonce=SrXd9k8tieXSQF2y7d9DcV5iwF8lbeRq&litespeed_type=imgoptm HTTP/1.1" 200 0 "-" "WordPress/6.8; https://batconpakistan.org"
162.0.235.240 - - [28/Apr/2025:06:51:08 -0400] "GET /wp-content/plugins/contact-form-7-style/admin/predefined-templates.json HTTP/1.1" 200 1323 "-" "WordPress/6.8; https://batconpakistan.org"
162.0.235.240 - - [28/Apr/2025:06:51:09 -0400] "GET /wp-content/plugins/contact-form-7-style/admin/predefined-templates.json HTTP/1.1" 200 1323 "-" "WordPress/6.8; https://batconpakistan.org"
13.94.89.74 - - [28/Apr/2025:06:51:08 -0400] "GET /cgi-bin/xmrlpc.php HTTP/1.1" 404 15879 "-" "-"
162.0.235.240 - - [28/Apr/2025:06:51:11 -0400] "GET /wp-content/plugins/contact-form-7-style/admin/predefined-templates.json HTTP/1.1" 200 1323 "-" "WordPress/6.8; https://batconpakistan.org"
13.94.89.74 - - [28/Apr/2025:06:51:10 -0400] "GET //chosen.php HTTP/1.1" 301 0 "-" "-"
162.0.235.240 - - [28/Apr/2025:06:51:13 -0400] "GET /wp-content/plugins/contact-form-7-style/admin/predefined-templates.json HTTP/1.1" 200 1323 "-" "WordPress/6.8; https://batconpakistan.org"
13.94.89.74 - - [28/Apr/2025:06:51:11 -0400] "GET /chosen.php HTTP/1.1" 404 15879 "-" "-"
162.0.235.240 - - [28/Apr/2025:06:51:14 -0400] "GET /wp-content/plugins/contact-form-7-style/admin/predefined-templates.json HTTP/1.1" 200 1323 "-" "WordPress/6.8; https://batconpakistan.org"
13.94.89.74 - - [28/Apr/2025:06:51:13 -0400] "GET //chosen.php?p= HTTP/1.1" 301 0 "-" "-"
13.94.89.74 - - [28/Apr/2025:06:51:15 -0400] "GET /chosen.php HTTP/1.1" 404 15879 "-" "-"
162.0.235.240 - - [28/Apr/2025:06:51:16 -0400] "GET /wp-content/plugins/contact-form-7-style/admin/predefined-templates.json HTTP/1.1" 200 1323 "-" "WordPress/6.8; https://batconpakistan.org"
13.94.89.74 - - [28/Apr/2025:06:51:15 -0400] "GET //cjfuns.php HTTP/1.1" 301 0 "-" "-"
162.0.235.240 - - [28/Apr/2025:06:51:18 -0400] "GET /wp-content/plugins/contact-form-7-style/admin/predefined-templates.json HTTP/1.1" 200 1323 "-" "WordPress/6.8; https://batconpakistan.org"
162.0.235.240 - - [28/Apr/2025:06:51:18 -0400] "POST /wp-cron.php?doing_wp_cron=1745837478.5735919475555419921875 HTTP/1.1" 200 0 "-" "WordPress/6.8; https://batconpakistan.org"
13.94.89.74 - - [28/Apr/2025:06:51:17 -0400] "GET /cjfuns.php HTTP/1.1" 404 15879 "-" "-"
162.0.235.240 - - [28/Apr/2025:06:51:19 -0400] "GET /wp-content/plugins/contact-form-7-style/admin/predefined-templates.json HTTP/1.1" 200 1323 "-" "WordPress/6.8; https://batconpakistan.org"
162.0.235.240 - - [28/Apr/2025:06:51:20 -0400] "GET /wp-content/plugins/contact-form-7-style/admin/predefined-templates.json HTTP/1.1" 200 1323 "-" "WordPress/6.8; https://batconpakistan.org"
13.94.89.74 - - [28/Apr/2025:06:51:19 -0400] "GET //classwithtostring.php HTTP/1.1" 301 0 "-" "-"
162.0.235.240 - - [28/Apr/2025:06:51:21 -0400] "GET /wp-content/plugins/contact-form-7-style/admin/predefined-templates.json HTTP/1.1" 200 1323 "-" "WordPress/6.8; https://batconpakistan.org"
13.94.89.74 - - [28/Apr/2025:06:51:20 -0400] "GET /classwithtostring.php HTTP/1.1" 404 15878 "-" "-"
162.0.235.240 - - [28/Apr/2025:06:51:23 -0400] "GET /wp-content/plugins/contact-form-7-style/admin/predefined-templates.json HTTP/1.1" 200 1323 "-" "WordPress/6.8; https://batconpakistan.org"
13.94.89.74 - - [28/Apr/2025:06:51:22 -0400] "GET //cong.php HTTP/1.1" 301 0 "-" "-"
162.0.235.240 - - [28/Apr/2025:06:51:25 -0400] "GET /wp-content/plugins/contact-form-7-style/admin/predefined-templates.json HTTP/1.1" 200 1323 "-" "WordPress/6.8; https://batconpakistan.org"
13.94.89.74 - - [28/Apr/2025:06:51:24 -0400] "GET /cong.php HTTP/1.1" 404 15879 "-" "-"
162.0.235.240 - - [28/Apr/2025:06:51:26 -0400] "GET /wp-content/plugins/contact-form-7-style/admin/predefined-templates.json HTTP/1.1" 200 1323 "-" "WordPress/6.8; https://batconpakistan.org"
13.94.89.74 - - [28/Apr/2025:06:51:25 -0400] "GET //content.php HTTP/1.1" 301 0 "-" "-"
162.0.235.240 - - [28/Apr/2025:06:51:28 -0400] "GET /wp-content/plugins/contact-form-7-style/admin/predefined-templates.json HTTP/1.1" 200 1323 "-" "WordPress/6.8; https://batconpakistan.org"
13.94.89.74 - - [28/Apr/2025:06:51:27 -0400] "GET /content.php HTTP/1.1" 404 15878 "-" "-"
162.0.235.240 - - [28/Apr/2025:06:51:29 -0400] "GET /wp-content/plugins/contact-form-7-style/admin/predefined-templates.json HTTP/1.1" 200 1323 "-" "WordPress/6.8; https://batconpakistan.org"
13.94.89.74 - - [28/Apr/2025:06:51:28 -0400] "GET //content.php?pass=dadsec HTTP/1.1" 301 0 "-" "-"
162.0.235.240 - - [28/Apr/2025:06:51:31 -0400] "GET /wp-content/plugins/contact-form-7-style/admin/predefined-templates.json HTTP/1.1" 200 1323 "-" "WordPress/6.8; https://batconpakistan.org"
13.94.89.74 - - [28/Apr/2025:06:51:30 -0400] "GET /content.php?pass=dadsec HTTP/1.1" 404 15878 "-" "-"
162.0.235.240 - - [28/Apr/2025:06:51:32 -0400] "GET /wp-content/plugins/contact-form-7-style/admin/predefined-templates.json HTTP/1.1" 200 1323 "-" "WordPress/6.8; https://batconpakistan.org"
13.94.89.74 - - [28/Apr/2025:06:51:32 -0400] "GET //dropdown.php HTTP/1.1" 301 0 "-" "-"
162.0.235.240 - - [28/Apr/2025:06:51:34 -0400] "GET /wp-content/plugins/contact-form-7-style/admin/predefined-templates.json HTTP/1.1" 200 1323 "-" "WordPress/6.8; https://batconpakistan.org"
13.94.89.74 - - [28/Apr/2025:06:51:33 -0400] "GET /dropdown.php HTTP/1.1" 404 15878 "-" "-"
162.0.235.240 - - [28/Apr/2025:06:51:35 -0400] "GET /wp-content/plugins/contact-form-7-style/admin/predefined-templates.json HTTP/1.1" 200 1323 "-" "WordPress/6.8; https://batconpakistan.org"
13.94.89.74 - - [28/Apr/2025:06:51:35 -0400] "GET //ee.php HTTP/1.1" 301 0 "-" "-"
162.0.235.240 - - [28/Apr/2025:06:51:37 -0400] "GET /wp-content/plugins/contact-form-7-style/admin/predefined-templates.json HTTP/1.1" 200 1323 "-" "WordPress/6.8; https://batconpakistan.org"
13.94.89.74 - - [28/Apr/2025:06:51:36 -0400] "GET /ee.php HTTP/1.1" 404 15878 "-" "-"
162.0.235.240 - - [28/Apr/2025:06:51:39 -0400] "GET /wp-content/plugins/contact-form-7-style/admin/predefined-templates.json HTTP/1.1" 200 1323 "-" "WordPress/6.8; https://batconpakistan.org"
13.94.89.74 - - [28/Apr/2025:06:51:38 -0400] "GET //en/tinyfilemanager.html HTTP/1.1" 301 0 "-" "-"
162.0.235.240 - - [28/Apr/2025:06:51:40 -0400] "GET /wp-content/plugins/contact-form-7-style/admin/predefined-templates.json HTTP/1.1" 200 1323 "-" "WordPress/6.8; https://batconpakistan.org"
162.0.235.240 - - [28/Apr/2025:06:51:41 -0400] "POST /wp-cron.php?doing_wp_cron=1745837501.0366139411926269531250 HTTP/1.1" 200 0 "-" "WordPress/6.8; https://batconpakistan.org"
13.94.89.74 - - [28/Apr/2025:06:51:39 -0400] "GET /en/tinyfilemanager.html HTTP/1.1" 404 15877 "-" "-"
162.0.235.240 - - [28/Apr/2025:06:51:41 -0400] "GET /wp-content/plugins/contact-form-7-style/admin/predefined-templates.json HTTP/1.1" 200 1323 "-" "WordPress/6.8; https://batconpakistan.org"
162.0.235.240 - - [28/Apr/2025:06:51:42 -0400] "GET /wp-content/plugins/contact-form-7-style/admin/predefined-templates.json HTTP/1.1" 200 1323 "-" "WordPress/6.8; https://batconpakistan.org"
13.94.89.74 - - [28/Apr/2025:06:51:41 -0400] "GET //file.php HTTP/1.1" 301 0 "-" "-"
162.0.235.240 - - [28/Apr/2025:06:51:44 -0400] "GET /wp-content/plugins/contact-form-7-style/admin/predefined-templates.json HTTP/1.1" 200 1323 "-" "WordPress/6.8; https://batconpakistan.org"
13.94.89.74 - - [28/Apr/2025:06:51:43 -0400] "GET /file.php HTTP/1.1" 404 15878 "-" "-"
162.0.235.240 - - [28/Apr/2025:06:51:45 -0400] "GET /wp-content/plugins/contact-form-7-style/admin/predefined-templates.json HTTP/1.1" 200 1323 "-" "WordPress/6.8; https://batconpakistan.org"
13.94.89.74 - - [28/Apr/2025:06:51:44 -0400] "GET //file2.php HTTP/1.1" 301 0 "-" "-"
162.0.235.240 - - [28/Apr/2025:06:51:47 -0400] "GET /wp-content/plugins/contact-form-7-style/admin/predefined-templates.json HTTP/1.1" 200 1323 "-" "WordPress/6.8; https://batconpakistan.org"
162.0.235.240 - - [28/Apr/2025:06:51:48 -0400] "POST /wp-cron.php?doing_wp_cron=1745837508.0270040035247802734375 HTTP/1.1" 200 0 "-" "WordPress/6.8; https://batconpakistan.org"
13.94.89.74 - - [28/Apr/2025:06:51:46 -0400] "GET /file2.php HTTP/1.1" 404 15876 "-" "-"
162.0.235.240 - - [28/Apr/2025:06:51:49 -0400] "GET /wp-content/plugins/contact-form-7-style/admin/predefined-templates.json HTTP/1.1" 200 1323 "-" "WordPress/6.8; https://batconpakistan.org"
162.0.235.240 - - [28/Apr/2025:06:51:50 -0400] "GET /wp-content/plugins/contact-form-7-style/admin/predefined-templates.json HTTP/1.1" 200 1323 "-" "WordPress/6.8; https://batconpakistan.org"
13.94.89.74 - - [28/Apr/2025:06:51:49 -0400] "GET //fm.php HTTP/1.1" 301 0 "-" "-"
162.0.235.240 - - [28/Apr/2025:06:51:51 -0400] "GET /wp-content/plugins/contact-form-7-style/admin/predefined-templates.json HTTP/1.1" 200 1323 "-" "WordPress/6.8; https://batconpakistan.org"
13.94.89.74 - - [28/Apr/2025:06:51:50 -0400] "GET /fm.php HTTP/1.1" 404 15877 "-" "-"
162.0.235.240 - - [28/Apr/2025:06:51:54 -0400] "GET /wp-content/plugins/contact-form-7-style/admin/predefined-templates.json HTTP/1.1" 200 1323 "-" "WordPress/6.8; https://batconpakistan.org"
13.94.89.74 - - [28/Apr/2025:06:51:52 -0400] "GET //gebase.php HTTP/1.1" 301 0 "-" "-"
162.0.235.240 - - [28/Apr/2025:06:51:55 -0400] "GET /wp-content/plugins/contact-form-7-style/admin/predefined-templates.json HTTP/1.1" 200 1323 "-" "WordPress/6.8; https://batconpakistan.org"
162.0.235.240 - - [28/Apr/2025:06:51:56 -0400] "POST /wp-cron.php?doing_wp_cron=1745837515.8959109783172607421875 HTTP/1.1" 200 0 "-" "WordPress/6.8; https://batconpakistan.org"
13.94.89.74 - - [28/Apr/2025:06:51:54 -0400] "GET /gebase.php HTTP/1.1" 404 15877 "-" "-"
162.0.235.240 - - [28/Apr/2025:06:51:56 -0400] "GET /wp-content/plugins/contact-form-7-style/admin/predefined-templates.json HTTP/1.1" 200 1323 "-" "WordPress/6.8; https://batconpakistan.org"
162.0.235.240 - - [28/Apr/2025:06:51:57 -0400] "GET /wp-content/plugins/contact-form-7-style/admin/predefined-templates.json HTTP/1.1" 200 1323 "-" "WordPress/6.8; https://batconpakistan.org"
13.94.89.74 - - [28/Apr/2025:06:51:56 -0400] "GET //index/function.php HTTP/1.1" 301 0 "-" "-"
162.0.235.240 - - [28/Apr/2025:06:51:59 -0400] "GET /wp-content/plugins/contact-form-7-style/admin/predefined-templates.json HTTP/1.1" 200 1323 "-" "WordPress/6.8; https://batconpakistan.org"
13.94.89.74 - - [28/Apr/2025:06:51:58 -0400] "GET /index/function.php HTTP/1.1" 404 15878 "-" "-"
162.0.235.240 - - [28/Apr/2025:06:52:02 -0400] "GET /wp-content/plugins/contact-form-7-style/admin/predefined-templates.json HTTP/1.1" 200 1323 "-" "WordPress/6.8; https://batconpakistan.org"
13.94.89.74 - - [28/Apr/2025:06:52:00 -0400] "GET //info.php HTTP/1.1" 301 0 "-" "-"
162.0.235.240 - - [28/Apr/2025:06:52:03 -0400] "GET /wp-content/plugins/contact-form-7-style/admin/predefined-templates.json HTTP/1.1" 200 1323 "-" "WordPress/6.8; https://batconpakistan.org"
13.94.89.74 - - [28/Apr/2025:06:52:02 -0400] "GET /info.php HTTP/1.1" 404 15877 "-" "-"
162.0.235.240 - - [28/Apr/2025:06:52:05 -0400] "GET /wp-content/plugins/contact-form-7-style/admin/predefined-templates.json HTTP/1.1" 200 1323 "-" "WordPress/6.8; https://batconpakistan.org"
162.0.235.240 - - [28/Apr/2025:06:52:06 -0400] "POST /wp-cron.php?doing_wp_cron=1745837526.1613700389862060546875 HTTP/1.1" 200 0 "-" "WordPress/6.8; https://batconpakistan.org"
13.94.89.74 - - [28/Apr/2025:06:52:04 -0400] "GET //item.php HTTP/1.1" 301 0 "-" "-"
162.0.235.240 - - [28/Apr/2025:06:52:06 -0400] "GET /wp-content/plugins/contact-form-7-style/admin/predefined-templates.json HTTP/1.1" 200 1323 "-" "WordPress/6.8; https://batconpakistan.org"
162.0.235.240 - - [28/Apr/2025:06:52:07 -0400] "GET /wp-content/plugins/contact-form-7-style/admin/predefined-templates.json HTTP/1.1" 200 1323 "-" "WordPress/6.8; https://batconpakistan.org"
162.0.235.240 - - [28/Apr/2025:06:52:07 -0400] "POST /wp-admin/admin-ajax.php?action=async_litespeed&nonce=pkIZ8sBPcbIEw87VM2B8hSnbaticWox1&litespeed_type=imgoptm HTTP/1.1" 200 0 "-" "WordPress/6.8; https://batconpakistan.org"
13.94.89.74 - - [28/Apr/2025:06:52:06 -0400] "GET /item.php HTTP/1.1" 404 15876 "-" "-"
162.0.235.240 - - [28/Apr/2025:06:52:08 -0400] "GET /wp-content/plugins/contact-form-7-style/admin/predefined-templates.json HTTP/1.1" 200 1323 "-" "WordPress/6.8; https://batconpakistan.org"
162.0.235.240 - - [28/Apr/2025:06:52:09 -0400] "GET /wp-content/plugins/contact-form-7-style/admin/predefined-templates.json HTTP/1.1" 200 1323 "-" "WordPress/6.8; https://batconpakistan.org"
13.94.89.74 - - [28/Apr/2025:06:52:08 -0400] "GET //jp.php HTTP/1.1" 301 0 "-" "-"
162.0.235.240 - - [28/Apr/2025:06:52:11 -0400] "GET /wp-content/plugins/contact-form-7-style/admin/predefined-templates.json HTTP/1.1" 200 1323 "-" "WordPress/6.8; https://batconpakistan.org"
13.94.89.74 - - [28/Apr/2025:06:52:09 -0400] "GET /jp.php HTTP/1.1" 404 15877 "-" "-"
162.0.235.240 - - [28/Apr/2025:06:52:13 -0400] "GET /wp-content/plugins/contact-form-7-style/admin/predefined-templates.json HTTP/1.1" 200 1323 "-" "WordPress/6.8; https://batconpakistan.org"
13.94.89.74 - - [28/Apr/2025:06:52:12 -0400] "GET //k.php HTTP/1.1" 301 0 "-" "-"
162.0.235.240 - - [28/Apr/2025:06:52:15 -0400] "GET /wp-content/plugins/contact-form-7-style/admin/predefined-templates.json HTTP/1.1" 200 1323 "-" "WordPress/6.8; https://batconpakistan.org"
13.94.89.74 - - [28/Apr/2025:06:52:13 -0400] "GET /k.php HTTP/1.1" 404 15877 "-" "-"
4.157.252.80 - - [28/Apr/2025:06:52:16 -0400] "GET /wp-content/uploads/2021/02/earthday-Batcon-pakistan-post-image-958x540.jpg HTTP/1.1" 200 78855 "-" "Mozilla/5.0 (Windows NT 10.0; Win64; x64) AppleWebKit/537.36 (KHTML, like Gecko) Chrome/109.0.0.0 Safari/537.36"
162.0.235.240 - - [28/Apr/2025:06:52:17 -0400] "GET /wp-content/plugins/contact-form-7-style/admin/predefined-templates.json HTTP/1.1" 200 1323 "-" "WordPress/6.8; https://batconpakistan.org"
13.94.89.74 - - [28/Apr/2025:06:52:15 -0400] "GET //mah/function.php?p= HTTP/1.1" 301 0 "-" "-"
162.0.235.240 - - [28/Apr/2025:06:52:19 -0400] "GET /wp-content/plugins/contact-form-7-style/admin/predefined-templates.json HTTP/1.1" 200 1323 "-" "WordPress/6.8; https://batconpakistan.org"
13.94.89.74 - - [28/Apr/2025:06:52:17 -0400] "GET /mah/function.php HTTP/1.1" 404 15878 "-" "-"
162.0.235.240 - - [28/Apr/2025:06:52:21 -0400] "GET /wp-content/plugins/contact-form-7-style/admin/predefined-templates.json HTTP/1.1" 200 1323 "-" "WordPress/6.8; https://batconpakistan.org"
13.94.89.74 - - [28/Apr/2025:06:52:20 -0400] "GET //mini.php HTTP/1.1" 301 0 "-" "-"
162.0.235.240 - - [28/Apr/2025:06:52:22 -0400] "GET /wp-content/plugins/contact-form-7-style/admin/predefined-templates.json HTTP/1.1" 200 1323 "-" "WordPress/6.8; https://batconpakistan.org"
13.94.89.74 - - [28/Apr/2025:06:52:21 -0400] "GET /mini.php HTTP/1.1" 404 15876 "-" "-"
162.0.235.240 - - [28/Apr/2025:06:52:24 -0400] "GET /wp-content/plugins/contact-form-7-style/admin/predefined-templates.json HTTP/1.1" 200 1323 "-" "WordPress/6.8; https://batconpakistan.org"
13.94.89.74 - - [28/Apr/2025:06:52:23 -0400] "GET //moon.php HTTP/1.1" 301 0 "-" "-"
162.0.235.240 - - [28/Apr/2025:06:52:25 -0400] "GET /wp-content/plugins/contact-form-7-style/admin/predefined-templates.json HTTP/1.1" 200 1323 "-" "WordPress/6.8; https://batconpakistan.org"
13.94.89.74 - - [28/Apr/2025:06:52:24 -0400] "GET /moon.php HTTP/1.1" 404 15879 "-" "-"
162.0.235.240 - - [28/Apr/2025:06:52:27 -0400] "GET /wp-content/plugins/contact-form-7-style/admin/predefined-templates.json HTTP/1.1" 200 1323 "-" "WordPress/6.8; https://batconpakistan.org"
13.94.89.74 - - [28/Apr/2025:06:52:26 -0400] "GET //radio.php HTTP/1.1" 301 0 "-" "-"
162.0.235.240 - - [28/Apr/2025:06:52:29 -0400] "GET /wp-content/plugins/contact-form-7-style/admin/predefined-templates.json HTTP/1.1" 200 1323 "-" "WordPress/6.8; https://batconpakistan.org"
13.94.89.74 - - [28/Apr/2025:06:52:28 -0400] "GET /radio.php HTTP/1.1" 404 15876 "-" "-"
162.0.235.240 - - [28/Apr/2025:06:52:31 -0400] "GET /wp-content/plugins/contact-form-7-style/admin/predefined-templates.json HTTP/1.1" 200 1323 "-" "WordPress/6.8; https://batconpakistan.org"
13.94.89.74 - - [28/Apr/2025:06:52:30 -0400] "GET //repeater.php HTTP/1.1" 301 0 "-" "-"
162.0.235.240 - - [28/Apr/2025:06:52:33 -0400] "GET /wp-content/plugins/contact-form-7-style/admin/predefined-templates.json HTTP/1.1" 200 1323 "-" "WordPress/6.8; https://batconpakistan.org"
13.94.89.74 - - [28/Apr/2025:06:52:32 -0400] "GET /repeater.php HTTP/1.1" 404 15876 "-" "-"
162.0.235.240 - - [28/Apr/2025:06:52:35 -0400] "GET /wp-content/plugins/contact-form-7-style/admin/predefined-templates.json HTTP/1.1" 200 1323 "-" "WordPress/6.8; https://batconpakistan.org"
13.94.89.74 - - [28/Apr/2025:06:52:34 -0400] "GET //root.php HTTP/1.1" 301 0 "-" "-"
162.0.235.240 - - [28/Apr/2025:06:52:37 -0400] "GET /wp-content/plugins/contact-form-7-style/admin/predefined-templates.json HTTP/1.1" 200 1323 "-" "WordPress/6.8; https://batconpakistan.org"
13.94.89.74 - - [28/Apr/2025:06:52:35 -0400] "GET /root.php HTTP/1.1" 404 15878 "-" "-"
162.0.235.240 - - [28/Apr/2025:06:52:38 -0400] "GET /wp-content/plugins/contact-form-7-style/admin/predefined-templates.json HTTP/1.1" 200 1323 "-" "WordPress/6.8; https://batconpakistan.org"
13.94.89.74 - - [28/Apr/2025:06:52:37 -0400] "GET //santiago-oriente56.degustamenu.com/wp-includes/hlVYmeOAvcd.php HTTP/1.1" 301 0 "-" "-"
162.0.235.240 - - [28/Apr/2025:06:52:40 -0400] "GET /wp-content/plugins/contact-form-7-style/admin/predefined-templates.json HTTP/1.1" 200 1323 "-" "WordPress/6.8; https://batconpakistan.org"
162.0.235.240 - - [28/Apr/2025:06:52:40 -0400] "POST /wp-cron.php?doing_wp_cron=1745837560.8329780101776123046875 HTTP/1.1" 200 0 "-" "WordPress/6.8; https://batconpakistan.org"
13.94.89.74 - - [28/Apr/2025:06:52:39 -0400] "GET /santiago-oriente56.degustamenu.com/wp-includes/hlVYmeOAvcd.php HTTP/1.1" 404 15877 "-" "-"
162.0.235.240 - - [28/Apr/2025:06:52:41 -0400] "GET /wp-content/plugins/contact-form-7-style/admin/predefined-templates.json HTTP/1.1" 200 1323 "-" "WordPress/6.8; https://batconpakistan.org"
162.0.235.240 - - [28/Apr/2025:06:52:42 -0400] "GET /wp-content/plugins/contact-form-7-style/admin/predefined-templates.json HTTP/1.1" 200 1323 "-" "WordPress/6.8; https://batconpakistan.org"
13.94.89.74 - - [28/Apr/2025:06:52:41 -0400] "GET //shell.php HTTP/1.1" 301 0 "-" "-"
162.0.235.240 - - [28/Apr/2025:06:52:44 -0400] "GET /wp-content/plugins/contact-form-7-style/admin/predefined-templates.json HTTP/1.1" 200 1323 "-" "WordPress/6.8; https://batconpakistan.org"
13.94.89.74 - - [28/Apr/2025:06:52:43 -0400] "GET /shell.php HTTP/1.1" 404 15879 "-" "-"
162.0.235.240 - - [28/Apr/2025:06:52:45 -0400] "GET /wp-content/plugins/contact-form-7-style/admin/predefined-templates.json HTTP/1.1" 200 1323 "-" "WordPress/6.8; https://batconpakistan.org"
13.94.89.74 - - [28/Apr/2025:06:52:45 -0400] "GET //shell20211028.php HTTP/1.1" 301 0 "-" "-"
162.0.235.240 - - [28/Apr/2025:06:52:47 -0400] "GET /wp-content/plugins/contact-form-7-style/admin/predefined-templates.json HTTP/1.1" 200 1323 "-" "WordPress/6.8; https://batconpakistan.org"
13.94.89.74 - - [28/Apr/2025:06:52:46 -0400] "GET /shell20211028.php HTTP/1.1" 404 15876 "-" "-"
162.0.235.240 - - [28/Apr/2025:06:52:49 -0400] "GET /wp-content/plugins/contact-form-7-style/admin/predefined-templates.json HTTP/1.1" 200 1323 "-" "WordPress/6.8; https://batconpakistan.org"
162.0.235.240 - - [28/Apr/2025:06:52:49 -0400] "POST /wp-cron.php?doing_wp_cron=1745837569.7787759304046630859375 HTTP/1.1" 200 0 "-" "WordPress/6.8; https://batconpakistan.org"
13.94.89.74 - - [28/Apr/2025:06:52:48 -0400] "GET //simple.php HTTP/1.1" 301 0 "-" "-"
162.0.235.240 - - [28/Apr/2025:06:52:50 -0400] "GET /wp-content/plugins/contact-form-7-style/admin/predefined-templates.json HTTP/1.1" 200 1323 "-" "WordPress/6.8; https://batconpakistan.org"
162.0.235.240 - - [28/Apr/2025:06:52:51 -0400] "GET /wp-content/plugins/contact-form-7-style/admin/predefined-templates.json HTTP/1.1" 200 1323 "-" "WordPress/6.8; https://batconpakistan.org"
13.94.89.74 - - [28/Apr/2025:06:52:50 -0400] "GET /simple.php HTTP/1.1" 404 15877 "-" "-"
162.0.235.240 - - [28/Apr/2025:06:52:53 -0400] "GET /wp-content/plugins/contact-form-7-style/admin/predefined-templates.json HTTP/1.1" 200 1323 "-" "WordPress/6.8; https://batconpakistan.org"
13.94.89.74 - - [28/Apr/2025:06:52:52 -0400] "GET //test.php HTTP/1.1" 301 0 "-" "-"
162.0.235.240 - - [28/Apr/2025:06:52:54 -0400] "GET /wp-content/plugins/contact-form-7-style/admin/predefined-templates.json HTTP/1.1" 200 1323 "-" "WordPress/6.8; https://batconpakistan.org"
13.94.89.74 - - [28/Apr/2025:06:52:53 -0400] "GET /test.php HTTP/1.1" 404 15878 "-" "-"
162.0.235.240 - - [28/Apr/2025:06:52:56 -0400] "GET /wp-content/plugins/contact-form-7-style/admin/predefined-templates.json HTTP/1.1" 200 1323 "-" "WordPress/6.8; https://batconpakistan.org"
162.0.235.240 - - [28/Apr/2025:06:52:57 -0400] "POST /wp-cron.php?doing_wp_cron=1745837576.8796510696411132812500 HTTP/1.1" 200 0 "-" "WordPress/6.8; https://batconpakistan.org"
13.94.89.74 - - [28/Apr/2025:06:52:55 -0400] "GET //user.php HTTP/1.1" 301 0 "-" "-"
162.0.235.240 - - [28/Apr/2025:06:52:57 -0400] "GET /wp-content/plugins/contact-form-7-style/admin/predefined-templates.json HTTP/1.1" 200 1323 "-" "WordPress/6.8; https://batconpakistan.org"
162.0.235.240 - - [28/Apr/2025:06:52:58 -0400] "GET /wp-content/plugins/contact-form-7-style/admin/predefined-templates.json HTTP/1.1" 200 1323 "-" "WordPress/6.8; https://batconpakistan.org"
13.94.89.74 - - [28/Apr/2025:06:52:57 -0400] "GET /user.php HTTP/1.1" 404 15879 "-" "-"
162.0.235.240 - - [28/Apr/2025:06:53:00 -0400] "GET /wp-content/plugins/contact-form-7-style/admin/predefined-templates.json HTTP/1.1" 200 1323 "-" "WordPress/6.8; https://batconpakistan.org"
13.94.89.74 - - [28/Apr/2025:06:52:59 -0400] "GET //wp-2019.php HTTP/1.1" 301 0 "-" "-"
162.0.235.240 - - [28/Apr/2025:06:53:01 -0400] "GET /wp-content/plugins/contact-form-7-style/admin/predefined-templates.json HTTP/1.1" 200 1323 "-" "WordPress/6.8; https://batconpakistan.org"
13.94.89.74 - - [28/Apr/2025:06:53:00 -0400] "GET /wp-2019.php HTTP/1.1" 404 15876 "-" "-"
162.0.235.240 - - [28/Apr/2025:06:53:03 -0400] "GET /wp-content/plugins/contact-form-7-style/admin/predefined-templates.json HTTP/1.1" 200 1323 "-" "WordPress/6.8; https://batconpakistan.org"
13.94.89.74 - - [28/Apr/2025:06:53:02 -0400] "GET //wp-add-admin.php HTTP/1.1" 301 0 "-" "-"
162.0.235.240 - - [28/Apr/2025:06:53:05 -0400] "GET /wp-content/plugins/contact-form-7-style/admin/predefined-templates.json HTTP/1.1" 200 1323 "-" "WordPress/6.8; https://batconpakistan.org"
162.0.235.240 - - [28/Apr/2025:06:53:05 -0400] "POST /wp-cron.php?doing_wp_cron=1745837585.3097379207611083984375 HTTP/1.1" 200 0 "-" "WordPress/6.8; https://batconpakistan.org"
13.94.89.74 - - [28/Apr/2025:06:53:04 -0400] "GET /wp-add-admin.php HTTP/1.1" 404 15876 "-" "-"
162.0.235.240 - - [28/Apr/2025:06:53:06 -0400] "GET /wp-content/plugins/contact-form-7-style/admin/predefined-templates.json HTTP/1.1" 200 1323 "-" "WordPress/6.8; https://batconpakistan.org"
162.0.235.240 - - [28/Apr/2025:06:53:07 -0400] "GET /wp-content/plugins/contact-form-7-style/admin/predefined-templates.json HTTP/1.1" 200 1323 "-" "WordPress/6.8; https://batconpakistan.org"
162.0.235.240 - - [28/Apr/2025:06:53:07 -0400] "POST /wp-admin/admin-ajax.php?action=async_litespeed&nonce=AmkusJFEsZamED6ETKuMNJ536f8qb4Bk&litespeed_type=imgoptm HTTP/1.1" 200 0 "-" "WordPress/6.8; https://batconpakistan.org"
162.0.235.240 - - [28/Apr/2025:06:53:08 -0400] "GET /wp-content/plugins/contact-form-7-style/admin/predefined-templates.json HTTP/1.1" 200 1323 "-" "WordPress/6.8; https://batconpakistan.org"
13.94.89.74 - - [28/Apr/2025:06:53:06 -0400] "GET //wp-admin/about.php HTTP/1.1" 302 0 "-" "-"
199.188.205.87 - - [28/Apr/2025:06:53:08 -0400] "POST /xmlrpc.php HTTP/1.1" 403 1242 "https://batconpakistan.org" "Mozilla/5.0 (Windows NT 10.0; Win64; x64; rv:127.0) Gecko/20100101 Firefox/127.0"
162.0.235.240 - - [28/Apr/2025:06:53:10 -0400] "GET /wp-content/plugins/contact-form-7-style/admin/predefined-templates.json HTTP/1.1" 200 1323 "-" "WordPress/6.8; https://batconpakistan.org"
13.94.89.74 - - [28/Apr/2025:06:53:08 -0400] "GET /wp-login.php?redirect_to=https%3A%2F%2Fmail.batconpakistan.org%2F%2Fwp-admin%2Fabout.php&reauth=1 HTTP/1.1" 200 1899 "-" "-"
162.0.235.240 - - [28/Apr/2025:06:53:12 -0400] "GET /wp-content/plugins/contact-form-7-style/admin/predefined-templates.json HTTP/1.1" 200 1323 "-" "WordPress/6.8; https://batconpakistan.org"
13.94.89.74 - - [28/Apr/2025:06:53:10 -0400] "GET //wp-admin/admin-ajax.php HTTP/1.1" 400 5 "-" "-"
162.0.235.240 - - [28/Apr/2025:06:53:13 -0400] "GET /wp-content/plugins/contact-form-7-style/admin/predefined-templates.json HTTP/1.1" 200 1323 "-" "WordPress/6.8; https://batconpakistan.org"
13.94.89.74 - - [28/Apr/2025:06:53:12 -0400] "GET //wp-admin/class-db.php HTTP/1.1" 301 0 "-" "-"
162.0.235.240 - - [28/Apr/2025:06:53:15 -0400] "GET /wp-content/plugins/contact-form-7-style/admin/predefined-templates.json HTTP/1.1" 200 1323 "-" "WordPress/6.8; https://batconpakistan.org"
13.94.89.74 - - [28/Apr/2025:06:53:14 -0400] "GET /wp-admin/class-db.php HTTP/1.1" 404 15878 "-" "-"
13.94.89.74 - - [28/Apr/2025:06:53:16 -0400] "GET //wp-admin/css/colors/blue/ HTTP/1.1" 403 1242 "-" "-"
162.0.235.240 - - [28/Apr/2025:06:53:18 -0400] "GET /wp-content/plugins/contact-form-7-style/admin/predefined-templates.json HTTP/1.1" 200 1323 "-" "WordPress/6.8; https://batconpakistan.org"
13.94.89.74 - - [28/Apr/2025:06:53:17 -0400] "GET //wp-admin/css/colors/cloud.php HTTP/1.1" 301 0 "-" "-"
162.0.235.240 - - [28/Apr/2025:06:53:20 -0400] "GET /wp-content/plugins/contact-form-7-style/admin/predefined-templates.json HTTP/1.1" 200 1323 "-" "WordPress/6.8; https://batconpakistan.org"
13.94.89.74 - - [28/Apr/2025:06:53:19 -0400] "GET /wp-admin/css/colors/cloud.php HTTP/1.1" 404 15878 "-" "-"
162.0.235.240 - - [28/Apr/2025:06:53:22 -0400] "GET /wp-content/plugins/contact-form-7-style/admin/predefined-templates.json HTTP/1.1" 200 1323 "-" "WordPress/6.8; https://batconpakistan.org"
13.94.89.74 - - [28/Apr/2025:06:53:21 -0400] "GET //wp-admin/css/colors/coffee/xmrlpc.php?p= HTTP/1.1" 301 0 "-" "-"
162.0.235.240 - - [28/Apr/2025:06:53:23 -0400] "GET /wp-content/plugins/contact-form-7-style/admin/predefined-templates.json HTTP/1.1" 200 1323 "-" "WordPress/6.8; https://batconpakistan.org"
13.94.89.74 - - [28/Apr/2025:06:53:22 -0400] "GET /wp-admin/css/colors/coffee/xmrlpc.php HTTP/1.1" 404 15876 "-" "-"
162.0.235.240 - - [28/Apr/2025:06:53:25 -0400] "GET /wp-content/plugins/contact-form-7-style/admin/predefined-templates.json HTTP/1.1" 200 1323 "-" "WordPress/6.8; https://batconpakistan.org"
13.94.89.74 - - [28/Apr/2025:06:53:24 -0400] "GET //wp-admin/css/wp-conflg.php HTTP/1.1" 301 0 "-" "-"
162.0.235.240 - - [28/Apr/2025:06:53:28 -0400] "GET /wp-content/plugins/contact-form-7-style/admin/predefined-templates.json HTTP/1.1" 200 1323 "-" "WordPress/6.8; https://batconpakistan.org"
13.94.89.74 - - [28/Apr/2025:06:53:26 -0400] "GET /wp-admin/css/wp-conflg.php HTTP/1.1" 404 15880 "-" "-"
162.0.235.240 - - [28/Apr/2025:06:53:30 -0400] "GET /wp-content/plugins/contact-form-7-style/admin/predefined-templates.json HTTP/1.1" 200 1323 "-" "WordPress/6.8; https://batconpakistan.org"
13.94.89.74 - - [28/Apr/2025:06:53:29 -0400] "GET //wp-admin/dropdown.php HTTP/1.1" 301 0 "-" "-"
162.0.235.240 - - [28/Apr/2025:06:53:31 -0400] "GET /wp-content/plugins/contact-form-7-style/admin/predefined-templates.json HTTP/1.1" 200 1323 "-" "WordPress/6.8; https://batconpakistan.org"
13.94.89.74 - - [28/Apr/2025:06:53:30 -0400] "GET /wp-admin/dropdown.php HTTP/1.1" 404 15878 "-" "-"
162.0.235.240 - - [28/Apr/2025:06:53:33 -0400] "GET /wp-content/plugins/contact-form-7-style/admin/predefined-templates.json HTTP/1.1" 200 1323 "-" "WordPress/6.8; https://batconpakistan.org"
13.94.89.74 - - [28/Apr/2025:06:53:32 -0400] "GET //wp-admin/images/admin.php HTTP/1.1" 301 0 "-" "-"
162.0.235.240 - - [28/Apr/2025:06:53:34 -0400] "GET /wp-content/plugins/contact-form-7-style/admin/predefined-templates.json HTTP/1.1" 200 1323 "-" "WordPress/6.8; https://batconpakistan.org"
13.94.89.74 - - [28/Apr/2025:06:53:34 -0400] "GET /wp-admin/images/admin.php HTTP/1.1" 404 15879 "-" "-"
162.0.235.240 - - [28/Apr/2025:06:53:36 -0400] "GET /wp-content/plugins/contact-form-7-style/admin/predefined-templates.json HTTP/1.1" 200 1323 "-" "WordPress/6.8; https://batconpakistan.org"
13.94.89.74 - - [28/Apr/2025:06:53:35 -0400] "GET //wp-admin/images/install.php HTTP/1.1" 301 0 "-" "-"
162.0.235.240 - - [28/Apr/2025:06:53:38 -0400] "GET /wp-content/plugins/contact-form-7-style/admin/predefined-templates.json HTTP/1.1" 200 1323 "-" "WordPress/6.8; https://batconpakistan.org"
13.94.89.74 - - [28/Apr/2025:06:53:37 -0400] "GET /wp-admin/images/install.php HTTP/1.1" 404 15877 "-" "-"
13.94.89.74 - - [28/Apr/2025:06:53:39 -0400] "GET //wp-admin/includes/ HTTP/1.1" 200 0 "-" "-"
162.0.235.240 - - [28/Apr/2025:06:53:40 -0400] "GET /wp-content/plugins/contact-form-7-style/admin/predefined-templates.json HTTP/1.1" 200 1323 "-" "WordPress/6.8; https://batconpakistan.org"
162.0.235.240 - - [28/Apr/2025:06:53:40 -0400] "POST /wp-cron.php?doing_wp_cron=1745837620.8292679786682128906250 HTTP/1.1" 200 0 "-" "WordPress/6.8; https://batconpakistan.org"
13.94.89.74 - - [28/Apr/2025:06:53:39 -0400] "GET //wp-admin/includes/cloud.php HTTP/1.1" 301 0 "-" "-"
162.0.235.240 - - [28/Apr/2025:06:53:41 -0400] "GET /wp-content/plugins/contact-form-7-style/admin/predefined-templates.json HTTP/1.1" 200 1323 "-" "WordPress/6.8; https://batconpakistan.org"
162.0.235.240 - - [28/Apr/2025:06:53:42 -0400] "GET /wp-content/plugins/contact-form-7-style/admin/predefined-templates.json HTTP/1.1" 200 1323 "-" "WordPress/6.8; https://batconpakistan.org"
13.94.89.74 - - [28/Apr/2025:06:53:41 -0400] "GET /wp-admin/includes/cloud.php HTTP/1.1" 404 15878 "-" "-"
13.94.89.74 - - [28/Apr/2025:06:53:43 -0400] "GET //wp-admin/install.php HTTP/1.1" 200 435 "-" "-"
162.0.235.240 - - [28/Apr/2025:06:53:44 -0400] "GET /wp-content/plugins/contact-form-7-style/admin/predefined-templates.json HTTP/1.1" 200 1323 "-" "WordPress/6.8; https://batconpakistan.org"
13.94.89.74 - - [28/Apr/2025:06:53:43 -0400] "GET //wp-admin/js/autoload_classmap.php HTTP/1.1" 301 0 "-" "-"
162.0.235.240 - - [28/Apr/2025:06:53:45 -0400] "GET /wp-content/plugins/contact-form-7-style/admin/predefined-templates.json HTTP/1.1" 200 1323 "-" "WordPress/6.8; https://batconpakistan.org"
13.94.89.74 - - [28/Apr/2025:06:53:44 -0400] "GET /wp-admin/js/autoload_classmap.php HTTP/1.1" 404 15876 "-" "-"
13.94.89.74 - - [28/Apr/2025:06:53:46 -0400] "GET //wp-admin/js/widgets/ HTTP/1.1" 403 1242 "-" "-"
162.0.235.240 - - [28/Apr/2025:06:53:47 -0400] "GET /wp-content/plugins/contact-form-7-style/admin/predefined-templates.json HTTP/1.1" 200 1323 "-" "WordPress/6.8; https://batconpakistan.org"
162.0.235.240 - - [28/Apr/2025:06:53:48 -0400] "POST /wp-cron.php?doing_wp_cron=1745837628.1223549842834472656250 HTTP/1.1" 200 0 "-" "WordPress/6.8; https://batconpakistan.org"
13.94.89.74 - - [28/Apr/2025:06:53:46 -0400] "GET //wp-admin/js/widgets/cloud.php HTTP/1.1" 301 0 "-" "-"
162.0.235.240 - - [28/Apr/2025:06:53:48 -0400] "GET /wp-content/plugins/contact-form-7-style/admin/predefined-templates.json HTTP/1.1" 200 1323 "-" "WordPress/6.8; https://batconpakistan.org"
162.0.235.240 - - [28/Apr/2025:06:53:49 -0400] "GET /wp-content/plugins/contact-form-7-style/admin/predefined-templates.json HTTP/1.1" 200 1323 "-" "WordPress/6.8; https://batconpakistan.org"
13.94.89.74 - - [28/Apr/2025:06:53:48 -0400] "GET /wp-admin/js/widgets/cloud.php HTTP/1.1" 404 15876 "-" "-"
162.0.235.240 - - [28/Apr/2025:06:53:51 -0400] "GET /wp-content/plugins/contact-form-7-style/admin/predefined-templates.json HTTP/1.1" 200 1323 "-" "WordPress/6.8; https://batconpakistan.org"
13.94.89.74 - - [28/Apr/2025:06:53:50 -0400] "GET //wp-admin/maint/moon.php HTTP/1.1" 301 0 "-" "-"
162.0.235.240 - - [28/Apr/2025:06:53:52 -0400] "GET /wp-content/plugins/contact-form-7-style/admin/predefined-templates.json HTTP/1.1" 200 1323 "-" "WordPress/6.8; https://batconpakistan.org"
13.94.89.74 - - [28/Apr/2025:06:53:51 -0400] "GET /wp-admin/maint/moon.php HTTP/1.1" 404 15876 "-" "-"
162.0.235.240 - - [28/Apr/2025:06:53:54 -0400] "GET /wp-content/plugins/contact-form-7-style/admin/predefined-templates.json HTTP/1.1" 200 1323 "-" "WordPress/6.8; https://batconpakistan.org"
162.0.235.240 - - [28/Apr/2025:06:53:55 -0400] "POST /wp-cron.php?doing_wp_cron=1745837635.2527089118957519531250 HTTP/1.1" 200 0 "-" "WordPress/6.8; https://batconpakistan.org"
13.94.89.74 - - [28/Apr/2025:06:53:53 -0400] "GET //wp-admin/network/admin.php HTTP/1.1" 302 0 "-" "-"
162.0.235.240 - - [28/Apr/2025:06:53:56 -0400] "GET /wp-content/plugins/contact-form-7-style/admin/predefined-templates.json HTTP/1.1" 200 1323 "-" "WordPress/6.8; https://batconpakistan.org"
162.0.235.240 - - [28/Apr/2025:06:53:57 -0400] "GET /wp-content/plugins/contact-form-7-style/admin/predefined-templates.json HTTP/1.1" 200 1323 "-" "WordPress/6.8; https://batconpakistan.org"
13.94.89.74 - - [28/Apr/2025:06:53:56 -0400] "GET /wp-login.php?redirect_to=https%3A%2F%2Fmail.batconpakistan.org%2F%2Fwp-admin%2Fnetwork%2Fadmin.php&reauth=1 HTTP/1.1" 200 1898 "-" "-"
162.0.235.240 - - [28/Apr/2025:06:53:58 -0400] "GET /wp-content/plugins/contact-form-7-style/admin/predefined-templates.json HTTP/1.1" 200 1323 "-" "WordPress/6.8; https://batconpakistan.org"
13.94.89.74 - - [28/Apr/2025:06:53:57 -0400] "GET //wp-admin/network/cloud.php HTTP/1.1" 301 0 "-" "-"
162.0.235.240 - - [28/Apr/2025:06:54:00 -0400] "GET /wp-content/plugins/contact-form-7-style/admin/predefined-templates.json HTTP/1.1" 200 1323 "-" "WordPress/6.8; https://batconpakistan.org"
13.94.89.74 - - [28/Apr/2025:06:53:59 -0400] "GET /wp-admin/network/cloud.php HTTP/1.1" 404 15876 "-" "-"
162.0.235.240 - - [28/Apr/2025:06:54:02 -0400] "GET /wp-content/plugins/contact-form-7-style/admin/predefined-templates.json HTTP/1.1" 200 1323 "-" "WordPress/6.8; https://batconpakistan.org"
13.94.89.74 - - [28/Apr/2025:06:54:01 -0400] "GET //wp-admin/network/index.php HTTP/1.1" 302 0 "-" "-"
162.0.235.240 - - [28/Apr/2025:06:54:04 -0400] "GET /wp-content/plugins/contact-form-7-style/admin/predefined-templates.json HTTP/1.1" 200 1323 "-" "WordPress/6.8; https://batconpakistan.org"
13.94.89.74 - - [28/Apr/2025:06:54:03 -0400] "GET /wp-login.php?redirect_to=https%3A%2F%2Fmail.batconpakistan.org%2F%2Fwp-admin%2Fnetwork%2Findex.php&reauth=1 HTTP/1.1" 200 1899 "-" "-"
162.0.235.240 - - [28/Apr/2025:06:54:05 -0400] "GET /wp-content/plugins/contact-form-7-style/admin/predefined-templates.json HTTP/1.1" 200 1323 "-" "WordPress/6.8; https://batconpakistan.org"
162.0.235.240 - - [28/Apr/2025:06:54:06 -0400] "POST /wp-cron.php?doing_wp_cron=1745837646.1014358997344970703125 HTTP/1.1" 200 0 "-" "WordPress/6.8; https://batconpakistan.org"
13.94.89.74 - - [28/Apr/2025:06:54:04 -0400] "GET //wp-admin/network/xmrlpc.php?p= HTTP/1.1" 301 0 "-" "-"
162.0.235.240 - - [28/Apr/2025:06:54:06 -0400] "GET /wp-content/plugins/contact-form-7-style/admin/predefined-templates.json HTTP/1.1" 200 1323 "-" "WordPress/6.8; https://batconpakistan.org"
162.0.235.240 - - [28/Apr/2025:06:54:07 -0400] "GET /wp-content/plugins/contact-form-7-style/admin/predefined-templates.json HTTP/1.1" 200 1323 "-" "WordPress/6.8; https://batconpakistan.org"
13.94.89.74 - - [28/Apr/2025:06:54:06 -0400] "GET /wp-admin/network/xmrlpc.php HTTP/1.1" 404 15877 "-" "-"
162.0.235.240 - - [28/Apr/2025:06:54:07 -0400] "POST /wp-admin/admin-ajax.php?action=async_litespeed&nonce=jelD4DswxiZMoUotzBUscYjp6ix1lz8s&litespeed_type=imgoptm HTTP/1.1" 200 0 "-" "WordPress/6.8; https://batconpakistan.org"
162.0.235.240 - - [28/Apr/2025:06:54:08 -0400] "GET /wp-content/plugins/contact-form-7-style/admin/predefined-templates.json HTTP/1.1" 200 1323 "-" "WordPress/6.8; https://batconpakistan.org"
162.0.235.240 - - [28/Apr/2025:06:54:09 -0400] "GET /wp-content/plugins/contact-form-7-style/admin/predefined-templates.json HTTP/1.1" 200 1323 "-" "WordPress/6.8; https://batconpakistan.org"
13.94.89.74 - - [28/Apr/2025:06:54:08 -0400] "GET //wp-admin/shell20211028.php HTTP/1.1" 301 0 "-" "-"
162.0.235.240 - - [28/Apr/2025:06:54:11 -0400] "GET /wp-content/plugins/contact-form-7-style/admin/predefined-templates.json HTTP/1.1" 200 1323 "-" "WordPress/6.8; https://batconpakistan.org"
13.94.89.74 - - [28/Apr/2025:06:54:10 -0400] "GET /wp-admin/shell20211028.php HTTP/1.1" 404 15877 "-" "-"
162.0.235.240 - - [28/Apr/2025:06:54:13 -0400] "GET /wp-content/plugins/contact-form-7-style/admin/predefined-templates.json HTTP/1.1" 200 1323 "-" "WordPress/6.8; https://batconpakistan.org"
13.94.89.74 - - [28/Apr/2025:06:54:12 -0400] "GET //wp-admin/user/xmrlpc.php?p= HTTP/1.1" 301 0 "-" "-"
162.0.235.240 - - [28/Apr/2025:06:54:15 -0400] "GET /wp-content/plugins/contact-form-7-style/admin/predefined-templates.json HTTP/1.1" 200 1323 "-" "WordPress/6.8; https://batconpakistan.org"
13.94.89.74 - - [28/Apr/2025:06:54:13 -0400] "GET /wp-admin/user/xmrlpc.php HTTP/1.1" 404 15879 "-" "-"
162.0.235.240 - - [28/Apr/2025:06:54:17 -0400] "GET /wp-content/plugins/contact-form-7-style/admin/predefined-templates.json HTTP/1.1" 200 1323 "-" "WordPress/6.8; https://batconpakistan.org"
13.94.89.74 - - [28/Apr/2025:06:54:15 -0400] "GET //wp-blog.php HTTP/1.1" 301 0 "-" "-"
162.0.235.240 - - [28/Apr/2025:06:54:18 -0400] "GET /wp-content/plugins/contact-form-7-style/admin/predefined-templates.json HTTP/1.1" 200 1323 "-" "WordPress/6.8; https://batconpakistan.org"
13.94.89.74 - - [28/Apr/2025:06:54:17 -0400] "GET /wp-blog.php HTTP/1.1" 404 15876 "-" "-"
162.0.235.240 - - [28/Apr/2025:06:54:20 -0400] "GET /wp-content/plugins/contact-form-7-style/admin/predefined-templates.json HTTP/1.1" 200 1323 "-" "WordPress/6.8; https://batconpakistan.org"
13.94.89.74 - - [28/Apr/2025:06:54:19 -0400] "GET //wp-conflg.php HTTP/1.1" 301 0 "-" "-"
162.0.235.240 - - [28/Apr/2025:06:54:22 -0400] "GET /wp-content/plugins/contact-form-7-style/admin/predefined-templates.json HTTP/1.1" 200 1323 "-" "WordPress/6.8; https://batconpakistan.org"
13.94.89.74 - - [28/Apr/2025:06:54:21 -0400] "GET /wp-conflg.php HTTP/1.1" 404 15876 "-" "-"
162.0.235.240 - - [28/Apr/2025:06:54:24 -0400] "GET /wp-content/plugins/contact-form-7-style/admin/predefined-templates.json HTTP/1.1" 200 1323 "-" "WordPress/6.8; https://batconpakistan.org"
13.94.89.74 - - [28/Apr/2025:06:54:23 -0400] "GET //wp-conflg.php?p= HTTP/1.1" 301 0 "-" "-"
13.94.89.74 - - [28/Apr/2025:06:54:24 -0400] "GET /wp-conflg.php HTTP/1.1" 404 15876 "-" "-"
162.0.235.240 - - [28/Apr/2025:06:54:26 -0400] "GET /wp-content/plugins/contact-form-7-style/admin/predefined-templates.json HTTP/1.1" 200 1323 "-" "WordPress/6.8; https://batconpakistan.org"
13.94.89.74 - - [28/Apr/2025:06:54:24 -0400] "GET //wp-content/about.php HTTP/1.1" 301 0 "-" "-"
162.0.235.240 - - [28/Apr/2025:06:54:27 -0400] "GET /wp-content/plugins/contact-form-7-style/admin/predefined-templates.json HTTP/1.1" 200 1323 "-" "WordPress/6.8; https://batconpakistan.org"
13.94.89.74 - - [28/Apr/2025:06:54:26 -0400] "GET /wp-content/about.php HTTP/1.1" 404 15879 "-" "-"
162.0.235.240 - - [28/Apr/2025:06:54:29 -0400] "GET /wp-content/plugins/contact-form-7-style/admin/predefined-templates.json HTTP/1.1" 200 1323 "-" "WordPress/6.8; https://batconpakistan.org"
13.94.89.74 - - [28/Apr/2025:06:54:28 -0400] "GET //wp-content/autoload_classmap.php HTTP/1.1" 301 0 "-" "-"
