162.0.235.240 - - [28/Apr/2025:07:50:01 -0400] "GET /wp-content/plugins/contact-form-7-style/admin/predefined-templates.json HTTP/1.1" 200 1323 "-" "WordPress/6.8; https://batconpakistan.org"
13.94.89.74 - - [28/Apr/2025:07:50:00 -0400] "GET /wp-includes/html-api/wp-conflg.php?p= HTTP/1.1" 301 0 "-" "-"
13.94.89.74 - - [28/Apr/2025:07:50:02 -0400] "GET /wp-includes/html-api/wp-conflg.php HTTP/1.1" 404 15876 "-" "-"
162.0.235.240 - - [28/Apr/2025:07:50:04 -0400] "GET /wp-content/plugins/contact-form-7-style/admin/predefined-templates.json HTTP/1.1" 200 1323 "-" "WordPress/6.8; https://batconpakistan.org"
162.0.235.240 - - [28/Apr/2025:07:50:05 -0400] "POST /wp-cron.php?doing_wp_cron=1745841005.4225790500640869140625 HTTP/1.1" 200 0 "-" "WordPress/6.8; https://batconpakistan.org"
13.94.89.74 - - [28/Apr/2025:07:50:03 -0400] "GET /wp-includes/html-api/wp-login.php HTTP/1.1" 404 15876 "-" "-"
162.0.235.240 - - [28/Apr/2025:07:50:06 -0400] "GET /wp-content/plugins/contact-form-7-style/admin/predefined-templates.json HTTP/1.1" 200 1323 "-" "WordPress/6.8; https://batconpakistan.org"
162.0.235.240 - - [28/Apr/2025:07:50:08 -0400] "GET /wp-content/plugins/contact-form-7-style/admin/predefined-templates.json HTTP/1.1" 200 1323 "-" "WordPress/6.8; https://batconpakistan.org"
162.0.235.240 - - [28/Apr/2025:07:50:07 -0400] "POST /wp-admin/admin-ajax.php?action=async_litespeed&nonce=vEcaEgy9oB9VlNcSDtUvk9s0xEcsOzI1&litespeed_type=imgoptm HTTP/1.1" 200 0 "-" "WordPress/6.8; https://batconpakistan.org"
162.0.235.240 - - [28/Apr/2025:07:50:09 -0400] "GET /wp-content/plugins/contact-form-7-style/admin/predefined-templates.json HTTP/1.1" 200 1323 "-" "WordPress/6.8; https://batconpakistan.org"
13.94.89.74 - - [28/Apr/2025:07:50:06 -0400] "GET /wp-includes/iUN3FwyCaZR.php HTTP/1.1" 404 15878 "-" "-"
162.0.235.240 - - [28/Apr/2025:07:50:11 -0400] "GET /wp-content/plugins/contact-form-7-style/admin/predefined-templates.json HTTP/1.1" 200 1323 "-" "WordPress/6.8; https://batconpakistan.org"
13.94.89.74 - - [28/Apr/2025:07:50:09 -0400] "GET /wp-includes/iWoGYaunXNz.php HTTP/1.1" 404 15876 "-" "-"
13.94.89.74 - - [28/Apr/2025:07:50:12 -0400] "GET /wp-includes/images/ HTTP/1.1" 403 1242 "-" "-"
162.0.235.240 - - [28/Apr/2025:07:50:13 -0400] "GET /wp-content/plugins/contact-form-7-style/admin/predefined-templates.json HTTP/1.1" 200 1323 "-" "WordPress/6.8; https://batconpakistan.org"
13.94.89.74 - - [28/Apr/2025:07:50:12 -0400] "GET /wp-includes/images//about.php HTTP/1.1" 301 0 "-" "-"
13.94.89.74 - - [28/Apr/2025:07:50:14 -0400] "GET /wp-includes/images/about.php HTTP/1.1" 404 15878 "-" "-"
13.94.89.74 - - [28/Apr/2025:07:50:15 -0400] "GET /wp-includes/images/about.php HTTP/1.1" 404 15878 "-" "-"
162.0.235.240 - - [28/Apr/2025:07:50:16 -0400] "GET /wp-content/plugins/contact-form-7-style/admin/predefined-templates.json HTTP/1.1" 200 1323 "-" "WordPress/6.8; https://batconpakistan.org"
13.94.89.74 - - [28/Apr/2025:07:50:15 -0400] "GET /wp-includes/images/autoload_classmap.php HTTP/1.1" 404 15877 "-" "-"
162.0.235.240 - - [28/Apr/2025:07:50:19 -0400] "GET /wp-content/plugins/contact-form-7-style/admin/predefined-templates.json HTTP/1.1" 200 1323 "-" "WordPress/6.8; https://batconpakistan.org"
13.94.89.74 - - [28/Apr/2025:07:50:17 -0400] "GET /wp-includes/images/chosen.php HTTP/1.1" 404 15877 "-" "-"
13.94.89.74 - - [28/Apr/2025:07:50:20 -0400] "GET /wp-includes/images/crystal/ HTTP/1.1" 403 1242 "-" "-"
162.0.235.240 - - [28/Apr/2025:07:50:21 -0400] "GET /wp-content/plugins/contact-form-7-style/admin/predefined-templates.json HTTP/1.1" 200 1323 "-" "WordPress/6.8; https://batconpakistan.org"
13.94.89.74 - - [28/Apr/2025:07:50:20 -0400] "GET /wp-includes/images/crystal//index.php HTTP/1.1" 301 0 "-" "-"
13.94.89.74 - - [28/Apr/2025:07:50:22 -0400] "GET /wp-includes/images/crystal/ HTTP/1.1" 403 1242 "-" "-"
162.0.235.240 - - [28/Apr/2025:07:50:24 -0400] "GET /wp-content/plugins/contact-form-7-style/admin/predefined-templates.json HTTP/1.1" 200 1323 "-" "WordPress/6.8; https://batconpakistan.org"
13.94.89.74 - - [28/Apr/2025:07:50:22 -0400] "GET /wp-includes/images/index.php HTTP/1.1" 301 0 "-" "-"
13.94.89.74 - - [28/Apr/2025:07:50:24 -0400] "GET /wp-includes/images/ HTTP/1.1" 403 1242 "-" "-"
13.94.89.74 - - [28/Apr/2025:07:50:24 -0400] "GET /wp-includes/images/media/ HTTP/1.1" 403 1242 "-" "-"
162.0.235.240 - - [28/Apr/2025:07:50:26 -0400] "GET /wp-content/plugins/contact-form-7-style/admin/predefined-templates.json HTTP/1.1" 200 1323 "-" "WordPress/6.8; https://batconpakistan.org"
13.94.89.74 - - [28/Apr/2025:07:50:25 -0400] "GET /wp-includes/images/media/about.php HTTP/1.1" 404 15877 "-" "-"
162.0.235.240 - - [28/Apr/2025:07:50:28 -0400] "GET /wp-content/plugins/contact-form-7-style/admin/predefined-templates.json HTTP/1.1" 200 1323 "-" "WordPress/6.8; https://batconpakistan.org"
13.94.89.74 - - [28/Apr/2025:07:50:27 -0400] "GET /wp-includes/images/media/ben.php HTTP/1.1" 404 15877 "-" "-"
162.0.235.240 - - [28/Apr/2025:07:50:30 -0400] "GET /wp-content/plugins/contact-form-7-style/admin/predefined-templates.json HTTP/1.1" 200 1323 "-" "WordPress/6.8; https://batconpakistan.org"
13.94.89.74 - - [28/Apr/2025:07:50:29 -0400] "GET /wp-includes/images/media/index.php HTTP/1.1" 301 0 "-" "-"
13.94.89.74 - - [28/Apr/2025:07:50:30 -0400] "GET /wp-includes/images/media/ HTTP/1.1" 403 1242 "-" "-"
162.0.235.240 - - [28/Apr/2025:07:50:32 -0400] "GET /wp-content/plugins/contact-form-7-style/admin/predefined-templates.json HTTP/1.1" 200 1323 "-" "WordPress/6.8; https://batconpakistan.org"
13.94.89.74 - - [28/Apr/2025:07:50:31 -0400] "GET /wp-includes/images/media/wp-login.php HTTP/1.1" 404 15877 "-" "-"
13.94.89.74 - - [28/Apr/2025:07:50:33 -0400] "GET /wp-includes/images/smilies/ HTTP/1.1" 403 1242 "-" "-"
162.0.235.240 - - [28/Apr/2025:07:50:34 -0400] "GET /wp-content/plugins/contact-form-7-style/admin/predefined-templates.json HTTP/1.1" 200 1323 "-" "WordPress/6.8; https://batconpakistan.org"
13.94.89.74 - - [28/Apr/2025:07:50:33 -0400] "GET /wp-includes/images/smilies/about.php HTTP/1.1" 404 15879 "-" "-"
162.0.235.240 - - [28/Apr/2025:07:50:36 -0400] "GET /wp-content/plugins/contact-form-7-style/admin/predefined-templates.json HTTP/1.1" 200 1323 "-" "WordPress/6.8; https://batconpakistan.org"
13.94.89.74 - - [28/Apr/2025:07:50:35 -0400] "GET /wp-includes/images/smilies/index.php HTTP/1.1" 301 0 "-" "-"
13.94.89.74 - - [28/Apr/2025:07:50:37 -0400] "GET /wp-includes/images/smilies/ HTTP/1.1" 403 1242 "-" "-"
162.0.235.240 - - [28/Apr/2025:07:50:38 -0400] "GET /wp-content/plugins/contact-form-7-style/admin/predefined-templates.json HTTP/1.1" 200 1323 "-" "WordPress/6.8; https://batconpakistan.org"
13.94.89.74 - - [28/Apr/2025:07:50:37 -0400] "GET /wp-includes/images/smilies/wp-login.php HTTP/1.1" 404 15879 "-" "-"
13.94.89.74 - - [28/Apr/2025:07:50:39 -0400] "GET /wp-includes/images/wlw/ HTTP/1.1" 403 1242 "-" "-"
162.0.235.240 - - [28/Apr/2025:07:50:40 -0400] "GET /wp-content/plugins/contact-form-7-style/admin/predefined-templates.json HTTP/1.1" 200 1323 "-" "WordPress/6.8; https://batconpakistan.org"
162.0.235.240 - - [28/Apr/2025:07:50:41 -0400] "POST /wp-cron.php?doing_wp_cron=1745841040.8941700458526611328125 HTTP/1.1" 200 0 "-" "WordPress/6.8; https://batconpakistan.org"
13.94.89.74 - - [28/Apr/2025:07:50:39 -0400] "GET /wp-includes/images/wlw/wp-login.php HTTP/1.1" 404 15878 "-" "-"
162.0.235.240 - - [28/Apr/2025:07:50:41 -0400] "GET /wp-content/plugins/contact-form-7-style/admin/predefined-templates.json HTTP/1.1" 200 1323 "-" "WordPress/6.8; https://batconpakistan.org"
162.0.235.240 - - [28/Apr/2025:07:50:42 -0400] "GET /wp-content/plugins/contact-form-7-style/admin/predefined-templates.json HTTP/1.1" 200 1323 "-" "WordPress/6.8; https://batconpakistan.org"
13.94.89.74 - - [28/Apr/2025:07:50:41 -0400] "GET /wp-includes/images/wp-error_log.php HTTP/1.1" 404 15876 "-" "-"
162.0.235.240 - - [28/Apr/2025:07:50:44 -0400] "GET /wp-content/plugins/contact-form-7-style/admin/predefined-templates.json HTTP/1.1" 200 1323 "-" "WordPress/6.8; https://batconpakistan.org"
13.94.89.74 - - [28/Apr/2025:07:50:43 -0400] "GET /wp-includes/images/wp-login.php HTTP/1.1" 404 15876 "-" "-"
13.94.89.74 - - [28/Apr/2025:07:50:45 -0400] "GET /wp-includes/index.php HTTP/1.1" 403 1242 "-" "-"
162.0.235.240 - - [28/Apr/2025:07:50:47 -0400] "GET /wp-content/plugins/contact-form-7-style/admin/predefined-templates.json HTTP/1.1" 200 1323 "-" "WordPress/6.8; https://batconpakistan.org"
13.94.89.74 - - [28/Apr/2025:07:50:46 -0400] "GET /wp-includes/install.php HTTP/1.1" 404 15878 "-" "-"
13.94.89.74 - - [28/Apr/2025:07:50:48 -0400] "GET /wp-includes/interactivity-api/ HTTP/1.1" 403 1242 "-" "-"
13.94.89.74 - - [28/Apr/2025:07:50:49 -0400] "GET /wp-includes/js/ HTTP/1.1" 403 1242 "-" "-"
162.0.235.240 - - [28/Apr/2025:07:50:50 -0400] "GET /wp-content/plugins/contact-form-7-style/admin/predefined-templates.json HTTP/1.1" 200 1323 "-" "WordPress/6.8; https://batconpakistan.org"
162.0.235.240 - - [28/Apr/2025:07:50:50 -0400] "POST /wp-cron.php?doing_wp_cron=1745841050.8394069671630859375000 HTTP/1.1" 200 0 "-" "WordPress/6.8; https://batconpakistan.org"
13.94.89.74 - - [28/Apr/2025:07:50:49 -0400] "GET /wp-includes/js//text.php HTTP/1.1" 301 0 "-" "-"
162.0.235.240 - - [28/Apr/2025:07:50:51 -0400] "GET /wp-content/plugins/contact-form-7-style/admin/predefined-templates.json HTTP/1.1" 200 1323 "-" "WordPress/6.8; https://batconpakistan.org"
162.0.235.240 - - [28/Apr/2025:07:50:52 -0400] "GET /wp-content/plugins/contact-form-7-style/admin/predefined-templates.json HTTP/1.1" 200 1323 "-" "WordPress/6.8; https://batconpakistan.org"
13.94.89.74 - - [28/Apr/2025:07:50:51 -0400] "GET /wp-includes/js/text.php HTTP/1.1" 404 15877 "-" "-"
162.0.235.240 - - [28/Apr/2025:07:50:54 -0400] "GET /wp-content/plugins/contact-form-7-style/admin/predefined-templates.json HTTP/1.1" 200 1323 "-" "WordPress/6.8; https://batconpakistan.org"
13.94.89.74 - - [28/Apr/2025:07:50:53 -0400] "GET /wp-includes/js/about.php HTTP/1.1" 404 15877 "-" "-"
162.0.235.240 - - [28/Apr/2025:07:50:56 -0400] "GET /wp-content/plugins/contact-form-7-style/admin/predefined-templates.json HTTP/1.1" 200 1323 "-" "WordPress/6.8; https://batconpakistan.org"
162.0.235.240 - - [28/Apr/2025:07:50:57 -0400] "POST /wp-cron.php?doing_wp_cron=1745841056.9904670715332031250000 HTTP/1.1" 200 0 "-" "WordPress/6.8; https://batconpakistan.org"
13.94.89.74 - - [28/Apr/2025:07:50:55 -0400] "GET /wp-includes/js/alfa-rex.php HTTP/1.1" 404 15876 "-" "-"
13.94.89.74 - - [28/Apr/2025:07:50:57 -0400] "GET /wp-includes/js/chosen.php HTTP/1.1" 404 15876 "-" "-"
162.0.235.240 - - [28/Apr/2025:07:50:58 -0400] "GET /wp-content/plugins/contact-form-7-style/admin/predefined-templates.json HTTP/1.1" 200 1323 "-" "WordPress/6.8; https://batconpakistan.org"
13.94.89.74 - - [28/Apr/2025:07:50:58 -0400] "GET /wp-includes/js/codemirror/ HTTP/1.1" 403 1242 "-" "-"
162.0.235.240 - - [28/Apr/2025:07:50:59 -0400] "GET /wp-content/plugins/contact-form-7-style/admin/predefined-templates.json HTTP/1.1" 200 1323 "-" "WordPress/6.8; https://batconpakistan.org"
13.94.89.74 - - [28/Apr/2025:07:50:58 -0400] "GET /wp-includes/js/codemirror/about.php HTTP/1.1" 404 15876 "-" "-"
162.0.235.240 - - [28/Apr/2025:07:51:01 -0400] "GET /wp-content/plugins/contact-form-7-style/admin/predefined-templates.json HTTP/1.1" 200 1323 "-" "WordPress/6.8; https://batconpakistan.org"
13.94.89.74 - - [28/Apr/2025:07:51:00 -0400] "GET /wp-includes/js/codemirror/index.php HTTP/1.1" 301 0 "-" "-"
13.94.89.74 - - [28/Apr/2025:07:51:02 -0400] "GET /wp-includes/js/codemirror/ HTTP/1.1" 403 1242 "-" "-"
162.0.235.240 - - [28/Apr/2025:07:51:03 -0400] "GET /wp-content/plugins/contact-form-7-style/admin/predefined-templates.json HTTP/1.1" 200 1323 "-" "WordPress/6.8; https://batconpakistan.org"
13.94.89.74 - - [28/Apr/2025:07:51:02 -0400] "GET /wp-includes/js/codemirror/index.php?p= HTTP/1.1" 301 0 "-" "-"
13.94.89.74 - - [28/Apr/2025:07:51:04 -0400] "GET /wp-includes/js/codemirror/ HTTP/1.1" 403 1242 "-" "-"
13.94.89.74 - - [28/Apr/2025:07:51:04 -0400] "GET /wp-includes/js/crop/ HTTP/1.1" 403 1242 "-" "-"
162.0.235.240 - - [28/Apr/2025:07:51:05 -0400] "GET /wp-content/plugins/contact-form-7-style/admin/predefined-templates.json HTTP/1.1" 200 1323 "-" "WordPress/6.8; https://batconpakistan.org"
162.0.235.240 - - [28/Apr/2025:07:51:06 -0400] "POST /wp-cron.php?doing_wp_cron=1745841066.1614120006561279296875 HTTP/1.1" 200 0 "-" "WordPress/6.8; https://batconpakistan.org"
13.94.89.74 - - [28/Apr/2025:07:51:04 -0400] "GET /wp-includes/js/crop/about.php HTTP/1.1" 404 15876 "-" "-"
162.0.235.240 - - [28/Apr/2025:07:51:07 -0400] "GET /wp-content/plugins/contact-form-7-style/admin/predefined-templates.json HTTP/1.1" 200 1323 "-" "WordPress/6.8; https://batconpakistan.org"
162.0.235.240 - - [28/Apr/2025:07:51:08 -0400] "GET /wp-content/plugins/contact-form-7-style/admin/predefined-templates.json HTTP/1.1" 200 1323 "-" "WordPress/6.8; https://batconpakistan.org"
162.0.235.240 - - [28/Apr/2025:07:51:07 -0400] "POST /wp-admin/admin-ajax.php?action=async_litespeed&nonce=VmBUNUCVqvApMWtaYO2z8WprqihMaRg9&litespeed_type=imgoptm HTTP/1.1" 200 0 "-" "WordPress/6.8; https://batconpakistan.org"
13.94.89.74 - - [28/Apr/2025:07:51:07 -0400] "GET /wp-includes/js/crop/admin.php HTTP/1.1" 404 15877 "-" "-"
162.0.235.240 - - [28/Apr/2025:07:51:09 -0400] "GET /wp-content/plugins/contact-form-7-style/admin/predefined-templates.json HTTP/1.1" 200 1323 "-" "WordPress/6.8; https://batconpakistan.org"
13.94.89.74 - - [28/Apr/2025:07:51:09 -0400] "GET /wp-includes/js/dist/ HTTP/1.1" 403 1242 "-" "-"
13.94.89.74 - - [28/Apr/2025:07:51:09 -0400] "GET /wp-includes/js/dist/vendor/ HTTP/1.1" 403 1242 "-" "-"
13.94.89.74 - - [28/Apr/2025:07:51:09 -0400] "GET /wp-includes/js/imgareaselect/ HTTP/1.1" 403 1242 "-" "-"
13.94.89.74 - - [28/Apr/2025:07:51:09 -0400] "GET /wp-includes/js/jcrop/ HTTP/1.1" 403 1242 "-" "-"
162.0.235.240 - - [28/Apr/2025:07:51:11 -0400] "GET /wp-content/plugins/contact-form-7-style/admin/predefined-templates.json HTTP/1.1" 200 1323 "-" "WordPress/6.8; https://batconpakistan.org"
13.94.89.74 - - [28/Apr/2025:07:51:10 -0400] "GET /wp-includes/js/jcrop/Jcrop.php HTTP/1.1" 404 15878 "-" "-"
13.94.89.74 - - [28/Apr/2025:07:51:12 -0400] "GET /wp-includes/js/tinymce/ HTTP/1.1" 403 1242 "-" "-"
162.0.235.240 - - [28/Apr/2025:07:51:13 -0400] "GET /wp-content/plugins/contact-form-7-style/admin/predefined-templates.json HTTP/1.1" 200 1323 "-" "WordPress/6.8; https://batconpakistan.org"
13.94.89.74 - - [28/Apr/2025:07:51:12 -0400] "GET /wp-includes/js/tinymce/about.php HTTP/1.1" 404 15877 "-" "-"
13.94.89.74 - - [28/Apr/2025:07:51:14 -0400] "GET /wp-includes/js/tinymce/plugins/charmap/ HTTP/1.1" 403 1242 "-" "-"
13.94.89.74 - - [28/Apr/2025:07:51:15 -0400] "GET /wp-includes/js/tinymce/plugins/compat3x/css/ HTTP/1.1" 403 1242 "-" "-"
162.0.235.240 - - [28/Apr/2025:07:51:16 -0400] "GET /wp-content/plugins/contact-form-7-style/admin/predefined-templates.json HTTP/1.1" 200 1323 "-" "WordPress/6.8; https://batconpakistan.org"
13.94.89.74 - - [28/Apr/2025:07:51:15 -0400] "GET /wp-includes/js/tinymce/plugins/compat3x/css/index.php HTTP/1.1" 301 0 "-" "-"
13.94.89.74 - - [28/Apr/2025:07:51:16 -0400] "GET /wp-includes/js/tinymce/plugins/compat3x/css/ HTTP/1.1" 403 1242 "-" "-"
13.94.89.74 - - [28/Apr/2025:07:51:17 -0400] "GET /wp-includes/js/tinymce/plugins/directionality/ HTTP/1.1" 403 1242 "-" "-"
13.94.89.74 - - [28/Apr/2025:07:51:17 -0400] "GET /wp-includes/js/tinymce/plugins/image/ HTTP/1.1" 403 1242 "-" "-"
13.94.89.74 - - [28/Apr/2025:07:51:17 -0400] "GET /wp-includes/js/tinymce/plugins/wpview/ HTTP/1.1" 403 1242 "-" "-"
13.94.89.74 - - [28/Apr/2025:07:51:17 -0400] "GET /wp-includes/js/tinymce/skins/lightgray/img/ HTTP/1.1" 403 1242 "-" "-"
162.0.235.240 - - [28/Apr/2025:07:51:18 -0400] "GET /wp-content/plugins/contact-form-7-style/admin/predefined-templates.json HTTP/1.1" 200 1323 "-" "WordPress/6.8; https://batconpakistan.org"
162.0.235.240 - - [28/Apr/2025:07:51:19 -0400] "POST /wp-cron.php?doing_wp_cron=1745841079.2057631015777587890625 HTTP/1.1" 200 0 "-" "WordPress/6.8; https://batconpakistan.org"
13.94.89.74 - - [28/Apr/2025:07:51:17 -0400] "GET /wp-includes/js/tinymce/skins/lightgray/img/about.php HTTP/1.1" 404 15876 "-" "-"
162.0.235.240 - - [28/Apr/2025:07:51:20 -0400] "GET /wp-content/plugins/contact-form-7-style/admin/predefined-templates.json HTTP/1.1" 200 1323 "-" "WordPress/6.8; https://batconpakistan.org"
162.0.235.240 - - [28/Apr/2025:07:51:21 -0400] "GET /wp-content/plugins/contact-form-7-style/admin/predefined-templates.json HTTP/1.1" 200 1323 "-" "WordPress/6.8; https://batconpakistan.org"
13.94.89.74 - - [28/Apr/2025:07:51:20 -0400] "GET /wp-includes/js/tinymce/skins/lightgray/img/index.php HTTP/1.1" 301 0 "-" "-"
13.94.89.74 - - [28/Apr/2025:07:51:21 -0400] "GET /wp-includes/js/tinymce/skins/lightgray/img/ HTTP/1.1" 403 1242 "-" "-"
162.0.235.240 - - [28/Apr/2025:07:51:22 -0400] "GET /wp-content/plugins/contact-form-7-style/admin/predefined-templates.json HTTP/1.1" 200 1323 "-" "WordPress/6.8; https://batconpakistan.org"
13.94.89.74 - - [28/Apr/2025:07:51:21 -0400] "GET /wp-includes/js/tinymce/skins/wordpress/images/about.php HTTP/1.1" 404 15877 "-" "-"
162.0.235.240 - - [28/Apr/2025:07:51:24 -0400] "GET /wp-content/plugins/contact-form-7-style/admin/predefined-templates.json HTTP/1.1" 200 1323 "-" "WordPress/6.8; https://batconpakistan.org"
13.94.89.74 - - [28/Apr/2025:07:51:23 -0400] "GET /wp-includes/js/tinymce/skins/wordpress/images/index.php HTTP/1.1" 301 0 "-" "-"
13.94.89.74 - - [28/Apr/2025:07:51:25 -0400] "GET /wp-includes/js/tinymce/skins/wordpress/images/ HTTP/1.1" 403 1242 "-" "-"
162.0.235.240 - - [28/Apr/2025:07:51:26 -0400] "GET /wp-content/plugins/contact-form-7-style/admin/predefined-templates.json HTTP/1.1" 200 1323 "-" "WordPress/6.8; https://batconpakistan.org"
13.94.89.74 - - [28/Apr/2025:07:51:25 -0400] "GET /wp-includes/js/tinymce/skins/wordpress/images/index.php?p= HTTP/1.1" 301 0 "-" "-"
13.94.89.74 - - [28/Apr/2025:07:51:27 -0400] "GET /wp-includes/js/tinymce/skins/wordpress/images/ HTTP/1.1" 403 1242 "-" "-"
162.0.235.240 - - [28/Apr/2025:07:51:28 -0400] "GET /wp-content/plugins/contact-form-7-style/admin/predefined-templates.json HTTP/1.1" 200 1323 "-" "WordPress/6.8; https://batconpakistan.org"
13.94.89.74 - - [28/Apr/2025:07:51:27 -0400] "GET /wp-includes/js/tinymce/skins/wordpress/images/wp-login.php HTTP/1.1" 404 15878 "-" "-"
13.94.89.74 - - [28/Apr/2025:07:51:29 -0400] "GET /wp-includes/js/tinymce/themes/ HTTP/1.1" 403 1242 "-" "-"
13.94.89.74 - - [28/Apr/2025:07:51:30 -0400] "GET /wp-includes/js/tinymce/themes/inlite/ HTTP/1.1" 403 1242 "-" "-"
13.94.89.74 - - [28/Apr/2025:07:51:30 -0400] "GET /wp-includes/js/tinymce/utils/ HTTP/1.1" 403 1242 "-" "-"
13.94.89.74 - - [28/Apr/2025:07:51:30 -0400] "GET /wp-includes/js/tinymce/wp-tinymce.php HTTP/1.1" 403 1242 "-" "-"
162.0.235.240 - - [28/Apr/2025:07:51:31 -0400] "GET /wp-content/plugins/contact-form-7-style/admin/predefined-templates.json HTTP/1.1" 200 1323 "-" "WordPress/6.8; https://batconpakistan.org"
13.94.89.74 - - [28/Apr/2025:07:51:30 -0400] "GET /wp-includes/js/wp-login.php HTTP/1.1" 404 15877 "-" "-"
162.0.235.240 - - [28/Apr/2025:07:51:33 -0400] "GET /wp-content/plugins/contact-form-7-style/admin/predefined-templates.json HTTP/1.1" 200 1323 "-" "WordPress/6.8; https://batconpakistan.org"
13.94.89.74 - - [28/Apr/2025:07:51:32 -0400] "GET /wp-includes/js/x2.php HTTP/1.1" 404 15876 "-" "-"
162.0.235.240 - - [28/Apr/2025:07:51:35 -0400] "GET /wp-content/plugins/contact-form-7-style/admin/predefined-templates.json HTTP/1.1" 200 1323 "-" "WordPress/6.8; https://batconpakistan.org"
13.94.89.74 - - [28/Apr/2025:07:51:34 -0400] "GET /wp-includes/mah.php HTTP/1.1" 404 15877 "-" "-"
162.0.235.240 - - [28/Apr/2025:07:51:37 -0400] "GET /wp-content/plugins/contact-form-7-style/admin/predefined-templates.json HTTP/1.1" 200 1323 "-" "WordPress/6.8; https://batconpakistan.org"
13.94.89.74 - - [28/Apr/2025:07:51:36 -0400] "GET /wp-includes/mah.php?pass=888xyz999 HTTP/1.1" 404 15876 "-" "-"
162.0.235.240 - - [28/Apr/2025:07:51:39 -0400] "GET /wp-content/plugins/contact-form-7-style/admin/predefined-templates.json HTTP/1.1" 200 1323 "-" "WordPress/6.8; https://batconpakistan.org"
13.94.89.74 - - [28/Apr/2025:07:51:38 -0400] "GET /wp-includes/network.php HTTP/1.1" 404 15876 "-" "-"
162.0.235.240 - - [28/Apr/2025:07:51:41 -0400] "GET /wp-content/plugins/contact-form-7-style/admin/predefined-templates.json HTTP/1.1" 200 1323 "-" "WordPress/6.8; https://batconpakistan.org"
162.0.235.240 - - [28/Apr/2025:07:51:42 -0400] "POST /wp-cron.php?doing_wp_cron=1745841102.1446928977966308593750 HTTP/1.1" 200 0 "-" "WordPress/6.8; https://batconpakistan.org"
13.94.89.74 - - [28/Apr/2025:07:51:40 -0400] "GET /wp-includes/packed.php HTTP/1.1" 404 15876 "-" "-"
13.94.89.74 - - [28/Apr/2025:07:51:42 -0400] "GET /wp-includes/php-compat/ HTTP/1.1" 403 1242 "-" "-"
162.0.235.240 - - [28/Apr/2025:07:51:43 -0400] "GET /wp-content/plugins/contact-form-7-style/admin/predefined-templates.json HTTP/1.1" 200 1323 "-" "WordPress/6.8; https://batconpakistan.org"
162.0.235.240 - - [28/Apr/2025:07:51:44 -0400] "GET /wp-content/plugins/contact-form-7-style/admin/predefined-templates.json HTTP/1.1" 200 1323 "-" "WordPress/6.8; https://batconpakistan.org"
13.94.89.74 - - [28/Apr/2025:07:51:43 -0400] "GET /wp-includes/php-compat//chosen.php HTTP/1.1" 301 0 "-" "-"
162.0.235.240 - - [28/Apr/2025:07:51:45 -0400] "GET /wp-content/plugins/contact-form-7-style/admin/predefined-templates.json HTTP/1.1" 200 1323 "-" "WordPress/6.8; https://batconpakistan.org"
13.94.89.74 - - [28/Apr/2025:07:51:44 -0400] "GET /wp-includes/php-compat/chosen.php HTTP/1.1" 404 15879 "-" "-"
162.0.235.240 - - [28/Apr/2025:07:51:47 -0400] "GET /wp-content/plugins/contact-form-7-style/admin/predefined-templates.json HTTP/1.1" 200 1323 "-" "WordPress/6.8; https://batconpakistan.org"
13.94.89.74 - - [28/Apr/2025:07:51:46 -0400] "GET /wp-includes/php-compat/admiin.php HTTP/1.1" 404 15874 "-" "-"
13.94.89.74 - - [28/Apr/2025:07:51:48 -0400] "GET /wp-includes/pomo/ HTTP/1.1" 403 1242 "-" "-"
162.0.235.240 - - [28/Apr/2025:07:51:49 -0400] "GET /wp-content/plugins/contact-form-7-style/admin/predefined-templates.json HTTP/1.1" 200 1323 "-" "WordPress/6.8; https://batconpakistan.org"
162.0.235.240 - - [28/Apr/2025:07:51:50 -0400] "POST /wp-cron.php?doing_wp_cron=1745841109.9098680019378662109375 HTTP/1.1" 200 0 "-" "WordPress/6.8; https://batconpakistan.org"
13.94.89.74 - - [28/Apr/2025:07:51:48 -0400] "GET /wp-includes/pomo/about.php HTTP/1.1" 404 15876 "-" "-"
162.0.235.240 - - [28/Apr/2025:07:51:50 -0400] "GET /wp-content/plugins/contact-form-7-style/admin/predefined-templates.json HTTP/1.1" 200 1323 "-" "WordPress/6.8; https://batconpakistan.org"
162.0.235.240 - - [28/Apr/2025:07:51:51 -0400] "GET /wp-content/plugins/contact-form-7-style/admin/predefined-templates.json HTTP/1.1" 200 1323 "-" "WordPress/6.8; https://batconpakistan.org"
13.94.89.74 - - [28/Apr/2025:07:51:50 -0400] "GET /wp-includes/pomo/about.php?p= HTTP/1.1" 301 0 "-" "-"
13.94.89.74 - - [28/Apr/2025:07:51:52 -0400] "GET /wp-includes/pomo/about.php HTTP/1.1" 404 15876 "-" "-"
162.0.235.240 - - [28/Apr/2025:07:51:53 -0400] "GET /wp-content/plugins/contact-form-7-style/admin/predefined-templates.json HTTP/1.1" 200 1323 "-" "WordPress/6.8; https://batconpakistan.org"
13.94.89.74 - - [28/Apr/2025:07:51:52 -0400] "GET /wp-includes/pomo/admiin.php HTTP/1.1" 404 15877 "-" "-"
162.0.235.240 - - [28/Apr/2025:07:51:56 -0400] "GET /wp-content/plugins/contact-form-7-style/admin/predefined-templates.json HTTP/1.1" 200 1323 "-" "WordPress/6.8; https://batconpakistan.org"
162.0.235.240 - - [28/Apr/2025:07:51:56 -0400] "POST /wp-cron.php?doing_wp_cron=1745841116.3564140796661376953125 HTTP/1.1" 200 0 "-" "WordPress/6.8; https://batconpakistan.org"
13.94.89.74 - - [28/Apr/2025:07:51:54 -0400] "GET /wp-includes/pomo/admin.php HTTP/1.1" 404 15877 "-" "-"
162.0.235.240 - - [28/Apr/2025:07:51:57 -0400] "GET /wp-content/plugins/contact-form-7-style/admin/predefined-templates.json HTTP/1.1" 200 1323 "-" "WordPress/6.8; https://batconpakistan.org"
162.0.235.240 - - [28/Apr/2025:07:51:58 -0400] "GET /wp-content/plugins/contact-form-7-style/admin/predefined-templates.json HTTP/1.1" 200 1323 "-" "WordPress/6.8; https://batconpakistan.org"
13.94.89.74 - - [28/Apr/2025:07:51:57 -0400] "GET /wp-includes/pomo/autoload_classmap.php HTTP/1.1" 404 15878 "-" "-"
162.0.235.240 - - [28/Apr/2025:07:51:59 -0400] "GET /wp-content/plugins/contact-form-7-style/admin/predefined-templates.json HTTP/1.1" 200 1323 "-" "WordPress/6.8; https://batconpakistan.org"
13.94.89.74 - - [28/Apr/2025:07:51:59 -0400] "GET /wp-includes/pomo/chosen.php HTTP/1.1" 404 15876 "-" "-"
162.0.235.240 - - [28/Apr/2025:07:52:01 -0400] "GET /wp-content/plugins/contact-form-7-style/admin/predefined-templates.json HTTP/1.1" 200 1323 "-" "WordPress/6.8; https://batconpakistan.org"
13.94.89.74 - - [28/Apr/2025:07:52:00 -0400] "GET /wp-includes/pomo/fgertreyersd.php.suspected HTTP/1.1" 404 15876 "-" "-"
162.0.235.240 - - [28/Apr/2025:07:52:04 -0400] "GET /wp-content/plugins/contact-form-7-style/admin/predefined-templates.json HTTP/1.1" 200 1323 "-" "WordPress/6.8; https://batconpakistan.org"
13.94.89.74 - - [28/Apr/2025:07:52:02 -0400] "GET /wp-includes/pomo/install.php HTTP/1.1" 404 15877 "-" "-"
162.0.235.240 - - [28/Apr/2025:07:52:06 -0400] "GET /wp-content/plugins/contact-form-7-style/admin/predefined-templates.json HTTP/1.1" 200 1323 "-" "WordPress/6.8; https://batconpakistan.org"
162.0.235.240 - - [28/Apr/2025:07:52:06 -0400] "POST /wp-cron.php?doing_wp_cron=1745841126.3799190521240234375000 HTTP/1.1" 200 0 "-" "WordPress/6.8; https://batconpakistan.org"
13.94.89.74 - - [28/Apr/2025:07:52:05 -0400] "GET /wp-includes/pomo/plugins.php HTTP/1.1" 404 15877 "-" "-"
162.0.235.240 - - [28/Apr/2025:07:52:07 -0400] "GET /wp-content/plugins/contact-form-7-style/admin/predefined-templates.json HTTP/1.1" 200 1323 "-" "WordPress/6.8; https://batconpakistan.org"
13.94.89.74 - - [28/Apr/2025:07:52:07 -0400] "GET /wp-includes/pomo/wp-conflg.php HTTP/1.1" 404 15876 "-" "-"
162.0.235.240 - - [28/Apr/2025:07:52:07 -0400] "POST /wp-admin/admin-ajax.php?action=async_litespeed&nonce=9Jn4IVyn0hK39lPDezUGLSmLCeZv0RNC&litespeed_type=imgoptm HTTP/1.1" 200 0 "-" "WordPress/6.8; https://batconpakistan.org"
162.0.235.240 - - [28/Apr/2025:07:52:08 -0400] "GET /wp-content/plugins/contact-form-7-style/admin/predefined-templates.json HTTP/1.1" 200 1323 "-" "WordPress/6.8; https://batconpakistan.org"
162.0.235.240 - - [28/Apr/2025:07:52:08 -0400] "GET /wp-content/plugins/contact-form-7-style/admin/predefined-templates.json HTTP/1.1" 200 1323 "-" "WordPress/6.8; https://batconpakistan.org"
13.94.89.74 - - [28/Apr/2025:07:52:07 -0400] "GET /wp-includes/pomo/wp-login.php HTTP/1.1" 404 15879 "-" "-"
162.0.235.240 - - [28/Apr/2025:07:52:10 -0400] "GET /wp-content/plugins/contact-form-7-style/admin/predefined-templates.json HTTP/1.1" 200 1323 "-" "WordPress/6.8; https://batconpakistan.org"
13.94.89.74 - - [28/Apr/2025:07:52:09 -0400] "GET /wp-includes/radio.php HTTP/1.1" 404 15876 "-" "-"
13.94.89.74 - - [28/Apr/2025:07:52:11 -0400] "GET /wp-includes/random_compat/ HTTP/1.1" 403 1242 "-" "-"
162.0.235.240 - - [28/Apr/2025:07:52:12 -0400] "GET /wp-content/plugins/contact-form-7-style/admin/predefined-templates.json HTTP/1.1" 200 1323 "-" "WordPress/6.8; https://batconpakistan.org"
13.94.89.74 - - [28/Apr/2025:07:52:11 -0400] "GET /wp-includes/random_compat/about.php HTTP/1.1" 404 15876 "-" "-"
162.0.235.240 - - [28/Apr/2025:07:52:14 -0400] "GET /wp-content/plugins/contact-form-7-style/admin/predefined-templates.json HTTP/1.1" 200 1323 "-" "WordPress/6.8; https://batconpakistan.org"
13.94.89.74 - - [28/Apr/2025:07:52:13 -0400] "GET /wp-includes/random_compat/chosen.php HTTP/1.1" 404 15877 "-" "-"
13.94.89.74 - - [28/Apr/2025:07:52:15 -0400] "GET /wp-includes/rest-api/ HTTP/1.1" 403 1242 "-" "-"
162.0.235.240 - - [28/Apr/2025:07:52:16 -0400] "GET /wp-content/plugins/contact-form-7-style/admin/predefined-templates.json HTTP/1.1" 200 1323 "-" "WordPress/6.8; https://batconpakistan.org"
13.94.89.74 - - [28/Apr/2025:07:52:15 -0400] "GET /wp-includes/rest-api//class-wp-rest-core.php HTTP/1.1" 301 0 "-" "-"
162.0.235.240 - - [28/Apr/2025:07:52:18 -0400] "GET /wp-content/plugins/contact-form-7-style/admin/predefined-templates.json HTTP/1.1" 200 1323 "-" "WordPress/6.8; https://batconpakistan.org"
13.94.89.74 - - [28/Apr/2025:07:52:17 -0400] "GET /wp-includes/rest-api/class-wp-rest-core.php HTTP/1.1" 404 15876 "-" "-"
162.0.235.240 - - [28/Apr/2025:07:52:19 -0400] "GET /wp-content/plugins/contact-form-7-style/admin/predefined-templates.json HTTP/1.1" 200 1323 "-" "WordPress/6.8; https://batconpakistan.org"
13.94.89.74 - - [28/Apr/2025:07:52:19 -0400] "GET /wp-includes/rest-api//ot_shipping.php HTTP/1.1" 301 0 "-" "-"
162.0.235.240 - - [28/Apr/2025:07:52:21 -0400] "GET /wp-content/plugins/contact-form-7-style/admin/predefined-templates.json HTTP/1.1" 200 1323 "-" "WordPress/6.8; https://batconpakistan.org"
13.94.89.74 - - [28/Apr/2025:07:52:20 -0400] "GET /wp-includes/rest-api/ot_shipping.php HTTP/1.1" 404 15877 "-" "-"
162.0.235.240 - - [28/Apr/2025:07:52:23 -0400] "GET /wp-content/plugins/contact-form-7-style/admin/predefined-templates.json HTTP/1.1" 200 1323 "-" "WordPress/6.8; https://batconpakistan.org"
13.94.89.74 - - [28/Apr/2025:07:52:22 -0400] "GET /wp-includes/rest-api/about.php HTTP/1.1" 404 15876 "-" "-"
162.0.235.240 - - [28/Apr/2025:07:52:25 -0400] "GET /wp-content/plugins/contact-form-7-style/admin/predefined-templates.json HTTP/1.1" 200 1323 "-" "WordPress/6.8; https://batconpakistan.org"
13.94.89.74 - - [28/Apr/2025:07:52:24 -0400] "GET /wp-includes/rest-api/admin.php HTTP/1.1" 404 15878 "-" "-"
162.0.235.240 - - [28/Apr/2025:07:52:26 -0400] "GET /wp-content/plugins/contact-form-7-style/admin/predefined-templates.json HTTP/1.1" 200 1323 "-" "WordPress/6.8; https://batconpakistan.org"
13.94.89.74 - - [28/Apr/2025:07:52:25 -0400] "GET /wp-includes/rest-api/alfa-rex.php HTTP/1.1" 404 15879 "-" "-"
162.0.235.240 - - [28/Apr/2025:07:52:28 -0400] "GET /wp-content/plugins/contact-form-7-style/admin/predefined-templates.json HTTP/1.1" 200 1323 "-" "WordPress/6.8; https://batconpakistan.org"
13.94.89.74 - - [28/Apr/2025:07:52:27 -0400] "GET /wp-includes/rest-api/autoload_classmap.php HTTP/1.1" 404 15876 "-" "-"
13.94.89.74 - - [28/Apr/2025:07:52:30 -0400] "GET /wp-includes/rest-api/endpoints/ HTTP/1.1" 403 1242 "-" "-"
162.0.235.240 - - [28/Apr/2025:07:52:31 -0400] "GET /wp-content/plugins/contact-form-7-style/admin/predefined-templates.json HTTP/1.1" 200 1323 "-" "WordPress/6.8; https://batconpakistan.org"
13.94.89.74 - - [28/Apr/2025:07:52:30 -0400] "GET /wp-includes/rest-api/endpoints/admiin.php HTTP/1.1" 404 15875 "-" "-"
13.94.89.74 - - [28/Apr/2025:07:52:32 -0400] "GET /wp-includes/rest-api/endpoints/index.php HTTP/1.1" 403 1242 "-" "-"
13.94.89.74 - - [28/Apr/2025:07:52:33 -0400] "GET /wp-includes/rest-api/endpoints/index.php?p= HTTP/1.1" 403 1242 "-" "-"
13.94.89.74 - - [28/Apr/2025:07:52:33 -0400] "GET /wp-includes/rest-api/fields/ HTTP/1.1" 403 1242 "-" "-"
162.0.235.240 - - [28/Apr/2025:07:52:34 -0400] "GET /wp-content/plugins/contact-form-7-style/admin/predefined-templates.json HTTP/1.1" 200 1323 "-" "WordPress/6.8; https://batconpakistan.org"
13.94.89.74 - - [28/Apr/2025:07:52:33 -0400] "GET /wp-includes/rest-api/fields/admin.php HTTP/1.1" 404 15876 "-" "-"
13.94.89.74 - - [28/Apr/2025:07:52:36 -0400] "GET /wp-includes/rest-api/fields/index.php HTTP/1.1" 403 1242 "-" "-"
13.94.89.74 - - [28/Apr/2025:07:52:36 -0400] "GET /wp-includes/rest-api/search/ HTTP/1.1" 403 1242 "-" "-"
162.0.235.240 - - [28/Apr/2025:07:52:37 -0400] "GET /wp-content/plugins/contact-form-7-style/admin/predefined-templates.json HTTP/1.1" 200 1323 "-" "WordPress/6.8; https://batconpakistan.org"
13.94.89.74 - - [28/Apr/2025:07:52:36 -0400] "GET /wp-includes/rest-api/search/alfa-rex.php HTTP/1.1" 404 15876 "-" "-"
13.94.89.74 - - [28/Apr/2025:07:52:38 -0400] "GET /wp-includes/sitemaps/ HTTP/1.1" 403 1242 "-" "-"
162.0.235.240 - - [28/Apr/2025:07:52:39 -0400] "GET /wp-content/plugins/contact-form-7-style/admin/predefined-templates.json HTTP/1.1" 200 1323 "-" "WordPress/6.8; https://batconpakistan.org"
162.0.235.240 - - [28/Apr/2025:07:52:40 -0400] "POST /wp-cron.php?doing_wp_cron=1745841160.1752099990844726562500 HTTP/1.1" 200 0 "-" "WordPress/6.8; https://batconpakistan.org"
13.94.89.74 - - [28/Apr/2025:07:52:38 -0400] "GET /wp-includes/sitemaps//wp-login.php HTTP/1.1" 301 0 "-" "-"
162.0.235.240 - - [28/Apr/2025:07:52:40 -0400] "GET /wp-content/plugins/contact-form-7-style/admin/predefined-templates.json HTTP/1.1" 200 1323 "-" "WordPress/6.8; https://batconpakistan.org"
162.0.235.240 - - [28/Apr/2025:07:52:41 -0400] "GET /wp-content/plugins/contact-form-7-style/admin/predefined-templates.json HTTP/1.1" 200 1323 "-" "WordPress/6.8; https://batconpakistan.org"
13.94.89.74 - - [28/Apr/2025:07:52:40 -0400] "GET /wp-includes/sitemaps/wp-login.php HTTP/1.1" 404 15877 "-" "-"
162.0.235.240 - - [28/Apr/2025:07:52:43 -0400] "GET /wp-content/plugins/contact-form-7-style/admin/predefined-templates.json HTTP/1.1" 200 1323 "-" "WordPress/6.8; https://batconpakistan.org"
13.94.89.74 - - [28/Apr/2025:07:52:42 -0400] "GET /wp-includes/sitemaps/about.php HTTP/1.1" 404 15877 "-" "-"
162.0.235.240 - - [28/Apr/2025:07:52:45 -0400] "GET /wp-content/plugins/contact-form-7-style/admin/predefined-templates.json HTTP/1.1" 200 1323 "-" "WordPress/6.8; https://batconpakistan.org"
13.94.89.74 - - [28/Apr/2025:07:52:44 -0400] "GET /wp-includes/sitemaps/autoload_classmap.php HTTP/1.1" 404 15876 "-" "-"
13.94.89.74 - - [28/Apr/2025:07:52:45 -0400] "GET /wp-includes/sitemaps/index.php HTTP/1.1" 403 1242 "-" "-"
13.94.89.74 - - [28/Apr/2025:07:52:46 -0400] "GET /wp-includes/sitemaps/providers/ HTTP/1.1" 403 1242 "-" "-"
162.0.235.240 - - [28/Apr/2025:07:52:47 -0400] "GET /wp-content/plugins/contact-form-7-style/admin/predefined-templates.json HTTP/1.1" 200 1323 "-" "WordPress/6.8; https://batconpakistan.org"
162.0.235.240 - - [28/Apr/2025:07:52:48 -0400] "POST /wp-cron.php?doing_wp_cron=1745841168.0493030548095703125000 HTTP/1.1" 200 0 "-" "WordPress/6.8; https://batconpakistan.org"
13.94.89.74 - - [28/Apr/2025:07:52:46 -0400] "GET /wp-includes/sitemaps/providers/about.php HTTP/1.1" 404 15877 "-" "-"
13.94.89.74 - - [28/Apr/2025:07:52:49 -0400] "GET /wp-includes/sitemaps/providers/index.php HTTP/1.1" 403 1242 "-" "-"
162.0.235.240 - - [28/Apr/2025:07:52:50 -0400] "GET /wp-content/plugins/contact-form-7-style/admin/predefined-templates.json HTTP/1.1" 200 1323 "-" "WordPress/6.8; https://batconpakistan.org"
162.0.235.240 - - [28/Apr/2025:07:52:54 -0400] "GET /wp-content/plugins/contact-form-7-style/admin/predefined-templates.json HTTP/1.1" 200 1323 "-" "WordPress/6.8; https://batconpakistan.org"
13.94.89.74 - - [28/Apr/2025:07:52:50 -0400] "GET /wp-includes/sitemaps/providers/wp-error_log.php HTTP/1.1" 404 15874 "-" "-"
13.94.89.74 - - [28/Apr/2025:07:52:58 -0400] "GET /wp-includes/sodium_compat/ HTTP/1.1" 403 1242 "-" "-"
162.0.235.240 - - [28/Apr/2025:07:53:02 -0400] "GET /wp-content/plugins/contact-form-7-style/admin/predefined-templates.json HTTP/1.1" 200 1323 "-" "WordPress/6.8; https://batconpakistan.org"
162.0.235.240 - - [28/Apr/2025:07:53:03 -0400] "POST /wp-cron.php?doing_wp_cron=1745841182.9315280914306640625000 HTTP/1.1" 200 0 "-" "WordPress/6.8; https://batconpakistan.org"
13.94.89.74 - - [28/Apr/2025:07:53:00 -0400] "GET /wp-includes/sodium_compat/admiin.php HTTP/1.1" 404 15876 "-" "-"
162.0.235.240 - - [28/Apr/2025:07:53:05 -0400] "GET /wp-content/plugins/contact-form-7-style/admin/predefined-templates.json HTTP/1.1" 200 1323 "-" "WordPress/6.8; https://batconpakistan.org"
162.0.235.240 - - [28/Apr/2025:07:53:06 -0400] "POST /wp-admin/admin-ajax.php?action=async_litespeed&nonce=Ec3A2OCUXI57XPzVXgjlBDQStT8bn1BQ&litespeed_type=imgoptm HTTP/1.1" 200 0 "-" "WordPress/6.8; https://batconpakistan.org"
162.0.235.240 - - [28/Apr/2025:07:53:07 -0400] "GET /wp-content/plugins/contact-form-7-style/admin/predefined-templates.json HTTP/1.1" 200 1323 "-" "WordPress/6.8; https://batconpakistan.org"
162.0.235.240 - - [28/Apr/2025:07:53:08 -0400] "GET /wp-content/plugins/contact-form-7-style/admin/predefined-templates.json HTTP/1.1" 200 1323 "-" "WordPress/6.8; https://batconpakistan.org"
13.94.89.74 - - [28/Apr/2025:07:53:05 -0400] "GET /wp-includes/sodium_compat/autoload_classmap.php HTTP/1.1" 404 15876 "-" "-"
13.94.89.74 - - [28/Apr/2025:07:53:09 -0400] "GET /wp-includes/sodium_compat/index.php HTTP/1.1" 403 1242 "-" "-"
13.94.89.74 - - [28/Apr/2025:07:53:10 -0400] "GET /wp-includes/sodium_compat/namespaced/ HTTP/1.1" 403 1242 "-" "-"
13.94.89.74 - - [28/Apr/2025:07:53:10 -0400] "GET /wp-includes/sodium_compat/namespaced/Core/Curve25519/Ge/ HTTP/1.1" 403 1242 "-" "-"
13.94.89.74 - - [28/Apr/2025:07:53:11 -0400] "GET /wp-includes/sodium_compat/src/ HTTP/1.1" 403 1242 "-" "-"
162.0.235.240 - - [28/Apr/2025:07:53:14 -0400] "GET /wp-content/plugins/contact-form-7-style/admin/predefined-templates.json HTTP/1.1" 200 1323 "-" "WordPress/6.8; https://batconpakistan.org"
13.94.89.74 - - [28/Apr/2025:07:53:11 -0400] "GET /wp-includes/sodium_compat/src/Core/Curve25519/Ge/about.php HTTP/1.1" 404 15876 "-" "-"
13.94.89.74 - - [28/Apr/2025:07:53:16 -0400] "GET /wp-includes/sodium_compat/src/Core/Curve25519/Ge/index.php?p= HTTP/1.1" 403 1242 "-" "-"
162.0.235.240 - - [28/Apr/2025:07:53:18 -0400] "GET /wp-content/plugins/contact-form-7-style/admin/predefined-templates.json HTTP/1.1" 200 1323 "-" "WordPress/6.8; https://batconpakistan.org"
13.94.89.74 - - [28/Apr/2025:07:53:16 -0400] "GET /wp-includes/sodium_compat/src/Core32/Curve25519/Ge//Core32.php HTTP/1.1" 301 0 "-" "-"
162.0.235.240 - - [28/Apr/2025:07:53:20 -0400] "GET /wp-content/plugins/contact-form-7-style/admin/predefined-templates.json HTTP/1.1" 200 1323 "-" "WordPress/6.8; https://batconpakistan.org"
13.94.89.74 - - [28/Apr/2025:07:53:19 -0400] "GET /wp-includes/sodium_compat/src/Core32/Curve25519/Ge/Core32.php HTTP/1.1" 404 15875 "-" "-"
162.0.235.240 - - [28/Apr/2025:07:53:23 -0400] "GET /wp-content/plugins/contact-form-7-style/admin/predefined-templates.json HTTP/1.1" 200 1323 "-" "WordPress/6.8; https://batconpakistan.org"
13.94.89.74 - - [28/Apr/2025:07:53:21 -0400] "GET /wp-includes/sodium_compat/src/Core32/Curve25519/Ge/about.php HTTP/1.1" 404 15876 "-" "-"
13.94.89.74 - - [28/Apr/2025:07:53:24 -0400] "GET /wp-includes/sodium_compat/src/Core32/Poly1305/ HTTP/1.1" 403 1242 "-" "-"
162.0.235.240 - - [28/Apr/2025:07:53:25 -0400] "GET /wp-content/plugins/contact-form-7-style/admin/predefined-templates.json HTTP/1.1" 200 1323 "-" "WordPress/6.8; https://batconpakistan.org"
13.94.89.74 - - [28/Apr/2025:07:53:24 -0400] "GET /wp-includes/sodium_compat/src/alfa-rex.php HTTP/1.1" 404 15876 "-" "-"
162.0.235.240 - - [28/Apr/2025:07:53:28 -0400] "GET /wp-content/plugins/contact-form-7-style/admin/predefined-templates.json HTTP/1.1" 200 1323 "-" "WordPress/6.8; https://batconpakistan.org"
13.94.89.74 - - [28/Apr/2025:07:53:26 -0400] "GET /wp-includes/sodium_compat/src/content.php HTTP/1.1" 404 15876 "-" "-"
13.94.89.74 - - [28/Apr/2025:07:53:29 -0400] "GET /wp-includes/sodium_compat/src/index.php HTTP/1.1" 403 1242 "-" "-"
162.0.235.240 - - [28/Apr/2025:07:53:30 -0400] "GET /wp-content/plugins/contact-form-7-style/admin/predefined-templates.json HTTP/1.1" 200 1323 "-" "WordPress/6.8; https://batconpakistan.org"
13.94.89.74 - - [28/Apr/2025:07:53:29 -0400] "GET /wp-includes/sodium_compat/wp-login.php HTTP/1.1" 404 15877 "-" "-"
13.94.89.74 - - [28/Apr/2025:07:53:31 -0400] "GET /wp-includes/style-engine/ HTTP/1.1" 403 1242 "-" "-"
162.0.235.240 - - [28/Apr/2025:07:53:33 -0400] "GET /wp-content/plugins/contact-form-7-style/admin/predefined-templates.json HTTP/1.1" 200 1323 "-" "WordPress/6.8; https://batconpakistan.org"
13.94.89.74 - - [28/Apr/2025:07:53:32 -0400] "GET /wp-includes/style-engine/about.php HTTP/1.1" 404 15881 "-" "-"
162.0.235.240 - - [28/Apr/2025:07:53:35 -0400] "GET /wp-content/plugins/contact-form-7-style/admin/predefined-templates.json HTTP/1.1" 200 1323 "-" "WordPress/6.8; https://batconpakistan.org"
13.94.89.74 - - [28/Apr/2025:07:53:34 -0400] "GET /wp-includes/style-engine/admiin.php HTTP/1.1" 404 15875 "-" "-"
162.0.235.240 - - [28/Apr/2025:07:53:37 -0400] "GET /wp-content/plugins/contact-form-7-style/admin/predefined-templates.json HTTP/1.1" 200 1323 "-" "WordPress/6.8; https://batconpakistan.org"
13.94.89.74 - - [28/Apr/2025:07:53:36 -0400] "GET /wp-includes/style-engine/admin.php HTTP/1.1" 404 15877 "-" "-"
162.0.235.240 - - [28/Apr/2025:07:53:40 -0400] "GET /wp-content/plugins/contact-form-7-style/admin/predefined-templates.json HTTP/1.1" 200 1323 "-" "WordPress/6.8; https://batconpakistan.org"
162.0.235.240 - - [28/Apr/2025:07:53:40 -0400] "POST /wp-cron.php?doing_wp_cron=1745841220.5974469184875488281250 HTTP/1.1" 200 0 "-" "WordPress/6.8; https://batconpakistan.org"
13.94.89.74 - - [28/Apr/2025:07:53:38 -0400] "GET /wp-includes/style-engine/autoload_classmap.php HTTP/1.1" 404 15878 "-" "-"
162.0.235.240 - - [28/Apr/2025:07:53:41 -0400] "GET /wp-content/plugins/contact-form-7-style/admin/predefined-templates.json HTTP/1.1" 200 1323 "-" "WordPress/6.8; https://batconpakistan.org"
162.0.235.240 - - [28/Apr/2025:07:53:42 -0400] "GET /wp-content/plugins/contact-form-7-style/admin/predefined-templates.json HTTP/1.1" 200 1323 "-" "WordPress/6.8; https://batconpakistan.org"
13.94.89.74 - - [28/Apr/2025:07:53:41 -0400] "GET /wp-includes/style-engine/content.php HTTP/1.1" 404 15876 "-" "-"
162.0.235.240 - - [28/Apr/2025:07:53:45 -0400] "GET /wp-content/plugins/contact-form-7-style/admin/predefined-templates.json HTTP/1.1" 200 1323 "-" "WordPress/6.8; https://batconpakistan.org"
13.94.89.74 - - [28/Apr/2025:07:53:43 -0400] "GET /wp-includes/style-engine/index.php HTTP/1.1" 301 0 "-" "-"
13.94.89.74 - - [28/Apr/2025:07:53:45 -0400] "GET /wp-includes/style-engine/ HTTP/1.1" 403 1242 "-" "-"
162.0.235.240 - - [28/Apr/2025:07:53:47 -0400] "GET /wp-content/plugins/contact-form-7-style/admin/predefined-templates.json HTTP/1.1" 200 1323 "-" "WordPress/6.8; https://batconpakistan.org"
13.94.89.74 - - [28/Apr/2025:07:53:46 -0400] "GET /wp-includes/style-engine/wp-login.php HTTP/1.1" 404 15877 "-" "-"
13.94.89.74 - - [28/Apr/2025:07:53:48 -0400] "GET /wp-includes/theme-compat/ HTTP/1.1" 403 1242 "-" "-"
162.0.235.240 - - [28/Apr/2025:07:53:49 -0400] "GET /wp-content/plugins/contact-form-7-style/admin/predefined-templates.json HTTP/1.1" 200 1323 "-" "WordPress/6.8; https://batconpakistan.org"
162.0.235.240 - - [28/Apr/2025:07:53:49 -0400] "POST /wp-cron.php?doing_wp_cron=1745841229.5736150741577148437500 HTTP/1.1" 200 0 "-" "WordPress/6.8; https://batconpakistan.org"
13.94.89.74 - - [28/Apr/2025:07:53:48 -0400] "GET /wp-includes/theme-compat/about.php HTTP/1.1" 404 15877 "-" "-"
162.0.235.240 - - [28/Apr/2025:07:53:50 -0400] "GET /wp-content/plugins/contact-form-7-style/admin/predefined-templates.json HTTP/1.1" 200 1323 "-" "WordPress/6.8; https://batconpakistan.org"
162.0.235.240 - - [28/Apr/2025:07:53:51 -0400] "GET /wp-content/plugins/contact-form-7-style/admin/predefined-templates.json HTTP/1.1" 200 1323 "-" "WordPress/6.8; https://batconpakistan.org"
13.94.89.74 - - [28/Apr/2025:07:53:50 -0400] "GET /wp-includes/theme-compat/autoload_classmap.php HTTP/1.1" 404 15876 "-" "-"
13.94.89.74 - - [28/Apr/2025:07:53:52 -0400] "GET /wp-includes/theme-compat/chosen.php HTTP/1.1" 404 15876 "-" "-"
13.94.89.74 - - [28/Apr/2025:07:53:53 -0400] "GET /wp-includes/theme-compat/index.php HTTP/1.1" 403 1242 "-" "-"
162.0.235.240 - - [28/Apr/2025:07:53:54 -0400] "GET /wp-content/plugins/contact-form-7-style/admin/predefined-templates.json HTTP/1.1" 200 1323 "-" "WordPress/6.8; https://batconpakistan.org"
13.94.89.74 - - [28/Apr/2025:07:53:53 -0400] "GET /wp-includes/theme-compat/wp-conflg.php/wp-content/plugins/google-seo-rank/index.php HTTP/1.1" 301 0 "-" "-"
162.0.235.240 - - [28/Apr/2025:07:53:56 -0400] "GET /wp-content/plugins/contact-form-7-style/admin/predefined-templates.json HTTP/1.1" 200 1323 "-" "WordPress/6.8; https://batconpakistan.org"
162.0.235.240 - - [28/Apr/2025:07:53:56 -0400] "POST /wp-cron.php?doing_wp_cron=1745841236.8200249671936035156250 HTTP/1.1" 200 0 "-" "WordPress/6.8; https://batconpakistan.org"
13.94.89.74 - - [28/Apr/2025:07:53:55 -0400] "GET /wp-includes/theme-compat/wp-conflg.php/wp-content/plugins/google-seo-rank/ HTTP/1.1" 404 15877 "-" "-"
162.0.235.240 - - [28/Apr/2025:07:53:57 -0400] "GET /wp-content/plugins/contact-form-7-style/admin/predefined-templates.json HTTP/1.1" 200 1323 "-" "WordPress/6.8; https://batconpakistan.org"
162.0.235.240 - - [28/Apr/2025:07:53:58 -0400] "GET /wp-content/plugins/contact-form-7-style/admin/predefined-templates.json HTTP/1.1" 200 1323 "-" "WordPress/6.8; https://batconpakistan.org"
13.94.89.74 - - [28/Apr/2025:07:53:57 -0400] "GET /wp-includes/theme-compat/wp-login.php HTTP/1.1" 404 15877 "-" "-"
162.0.235.240 - - [28/Apr/2025:07:54:01 -0400] "GET /wp-content/plugins/contact-form-7-style/admin/predefined-templates.json HTTP/1.1" 200 1323 "-" "WordPress/6.8; https://batconpakistan.org"
13.94.89.74 - - [28/Apr/2025:07:54:00 -0400] "GET /wp-includes/theme-compat/x2.php HTTP/1.1" 404 15877 "-" "-"
162.0.235.240 - - [28/Apr/2025:07:54:03 -0400] "GET /wp-content/plugins/contact-form-7-style/admin/predefined-templates.json HTTP/1.1" 200 1323 "-" "WordPress/6.8; https://batconpakistan.org"
13.94.89.74 - - [28/Apr/2025:07:54:02 -0400] "GET /wp-includes/themes.php HTTP/1.1" 404 15876 "-" "-"
162.0.235.240 - - [28/Apr/2025:07:54:05 -0400] "GET /wp-content/plugins/contact-form-7-style/admin/predefined-templates.json HTTP/1.1" 200 1323 "-" "WordPress/6.8; https://batconpakistan.org"
162.0.235.240 - - [28/Apr/2025:07:54:06 -0400] "POST /wp-cron.php?doing_wp_cron=1745841245.9705719947814941406250 HTTP/1.1" 200 0 "-" "WordPress/6.8; https://batconpakistan.org"
13.94.89.74 - - [28/Apr/2025:07:54:04 -0400] "GET /wp-includes/upload.php HTTP/1.1" 404 15877 "-" "-"
13.94.89.74 - - [28/Apr/2025:07:54:07 -0400] "GET /wp-includes/widgets/ HTTP/1.1" 403 1242 "-" "-"
162.0.235.240 - - [28/Apr/2025:07:54:07 -0400] "GET /wp-content/plugins/contact-form-7-style/admin/predefined-templates.json HTTP/1.1" 200 1323 "-" "WordPress/6.8; https://batconpakistan.org"
162.0.235.240 - - [28/Apr/2025:07:54:07 -0400] "POST /wp-admin/admin-ajax.php?action=async_litespeed&nonce=xR5O5JnQ6MgsEFl01nvFnkdjH0jybwPN&litespeed_type=imgoptm HTTP/1.1" 200 0 "-" "WordPress/6.8; https://batconpakistan.org"
162.0.235.240 - - [28/Apr/2025:07:54:08 -0400] "GET /wp-content/plugins/contact-form-7-style/admin/predefined-templates.json HTTP/1.1" 200 1323 "-" "WordPress/6.8; https://batconpakistan.org"
162.0.235.240 - - [28/Apr/2025:07:54:08 -0400] "GET /wp-content/plugins/contact-form-7-style/admin/predefined-templates.json HTTP/1.1" 200 1323 "-" "WordPress/6.8; https://batconpakistan.org"
13.94.89.74 - - [28/Apr/2025:07:54:07 -0400] "GET /wp-includes/widgets//class-wp-widget-tag.php HTTP/1.1" 301 0 "-" "-"
162.0.235.240 - - [28/Apr/2025:07:54:10 -0400] "GET /wp-content/plugins/contact-form-7-style/admin/predefined-templates.json HTTP/1.1" 200 1323 "-" "WordPress/6.8; https://batconpakistan.org"
13.94.89.74 - - [28/Apr/2025:07:54:09 -0400] "GET /wp-includes/widgets/class-wp-widget-tag.php HTTP/1.1" 404 15877 "-" "-"
162.0.235.240 - - [28/Apr/2025:07:54:12 -0400] "GET /wp-content/plugins/contact-form-7-style/admin/predefined-templates.json HTTP/1.1" 200 1323 "-" "WordPress/6.8; https://batconpakistan.org"
13.94.89.74 - - [28/Apr/2025:07:54:11 -0400] "GET /wp-includes/widgets/about.php HTTP/1.1" 404 15878 "-" "-"
162.0.235.240 - - [28/Apr/2025:07:54:14 -0400] "GET /wp-content/plugins/contact-form-7-style/admin/predefined-templates.json HTTP/1.1" 200 1323 "-" "WordPress/6.8; https://batconpakistan.org"
13.94.89.74 - - [28/Apr/2025:07:54:13 -0400] "GET /wp-includes/widgets/about.php?p= HTTP/1.1" 301 0 "-" "-"
13.94.89.74 - - [28/Apr/2025:07:54:15 -0400] "GET /wp-includes/widgets/about.php HTTP/1.1" 404 15878 "-" "-"
13.94.89.74 - - [28/Apr/2025:07:54:15 -0400] "GET /wp-includes/widgets/index.php HTTP/1.1" 403 1242 "-" "-"
162.0.235.240 - - [28/Apr/2025:07:54:16 -0400] "GET /wp-content/plugins/contact-form-7-style/admin/predefined-templates.json HTTP/1.1" 200 1323 "-" "WordPress/6.8; https://batconpakistan.org"
13.94.89.74 - - [28/Apr/2025:07:54:15 -0400] "GET /wp-includes/widgets/xBrain.php HTTP/1.1" 404 15875 "-" "-"
162.0.235.240 - - [28/Apr/2025:07:54:18 -0400] "GET /wp-content/plugins/contact-form-7-style/admin/predefined-templates.json HTTP/1.1" 200 1323 "-" "WordPress/6.8; https://batconpakistan.org"
13.94.89.74 - - [28/Apr/2025:07:54:17 -0400] "GET /wp-includes/wjacfltdmPx.php HTTP/1.1" 404 15877 "-" "-"
162.0.235.240 - - [28/Apr/2025:07:54:21 -0400] "GET /wp-content/plugins/contact-form-7-style/admin/predefined-templates.json HTTP/1.1" 200 1323 "-" "WordPress/6.8; https://batconpakistan.org"
13.94.89.74 - - [28/Apr/2025:07:54:20 -0400] "GET /wp-includes/wp-activate.php HTTP/1.1" 404 15877 "-" "-"
162.0.235.240 - - [28/Apr/2025:07:54:23 -0400] "GET /wp-content/plugins/contact-form-7-style/admin/predefined-templates.json HTTP/1.1" 200 1323 "-" "WordPress/6.8; https://batconpakistan.org"
13.94.89.74 - - [28/Apr/2025:07:54:22 -0400] "GET /wp-includes/wp-atom.php HTTP/1.1" 301 0 "-" "-"
13.94.89.74 - - [28/Apr/2025:07:54:25 -0400] "GET /feed/atom/ HTTP/1.1" 200 101989 "-" "-"
13.94.89.74 - - [28/Apr/2025:07:54:26 -0400] "GET /wp-includes/wp-class.php HTTP/1.1" 404 15877 "-" "-"
