2a03:2880:f800:3c:: - - [13/Oct/2025:17:21:53 -0400] "GET /product-category/clothing/ HTTP/1.1" 200 17747 "-" "meta-externalagent/1.1 (+https://developers.facebook.com/docs/sharing/webmasters/crawler)"
85.208.96.212 - - [13/Oct/2025:17:26:02 -0400] "GET /robots.txt HTTP/1.1" 304 0 "-" "Mozilla/5.0 (compatible; SemrushBot/7~bl; +http://www.semrush.com/bot.html)"
162.0.235.240 - - [13/Oct/2025:17:26:06 -0400] "GET /wp-content/plugins/contact-form-7-style/admin/predefined-templates.json HTTP/1.1" 200 1323 "-" "WordPress/6.8.3; https://batconpakistan.org"
162.0.235.240 - - [13/Oct/2025:17:26:06 -0400] "POST /wp-cron.php?doing_wp_cron=1760390766.7986469268798828125000 HTTP/1.1" 200 0 "-" "WordPress/6.8.3; https://batconpakistan.org"
162.0.235.240 - - [13/Oct/2025:17:26:07 -0400] "GET /wp-content/plugins/contact-form-7-style/admin/predefined-templates.json HTTP/1.1" 200 1323 "-" "WordPress/6.8.3; https://batconpakistan.org"
85.208.96.205 - - [13/Oct/2025:17:26:03 -0400] "GET /2021/01/ HTTP/1.1" 200 27155 "-" "Mozilla/5.0 (compatible; SemrushBot/7~bl; +http://www.semrush.com/bot.html)"
162.0.235.240 - - [13/Oct/2025:17:27:49 -0400] "GET /wp-content/plugins/contact-form-7-style/admin/predefined-templates.json HTTP/1.1" 200 1323 "-" "WordPress/6.8.3; https://batconpakistan.org"
162.0.235.240 - - [13/Oct/2025:17:27:50 -0400] "POST /wp-cron.php?doing_wp_cron=1760390870.1657900810241699218750 HTTP/1.1" 200 0 "-" "WordPress/6.8.3; https://batconpakistan.org"
162.0.235.240 - - [13/Oct/2025:17:27:50 -0400] "GET /wp-content/plugins/contact-form-7-style/admin/predefined-templates.json HTTP/1.1" 200 1323 "-" "WordPress/6.8.3; https://batconpakistan.org"
185.191.171.19 - - [13/Oct/2025:17:27:46 -0400] "GET /gallery-with-caption-2-columns/ HTTP/1.1" 200 17164 "-" "Mozilla/5.0 (compatible; SemrushBot/7~bl; +http://www.semrush.com/bot.html)"
103.176.179.166 - - [13/Oct/2025:17:34:52 -0400] "GET /wp-login.php HTTP/1.1" 200 1885 "-" "Mozilla/5.0 (Windows NT 10.0; Win64; x64) AppleWebKit/537.36 (KHTML, like Gecko) Chrome/65.0.3325.181 Safari/537.36"
162.0.235.240 - - [13/Oct/2025:17:35:02 -0400] "GET /wp-content/plugins/contact-form-7-style/admin/predefined-templates.json HTTP/1.1" 200 1323 "-" "WordPress/6.8.3; https://batconpakistan.org"
162.0.235.240 - - [13/Oct/2025:17:35:03 -0400] "POST /wp-cron.php?doing_wp_cron=1760391303.7354810237884521484375 HTTP/1.1" 200 0 "-" "WordPress/6.8.3; https://batconpakistan.org"
103.176.179.166 - - [13/Oct/2025:17:34:58 -0400] "POST /wp-login.php HTTP/1.1" 200 2045 "https://batconpakistan.org/wp-login.php" "Mozilla/5.0 (Windows NT 10.0; Win64; x64) AppleWebKit/537.36 (KHTML, like Gecko) Chrome/65.0.3325.181 Safari/537.36"
162.0.235.240 - - [13/Oct/2025:17:35:04 -0400] "GET /wp-content/plugins/contact-form-7-style/admin/predefined-templates.json HTTP/1.1" 200 1323 "-" "WordPress/6.8.3; https://batconpakistan.org"
148.72.77.215 - - [13/Oct/2025:17:43:18 -0400] "GET /wp-login.php HTTP/1.1" 200 1885 "-" "Mozilla/5.0 (Windows NT 6.1; WOW64; Trident/7.0; rv:11.0) like Gecko,gzip(gfe)"
162.0.235.240 - - [13/Oct/2025:17:43:27 -0400] "GET /wp-content/plugins/contact-form-7-style/admin/predefined-templates.json HTTP/1.1" 200 1323 "-" "WordPress/6.8.3; https://batconpakistan.org"
162.0.235.240 - - [13/Oct/2025:17:43:27 -0400] "POST /wp-cron.php?doing_wp_cron=1760391807.6182980537414550781250 HTTP/1.1" 200 0 "-" "WordPress/6.8.3; https://batconpakistan.org"
148.72.77.215 - - [13/Oct/2025:17:43:24 -0400] "POST /wp-login.php HTTP/1.1" 200 2045 "https://batconpakistan.org/wp-login.php" "Mozilla/5.0 (Windows NT 6.1; WOW64; Trident/7.0; rv:11.0) like Gecko,gzip(gfe)"
162.0.235.240 - - [13/Oct/2025:17:43:28 -0400] "GET /wp-content/plugins/contact-form-7-style/admin/predefined-templates.json HTTP/1.1" 200 1323 "-" "WordPress/6.8.3; https://batconpakistan.org"
162.0.235.240 - - [13/Oct/2025:17:46:12 -0400] "GET /wp-content/plugins/contact-form-7-style/admin/predefined-templates.json HTTP/1.1" 200 1323 "-" "WordPress/6.8.3; https://batconpakistan.org"
162.0.235.240 - - [13/Oct/2025:17:46:13 -0400] "POST /wp-cron.php?doing_wp_cron=1760391973.4567739963531494140625 HTTP/1.1" 200 0 "-" "WordPress/6.8.3; https://batconpakistan.org"
45.141.215.250 - - [13/Oct/2025:17:46:10 -0400] "GET /style.php HTTP/1.1" 404 15671 "http://batconpakistan.org/style.php" "Go-http-client/2.0"
162.0.235.240 - - [13/Oct/2025:17:46:14 -0400] "GET /wp-content/plugins/contact-form-7-style/admin/predefined-templates.json HTTP/1.1" 200 1323 "-" "WordPress/6.8.3; https://batconpakistan.org"
162.0.235.240 - - [13/Oct/2025:17:46:14 -0400] "GET /wp-content/plugins/contact-form-7-style/admin/predefined-templates.json HTTP/1.1" 200 1323 "-" "WordPress/6.8.3; https://batconpakistan.org"
45.141.215.250 - - [13/Oct/2025:17:46:14 -0400] "GET /wp-content/style.php HTTP/1.1" 404 15671 "http://batconpakistan.org/wp-content/style.php" "Go-http-client/2.0"
162.0.235.240 - - [13/Oct/2025:17:46:15 -0400] "GET /wp-content/plugins/contact-form-7-style/admin/predefined-templates.json HTTP/1.1" 200 1323 "-" "WordPress/6.8.3; https://batconpakistan.org"
45.141.215.250 - - [13/Oct/2025:17:46:15 -0400] "GET /wp-content/themes/style.php HTTP/1.1" 404 15669 "http://batconpakistan.org/wp-content/themes/style.php" "Go-http-client/2.0"
162.0.235.240 - - [13/Oct/2025:17:46:17 -0400] "GET /wp-content/plugins/contact-form-7-style/admin/predefined-templates.json HTTP/1.1" 200 1323 "-" "WordPress/6.8.3; https://batconpakistan.org"
45.141.215.250 - - [13/Oct/2025:17:46:16 -0400] "GET /wp-admin/style.php HTTP/1.1" 404 15670 "http://batconpakistan.org/wp-admin/style.php" "Go-http-client/2.0"
162.0.235.240 - - [13/Oct/2025:17:46:18 -0400] "GET /wp-content/plugins/contact-form-7-style/admin/predefined-templates.json HTTP/1.1" 200 1323 "-" "WordPress/6.8.3; https://batconpakistan.org"
45.141.215.250 - - [13/Oct/2025:17:46:18 -0400] "GET /wp-includes/style.php HTTP/1.1" 404 15670 "http://batconpakistan.org/wp-includes/style.php" "Go-http-client/2.0"
162.0.235.240 - - [13/Oct/2025:17:46:19 -0400] "GET /wp-content/plugins/contact-form-7-style/admin/predefined-templates.json HTTP/1.1" 200 1323 "-" "WordPress/6.8.3; https://batconpakistan.org"
45.141.215.250 - - [13/Oct/2025:17:46:19 -0400] "GET /chosen.php?p= HTTP/1.1" 301 0 "http://batconpakistan.org/chosen.php?p=" "Go-http-client/2.0"
162.240.38.165 - - [13/Oct/2025:17:46:20 -0400] "GET /wp-login.php HTTP/1.1" 200 1885 "-" "Mozilla/5.0 (Windows NT 6.3; Win64; x64; Trident/7.0; Touch; MASMJS; rv:11.0) like Gecko"
162.0.235.240 - - [13/Oct/2025:17:46:20 -0400] "GET /wp-content/plugins/contact-form-7-style/admin/predefined-templates.json HTTP/1.1" 200 1323 "-" "WordPress/6.8.3; https://batconpakistan.org"
45.141.215.250 - - [13/Oct/2025:17:46:20 -0400] "GET /chosen.php HTTP/1.1" 404 15668 "https://batconpakistan.org/chosen.php?p=" "Go-http-client/2.0"
162.0.235.240 - - [13/Oct/2025:17:46:22 -0400] "GET /wp-content/plugins/contact-form-7-style/admin/predefined-templates.json HTTP/1.1" 200 1323 "-" "WordPress/6.8.3; https://batconpakistan.org"
45.141.215.250 - - [13/Oct/2025:17:46:21 -0400] "GET /file.php HTTP/1.1" 404 15671 "http://batconpakistan.org/file.php" "Go-http-client/2.0"
162.0.235.240 - - [13/Oct/2025:17:46:23 -0400] "GET /wp-content/plugins/contact-form-7-style/admin/predefined-templates.json HTTP/1.1" 200 1323 "-" "WordPress/6.8.3; https://batconpakistan.org"
45.141.215.250 - - [13/Oct/2025:17:46:22 -0400] "GET /flower.php HTTP/1.1" 404 15669 "http://batconpakistan.org/flower.php" "Go-http-client/2.0"
162.0.235.240 - - [13/Oct/2025:17:46:24 -0400] "GET /wp-content/plugins/contact-form-7-style/admin/predefined-templates.json HTTP/1.1" 200 1323 "-" "WordPress/6.8.3; https://batconpakistan.org"
162.0.235.240 - - [13/Oct/2025:17:46:24 -0400] "GET /wp-content/plugins/contact-form-7-style/admin/predefined-templates.json HTTP/1.1" 200 1323 "-" "WordPress/6.8.3; https://batconpakistan.org"
162.240.38.165 - - [13/Oct/2025:17:46:24 -0400] "POST /wp-login.php HTTP/1.1" 200 2045 "https://batconpakistan.org/wp-login.php" "Mozilla/5.0 (Windows NT 6.3; Win64; x64; Trident/7.0; Touch; MASMJS; rv:11.0) like Gecko"
45.141.215.250 - - [13/Oct/2025:17:46:24 -0400] "GET /gifclass.php HTTP/1.1" 404 15669 "http://batconpakistan.org/gifclass.php#888xyz999" "Go-http-client/2.0"
162.0.235.240 - - [13/Oct/2025:17:46:26 -0400] "GET /wp-content/plugins/contact-form-7-style/admin/predefined-templates.json HTTP/1.1" 200 1323 "-" "WordPress/6.8.3; https://batconpakistan.org"
45.141.215.250 - - [13/Oct/2025:17:46:25 -0400] "GET /bless.php HTTP/1.1" 404 15671 "http://batconpakistan.org/bless.php#888xyz999" "Go-http-client/2.0"
162.0.235.240 - - [13/Oct/2025:17:46:27 -0400] "GET /wp-content/plugins/contact-form-7-style/admin/predefined-templates.json HTTP/1.1" 200 1323 "-" "WordPress/6.8.3; https://batconpakistan.org"
45.141.215.250 - - [13/Oct/2025:17:46:26 -0400] "GET /class-t.api.php HTTP/1.1" 404 15669 "http://batconpakistan.org/class-t.api.php#888xyz999" "Go-http-client/2.0"
162.0.235.240 - - [13/Oct/2025:17:46:28 -0400] "GET /wp-content/plugins/contact-form-7-style/admin/predefined-templates.json HTTP/1.1" 200 1323 "-" "WordPress/6.8.3; https://batconpakistan.org"
162.0.235.240 - - [13/Oct/2025:17:46:28 -0400] "GET /wp-content/plugins/contact-form-7-style/admin/predefined-templates.json HTTP/1.1" 200 1323 "-" "WordPress/6.8.3; https://batconpakistan.org"
45.141.215.250 - - [13/Oct/2025:17:46:28 -0400] "GET /blurbs.php HTTP/1.1" 404 15669 "http://batconpakistan.org/blurbs.php#888xyz999" "Go-http-client/2.0"
159.89.239.251 - - [13/Oct/2025:17:46:28 -0400] "GET /team-sitemap.xml HTTP/1.1" 200 818 "-" "Mozilla/5.0 (Macintosh; Intel Mac OS X 10_15_7) AppleWebKit/537.36 (KHTML, like Gecko) Chrome/128.0.0.0 Safari/537.36"
162.0.235.240 - - [13/Oct/2025:17:46:29 -0400] "GET /wp-content/plugins/contact-form-7-style/admin/predefined-templates.json HTTP/1.1" 200 1323 "-" "WordPress/6.8.3; https://batconpakistan.org"
45.141.215.250 - - [13/Oct/2025:17:46:29 -0400] "GET /akcc.php HTTP/1.1" 404 15668 "http://batconpakistan.org/akcc.php" "Go-http-client/2.0"
162.0.235.240 - - [13/Oct/2025:17:46:31 -0400] "GET /wp-content/plugins/contact-form-7-style/admin/predefined-templates.json HTTP/1.1" 200 1323 "-" "WordPress/6.8.3; https://batconpakistan.org"
45.141.215.250 - - [13/Oct/2025:17:46:31 -0400] "GET /abcd.php HTTP/1.1" 404 15670 "http://batconpakistan.org/abcd.php" "Go-http-client/2.0"
162.0.235.240 - - [13/Oct/2025:17:46:32 -0400] "GET /wp-content/plugins/contact-form-7-style/admin/predefined-templates.json HTTP/1.1" 200 1323 "-" "WordPress/6.8.3; https://batconpakistan.org"
45.141.215.250 - - [13/Oct/2025:17:46:32 -0400] "GET /flex.php HTTP/1.1" 404 15670 "http://batconpakistan.org/flex.php" "Go-http-client/2.0"
162.0.235.240 - - [13/Oct/2025:17:46:33 -0400] "GET /wp-content/plugins/contact-form-7-style/admin/predefined-templates.json HTTP/1.1" 200 1323 "-" "WordPress/6.8.3; https://batconpakistan.org"
45.141.215.250 - - [13/Oct/2025:17:46:33 -0400] "GET /doc.php HTTP/1.1" 404 15669 "http://batconpakistan.org/doc.php" "Go-http-client/2.0"
162.0.235.240 - - [13/Oct/2025:17:46:35 -0400] "GET /wp-content/plugins/contact-form-7-style/admin/predefined-templates.json HTTP/1.1" 200 1323 "-" "WordPress/6.8.3; https://batconpakistan.org"
45.141.215.250 - - [13/Oct/2025:17:46:34 -0400] "GET /wp-includes/js/thickbox/thickbox.php HTTP/1.1" 404 15670 "http://batconpakistan.org/wp-includes/js/thickbox/thickbox.php" "Go-http-client/2.0"
162.0.235.240 - - [13/Oct/2025:17:46:36 -0400] "GET /wp-content/plugins/contact-form-7-style/admin/predefined-templates.json HTTP/1.1" 200 1323 "-" "WordPress/6.8.3; https://batconpakistan.org"
45.141.215.250 - - [13/Oct/2025:17:46:36 -0400] "GET /akc.php HTTP/1.1" 404 15671 "http://batconpakistan.org/akc.php" "Go-http-client/2.0"
162.0.235.240 - - [13/Oct/2025:17:46:37 -0400] "GET /wp-content/plugins/contact-form-7-style/admin/predefined-templates.json HTTP/1.1" 200 1323 "-" "WordPress/6.8.3; https://batconpakistan.org"
45.141.215.250 - - [13/Oct/2025:17:46:37 -0400] "GET /zoo.php HTTP/1.1" 404 15668 "http://batconpakistan.org/zoo.php" "Go-http-client/2.0"
162.0.235.240 - - [13/Oct/2025:17:46:39 -0400] "GET /wp-content/plugins/contact-form-7-style/admin/predefined-templates.json HTTP/1.1" 200 1323 "-" "WordPress/6.8.3; https://batconpakistan.org"
45.141.215.250 - - [13/Oct/2025:17:46:38 -0400] "GET //zwso.php HTTP/1.1" 301 0 "http://batconpakistan.org//zwso.php" "Go-http-client/2.0"
162.0.235.240 - - [13/Oct/2025:17:46:40 -0400] "GET /wp-content/plugins/contact-form-7-style/admin/predefined-templates.json HTTP/1.1" 200 1323 "-" "WordPress/6.8.3; https://batconpakistan.org"
162.0.235.240 - - [13/Oct/2025:17:46:40 -0400] "POST /wp-cron.php?doing_wp_cron=1760392000.2136869430541992187500 HTTP/1.1" 200 0 "-" "WordPress/6.8.3; https://batconpakistan.org"
45.141.215.250 - - [13/Oct/2025:17:46:39 -0400] "GET /zwso.php HTTP/1.1" 404 15665 "https://batconpakistan.org//zwso.php" "Go-http-client/2.0"
162.0.235.240 - - [13/Oct/2025:17:46:40 -0400] "GET /wp-content/plugins/contact-form-7-style/admin/predefined-templates.json HTTP/1.1" 200 1323 "-" "WordPress/6.8.3; https://batconpakistan.org"
162.0.235.240 - - [13/Oct/2025:17:46:41 -0400] "GET /wp-content/plugins/contact-form-7-style/admin/predefined-templates.json HTTP/1.1" 200 1323 "-" "WordPress/6.8.3; https://batconpakistan.org"
45.141.215.250 - - [13/Oct/2025:17:46:41 -0400] "GET /wp-content/plugins/hellopress/wp_mna.php HTTP/1.1" 404 15669 "http://batconpakistan.org/wp-content/plugins/hellopress/wp_mna.php" "Go-http-client/2.0"
162.0.235.240 - - [13/Oct/2025:17:46:42 -0400] "GET /wp-content/plugins/contact-form-7-style/admin/predefined-templates.json HTTP/1.1" 200 1323 "-" "WordPress/6.8.3; https://batconpakistan.org"
45.141.215.250 - - [13/Oct/2025:17:46:42 -0400] "GET /bolt.php HTTP/1.1" 404 15671 "http://batconpakistan.org/bolt.php" "Go-http-client/2.0"
162.0.235.240 - - [13/Oct/2025:17:46:44 -0400] "GET /wp-content/plugins/contact-form-7-style/admin/predefined-templates.json HTTP/1.1" 200 1323 "-" "WordPress/6.8.3; https://batconpakistan.org"
45.141.215.250 - - [13/Oct/2025:17:46:43 -0400] "GET /shlo.php HTTP/1.1" 404 15671 "http://batconpakistan.org/shlo.php#lufix" "Go-http-client/2.0"
162.0.235.240 - - [13/Oct/2025:17:46:45 -0400] "GET /wp-content/plugins/contact-form-7-style/admin/predefined-templates.json HTTP/1.1" 200 1323 "-" "WordPress/6.8.3; https://batconpakistan.org"
45.141.215.250 - - [13/Oct/2025:17:46:44 -0400] "GET /files.php HTTP/1.1" 404 15669 "http://batconpakistan.org/files.php#admin@3tu/T?TJ8v?N" "Go-http-client/2.0"
162.0.235.240 - - [13/Oct/2025:17:46:46 -0400] "GET /wp-content/plugins/contact-form-7-style/admin/predefined-templates.json HTTP/1.1" 200 1323 "-" "WordPress/6.8.3; https://batconpakistan.org"
45.141.215.250 - - [13/Oct/2025:17:46:46 -0400] "GET /wp-editor.php HTTP/1.1" 404 15671 "http://batconpakistan.org/wp-editor.php#lufix" "Go-http-client/2.0"
57.128.194.152 - - [13/Oct/2025:17:58:52 -0400] "GET /wp-login.php HTTP/1.1" 200 1885 "-" "Mozilla/5.0 (Windows NT 6.1) AppleWebKit/537.36 (KHTML, like Gecko) Chrome/66.0.3359.181 Safari/537.36"
162.0.235.240 - - [13/Oct/2025:17:58:57 -0400] "GET /wp-content/plugins/contact-form-7-style/admin/predefined-templates.json HTTP/1.1" 200 1323 "-" "WordPress/6.8.3; https://batconpakistan.org"
162.0.235.240 - - [13/Oct/2025:17:58:58 -0400] "POST /wp-cron.php?doing_wp_cron=1760392738.4566969871520996093750 HTTP/1.1" 200 0 "-" "WordPress/6.8.3; https://batconpakistan.org"
57.128.194.152 - - [13/Oct/2025:17:58:54 -0400] "POST /wp-login.php HTTP/1.1" 200 2045 "https://batconpakistan.org/wp-login.php" "Mozilla/5.0 (Windows NT 6.1) AppleWebKit/537.36 (KHTML, like Gecko) Chrome/66.0.3359.181 Safari/537.36"
162.0.235.240 - - [13/Oct/2025:17:58:58 -0400] "GET /wp-content/plugins/contact-form-7-style/admin/predefined-templates.json HTTP/1.1" 200 1323 "-" "WordPress/6.8.3; https://batconpakistan.org"
162.0.235.240 - - [13/Oct/2025:18:04:27 -0400] "GET /wp-content/plugins/contact-form-7-style/admin/predefined-templates.json HTTP/1.1" 200 1323 "-" "WordPress/6.8.3; https://batconpakistan.org"
162.0.235.240 - - [13/Oct/2025:18:04:28 -0400] "POST /wp-cron.php?doing_wp_cron=1760393068.1042070388793945312500 HTTP/1.1" 200 0 "-" "WordPress/6.8.3; https://batconpakistan.org"
40.77.167.151 - - [13/Oct/2025:18:04:24 -0400] "GET /Abrasive-&-Finishing-Products-Grade-P-Pack-Flaring-Cup-9186-Cylindrical-Grinding-Wheels/ HTTP/1.1" 404 15671 "-" "Mozilla/5.0 AppleWebKit/537.36 (KHTML, like Gecko; compatible; bingbot/2.0; +http://www.bing.com/bingbot.htm) Chrome/116.0.1938.76 Safari/537.36"
162.0.235.240 - - [13/Oct/2025:18:04:28 -0400] "GET /wp-content/plugins/contact-form-7-style/admin/predefined-templates.json HTTP/1.1" 200 1323 "-" "WordPress/6.8.3; https://batconpakistan.org"
162.0.235.240 - - [13/Oct/2025:18:05:53 -0400] "GET /wp-content/plugins/contact-form-7-style/admin/predefined-templates.json HTTP/1.1" 200 1323 "-" "WordPress/6.8.3; https://batconpakistan.org"
162.0.235.240 - - [13/Oct/2025:18:05:54 -0400] "POST /wp-cron.php?doing_wp_cron=1760393154.2114889621734619140625 HTTP/1.1" 200 0 "-" "WordPress/6.8.3; https://batconpakistan.org"
52.167.144.238 - - [13/Oct/2025:18:05:50 -0400] "GET /Hydraulics-Pneumatics-&-Plumbing-x-M-Male-ThreadPneumatic-Flow-Speed-Controller-ValveBlack-158672-PushtoConnect-Fittings/ HTTP/1.1" 404 15669 "-" "Mozilla/5.0 AppleWebKit/537.36 (KHTML, like Gecko; compatible; bingbot/2.0; +http://www.bing.com/bingbot.htm) Chrome/116.0.1938.76 Safari/537.36"
162.0.235.240 - - [13/Oct/2025:18:05:54 -0400] "GET /wp-content/plugins/contact-form-7-style/admin/predefined-templates.json HTTP/1.1" 200 1323 "-" "WordPress/6.8.3; https://batconpakistan.org"
184.168.116.203 - - [13/Oct/2025:18:09:50 -0400] "GET /wp-login.php HTTP/1.1" 200 1885 "-" "Mozilla/5.0 (Macintosh; Intel Mac OS X 10_11_6) AppleWebKit/605.1.15 (KHTML, like Gecko) Version/11.1 Safari/605.1.15"
162.0.235.240 - - [13/Oct/2025:18:09:57 -0400] "GET /wp-content/plugins/contact-form-7-style/admin/predefined-templates.json HTTP/1.1" 200 1323 "-" "WordPress/6.8.3; https://batconpakistan.org"
162.0.235.240 - - [13/Oct/2025:18:09:58 -0400] "POST /wp-cron.php?doing_wp_cron=1760393398.3586010932922363281250 HTTP/1.1" 200 0 "-" "WordPress/6.8.3; https://batconpakistan.org"
184.168.116.203 - - [13/Oct/2025:18:09:54 -0400] "POST /wp-login.php HTTP/1.1" 200 2045 "https://batconpakistan.org/wp-login.php" "Mozilla/5.0 (Macintosh; Intel Mac OS X 10_11_6) AppleWebKit/605.1.15 (KHTML, like Gecko) Version/11.1 Safari/605.1.15"
162.0.235.240 - - [13/Oct/2025:18:09:58 -0400] "GET /wp-content/plugins/contact-form-7-style/admin/predefined-templates.json HTTP/1.1" 200 1323 "-" "WordPress/6.8.3; https://batconpakistan.org"
132.148.78.150 - - [13/Oct/2025:18:12:38 -0400] "GET /wp-login.php HTTP/1.1" 200 1885 "-" "Mozilla/4.0 (compatible; MSIE 7.0; Windows NT 6.1; WOW64; Trident/7.0; SLCC2; .NET CLR 2.0.50727; .NET CLR 3.5.30729; .NET CLR 3.0.30729; Media Center PC 6.0; InfoPath.3; .NET4.0C; .NET4.0E)"
162.0.235.240 - - [13/Oct/2025:18:12:43 -0400] "GET /wp-content/plugins/contact-form-7-style/admin/predefined-templates.json HTTP/1.1" 200 1323 "-" "WordPress/6.8.3; https://batconpakistan.org"
162.0.235.240 - - [13/Oct/2025:18:12:44 -0400] "POST /wp-cron.php?doing_wp_cron=1760393564.0629239082336425781250 HTTP/1.1" 200 0 "-" "WordPress/6.8.3; https://batconpakistan.org"
132.148.78.150 - - [13/Oct/2025:18:12:40 -0400] "POST /wp-login.php HTTP/1.1" 200 2045 "https://batconpakistan.org/wp-login.php" "Mozilla/4.0 (compatible; MSIE 7.0; Windows NT 6.1; WOW64; Trident/7.0; SLCC2; .NET CLR 2.0.50727; .NET CLR 3.5.30729; .NET CLR 3.0.30729; Media Center PC 6.0; InfoPath.3; .NET4.0C; .NET4.0E)"
162.0.235.240 - - [13/Oct/2025:18:12:44 -0400] "GET /wp-content/plugins/contact-form-7-style/admin/predefined-templates.json HTTP/1.1" 200 1323 "-" "WordPress/6.8.3; https://batconpakistan.org"
15.204.97.227 - - [13/Oct/2025:18:15:44 -0400] "GET /wp-login.php HTTP/1.1" 200 1885 "-" "Mozilla/5.0 (Windows NT 6.2; Win64; x64) AppleWebKit/537.36 (KHTML, like Gecko) Chrome/67.0.3396.87 Safari/537.36"
162.0.235.240 - - [13/Oct/2025:18:15:51 -0400] "GET /wp-content/plugins/contact-form-7-style/admin/predefined-templates.json HTTP/1.1" 200 1323 "-" "WordPress/6.8.3; https://batconpakistan.org"
162.0.235.240 - - [13/Oct/2025:18:15:51 -0400] "POST /wp-cron.php?doing_wp_cron=1760393751.6908569335937500000000 HTTP/1.1" 200 0 "-" "WordPress/6.8.3; https://batconpakistan.org"
15.204.97.227 - - [13/Oct/2025:18:15:47 -0400] "POST /wp-login.php HTTP/1.1" 200 2045 "https://batconpakistan.org/wp-login.php" "Mozilla/5.0 (Windows NT 6.2; Win64; x64) AppleWebKit/537.36 (KHTML, like Gecko) Chrome/67.0.3396.87 Safari/537.36"
162.0.235.240 - - [13/Oct/2025:18:15:52 -0400] "GET /wp-content/plugins/contact-form-7-style/admin/predefined-templates.json HTTP/1.1" 200 1323 "-" "WordPress/6.8.3; https://batconpakistan.org"
162.0.235.240 - - [13/Oct/2025:18:20:49 -0400] "GET /wp-content/plugins/contact-form-7-style/admin/predefined-templates.json HTTP/1.1" 200 1323 "-" "WordPress/6.8.3; https://batconpakistan.org"
162.0.235.240 - - [13/Oct/2025:18:20:49 -0400] "POST /wp-cron.php?doing_wp_cron=1760394049.8476870059967041015625 HTTP/1.1" 200 0 "-" "WordPress/6.8.3; https://batconpakistan.org"
66.249.66.70 - - [13/Oct/2025:18:20:46 -0400] "GET /sitemap_index.xml HTTP/1.1" 200 512 "-" "Mozilla/5.0 (compatible; Googlebot/2.1; +http://www.google.com/bot.html)"
162.0.235.240 - - [13/Oct/2025:18:20:50 -0400] "GET /wp-content/plugins/contact-form-7-style/admin/predefined-templates.json HTTP/1.1" 200 1323 "-" "WordPress/6.8.3; https://batconpakistan.org"
2a02:598:128:8a00::b00:1 - - [13/Oct/2025:18:21:19 -0400] "GET /sample-page/ HTTP/1.1" 200 16878 "-" "Mozilla/5.0 (compatible; SeznamBot/4.0; +https://o-seznam.cz/napoveda/vyhledavani/en/seznambot-crawler/)"
216.7.91.132 - - [13/Oct/2025:18:25:28 -0400] "GET /wp-login.php HTTP/1.1" 200 1885 "-" "Mozilla/5.0 (Windows NT 6.1; Win64; x64) AppleWebKit/537.36 (KHTML, like Gecko) Chrome/58.0.3029.110 Safari/537.36 Edge/16.16299"
162.0.235.240 - - [13/Oct/2025:18:25:37 -0400] "GET /wp-content/plugins/contact-form-7-style/admin/predefined-templates.json HTTP/1.1" 200 1323 "-" "WordPress/6.8.3; https://batconpakistan.org"
162.0.235.240 - - [13/Oct/2025:18:25:37 -0400] "POST /wp-cron.php?doing_wp_cron=1760394337.8713738918304443359375 HTTP/1.1" 200 0 "-" "WordPress/6.8.3; https://batconpakistan.org"
216.7.91.132 - - [13/Oct/2025:18:25:33 -0400] "POST /wp-login.php HTTP/1.1" 200 2045 "https://batconpakistan.org/wp-login.php" "Mozilla/5.0 (Windows NT 6.1; Win64; x64) AppleWebKit/537.36 (KHTML, like Gecko) Chrome/58.0.3029.110 Safari/537.36 Edge/16.16299"
162.0.235.240 - - [13/Oct/2025:18:25:38 -0400] "GET /wp-content/plugins/contact-form-7-style/admin/predefined-templates.json HTTP/1.1" 200 1323 "-" "WordPress/6.8.3; https://batconpakistan.org"
139.59.85.218 - - [13/Oct/2025:18:28:57 -0400] "GET /wp-admin/css/ HTTP/1.1" 403 1242 "binance.com" "Mozilla/5.0 (Windows NT 10.0; Win64; x64) AppleWebKit/537.36 (KHTML, like Gecko) Chrome/90.0.4430.85 Safari/537.36"
162.0.235.240 - - [13/Oct/2025:18:40:00 -0400] "GET /wp-content/plugins/contact-form-7-style/admin/predefined-templates.json HTTP/1.1" 200 1323 "-" "WordPress/6.8.3; https://batconpakistan.org"
162.0.235.240 - - [13/Oct/2025:18:40:01 -0400] "POST /wp-cron.php?doing_wp_cron=1760395201.2948100566864013671875 HTTP/1.1" 200 0 "-" "WordPress/6.8.3; https://batconpakistan.org"
162.0.235.240 - - [13/Oct/2025:18:40:01 -0400] "GET /wp-content/plugins/contact-form-7-style/admin/predefined-templates.json HTTP/1.1" 200 1323 "-" "WordPress/6.8.3; https://batconpakistan.org"
2a03:2880:f800:23:: - - [13/Oct/2025:18:39:58 -0400] "GET /team/dr-shafique-ahmed-awan/ HTTP/1.1" 200 16703 "-" "meta-externalagent/1.1 (+https://developers.facebook.com/docs/sharing/webmasters/crawler)"
198.244.183.65 - - [13/Oct/2025:18:30:49 -0400] "GET /our-approach/ HTTP/1.1" 200 19471 "-" "Mozilla/5.0 (compatible; AhrefsBot/7.0; +http://ahrefs.com/robot/)"
216.244.66.200 - - [13/Oct/2025:18:33:15 -0400] "GET /robots.txt HTTP/1.1" 304 0 "-" "Mozilla/5.0 (compatible; DotBot/1.2; +https://opensiteexplorer.org/dotbot; help@moz.com)"
45.252.249.62 - - [13/Oct/2025:18:33:58 -0400] "GET /wp-login.php HTTP/1.1" 200 1885 "-" "Mozilla/5.0 (Macintosh; Intel Mac OS X 10_12_6) AppleWebKit/605.1.15 (KHTML, like Gecko) Version/11.1 Safari/605.1.15"
162.0.235.240 - - [13/Oct/2025:18:34:02 -0400] "GET /wp-content/plugins/contact-form-7-style/admin/predefined-templates.json HTTP/1.1" 200 1323 "-" "WordPress/6.8.3; https://batconpakistan.org"
162.0.235.240 - - [13/Oct/2025:18:34:02 -0400] "POST /wp-cron.php?doing_wp_cron=1760394842.4457609653472900390625 HTTP/1.1" 200 0 "-" "WordPress/6.8.3; https://batconpakistan.org"
45.252.249.62 - - [13/Oct/2025:18:33:59 -0400] "POST /wp-login.php HTTP/1.1" 200 2045 "https://batconpakistan.org/wp-login.php" "Mozilla/5.0 (Macintosh; Intel Mac OS X 10_12_6) AppleWebKit/605.1.15 (KHTML, like Gecko) Version/11.1 Safari/605.1.15"
162.0.235.240 - - [13/Oct/2025:18:34:02 -0400] "GET /wp-content/plugins/contact-form-7-style/admin/predefined-templates.json HTTP/1.1" 200 1323 "-" "WordPress/6.8.3; https://batconpakistan.org"
54.38.147.40 - - [13/Oct/2025:18:34:47 -0400] "GET /wp-content/uploads/dynamic-mobmenu.css?ver=2.8.8-771 HTTP/1.1" 302 771 "-" "Mozilla/5.0 (compatible; AhrefsBot/7.0; +http://ahrefs.com/robot/)"
187.45.189.51 - - [13/Oct/2025:18:46:20 -0400] "GET /wp-login.php HTTP/1.1" 200 1885 "-" "Mozilla/5.0 (Windows NT 6.1; WOW64; Trident/7.0; MSBrowserIE; rv:11.0) like Gecko"
162.0.235.240 - - [13/Oct/2025:18:46:30 -0400] "GET /wp-content/plugins/contact-form-7-style/admin/predefined-templates.json HTTP/1.1" 200 1323 "-" "WordPress/6.8.3; https://batconpakistan.org"
162.0.235.240 - - [13/Oct/2025:18:46:30 -0400] "POST /wp-cron.php?doing_wp_cron=1760395590.8541069030761718750000 HTTP/1.1" 200 0 "-" "WordPress/6.8.3; https://batconpakistan.org"
187.45.189.51 - - [13/Oct/2025:18:46:26 -0400] "POST /wp-login.php HTTP/1.1" 200 2045 "https://batconpakistan.org/wp-login.php" "Mozilla/5.0 (Windows NT 6.1; WOW64; Trident/7.0; MSBrowserIE; rv:11.0) like Gecko"
162.0.235.240 - - [13/Oct/2025:18:46:31 -0400] "GET /wp-content/plugins/contact-form-7-style/admin/predefined-templates.json HTTP/1.1" 200 1323 "-" "WordPress/6.8.3; https://batconpakistan.org"
46.101.0.130 - - [13/Oct/2025:18:49:50 -0400] "GET /wp-login.php HTTP/1.1" 200 1885 "-" "Mozilla/5.0 (Windows NT 10.0; Win64; x64; rv:60.0) Gecko/20100101 Firefox/60.0"
162.0.235.240 - - [13/Oct/2025:18:49:58 -0400] "GET /wp-content/plugins/contact-form-7-style/admin/predefined-templates.json HTTP/1.1" 200 1323 "-" "WordPress/6.8.3; https://batconpakistan.org"
162.0.235.240 - - [13/Oct/2025:18:49:59 -0400] "POST /wp-cron.php?doing_wp_cron=1760395799.3181440830230712890625 HTTP/1.1" 200 0 "-" "WordPress/6.8.3; https://batconpakistan.org"
46.101.0.130 - - [13/Oct/2025:18:49:55 -0400] "POST /wp-login.php HTTP/1.1" 200 2045 "https://batconpakistan.org/wp-login.php" "Mozilla/5.0 (Windows NT 10.0; Win64; x64; rv:60.0) Gecko/20100101 Firefox/60.0"
162.0.235.240 - - [13/Oct/2025:18:49:59 -0400] "GET /wp-content/plugins/contact-form-7-style/admin/predefined-templates.json HTTP/1.1" 200 1323 "-" "WordPress/6.8.3; https://batconpakistan.org"
93.123.109.7 - - [13/Oct/2025:18:52:58 -0400] "GET /.git/config HTTP/1.1" 403 1242 "-" "Mozilla/5.0 (Windows NT 10.0; WOW64) AppleWebKit/537.36 (KHTML, like Gecko) Chrome/65.0.3325.162 Safari/537.36"
74.222.168.76 - - [13/Oct/2025:18:53:30 -0400] "GET /wp-login.php HTTP/1.1" 200 1885 "-" "Mozilla/5.0 (Windows NT 10.0; WOW64; Trident/7.0; AS; rv:11.0) like Gecko"
162.0.235.240 - - [13/Oct/2025:18:53:34 -0400] "GET /wp-content/plugins/contact-form-7-style/admin/predefined-templates.json HTTP/1.1" 200 1323 "-" "WordPress/6.8.3; https://batconpakistan.org"
162.0.235.240 - - [13/Oct/2025:18:53:35 -0400] "POST /wp-cron.php?doing_wp_cron=1760396015.2292060852050781250000 HTTP/1.1" 200 0 "-" "WordPress/6.8.3; https://batconpakistan.org"
74.222.168.76 - - [13/Oct/2025:18:53:32 -0400] "POST /wp-login.php HTTP/1.1" 200 2045 "https://batconpakistan.org/wp-login.php" "Mozilla/5.0 (Windows NT 10.0; WOW64; Trident/7.0; AS; rv:11.0) like Gecko"
162.0.235.240 - - [13/Oct/2025:18:53:35 -0400] "GET /wp-content/plugins/contact-form-7-style/admin/predefined-templates.json HTTP/1.1" 200 1323 "-" "WordPress/6.8.3; https://batconpakistan.org"
216.73.216.20 - - [13/Oct/2025:18:55:47 -0400] "GET /robots.txt HTTP/1.1" 304 0 "-" "Mozilla/5.0 AppleWebKit/537.36 (KHTML, like Gecko; compatible; ClaudeBot/1.0; +claudebot@anthropic.com)"
162.0.235.240 - - [13/Oct/2025:18:55:50 -0400] "GET /wp-content/plugins/contact-form-7-style/admin/predefined-templates.json HTTP/1.1" 200 1323 "-" "WordPress/6.8.3; https://batconpakistan.org"
162.0.235.240 - - [13/Oct/2025:18:55:50 -0400] "GET /wp-content/plugins/contact-form-7-style/admin/predefined-templates.json HTTP/1.1" 200 1323 "-" "WordPress/6.8.3; https://batconpakistan.org"
216.73.216.20 - - [13/Oct/2025:18:55:47 -0400] "GET /product/premium-quality HTTP/1.1" 301 0 "-" "Mozilla/5.0 AppleWebKit/537.36 (KHTML, like Gecko; compatible; ClaudeBot/1.0; +claudebot@anthropic.com)"
162.0.235.240 - - [13/Oct/2025:18:55:50 -0400] "POST /wp-cron.php?doing_wp_cron=1760396150.7728149890899658203125 HTTP/1.1" 200 0 "-" "WordPress/6.8.3; https://batconpakistan.org"
216.73.216.20 - - [13/Oct/2025:18:55:47 -0400] "GET /product/ship-your-idea HTTP/1.1" 301 0 "-" "Mozilla/5.0 AppleWebKit/537.36 (KHTML, like Gecko; compatible; ClaudeBot/1.0; +claudebot@anthropic.com)"
162.0.235.240 - - [13/Oct/2025:18:55:51 -0400] "GET /wp-content/plugins/contact-form-7-style/admin/predefined-templates.json HTTP/1.1" 200 1323 "-" "WordPress/6.8.3; https://batconpakistan.org"
162.0.235.240 - - [13/Oct/2025:18:55:51 -0400] "GET /wp-content/plugins/contact-form-7-style/admin/predefined-templates.json HTTP/1.1" 200 1323 "-" "WordPress/6.8.3; https://batconpakistan.org"
162.0.235.240 - - [13/Oct/2025:18:55:51 -0400] "GET /wp-content/plugins/contact-form-7-style/admin/predefined-templates.json HTTP/1.1" 200 1323 "-" "WordPress/6.8.3; https://batconpakistan.org"
216.73.216.20 - - [13/Oct/2025:18:55:50 -0400] "GET /product/ship-your-idea/ HTTP/1.1" 200 20258 "https://batconpakistan.org/product/ship-your-idea" "Mozilla/5.0 AppleWebKit/537.36 (KHTML, like Gecko; compatible; ClaudeBot/1.0; +claudebot@anthropic.com)"
216.73.216.20 - - [13/Oct/2025:18:55:50 -0400] "GET /product/premium-quality/ HTTP/1.1" 200 19338 "https://batconpakistan.org/product/premium-quality" "Mozilla/5.0 AppleWebKit/537.36 (KHTML, like Gecko; compatible; ClaudeBot/1.0; +claudebot@anthropic.com)"
162.0.235.240 - - [13/Oct/2025:18:55:52 -0400] "GET /wp-content/plugins/contact-form-7-style/admin/predefined-templates.json HTTP/1.1" 200 1323 "-" "WordPress/6.8.3; https://batconpakistan.org"
216.73.216.20 - - [13/Oct/2025:18:55:52 -0400] "GET /product/ship-your-idea-2 HTTP/1.1" 301 0 "-" "Mozilla/5.0 AppleWebKit/537.36 (KHTML, like Gecko; compatible; ClaudeBot/1.0; +claudebot@anthropic.com)"
162.0.235.240 - - [13/Oct/2025:18:55:53 -0400] "GET /wp-content/plugins/contact-form-7-style/admin/predefined-templates.json HTTP/1.1" 200 1323 "-" "WordPress/6.8.3; https://batconpakistan.org"
216.73.216.20 - - [13/Oct/2025:18:55:53 -0400] "GET /product/ship-your-idea-2/ HTTP/1.1" 200 20566 "https://batconpakistan.org/product/ship-your-idea-2" "Mozilla/5.0 AppleWebKit/537.36 (KHTML, like Gecko; compatible; ClaudeBot/1.0; +claudebot@anthropic.com)"
178.206.187.24 - - [13/Oct/2025:18:56:03 -0400] "GET /wp-content/plugins/duplicator/assets/css/style.css HTTP/1.1" 200 6761 "-" "Mozilla/5.0 (Windows NT 10.0; Win64; x64) AppleWebKit/537.36 (KHTML, like Gecko) Chrome/136.0.0.0 Safari/537.36"
162.0.235.240 - - [13/Oct/2025:18:56:58 -0400] "GET /wp-content/plugins/contact-form-7-style/admin/predefined-templates.json HTTP/1.1" 200 1323 "-" "WordPress/6.8.3; https://batconpakistan.org"
162.0.235.240 - - [13/Oct/2025:18:56:58 -0400] "POST /wp-cron.php?doing_wp_cron=1760396218.6608409881591796875000 HTTP/1.1" 200 0 "-" "WordPress/6.8.3; https://batconpakistan.org"
40.77.167.243 - - [13/Oct/2025:18:56:58 -0400] "GET /sitemap_index.xml HTTP/1.1" 200 512 "-" "Mozilla/5.0 AppleWebKit/537.36 (KHTML, like Gecko; compatible; bingbot/2.0; +http://www.bing.com/bingbot.htm) Chrome/116.0.1938.76 Safari/537.36"
162.0.235.240 - - [13/Oct/2025:18:56:59 -0400] "GET /wp-content/plugins/contact-form-7-style/admin/predefined-templates.json HTTP/1.1" 200 1323 "-" "WordPress/6.8.3; https://batconpakistan.org"
162.0.235.240 - - [13/Oct/2025:18:58:37 -0400] "GET /wp-content/plugins/contact-form-7-style/admin/predefined-templates.json HTTP/1.1" 200 1323 "-" "WordPress/6.8.3; https://batconpakistan.org"
162.0.235.240 - - [13/Oct/2025:18:58:37 -0400] "POST /wp-cron.php?doing_wp_cron=1760396317.7509360313415527343750 HTTP/1.1" 200 0 "-" "WordPress/6.8.3; https://batconpakistan.org"
216.73.216.20 - - [13/Oct/2025:18:58:34 -0400] "GET /product/woo-logo HTTP/1.1" 301 0 "-" "Mozilla/5.0 AppleWebKit/537.36 (KHTML, like Gecko; compatible; ClaudeBot/1.0; +claudebot@anthropic.com)"
162.0.235.240 - - [13/Oct/2025:18:58:38 -0400] "GET /wp-content/plugins/contact-form-7-style/admin/predefined-templates.json HTTP/1.1" 200 1323 "-" "WordPress/6.8.3; https://batconpakistan.org"
162.0.235.240 - - [13/Oct/2025:18:58:38 -0400] "GET /wp-content/plugins/contact-form-7-style/admin/predefined-templates.json HTTP/1.1" 200 1323 "-" "WordPress/6.8.3; https://batconpakistan.org"
216.73.216.20 - - [13/Oct/2025:18:58:37 -0400] "GET /product/woo-logo/ HTTP/1.1" 200 19449 "https://batconpakistan.org/product/woo-logo" "Mozilla/5.0 AppleWebKit/537.36 (KHTML, like Gecko; compatible; ClaudeBot/1.0; +claudebot@anthropic.com)"
185.191.171.8 - - [13/Oct/2025:19:01:10 -0400] "GET / HTTP/1.1" 302 771 "-" "Mozilla/5.0 (compatible; SemrushBot/7~bl; +http://www.semrush.com/bot.html)"
162.0.235.240 - - [13/Oct/2025:19:01:56 -0400] "GET /wp-content/plugins/contact-form-7-style/admin/predefined-templates.json HTTP/1.1" 200 1323 "-" "WordPress/6.8.3; https://batconpakistan.org"
162.0.235.240 - - [13/Oct/2025:19:01:57 -0400] "POST /wp-cron.php?doing_wp_cron=1760396517.1083409786224365234375 HTTP/1.1" 200 0 "-" "WordPress/6.8.3; https://batconpakistan.org"
216.73.216.20 - - [13/Oct/2025:19:01:53 -0400] "GET /cart HTTP/1.1" 301 0 "-" "Mozilla/5.0 AppleWebKit/537.36 (KHTML, like Gecko; compatible; ClaudeBot/1.0; +claudebot@anthropic.com)"
162.0.235.240 - - [13/Oct/2025:19:01:57 -0400] "GET /wp-content/plugins/contact-form-7-style/admin/predefined-templates.json HTTP/1.1" 200 1323 "-" "WordPress/6.8.3; https://batconpakistan.org"
162.0.235.240 - - [13/Oct/2025:19:01:57 -0400] "GET /wp-content/plugins/contact-form-7-style/admin/predefined-templates.json HTTP/1.1" 200 1323 "-" "WordPress/6.8.3; https://batconpakistan.org"
216.73.216.20 - - [13/Oct/2025:19:01:57 -0400] "GET /cart/ HTTP/1.1" 200 37919 "https://batconpakistan.org/cart" "Mozilla/5.0 AppleWebKit/537.36 (KHTML, like Gecko; compatible; ClaudeBot/1.0; +claudebot@anthropic.com)"
40.77.167.46 - - [13/Oct/2025:19:02:46 -0400] "GET /home2/ HTTP/1.1" 200 20493 "-" "Mozilla/5.0 AppleWebKit/537.36 (KHTML, like Gecko; compatible; bingbot/2.0; +http://www.bing.com/bingbot.htm) Chrome/116.0.1938.76 Safari/537.36"
216.244.66.200 - - [13/Oct/2025:19:03:09 -0400] "GET /2021/09/05/project-completion/feed/ HTTP/1.1" 200 441 "-" "Mozilla/5.0 (compatible; DotBot/1.2; +https://opensiteexplorer.org/dotbot; help@moz.com)"
162.0.235.240 - - [13/Oct/2025:19:03:42 -0400] "GET /wp-content/plugins/contact-form-7-style/admin/predefined-templates.json HTTP/1.1" 200 1323 "-" "WordPress/6.8.3; https://batconpakistan.org"
162.0.235.240 - - [13/Oct/2025:19:03:42 -0400] "GET /wp-content/plugins/contact-form-7-style/admin/predefined-templates.json HTTP/1.1" 200 1323 "-" "WordPress/6.8.3; https://batconpakistan.org"
162.0.235.240 - - [13/Oct/2025:19:03:42 -0400] "POST /wp-cron.php?doing_wp_cron=1760396622.6199390888214111328125 HTTP/1.1" 200 0 "-" "WordPress/6.8.3; https://batconpakistan.org"
162.0.235.240 - - [13/Oct/2025:19:03:42 -0400] "POST /wp-cron.php?doing_wp_cron=1760396622.6199140548706054687500 HTTP/1.1" 200 0 "-" "WordPress/6.8.3; https://batconpakistan.org"
216.73.216.20 - - [13/Oct/2025:19:03:39 -0400] "GET /product-category/clothing/hoodies HTTP/1.1" 301 0 "-" "Mozilla/5.0 AppleWebKit/537.36 (KHTML, like Gecko; compatible; ClaudeBot/1.0; +claudebot@anthropic.com)"
216.73.216.20 - - [13/Oct/2025:19:03:39 -0400] "GET /product-category/clothing HTTP/1.1" 301 0 "-" "Mozilla/5.0 AppleWebKit/537.36 (KHTML, like Gecko; compatible; ClaudeBot/1.0; +claudebot@anthropic.com)"
162.0.235.240 - - [13/Oct/2025:19:03:43 -0400] "GET /wp-content/plugins/contact-form-7-style/admin/predefined-templates.json HTTP/1.1" 200 1323 "-" "WordPress/6.8.3; https://batconpakistan.org"
162.0.235.240 - - [13/Oct/2025:19:03:43 -0400] "GET /wp-content/plugins/contact-form-7-style/admin/predefined-templates.json HTTP/1.1" 200 1323 "-" "WordPress/6.8.3; https://batconpakistan.org"
162.0.235.240 - - [13/Oct/2025:19:03:43 -0400] "GET /wp-content/plugins/contact-form-7-style/admin/predefined-templates.json HTTP/1.1" 200 1323 "-" "WordPress/6.8.3; https://batconpakistan.org"
162.0.235.240 - - [13/Oct/2025:19:03:43 -0400] "GET /wp-content/plugins/contact-form-7-style/admin/predefined-templates.json HTTP/1.1" 200 1323 "-" "WordPress/6.8.3; https://batconpakistan.org"
216.73.216.20 - - [13/Oct/2025:19:03:42 -0400] "GET /product-category/clothing/hoodies/ HTTP/1.1" 200 17125 "https://batconpakistan.org/product-category/clothing/hoodies" "Mozilla/5.0 AppleWebKit/537.36 (KHTML, like Gecko; compatible; ClaudeBot/1.0; +claudebot@anthropic.com)"
216.73.216.20 - - [13/Oct/2025:19:03:42 -0400] "GET /product-category/clothing/ HTTP/1.1" 200 17747 "https://batconpakistan.org/product-category/clothing" "Mozilla/5.0 AppleWebKit/537.36 (KHTML, like Gecko; compatible; ClaudeBot/1.0; +claudebot@anthropic.com)"
162.0.235.240 - - [13/Oct/2025:19:03:55 -0400] "GET /wp-content/plugins/contact-form-7-style/admin/predefined-templates.json HTTP/1.1" 200 1323 "-" "WordPress/6.8.3; https://batconpakistan.org"
162.0.235.240 - - [13/Oct/2025:19:03:55 -0400] "GET /wp-content/plugins/contact-form-7-style/admin/predefined-templates.json HTTP/1.1" 200 1323 "-" "WordPress/6.8.3; https://batconpakistan.org"
162.0.235.240 - - [13/Oct/2025:19:03:55 -0400] "POST /wp-cron.php?doing_wp_cron=1760396635.1836380958557128906250 HTTP/1.1" 200 0 "-" "WordPress/6.8.3; https://batconpakistan.org"
216.73.216.20 - - [13/Oct/2025:19:03:54 -0400] "GET /product/ninja-silhouette HTTP/1.1" 301 0 "-" "Mozilla/5.0 AppleWebKit/537.36 (KHTML, like Gecko; compatible; ClaudeBot/1.0; +claudebot@anthropic.com)"
216.73.216.20 - - [13/Oct/2025:19:03:54 -0400] "GET /product/ship-your-idea-2/feed HTTP/1.1" 301 0 "-" "Mozilla/5.0 AppleWebKit/537.36 (KHTML, like Gecko; compatible; ClaudeBot/1.0; +claudebot@anthropic.com)"
162.0.235.240 - - [13/Oct/2025:19:03:55 -0400] "GET /wp-content/plugins/contact-form-7-style/admin/predefined-templates.json HTTP/1.1" 200 1323 "-" "WordPress/6.8.3; https://batconpakistan.org"
162.0.235.240 - - [13/Oct/2025:19:03:55 -0400] "GET /wp-content/plugins/contact-form-7-style/admin/predefined-templates.json HTTP/1.1" 200 1323 "-" "WordPress/6.8.3; https://batconpakistan.org"
162.0.235.240 - - [13/Oct/2025:19:03:55 -0400] "GET /wp-content/plugins/contact-form-7-style/admin/predefined-templates.json HTTP/1.1" 200 1323 "-" "WordPress/6.8.3; https://batconpakistan.org"
216.73.216.20 - - [13/Oct/2025:19:03:55 -0400] "GET /product/ship-your-idea-2/feed/ HTTP/1.1" 200 446 "https://batconpakistan.org/product/ship-your-idea-2/feed" "Mozilla/5.0 AppleWebKit/537.36 (KHTML, like Gecko; compatible; ClaudeBot/1.0; +claudebot@anthropic.com)"
216.73.216.20 - - [13/Oct/2025:19:03:55 -0400] "GET /product/ninja-silhouette/ HTTP/1.1" 200 19380 "https://batconpakistan.org/product/ninja-silhouette" "Mozilla/5.0 AppleWebKit/537.36 (KHTML, like Gecko; compatible; ClaudeBot/1.0; +claudebot@anthropic.com)"
216.26.243.32 - - [13/Oct/2025:19:10:21 -0400] "GET /contact-us/ HTTP/1.1" 200 17318 "-" "Mozilla/5.0 (Macintosh; Intel Mac OS X 12_5) AppleWebKit/537.36 (KHTML, like Gecko) Chrome/114.0.0.0 Safari/537.36 Vivaldi/5.3.2679.68"
162.0.235.240 - - [13/Oct/2025:19:10:25 -0400] "GET /wp-content/plugins/contact-form-7-style/admin/predefined-templates.json HTTP/1.1" 200 1323 "-" "WordPress/6.8.3; https://batconpakistan.org"
162.0.235.240 - - [13/Oct/2025:19:10:26 -0400] "POST /wp-cron.php?doing_wp_cron=1760397026.1374208927154541015625 HTTP/1.1" 200 0 "-" "WordPress/6.8.3; https://batconpakistan.org"
162.0.235.240 - - [13/Oct/2025:19:10:26 -0400] "GET /wp-content/plugins/contact-form-7-style/admin/predefined-templates.json HTTP/1.1" 200 1323 "-" "WordPress/6.8.3; https://batconpakistan.org"
216.26.243.32 - - [13/Oct/2025:19:10:22 -0400] "POST /wp-json/contact-form-7/v1/contact-forms/1324/feedback HTTP/1.1" 200 235 "https://batconpakistan.org/contact-us/" "Mozilla/5.0 (Macintosh; Intel Mac OS X 12_5) AppleWebKit/537.36 (KHTML, like Gecko) Chrome/114.0.0.0 Safari/537.36 Vivaldi/5.3.2679.68"
162.0.235.240 - - [13/Oct/2025:19:13:31 -0400] "GET /wp-content/plugins/contact-form-7-style/admin/predefined-templates.json HTTP/1.1" 200 1323 "-" "WordPress/6.8.3; https://batconpakistan.org"
162.0.235.240 - - [13/Oct/2025:19:13:32 -0400] "POST /wp-cron.php?doing_wp_cron=1760397212.4145770072937011718750 HTTP/1.1" 200 0 "-" "WordPress/6.8.3; https://batconpakistan.org"
52.167.144.213 - - [13/Oct/2025:19:13:28 -0400] "GET /Industrial-Electrical-RA-SHLD-TYPE-A-AU-Pack-373676-USB-Cables/ HTTP/1.1" 404 15669 "-" "Mozilla/5.0 AppleWebKit/537.36 (KHTML, like Gecko; compatible; bingbot/2.0; +http://www.bing.com/bingbot.htm) Chrome/116.0.1938.76 Safari/537.36"
162.0.235.240 - - [13/Oct/2025:19:13:33 -0400] "GET /wp-content/plugins/contact-form-7-style/admin/predefined-templates.json HTTP/1.1" 200 1323 "-" "WordPress/6.8.3; https://batconpakistan.org"
216.73.216.20 - - [13/Oct/2025:19:32:44 -0400] "GET /career-opportunities HTTP/1.1" 301 0 "-" "Mozilla/5.0 AppleWebKit/537.36 (KHTML, like Gecko; compatible; ClaudeBot/1.0; +claudebot@anthropic.com)"
216.73.216.20 - - [13/Oct/2025:19:32:44 -0400] "GET /career-opportunities/ HTTP/1.1" 200 18581 "https://batconpakistan.org/career-opportunities" "Mozilla/5.0 AppleWebKit/537.36 (KHTML, like Gecko; compatible; ClaudeBot/1.0; +claudebot@anthropic.com)"
197.250.34.36 - - [13/Oct/2025:19:35:33 -0400] "GET /wp-login.php HTTP/1.1" 200 1885 "-" "Mozilla/5.0 (Windows NT 10.0; Win64; x64) AppleWebKit/537.36 (KHTML, like Gecko) Chrome/66.0.3359.170 Safari/537.36"
162.0.235.240 - - [13/Oct/2025:19:35:41 -0400] "GET /wp-content/plugins/contact-form-7-style/admin/predefined-templates.json HTTP/1.1" 200 1323 "-" "WordPress/6.8.3; https://batconpakistan.org"
162.0.235.240 - - [13/Oct/2025:19:35:42 -0400] "POST /wp-cron.php?doing_wp_cron=1760398542.2662570476531982421875 HTTP/1.1" 200 0 "-" "WordPress/6.8.3; https://batconpakistan.org"
197.250.34.36 - - [13/Oct/2025:19:35:35 -0400] "POST /wp-login.php HTTP/1.1" 200 2045 "https://batconpakistan.org/wp-login.php" "Mozilla/5.0 (Windows NT 10.0; Win64; x64) AppleWebKit/537.36 (KHTML, like Gecko) Chrome/66.0.3359.170 Safari/537.36"
162.0.235.240 - - [13/Oct/2025:19:35:42 -0400] "GET /wp-content/plugins/contact-form-7-style/admin/predefined-templates.json HTTP/1.1" 200 1323 "-" "WordPress/6.8.3; https://batconpakistan.org"
162.0.235.240 - - [13/Oct/2025:19:36:03 -0400] "GET /wp-content/plugins/contact-form-7-style/admin/predefined-templates.json HTTP/1.1" 200 1323 "-" "WordPress/6.8.3; https://batconpakistan.org"
162.0.235.240 - - [13/Oct/2025:19:36:03 -0400] "POST /wp-cron.php?doing_wp_cron=1760398563.5412960052490234375000 HTTP/1.1" 200 0 "-" "WordPress/6.8.3; https://batconpakistan.org"
216.73.216.20 - - [13/Oct/2025:19:36:02 -0400] "GET /sitemap_index.xml HTTP/1.1" 200 512 "-" "Mozilla/5.0 AppleWebKit/537.36 (KHTML, like Gecko; compatible; ClaudeBot/1.0; +claudebot@anthropic.com)"
162.0.235.240 - - [13/Oct/2025:19:36:04 -0400] "GET /wp-content/plugins/contact-form-7-style/admin/predefined-templates.json HTTP/1.1" 200 1323 "-" "WordPress/6.8.3; https://batconpakistan.org"
2a03:2880:f800:41:: - - [13/Oct/2025:19:43:04 -0400] "GET /category/uncategorized/ HTTP/1.1" 200 24794 "-" "meta-externalagent/1.1 (+https://developers.facebook.com/docs/sharing/webmasters/crawler)"
213.209.157.93 - - [13/Oct/2025:19:45:29 -0400] "GET /.git/config HTTP/1.1" 403 1242 "-" "Mozilla/5.0 (Macintosh; Intel Mac OS X 10_14_0) AppleWebKit/537.36 (KHTML, like Gecko) Chrome/69.0.3497.100 Safari/537.36"
162.0.235.240 - - [13/Oct/2025:19:49:22 -0400] "GET /wp-content/plugins/contact-form-7-style/admin/predefined-templates.json HTTP/1.1" 200 1323 "-" "WordPress/6.8.3; https://batconpakistan.org"
162.0.235.240 - - [13/Oct/2025:19:49:23 -0400] "POST /wp-cron.php?doing_wp_cron=1760399363.5544109344482421875000 HTTP/1.1" 200 0 "-" "WordPress/6.8.3; https://batconpakistan.org"
162.0.235.240 - - [13/Oct/2025:19:49:24 -0400] "GET /wp-content/plugins/contact-form-7-style/admin/predefined-templates.json HTTP/1.1" 200 1323 "-" "WordPress/6.8.3; https://batconpakistan.org"
52.167.144.170 - - [13/Oct/2025:19:49:19 -0400] "GET /Cutting-Tools-Radius-Carbide-End-Mill-Round-Shank-Type-AlCrNX-Coated-59780-Corner-Radius/ HTTP/1.1" 404 15670 "-" "Mozilla/5.0 AppleWebKit/537.36 (KHTML, like Gecko; compatible; bingbot/2.0; +http://www.bing.com/bingbot.htm) Chrome/116.0.1938.76 Safari/537.36"
162.0.235.240 - - [13/Oct/2025:19:56:31 -0400] "GET /wp-content/plugins/contact-form-7-style/admin/predefined-templates.json HTTP/1.1" 200 1323 "-" "WordPress/6.8.3; https://batconpakistan.org"
162.0.235.240 - - [13/Oct/2025:19:56:31 -0400] "POST /wp-cron.php?doing_wp_cron=1760399791.8710498809814453125000 HTTP/1.1" 200 0 "-" "WordPress/6.8.3; https://batconpakistan.org"
196.251.88.40 - - [13/Oct/2025:19:56:28 -0400] "GET /about.php?action=p&api=p&path=p&token= HTTP/1.1" 404 15669 "www.google.com" "Mozlila/5.0 (Linux; Android 7.0; SM-G892A Bulid/NRD90M; wv) AppleWebKit/537.36 (KHTML, like Gecko) Version/4.0 Chrome/60.0.3112.107 Moblie Safari/537.36"
162.0.235.240 - - [13/Oct/2025:19:56:32 -0400] "GET /wp-content/plugins/contact-form-7-style/admin/predefined-templates.json HTTP/1.1" 200 1323 "-" "WordPress/6.8.3; https://batconpakistan.org"
162.0.235.240 - - [13/Oct/2025:19:56:35 -0400] "GET /wp-content/plugins/contact-form-7-style/admin/predefined-templates.json HTTP/1.1" 200 1323 "-" "WordPress/6.8.3; https://batconpakistan.org"
196.251.88.40 - - [13/Oct/2025:19:56:35 -0400] "GET /admin.php?action=p&api=p&path=p&token= HTTP/1.1" 404 15671 "www.google.com" "Mozlila/5.0 (Linux; Android 7.0; SM-G892A Bulid/NRD90M; wv) AppleWebKit/537.36 (KHTML, like Gecko) Version/4.0 Chrome/60.0.3112.107 Moblie Safari/537.36"
196.251.88.40 - - [13/Oct/2025:19:56:38 -0400] "GET /admin.php?action=p&api=p&path=p&token= HTTP/1.1" 404 15671 "www.google.com" "Mozlila/5.0 (Linux; Android 7.0; SM-G892A Bulid/NRD90M; wv) AppleWebKit/537.36 (KHTML, like Gecko) Version/4.0 Chrome/60.0.3112.107 Moblie Safari/537.36"
195.178.110.223 - - [13/Oct/2025:20:01:33 -0400] "GET /.git/config HTTP/1.1" 403 1242 "-" "Mozilla/5.0 (Macintosh; Intel Mac OS X 10_14_0) AppleWebKit/537.36 (KHTML, like Gecko) Chrome/75.0.3770.100 Safari/537.36"
103.229.252.90 - - [13/Oct/2025:20:02:26 -0400] "GET / HTTP/1.1" 200 23128 "https://www.google.com/" "Mozilla/5.0 (Linux; Android 11; TECNO KG8) AppleWebKit/537.36 (KHTML, like Gecko) Chrome/97.0.4692.98 Mobile Safari/537.36"
103.229.252.90 - - [13/Oct/2025:20:02:27 -0400] "GET /wp-content/uploads/dynamic-mobmenu.css?ver=2.8.8-550 HTTP/1.1" 200 1744 "https://batconpakistan.org/" "Mozilla/5.0 (Linux; Android 11; TECNO KG8) AppleWebKit/537.36 (KHTML, like Gecko) Chrome/97.0.4692.98 Mobile Safari/537.36"
103.229.252.90 - - [13/Oct/2025:20:02:27 -0400] "GET /wp-content/cache/autoptimize/css/autoptimize_single_64ac31699f5326cb3c76122498b76f66.css?ver=6.1.2 HTTP/1.1" 200 772 "https://batconpakistan.org/" "Mozilla/5.0 (Linux; Android 11; TECNO KG8) AppleWebKit/537.36 (KHTML, like Gecko) Chrome/97.0.4692.98 Mobile Safari/537.36"
103.229.252.90 - - [13/Oct/2025:20:02:27 -0400] "GET /wp-content/cache/autoptimize/css/autoptimize_single_e98f5279cacaef826050eb2595082e77.css?ver=10.2.2 HTTP/1.1" 200 3152 "https://batconpakistan.org/" "Mozilla/5.0 (Linux; Android 11; TECNO KG8) AppleWebKit/537.36 (KHTML, like Gecko) Chrome/97.0.4692.98 Mobile Safari/537.36"
103.229.252.90 - - [13/Oct/2025:20:02:27 -0400] "GET /wp-content/cache/autoptimize/css/autoptimize_single_740b535c88c3adf32f31bb4b2c9a75cb.css?ver=3.1.9 HTTP/1.1" 200 6100 "https://batconpakistan.org/" "Mozilla/5.0 (Linux; Android 11; TECNO KG8) AppleWebKit/537.36 (KHTML, like Gecko) Chrome/97.0.4692.98 Mobile Safari/537.36"
103.229.252.90 - - [13/Oct/2025:20:02:27 -0400] "GET /wp-content/cache/autoptimize/css/autoptimize_single_f0ba34586dd51597fa8cf260d3ada2d6.css?ver=2.3.1.8 HTTP/1.1" 200 1975 "https://batconpakistan.org/" "Mozilla/5.0 (Linux; Android 11; TECNO KG8) AppleWebKit/537.36 (KHTML, like Gecko) Chrome/97.0.4692.98 Mobile Safari/537.36"
198.244.240.93 - - [13/Oct/2025:20:02:28 -0400] "GET /our-activities/ HTTP/1.1" 200 17350 "-" "Mozilla/5.0 (compatible; AhrefsBot/7.0; +http://ahrefs.com/robot/)"
103.229.252.90 - - [13/Oct/2025:20:02:28 -0400] "GET /wp-content/cache/autoptimize/css/autoptimize_single_e2d671c403c7e2bd09b3b298c748d0db.css?ver=wc-10.2.2 HTTP/1.1" 200 2388 "https://batconpakistan.org/" "Mozilla/5.0 (Linux; Android 11; TECNO KG8) AppleWebKit/537.36 (KHTML, like Gecko) Chrome/97.0.4692.98 Mobile Safari/537.36"
