101.33.66.34 - - [13/Oct/2025:13:17:36 -0400] "GET /blog-grid/ HTTP/1.1" 200 19193 "-" "Mozilla/5.0 (iPhone; CPU iPhone OS 13_2_3 like Mac OS X) AppleWebKit/605.1.15 (KHTML, like Gecko) Version/13.0.3 Mobile/15E148 Safari/604.1"
2a0e:1d47:8d08:8c00:d918:3b0e:d392:bd6 - - [13/Oct/2025:13:18:22 -0400] "GET /wp-content/uploads/2021/07/WhatsApp-Image-2021-07-10-at-9.51.16-AM-1.jpeg HTTP/1.1" 200 157152 "https://www.google.com/" "Mozilla/5.0 (iPhone; CPU iPhone OS 18_5 like Mac OS X) AppleWebKit/605.1.15 (KHTML, like Gecko) Version/18.5 Mobile/15E148 Safari/604.1"
162.0.235.240 - - [13/Oct/2025:13:18:58 -0400] "GET /wp-content/plugins/contact-form-7-style/admin/predefined-templates.json HTTP/1.1" 200 1323 "-" "WordPress/6.8.3; https://batconpakistan.org"
162.0.235.240 - - [13/Oct/2025:13:18:59 -0400] "POST /wp-cron.php?doing_wp_cron=1760375939.1991779804229736328125 HTTP/1.1" 200 0 "-" "WordPress/6.8.3; https://batconpakistan.org"
66.249.66.70 - - [13/Oct/2025:13:18:55 -0400] "GET /2021/02/20/earthday-org-and-batcon-pakistan-join-hands/ HTTP/1.1" 200 20463 "-" "Mozilla/5.0 (Linux; Android 6.0.1; Nexus 5X Build/MMB29P) AppleWebKit/537.36 (KHTML, like Gecko) Chrome/140.0.7339.207 Mobile Safari/537.36 (compatible; Googlebot/2.1; +http://www.google.com/bot.html)"
162.0.235.240 - - [13/Oct/2025:13:18:59 -0400] "GET /wp-content/plugins/contact-form-7-style/admin/predefined-templates.json HTTP/1.1" 200 1323 "-" "WordPress/6.8.3; https://batconpakistan.org"
162.0.235.240 - - [13/Oct/2025:13:24:02 -0400] "GET /wp-content/plugins/contact-form-7-style/admin/predefined-templates.json HTTP/1.1" 200 1323 "-" "WordPress/6.8.3; https://batconpakistan.org"
162.0.235.240 - - [13/Oct/2025:13:24:03 -0400] "POST /wp-cron.php?doing_wp_cron=1760376243.0337879657745361328125 HTTP/1.1" 200 0 "-" "WordPress/6.8.3; https://batconpakistan.org"
40.77.167.73 - - [13/Oct/2025:13:23:58 -0400] "GET /Power-Transmission-Products-Belt-Rubber-Length-Length-J-619348-VBelts/ HTTP/1.1" 404 15669 "-" "Mozilla/5.0 AppleWebKit/537.36 (KHTML, like Gecko; compatible; bingbot/2.0; +http://www.bing.com/bingbot.htm) Chrome/116.0.1938.76 Safari/537.36"
162.0.235.240 - - [13/Oct/2025:13:24:03 -0400] "GET /wp-content/plugins/contact-form-7-style/admin/predefined-templates.json HTTP/1.1" 200 1323 "-" "WordPress/6.8.3; https://batconpakistan.org"
162.0.235.240 - - [13/Oct/2025:13:25:06 -0400] "GET /wp-content/plugins/contact-form-7-style/admin/predefined-templates.json HTTP/1.1" 200 1323 "-" "WordPress/6.8.3; https://batconpakistan.org"
162.0.235.240 - - [13/Oct/2025:13:25:07 -0400] "GET /wp-content/plugins/contact-form-7-style/admin/predefined-templates.json HTTP/1.1" 200 1323 "-" "WordPress/6.8.3; https://batconpakistan.org"
162.0.235.240 - - [13/Oct/2025:13:25:07 -0400] "GET /wp-content/plugins/contact-form-7-style/admin/predefined-templates.json HTTP/1.1" 200 1323 "-" "WordPress/6.8.3; https://batconpakistan.org"
162.0.235.240 - - [13/Oct/2025:13:25:07 -0400] "POST /wp-cron.php?doing_wp_cron=1760376307.3938529491424560546875 HTTP/1.1" 200 0 "-" "WordPress/6.8.3; https://batconpakistan.org"
162.0.235.240 - - [13/Oct/2025:13:25:07 -0400] "GET /wp-content/plugins/contact-form-7-style/admin/predefined-templates.json HTTP/1.1" 200 1323 "-" "WordPress/6.8.3; https://batconpakistan.org"
162.0.235.240 - - [13/Oct/2025:13:25:07 -0400] "GET /wp-content/plugins/contact-form-7-style/admin/predefined-templates.json HTTP/1.1" 200 1323 "-" "WordPress/6.8.3; https://batconpakistan.org"
149.86.143.17 - - [13/Oct/2025:13:25:05 -0400] "GET /marijuana.php HTTP/1.1" 404 15669 "-" "Mozilla/5.0 (Windows NT 10.0; Win64; x64) AppleWebKit/537.36 (KHTML, like Gecko) Chrome/134.0.0.0 Safari/537.36"
149.86.143.17 - - [13/Oct/2025:13:25:06 -0400] "GET /mar.php HTTP/1.1" 404 15669 "-" "Mozilla/5.0 (Windows NT 10.0; Win64; x64) AppleWebKit/537.36 (KHTML, like Gecko) Chrome/134.0.0.0 Safari/537.36"
149.86.143.17 - - [13/Oct/2025:13:25:06 -0400] "GET /MARIJUANA.php HTTP/1.1" 404 15671 "-" "Mozilla/5.0 (Windows NT 10.0; Win64; x64) AppleWebKit/537.36 (KHTML, like Gecko) Chrome/134.0.0.0 Safari/537.36"
149.86.143.17 - - [13/Oct/2025:13:25:06 -0400] "GET /atomlib.php HTTP/1.1" 404 15668 "-" "Mozilla/5.0 (Windows NT 10.0; Win64; x64) AppleWebKit/537.36 (KHTML, like Gecko) Chrome/134.0.0.0 Safari/537.36"
162.0.235.240 - - [13/Oct/2025:13:25:08 -0400] "GET /wp-content/plugins/contact-form-7-style/admin/predefined-templates.json HTTP/1.1" 200 1323 "-" "WordPress/6.8.3; https://batconpakistan.org"
149.86.143.17 - - [13/Oct/2025:13:25:06 -0400] "GET /mari.php HTTP/1.1" 404 15669 "-" "Mozilla/5.0 (Windows NT 10.0; Win64; x64) AppleWebKit/537.36 (KHTML, like Gecko) Chrome/134.0.0.0 Safari/537.36"
43.154.127.188 - - [13/Oct/2025:13:28:04 -0400] "GET /feed/ HTTP/1.1" 200 23257 "-" "Mozilla/5.0 (iPhone; CPU iPhone OS 13_2_3 like Mac OS X) AppleWebKit/605.1.15 (KHTML, like Gecko) Version/13.0.3 Mobile/15E148 Safari/604.1"
128.192.12.104 - - [13/Oct/2025:13:44:53 -0400] "GET / HTTP/1.1" 200 23128 "-" "Mozilla/5.0 (compatible; UGAResearchAgent/1.0; Please visit: NISLabUGA.github.io)"
162.0.235.240 - - [13/Oct/2025:13:46:39 -0400] "GET /wp-content/plugins/contact-form-7-style/admin/predefined-templates.json HTTP/1.1" 200 1323 "-" "WordPress/6.8.3; https://batconpakistan.org"
162.0.235.240 - - [13/Oct/2025:13:46:40 -0400] "POST /wp-cron.php?doing_wp_cron=1760377600.6948890686035156250000 HTTP/1.1" 200 0 "-" "WordPress/6.8.3; https://batconpakistan.org"
35.173.38.202 - - [13/Oct/2025:13:46:35 -0400] "GET /2021/02/15/general-format-11/ HTTP/1.1" 404 15669 "-" "Mozilla/5.0 AppleWebKit/537.36 (KHTML, like Gecko; compatible; Amazonbot/0.1; +https://developer.amazon.com/support/amazonbot) Chrome/119.0.6045.214 Safari/537.36"
162.0.235.240 - - [13/Oct/2025:13:46:41 -0400] "GET /wp-content/plugins/contact-form-7-style/admin/predefined-templates.json HTTP/1.1" 200 1323 "-" "WordPress/6.8.3; https://batconpakistan.org"
162.0.235.240 - - [13/Oct/2025:13:47:08 -0400] "GET /wp-content/plugins/contact-form-7-style/admin/predefined-templates.json HTTP/1.1" 200 1323 "-" "WordPress/6.8.3; https://batconpakistan.org"
162.0.235.240 - - [13/Oct/2025:13:47:08 -0400] "POST /wp-cron.php?doing_wp_cron=1760377628.7037000656127929687500 HTTP/1.1" 200 0 "-" "WordPress/6.8.3; https://batconpakistan.org"
52.167.144.187 - - [13/Oct/2025:13:47:07 -0400] "GET /Material-Handling-Products-Aftermarket-Caterpillar-Forklift-Wheel-492494-Forklifts/ HTTP/1.1" 404 15669 "-" "Mozilla/5.0 AppleWebKit/537.36 (KHTML, like Gecko; compatible; bingbot/2.0; +http://www.bing.com/bingbot.htm) Chrome/116.0.1938.76 Safari/537.36"
162.0.235.240 - - [13/Oct/2025:13:47:09 -0400] "GET /wp-content/plugins/contact-form-7-style/admin/predefined-templates.json HTTP/1.1" 200 1323 "-" "WordPress/6.8.3; https://batconpakistan.org"
162.0.235.240 - - [13/Oct/2025:14:01:24 -0400] "GET /wp-content/plugins/contact-form-7-style/admin/predefined-templates.json HTTP/1.1" 200 1323 "-" "WordPress/6.8.3; https://batconpakistan.org"
162.0.235.240 - - [13/Oct/2025:14:01:25 -0400] "POST /wp-cron.php?doing_wp_cron=1760378485.3019700050354003906250 HTTP/1.1" 200 0 "-" "WordPress/6.8.3; https://batconpakistan.org"
2a03:2880:f800:41:: - - [13/Oct/2025:14:01:21 -0400] "GET /campaigns/help-relocate-the-refugees/feed/ HTTP/1.1" 404 15671 "-" "meta-externalagent/1.1 (+https://developers.facebook.com/docs/sharing/webmasters/crawler)"
162.0.235.240 - - [13/Oct/2025:14:01:26 -0400] "GET /wp-content/plugins/contact-form-7-style/admin/predefined-templates.json HTTP/1.1" 200 1323 "-" "WordPress/6.8.3; https://batconpakistan.org"
162.0.235.240 - - [13/Oct/2025:14:01:32 -0400] "GET /wp-content/plugins/contact-form-7-style/admin/predefined-templates.json HTTP/1.1" 200 1323 "-" "WordPress/6.8.3; https://batconpakistan.org"
43.130.9.111 - - [13/Oct/2025:14:01:31 -0400] "GET /?p=1644 HTTP/1.1" 301 0 "-" "Mozilla/5.0 (iPhone; CPU iPhone OS 13_2_3 like Mac OS X) AppleWebKit/605.1.15 (KHTML, like Gecko) Version/13.0.3 Mobile/15E148 Safari/604.1"
43.130.9.111 - - [13/Oct/2025:14:01:38 -0400] "GET /2021/09/05/project-completion/ HTTP/1.1" 200 21540 "https://batconpakistan.org/?p=1644" "Mozilla/5.0 (iPhone; CPU iPhone OS 13_2_3 like Mac OS X) AppleWebKit/605.1.15 (KHTML, like Gecko) Version/13.0.3 Mobile/15E148 Safari/604.1"
80.211.129.208 - - [13/Oct/2025:14:06:10 -0400] "GET / HTTP/1.1" 200 23128 "-" "Mozilla/5.0"
162.0.235.240 - - [13/Oct/2025:14:10:43 -0400] "GET /wp-content/plugins/contact-form-7-style/admin/predefined-templates.json HTTP/1.1" 200 1323 "-" "WordPress/6.8.3; https://batconpakistan.org"
162.0.235.240 - - [13/Oct/2025:14:10:43 -0400] "POST /wp-cron.php?doing_wp_cron=1760379043.9009139537811279296875 HTTP/1.1" 200 0 "-" "WordPress/6.8.3; https://batconpakistan.org"
167.94.138.36 - - [13/Oct/2025:14:10:40 -0400] "GET / HTTP/1.1" 301 0 "-" "Mozilla/5.0 (compatible; CensysInspect/1.1; +https://about.censys.io/)"
162.0.235.240 - - [13/Oct/2025:14:10:44 -0400] "GET /wp-content/plugins/contact-form-7-style/admin/predefined-templates.json HTTP/1.1" 200 1323 "-" "WordPress/6.8.3; https://batconpakistan.org"
2602:80d:1006::14 - - [13/Oct/2025:14:10:49 -0400] "GET /favicon.ico HTTP/1.1" 404 1251 "-" "Mozilla/5.0 (compatible; CensysInspect/1.1; +https://about.censys.io/)"
2602:80d:1006::14 - - [13/Oct/2025:14:10:58 -0400] "GET / HTTP/1.1" 200 23128 "-" "Mozilla/5.0 (compatible; CensysInspect/1.1; +https://about.censys.io/)"
2602:80d:1006::14 - - [13/Oct/2025:14:11:09 -0400] "GET /favicon.ico HTTP/1.1" 404 1251 "-" "Mozilla/5.0 (compatible; CensysInspect/1.1; +https://about.censys.io/)"
119.59.125.53 - - [13/Oct/2025:14:11:10 -0400] "GET /wp-login.php HTTP/1.1" 200 1885 "-" "Mozilla/5.0 (Windows NT 6.3; WOW64; Trident/7.0; Touch; MATBJS; rv:11.0) like Gecko"
162.0.235.240 - - [13/Oct/2025:14:11:14 -0400] "GET /wp-content/plugins/contact-form-7-style/admin/predefined-templates.json HTTP/1.1" 200 1323 "-" "WordPress/6.8.3; https://batconpakistan.org"
162.0.235.240 - - [13/Oct/2025:14:11:14 -0400] "POST /wp-cron.php?doing_wp_cron=1760379074.7529211044311523437500 HTTP/1.1" 200 0 "-" "WordPress/6.8.3; https://batconpakistan.org"
119.59.125.53 - - [13/Oct/2025:14:11:14 -0400] "POST /wp-login.php HTTP/1.1" 200 2045 "https://batconpakistan.org/wp-login.php" "Mozilla/5.0 (Windows NT 6.3; WOW64; Trident/7.0; Touch; MATBJS; rv:11.0) like Gecko"
162.0.235.240 - - [13/Oct/2025:14:11:15 -0400] "GET /wp-content/plugins/contact-form-7-style/admin/predefined-templates.json HTTP/1.1" 200 1323 "-" "WordPress/6.8.3; https://batconpakistan.org"
162.0.235.240 - - [13/Oct/2025:14:13:41 -0400] "GET /wp-content/plugins/contact-form-7-style/admin/predefined-templates.json HTTP/1.1" 200 1323 "-" "WordPress/6.8.3; https://batconpakistan.org"
162.0.235.240 - - [13/Oct/2025:14:13:41 -0400] "POST /wp-cron.php?doing_wp_cron=1760379221.8886520862579345703125 HTTP/1.1" 200 0 "-" "WordPress/6.8.3; https://batconpakistan.org"
167.94.138.36 - - [13/Oct/2025:14:13:38 -0400] "GET /login HTTP/1.1" 301 0 "-" "Mozilla/5.0 (compatible; CensysInspect/1.1; +https://about.censys.io/)"
162.0.235.240 - - [13/Oct/2025:14:13:42 -0400] "GET /wp-content/plugins/contact-form-7-style/admin/predefined-templates.json HTTP/1.1" 200 1323 "-" "WordPress/6.8.3; https://batconpakistan.org"
216.73.216.20 - - [13/Oct/2025:14:14:39 -0400] "GET /robots.txt HTTP/1.1" 304 0 "-" "Mozilla/5.0 AppleWebKit/537.36 (KHTML, like Gecko; compatible; ClaudeBot/1.0; +claudebot@anthropic.com)"
162.0.235.240 - - [13/Oct/2025:14:14:40 -0400] "GET /wp-content/plugins/contact-form-7-style/admin/predefined-templates.json HTTP/1.1" 200 1323 "-" "WordPress/6.8.3; https://batconpakistan.org"
162.0.235.240 - - [13/Oct/2025:14:14:41 -0400] "POST /wp-cron.php?doing_wp_cron=1760379280.9910531044006347656250 HTTP/1.1" 200 0 "-" "WordPress/6.8.3; https://batconpakistan.org"
216.73.216.20 - - [13/Oct/2025:14:14:40 -0400] "GET /sitemap_index.xml HTTP/1.1" 200 512 "-" "Mozilla/5.0 AppleWebKit/537.36 (KHTML, like Gecko; compatible; ClaudeBot/1.0; +claudebot@anthropic.com)"
162.0.235.240 - - [13/Oct/2025:14:14:41 -0400] "GET /wp-content/plugins/contact-form-7-style/admin/predefined-templates.json HTTP/1.1" 200 1323 "-" "WordPress/6.8.3; https://batconpakistan.org"
178.32.213.243 - - [13/Oct/2025:14:15:17 -0400] "GET /wp-login.php HTTP/1.1" 200 1885 "-" "Mozilla/4.0 (compatible; MSIE 7.0; Windows NT 6.1; WOW64; Trident/7.0; SLCC2; .NET CLR 2.0.50727; .NET CLR 3.5.30729; .NET CLR 3.0.30729; Media Center PC 6.0; InfoPath.2; .NET4.0C; .NET4.0E)"
162.0.235.240 - - [13/Oct/2025:14:15:29 -0400] "GET /wp-content/plugins/contact-form-7-style/admin/predefined-templates.json HTTP/1.1" 200 1323 "-" "WordPress/6.8.3; https://batconpakistan.org"
162.0.235.240 - - [13/Oct/2025:14:15:29 -0400] "POST /wp-cron.php?doing_wp_cron=1760379329.3850309848785400390625 HTTP/1.1" 200 0 "-" "WordPress/6.8.3; https://batconpakistan.org"
178.32.213.243 - - [13/Oct/2025:14:15:28 -0400] "POST /wp-login.php HTTP/1.1" 200 2045 "https://batconpakistan.org/wp-login.php" "Mozilla/4.0 (compatible; MSIE 7.0; Windows NT 6.1; WOW64; Trident/7.0; SLCC2; .NET CLR 2.0.50727; .NET CLR 3.5.30729; .NET CLR 3.0.30729; Media Center PC 6.0; InfoPath.2; .NET4.0C; .NET4.0E)"
162.0.235.240 - - [13/Oct/2025:14:15:29 -0400] "GET /wp-content/plugins/contact-form-7-style/admin/predefined-templates.json HTTP/1.1" 200 1323 "-" "WordPress/6.8.3; https://batconpakistan.org"
162.0.235.240 - - [13/Oct/2025:14:15:29 -0400] "GET /wp-content/plugins/contact-form-7-style/admin/predefined-templates.json HTTP/1.1" 200 1323 "-" "WordPress/6.8.3; https://batconpakistan.org"
40.77.167.255 - - [13/Oct/2025:14:15:29 -0400] "GET /user-profile/ HTTP/1.1" 200 16662 "-" "Mozilla/5.0 AppleWebKit/537.36 (KHTML, like Gecko; compatible; bingbot/2.0; +http://www.bing.com/bingbot.htm) Chrome/116.0.1938.76 Safari/537.36"
162.0.235.240 - - [13/Oct/2025:14:19:09 -0400] "GET /wp-content/plugins/contact-form-7-style/admin/predefined-templates.json HTTP/1.1" 200 1323 "-" "WordPress/6.8.3; https://batconpakistan.org"
162.0.235.240 - - [13/Oct/2025:14:19:09 -0400] "GET /wp-content/plugins/contact-form-7-style/admin/predefined-templates.json HTTP/1.1" 200 1323 "-" "WordPress/6.8.3; https://batconpakistan.org"
162.0.235.240 - - [13/Oct/2025:14:19:09 -0400] "GET /wp-content/plugins/contact-form-7-style/admin/predefined-templates.json HTTP/1.1" 200 1323 "-" "WordPress/6.8.3; https://batconpakistan.org"
176.106.158.33 - - [13/Oct/2025:14:19:05 -0400] "GET /installer.php HTTP/1.1" 200 0 "-" "Mozilla/5.0 (Windows NT 10.0; Win64; x64) AppleWebKit/537.36 (KHTML, like Gecko) Chrome/131.0.0.0 Safari/537.36"
176.106.158.33 - - [13/Oct/2025:14:19:05 -0400] "GET /installer-backup.php HTTP/1.1" 200 0 "-" "Mozilla/5.0 (Windows NT 10.0; Win64; x64) AppleWebKit/537.36 (KHTML, like Gecko) Chrome/131.0.0.0 Safari/537.36"
162.0.235.240 - - [13/Oct/2025:14:19:10 -0400] "POST /wp-cron.php?doing_wp_cron=1760379550.4242959022521972656250 HTTP/1.1" 200 0 "-" "WordPress/6.8.3; https://batconpakistan.org"
162.0.235.240 - - [13/Oct/2025:14:19:10 -0400] "POST /wp-cron.php?doing_wp_cron=1760379550.4247269630432128906250 HTTP/1.1" 200 0 "-" "WordPress/6.8.3; https://batconpakistan.org"
176.106.158.33 - - [13/Oct/2025:14:19:06 -0400] "GET /dup-installer/main.installer.php HTTP/1.1" 404 15671 "-" "Mozilla/5.0 (Windows NT 10.0; Win64; x64) AppleWebKit/537.36 (KHTML, like Gecko) Chrome/131.0.0.0 Safari/537.36"
162.0.235.240 - - [13/Oct/2025:14:19:11 -0400] "GET /wp-content/plugins/contact-form-7-style/admin/predefined-templates.json HTTP/1.1" 200 1323 "-" "WordPress/6.8.3; https://batconpakistan.org"
162.0.235.240 - - [13/Oct/2025:14:19:11 -0400] "GET /wp-content/plugins/contact-form-7-style/admin/predefined-templates.json HTTP/1.1" 200 1323 "-" "WordPress/6.8.3; https://batconpakistan.org"
162.0.235.240 - - [13/Oct/2025:14:21:24 -0400] "GET /wp-content/plugins/contact-form-7-style/admin/predefined-templates.json HTTP/1.1" 200 1323 "-" "WordPress/6.8.3; https://batconpakistan.org"
162.0.235.240 - - [13/Oct/2025:14:21:24 -0400] "POST /wp-cron.php?doing_wp_cron=1760379684.6421399116516113281250 HTTP/1.1" 200 0 "-" "WordPress/6.8.3; https://batconpakistan.org"
170.106.11.141 - - [13/Oct/2025:14:21:21 -0400] "GET /?p=205 HTTP/1.1" 301 0 "-" "Mozilla/5.0 (iPhone; CPU iPhone OS 13_2_3 like Mac OS X) AppleWebKit/605.1.15 (KHTML, like Gecko) Version/13.0.3 Mobile/15E148 Safari/604.1"
162.0.235.240 - - [13/Oct/2025:14:21:25 -0400] "GET /wp-content/plugins/contact-form-7-style/admin/predefined-templates.json HTTP/1.1" 200 1323 "-" "WordPress/6.8.3; https://batconpakistan.org"
170.106.11.141 - - [13/Oct/2025:14:21:27 -0400] "GET /blog-grid/ HTTP/1.1" 200 19193 "https://batconpakistan.org/?p=205" "Mozilla/5.0 (iPhone; CPU iPhone OS 13_2_3 like Mac OS X) AppleWebKit/605.1.15 (KHTML, like Gecko) Version/13.0.3 Mobile/15E148 Safari/604.1"
66.132.153.118 - - [13/Oct/2025:14:22:00 -0400] "GET / HTTP/1.1" 200 23128 "-" "Mozilla/5.0 (compatible; CensysInspect/1.1; +https://about.censys.io/)"
2620:96:e000::116 - - [13/Oct/2025:14:22:02 -0400] "GET /favicon.ico HTTP/1.1" 404 1251 "-" "Mozilla/5.0 (compatible; CensysInspect/1.1; +https://about.censys.io/)"
62.60.130.228 - - [13/Oct/2025:14:22:55 -0400] "GET /wp-login.php HTTP/1.1" 200 1885 "https://www.reddit.com/" "Mozilla/5.0 (X11; Ubuntu; Linux x86_64) AppleWebKit/537.36 (KHTML, like Gecko) Chrome/121.0.6167.85 Safari/537.36"
62.60.130.228 - - [13/Oct/2025:14:22:55 -0400] "GET /wp-login.php HTTP/1.1" 200 1885 "https://www.reddit.com/" "Mozilla/5.0 (X11; Linux x86_64) Gecko/20100101 Firefox/122.0"
162.0.235.240 - - [13/Oct/2025:14:22:59 -0400] "GET /wp-content/plugins/contact-form-7-style/admin/predefined-templates.json HTTP/1.1" 200 1323 "-" "WordPress/6.8.3; https://batconpakistan.org"
162.0.235.240 - - [13/Oct/2025:14:23:00 -0400] "POST /wp-cron.php?doing_wp_cron=1760379780.1225390434265136718750 HTTP/1.1" 200 0 "-" "WordPress/6.8.3; https://batconpakistan.org"
62.60.130.228 - - [13/Oct/2025:14:22:55 -0400] "GET /wp-admin/ HTTP/1.1" 302 0 "https://wordpress.org/" "Mozilla/5.0 (Windows NT 10.0; Win64; x64) Gecko/20100101 Firefox/121.0"
162.0.235.240 - - [13/Oct/2025:14:23:00 -0400] "GET /wp-content/plugins/contact-form-7-style/admin/predefined-templates.json HTTP/1.1" 200 1323 "-" "WordPress/6.8.3; https://batconpakistan.org"
162.0.235.240 - - [13/Oct/2025:14:23:00 -0400] "GET /wp-content/plugins/contact-form-7-style/admin/predefined-templates.json HTTP/1.1" 200 1323 "-" "WordPress/6.8.3; https://batconpakistan.org"
62.60.130.228 - - [13/Oct/2025:14:23:00 -0400] "GET /wp-login.php?redirect_to=https%3A%2F%2Fbatconpakistan.org%2Fwp-admin%2F&reauth=1 HTTP/1.1" 200 1885 "https://wordpress.org/" "Mozilla/5.0 (Windows NT 10.0; Win64; x64) Gecko/20100101 Firefox/121.0"
66.132.153.118 - - [13/Oct/2025:14:24:09 -0400] "GET /robots.txt HTTP/1.1" 200 183 "-" "Mozilla/5.0 (compatible; CensysInspect/1.1; +https://about.censys.io/)"
149.57.191.253 - - [13/Oct/2025:14:25:17 -0400] "GET /career-opportunities HTTP/1.1" 301 0 "-" "Mozilla/5.0 (X11; Linux x86_64) AppleWebKit/537.36 (KHTML, like Gecko) Chrome/140.0.0.0 Safari/537.36"
149.57.191.253 - - [13/Oct/2025:14:25:18 -0400] "GET /career-opportunities/ HTTP/1.1" 200 18581 "-" "Mozilla/5.0 (X11; Linux x86_64) AppleWebKit/537.36 (KHTML, like Gecko) Chrome/140.0.0.0 Safari/537.36"
149.57.191.253 - - [13/Oct/2025:14:25:18 -0400] "GET /wp-content/cache/autoptimize/css/autoptimize_single_64ac31699f5326cb3c76122498b76f66.css?ver=6.1.2 HTTP/1.1" 200 772 "https://batconpakistan.org/career-opportunities/" "Mozilla/5.0 (X11; Linux x86_64) AppleWebKit/537.36 (KHTML, like Gecko) Chrome/140.0.0.0 Safari/537.36"
149.57.191.253 - - [13/Oct/2025:14:25:18 -0400] "GET /wp-content/cache/autoptimize/css/autoptimize_single_740b535c88c3adf32f31bb4b2c9a75cb.css?ver=3.1.9 HTTP/1.1" 200 6100 "https://batconpakistan.org/career-opportunities/" "Mozilla/5.0 (X11; Linux x86_64) AppleWebKit/537.36 (KHTML, like Gecko) Chrome/140.0.0.0 Safari/537.36"
149.57.191.253 - - [13/Oct/2025:14:25:18 -0400] "GET /wp-content/cache/autoptimize/css/autoptimize_single_0a5cfa15a1c3bce6319a071a84e71e83.css?ver=10.2.2 HTTP/1.1" 200 10379 "https://batconpakistan.org/career-opportunities/" "Mozilla/5.0 (X11; Linux x86_64) AppleWebKit/537.36 (KHTML, like Gecko) Chrome/140.0.0.0 Safari/537.36"
149.57.191.253 - - [13/Oct/2025:14:25:18 -0400] "GET /wp-content/cache/autoptimize/css/autoptimize_single_c239a19ab97fc5c3a9185c6f4769b642.css?ver=1.8.8.3 HTTP/1.1" 200 501 "https://batconpakistan.org/career-opportunities/" "Mozilla/5.0 (X11; Linux x86_64) AppleWebKit/537.36 (KHTML, like Gecko) Chrome/140.0.0.0 Safari/537.36"
149.57.191.253 - - [13/Oct/2025:14:25:18 -0400] "GET /wp-content/cache/autoptimize/css/autoptimize_single_4c7a484dea14abf84b68c05eaafd62ba.css?ver=3.1.9 HTTP/1.1" 200 1522 "https://batconpakistan.org/career-opportunities/" "Mozilla/5.0 (X11; Linux x86_64) AppleWebKit/537.36 (KHTML, like Gecko) Chrome/140.0.0.0 Safari/537.36"
149.57.191.253 - - [13/Oct/2025:14:25:18 -0400] "GET /wp-content/plugins/charitable/assets/css/charitable.min.css?ver=1.8.8.3 HTTP/1.1" 200 4214 "https://batconpakistan.org/career-opportunities/" "Mozilla/5.0 (X11; Linux x86_64) AppleWebKit/537.36 (KHTML, like Gecko) Chrome/140.0.0.0 Safari/537.36"
149.57.191.253 - - [13/Oct/2025:14:25:18 -0400] "GET /wp-content/uploads/dynamic-mobmenu.css?ver=2.8.8-911 HTTP/1.1" 200 1744 "https://batconpakistan.org/career-opportunities/" "Mozilla/5.0 (X11; Linux x86_64) AppleWebKit/537.36 (KHTML, like Gecko) Chrome/140.0.0.0 Safari/537.36"
149.57.191.253 - - [13/Oct/2025:14:25:18 -0400] "GET /wp-content/cache/autoptimize/css/autoptimize_single_e2d671c403c7e2bd09b3b298c748d0db.css?ver=wc-10.2.2 HTTP/1.1" 200 2388 "https://batconpakistan.org/career-opportunities/" "Mozilla/5.0 (X11; Linux x86_64) AppleWebKit/537.36 (KHTML, like Gecko) Chrome/140.0.0.0 Safari/537.36"
149.57.191.253 - - [13/Oct/2025:14:25:18 -0400] "GET /wp-content/plugins/simple-twitter-tweets/css/stt.min.css?ver=6.8.3 HTTP/1.1" 200 3164 "https://batconpakistan.org/career-opportunities/" "Mozilla/5.0 (X11; Linux x86_64) AppleWebKit/537.36 (KHTML, like Gecko) Chrome/140.0.0.0 Safari/537.36"
149.57.191.253 - - [13/Oct/2025:14:25:18 -0400] "GET /wp-content/cache/autoptimize/css/autoptimize_single_f462d22dd9213b04c9b8447b2bb0f416.css?ver=2.3.1.8 HTTP/1.1" 200 2401 "https://batconpakistan.org/career-opportunities/" "Mozilla/5.0 (X11; Linux x86_64) AppleWebKit/537.36 (KHTML, like Gecko) Chrome/140.0.0.0 Safari/537.36"
149.57.191.253 - - [13/Oct/2025:14:25:18 -0400] "GET /wp-content/cache/autoptimize/css/autoptimize_single_6ab2aa128673eda7d59c1118dc16bc54.css?ver=2.3.1.8 HTTP/1.1" 200 18267 "https://batconpakistan.org/career-opportunities/" "Mozilla/5.0 (X11; Linux x86_64) AppleWebKit/537.36 (KHTML, like Gecko) Chrome/140.0.0.0 Safari/537.36"
149.57.191.253 - - [13/Oct/2025:14:25:18 -0400] "GET /wp-content/uploads/elementor/google-fonts/css/robotoslab.css?ver=1743870445 HTTP/1.1" 200 708 "https://batconpakistan.org/career-opportunities/" "Mozilla/5.0 (X11; Linux x86_64) AppleWebKit/537.36 (KHTML, like Gecko) Chrome/140.0.0.0 Safari/537.36"
149.57.191.253 - - [13/Oct/2025:14:25:18 -0400] "GET /wp-content/cache/autoptimize/css/autoptimize_single_31001bbf717ff68857a56812c578f4a5.css?ver=2.3.1.8 HTTP/1.1" 200 1513 "https://batconpakistan.org/career-opportunities/" "Mozilla/5.0 (X11; Linux x86_64) AppleWebKit/537.36 (KHTML, like Gecko) Chrome/140.0.0.0 Safari/537.36"
149.57.191.253 - - [13/Oct/2025:14:25:18 -0400] "GET /wp-content/uploads/elementor/google-fonts/css/roboto.css?ver=1743870430 HTTP/1.1" 200 1874 "https://batconpakistan.org/career-opportunities/" "Mozilla/5.0 (X11; Linux x86_64) AppleWebKit/537.36 (KHTML, like Gecko) Chrome/140.0.0.0 Safari/537.36"
149.57.191.253 - - [13/Oct/2025:14:25:18 -0400] "GET /wp-content/cache/autoptimize/css/autoptimize_single_48d56016b20f151be4f24ba6d0eb1be4.css?ver=10.2.2 HTTP/1.1" 200 579 "https://batconpakistan.org/career-opportunities/" "Mozilla/5.0 (X11; Linux x86_64) AppleWebKit/537.36 (KHTML, like Gecko) Chrome/140.0.0.0 Safari/537.36"
149.57.191.253 - - [13/Oct/2025:14:25:18 -0400] "GET /wp-content/uploads/elementor/css/post-1145.css?ver=1759785811 HTTP/1.1" 200 153 "https://batconpakistan.org/career-opportunities/" "Mozilla/5.0 (X11; Linux x86_64) AppleWebKit/537.36 (KHTML, like Gecko) Chrome/140.0.0.0 Safari/537.36"
149.57.191.253 - - [13/Oct/2025:14:25:18 -0400] "GET /wp-content/cache/autoptimize/css/autoptimize_single_62bd0bbb7661b81231fdf47aa5e637c7.css?ver=2.8.8 HTTP/1.1" 200 1650 "https://batconpakistan.org/career-opportunities/" "Mozilla/5.0 (X11; Linux x86_64) AppleWebKit/537.36 (KHTML, like Gecko) Chrome/140.0.0.0 Safari/537.36"
149.57.191.253 - - [13/Oct/2025:14:25:18 -0400] "GET /wp-content/plugins/elementor/assets/lib/eicons/css/elementor-icons.min.css?ver=5.44.0 HTTP/1.1" 200 3997 "https://batconpakistan.org/career-opportunities/" "Mozilla/5.0 (X11; Linux x86_64) AppleWebKit/537.36 (KHTML, like Gecko) Chrome/140.0.0.0 Safari/537.36"
149.57.191.253 - - [13/Oct/2025:14:25:18 -0400] "GET /wp-content/cache/autoptimize/css/autoptimize_single_41bed9c277a6b639b745014db1865334.css?ver=2.3.1.8 HTTP/1.1" 200 1420 "https://batconpakistan.org/career-opportunities/" "Mozilla/5.0 (X11; Linux x86_64) AppleWebKit/537.36 (KHTML, like Gecko) Chrome/140.0.0.0 Safari/537.36"
149.57.191.253 - - [13/Oct/2025:14:25:18 -0400] "GET /wp-content/plugins/elementor/assets/css/frontend.min.css?ver=3.32.4 HTTP/1.1" 200 6537 "https://batconpakistan.org/career-opportunities/" "Mozilla/5.0 (X11; Linux x86_64) AppleWebKit/537.36 (KHTML, like Gecko) Chrome/140.0.0.0 Safari/537.36"
149.57.191.253 - - [13/Oct/2025:14:25:18 -0400] "GET /wp-content/cache/autoptimize/css/autoptimize_single_1418901a19797ba546efd0b84d4bd748.css?ver=2.3.1.8 HTTP/1.1" 200 676 "https://batconpakistan.org/career-opportunities/" "Mozilla/5.0 (X11; Linux x86_64) AppleWebKit/537.36 (KHTML, like Gecko) Chrome/140.0.0.0 Safari/537.36"
149.57.191.253 - - [13/Oct/2025:14:25:18 -0400] "GET /wp-content/uploads/elementor/css/post-1708.css?ver=1759778100 HTTP/1.1" 200 326 "https://batconpakistan.org/career-opportunities/" "Mozilla/5.0 (X11; Linux x86_64) AppleWebKit/537.36 (KHTML, like Gecko) Chrome/140.0.0.0 Safari/537.36"
149.57.191.253 - - [13/Oct/2025:14:25:18 -0400] "GET /wp-content/cache/autoptimize/css/autoptimize_single_718fe426387df8914538d894c0655f81.css?ver=6.8.3 HTTP/1.1" 200 760 "https://batconpakistan.org/career-opportunities/" "Mozilla/5.0 (X11; Linux x86_64) AppleWebKit/537.36 (KHTML, like Gecko) Chrome/140.0.0.0 Safari/537.36"
149.57.191.253 - - [13/Oct/2025:14:25:18 -0400] "GET /wp-content/plugins/elementor/assets/lib/font-awesome/css/font-awesome.min.css?ver=4.7.0 HTTP/1.1" 200 6657 "https://batconpakistan.org/career-opportunities/" "Mozilla/5.0 (X11; Linux x86_64) AppleWebKit/537.36 (KHTML, like Gecko) Chrome/140.0.0.0 Safari/537.36"
149.57.191.253 - - [13/Oct/2025:14:25:19 -0400] "GET /wp-content/cache/autoptimize/css/autoptimize_single_59d266c0ea580aae1113acb3761f7ad5.css?ver=10.2.2 HTTP/1.1" 200 1163 "https://batconpakistan.org/career-opportunities/" "Mozilla/5.0 (X11; Linux x86_64) AppleWebKit/537.36 (KHTML, like Gecko) Chrome/140.0.0.0 Safari/537.36"
149.57.191.253 - - [13/Oct/2025:14:25:19 -0400] "GET /wp-content/plugins/elementor/assets/js/frontend-modules.min.js?ver=3.32.4 HTTP/1.1" 200 17961 "https://batconpakistan.org/career-opportunities/" "Mozilla/5.0 (X11; Linux x86_64) AppleWebKit/537.36 (KHTML, like Gecko) Chrome/140.0.0.0 Safari/537.36"
149.57.191.253 - - [13/Oct/2025:14:25:19 -0400] "GET /wp-content/uploads/elementor/google-fonts/fonts/roboto-kfo7cnqeu92fr1me7ksn66agldtyluama3yuba.woff2 HTTP/1.1" 200 40128 "https://batconpakistan.org/wp-content/uploads/elementor/google-fonts/css/roboto.css?ver=1743870430" "Mozilla/5.0 (X11; Linux x86_64) AppleWebKit/537.36 (KHTML, like Gecko) Chrome/140.0.0.0 Safari/537.36"
149.57.191.253 - - [13/Oct/2025:14:25:19 -0400] "GET /wp-includes/js/dist/i18n.min.js?ver=5e580eb46a90c2b997e6 HTTP/1.1" 304 0 "https://batconpakistan.org/career-opportunities/" "Mozilla/5.0 (X11; Linux x86_64) AppleWebKit/537.36 (KHTML, like Gecko) Chrome/140.0.0.0 Safari/537.36"
149.57.191.253 - - [13/Oct/2025:14:25:19 -0400] "GET /wp-content/cache/autoptimize/js/autoptimize_single_af5c4849ea3dc106841421aa1cbe85f4.js?ver=2.3.1.8 HTTP/1.1" 200 1634 "https://batconpakistan.org/career-opportunities/" "Mozilla/5.0 (X11; Linux x86_64) AppleWebKit/537.36 (KHTML, like Gecko) Chrome/140.0.0.0 Safari/537.36"
149.57.191.253 - - [13/Oct/2025:14:25:19 -0400] "GET /wp-content/plugins/woocommerce/assets/js/sourcebuster/sourcebuster.min.js?ver=10.2.2 HTTP/1.1" 200 4609 "https://batconpakistan.org/career-opportunities/" "Mozilla/5.0 (X11; Linux x86_64) AppleWebKit/537.36 (KHTML, like Gecko) Chrome/140.0.0.0 Safari/537.36"
149.57.191.253 - - [13/Oct/2025:14:25:19 -0400] "GET /wp-content/cache/autoptimize/js/autoptimize_single_8ae7178cf20641be616ed86446ce2e1a.js?ver=2.3.1.8 HTTP/1.1" 200 610 "https://batconpakistan.org/career-opportunities/" "Mozilla/5.0 (X11; Linux x86_64) AppleWebKit/537.36 (KHTML, like Gecko) Chrome/140.0.0.0 Safari/537.36"
149.57.191.253 - - [13/Oct/2025:14:25:19 -0400] "GET /wp-content/cache/autoptimize/js/autoptimize_single_e81b167a57f599ae32ec05dee0d870bb.js?ver=2.3.1.8 HTTP/1.1" 200 1092 "https://batconpakistan.org/career-opportunities/" "Mozilla/5.0 (X11; Linux x86_64) AppleWebKit/537.36 (KHTML, like Gecko) Chrome/140.0.0.0 Safari/537.36"
149.57.191.253 - - [13/Oct/2025:14:25:19 -0400] "GET /wp-includes/js/jquery/ui/core.min.js?ver=1.13.3 HTTP/1.1" 200 6812 "https://batconpakistan.org/career-opportunities/" "Mozilla/5.0 (X11; Linux x86_64) AppleWebKit/537.36 (KHTML, like Gecko) Chrome/140.0.0.0 Safari/537.36"
149.57.191.253 - - [13/Oct/2025:14:25:19 -0400] "GET /wp-content/themes/born-to-give/vendor/fullcalendar/fullcalendar.min.js?ver=2.3.1.8 HTTP/1.1" 200 23350 "https://batconpakistan.org/career-opportunities/" "Mozilla/5.0 (X11; Linux x86_64) AppleWebKit/537.36 (KHTML, like Gecko) Chrome/140.0.0.0 Safari/537.36"
149.57.191.253 - - [13/Oct/2025:14:25:19 -0400] "GET /wp-content/plugins/elementor/assets/js/frontend.min.js?ver=3.32.4 HTTP/1.1" 200 10164 "https://batconpakistan.org/career-opportunities/" "Mozilla/5.0 (X11; Linux x86_64) AppleWebKit/537.36 (KHTML, like Gecko) Chrome/140.0.0.0 Safari/537.36"
149.57.191.253 - - [13/Oct/2025:14:25:19 -0400] "GET /wp-content/plugins/woocommerce/assets/js/frontend/order-attribution.min.js?ver=10.2.2 HTTP/1.1" 304 0 "https://batconpakistan.org/career-opportunities/" "Mozilla/5.0 (X11; Linux x86_64) AppleWebKit/537.36 (KHTML, like Gecko) Chrome/140.0.0.0 Safari/537.36"
149.57.191.253 - - [13/Oct/2025:14:25:19 -0400] "GET /wp-content/plugins/elementor/assets/js/webpack.runtime.min.js?ver=3.32.4 HTTP/1.1" 200 2320 "https://batconpakistan.org/career-opportunities/" "Mozilla/5.0 (X11; Linux x86_64) AppleWebKit/537.36 (KHTML, like Gecko) Chrome/140.0.0.0 Safari/537.36"
149.57.191.253 - - [13/Oct/2025:14:25:19 -0400] "GET /wp-content/cache/autoptimize/js/autoptimize_single_bb564b6df727c922151209f51dbcbfc7.js?ver=2.3.1.8 HTTP/1.1" 200 18384 "https://batconpakistan.org/career-opportunities/" "Mozilla/5.0 (X11; Linux x86_64) AppleWebKit/537.36 (KHTML, like Gecko) Chrome/140.0.0.0 Safari/537.36"
149.57.191.253 - - [13/Oct/2025:14:25:19 -0400] "GET /wp-content/themes/born-to-give/vendor/owl-carousel/js/owl.carousel.min.js?ver=2.3.1.8 HTTP/1.1" 200 8177 "https://batconpakistan.org/career-opportunities/" "Mozilla/5.0 (X11; Linux x86_64) AppleWebKit/537.36 (KHTML, like Gecko) Chrome/140.0.0.0 Safari/537.36"
149.57.191.253 - - [13/Oct/2025:14:25:19 -0400] "GET /wp-includes/js/dist/hooks.min.js?ver=4d63a3d491d11ffd8ac6 HTTP/1.1" 200 1571 "https://batconpakistan.org/career-opportunities/" "Mozilla/5.0 (X11; Linux x86_64) AppleWebKit/537.36 (KHTML, like Gecko) Chrome/140.0.0.0 Safari/537.36"
149.57.191.253 - - [13/Oct/2025:14:25:19 -0400] "GET /wp-content/cache/autoptimize/js/autoptimize_single_bbdaec2b95562cd9430b262d3320c7b4.js?ver=2.3.1.8 HTTP/1.1" 200 15610 "https://batconpakistan.org/career-opportunities/" "Mozilla/5.0 (X11; Linux x86_64) AppleWebKit/537.36 (KHTML, like Gecko) Chrome/140.0.0.0 Safari/537.36"
149.57.191.253 - - [13/Oct/2025:14:25:19 -0400] "GET /wp-content/plugins/contact-form-7-style/js/frontend-min.js?ver=3.1.9 HTTP/1.1" 200 370 "https://batconpakistan.org/career-opportunities/" "Mozilla/5.0 (X11; Linux x86_64) AppleWebKit/537.36 (KHTML, like Gecko) Chrome/140.0.0.0 Safari/537.36"
149.57.191.253 - - [13/Oct/2025:14:25:19 -0400] "GET /wp-content/cache/autoptimize/js/autoptimize_single_969e914314dae24fa843b8c6e0efced9.js?ver=1.8.8.3 HTTP/1.1" 200 450 "https://batconpakistan.org/career-opportunities/" "Mozilla/5.0 (X11; Linux x86_64) AppleWebKit/537.36 (KHTML, like Gecko) Chrome/140.0.0.0 Safari/537.36"
149.57.191.253 - - [13/Oct/2025:14:25:19 -0400] "GET /wp-includes/js/jquery/jquery.min.js?ver=3.7.1 HTTP/1.1" 200 29744 "https://batconpakistan.org/career-opportunities/" "Mozilla/5.0 (X11; Linux x86_64) AppleWebKit/537.36 (KHTML, like Gecko) Chrome/140.0.0.0 Safari/537.36"
149.57.191.253 - - [13/Oct/2025:14:25:19 -0400] "GET /wp-content/plugins/woocommerce/assets/js/frontend/add-to-cart.min.js?ver=10.2.2 HTTP/1.1" 200 1225 "https://batconpakistan.org/career-opportunities/" "Mozilla/5.0 (X11; Linux x86_64) AppleWebKit/537.36 (KHTML, like Gecko) Chrome/140.0.0.0 Safari/537.36"
149.57.191.253 - - [13/Oct/2025:14:25:19 -0400] "GET /wp-content/plugins/autoptimize/classes/external/js/lazysizes.min.js?ao_version=3.1.13 HTTP/1.1" 304 0 "https://batconpakistan.org/career-opportunities/" "Mozilla/5.0 (X11; Linux x86_64) AppleWebKit/537.36 (KHTML, like Gecko) Chrome/140.0.0.0 Safari/537.36"
149.57.191.253 - - [13/Oct/2025:14:25:19 -0400] "GET /wp-content/cache/autoptimize/js/autoptimize_single_2912c657d0592cc532dff73d0d2ce7bb.js?ver=6.1.2 HTTP/1.1" 200 4008 "https://batconpakistan.org/career-opportunities/" "Mozilla/5.0 (X11; Linux x86_64) AppleWebKit/537.36 (KHTML, like Gecko) Chrome/140.0.0.0 Safari/537.36"
149.57.191.253 - - [13/Oct/2025:14:25:19 -0400] "GET /wp-content/plugins/revslider/public/assets/js/jquery.themepunch.revolution.min.js?ver=5.3.1.5 HTTP/1.1" 200 16585 "https://batconpakistan.org/career-opportunities/" "Mozilla/5.0 (X11; Linux x86_64) AppleWebKit/537.36 (KHTML, like Gecko) Chrome/140.0.0.0 Safari/537.36"
149.57.191.253 - - [13/Oct/2025:14:25:19 -0400] "GET /wp-content/plugins/charitable/assets/js/charitable-session.min.js?ver=1.8.8.3 HTTP/1.1" 304 0 "https://batconpakistan.org/career-opportunities/" "Mozilla/5.0 (X11; Linux x86_64) AppleWebKit/537.36 (KHTML, like Gecko) Chrome/140.0.0.0 Safari/537.36"
149.57.191.253 - - [13/Oct/2025:14:25:19 -0400] "GET /wp-content/cache/autoptimize/js/autoptimize_single_84accf917a322d8a1d3512174b85c47b.js?ver=2.3.1.8 HTTP/1.1" 200 4314 "https://batconpakistan.org/career-opportunities/" "Mozilla/5.0 (X11; Linux x86_64) AppleWebKit/537.36 (KHTML, like Gecko) Chrome/140.0.0.0 Safari/537.36"
149.57.191.253 - - [13/Oct/2025:14:25:19 -0400] "GET /wp-content/plugins/woocommerce/assets/js/frontend/woocommerce.min.js?ver=10.2.2 HTTP/1.1" 304 0 "https://batconpakistan.org/career-opportunities/" "Mozilla/5.0 (X11; Linux x86_64) AppleWebKit/537.36 (KHTML, like Gecko) Chrome/140.0.0.0 Safari/537.36"
149.57.191.253 - - [13/Oct/2025:14:25:19 -0400] "GET /wp-content/cache/autoptimize/js/autoptimize_single_cf6d24b271a128c1564697131d29cd07.js?ver=2.3.1.8 HTTP/1.1" 200 5603 "https://batconpakistan.org/career-opportunities/" "Mozilla/5.0 (X11; Linux x86_64) AppleWebKit/537.36 (KHTML, like Gecko) Chrome/140.0.0.0 Safari/537.36"
149.57.191.253 - - [13/Oct/2025:14:25:19 -0400] "GET /wp-content/themes/born-to-give/vendor/magnific/jquery.magnific-popup.min.js?ver=2.3.1.8 HTTP/1.1" 200 7368 "https://batconpakistan.org/career-opportunities/" "Mozilla/5.0 (X11; Linux x86_64) AppleWebKit/537.36 (KHTML, like Gecko) Chrome/140.0.0.0 Safari/537.36"
149.57.191.253 - - [13/Oct/2025:14:25:19 -0400] "GET /wp-content/cache/autoptimize/js/autoptimize_single_c5b5b2fa19bd66ff23211d9f844e0131.js?ver=2.3.1.8 HTTP/1.1" 200 9446 "https://batconpakistan.org/career-opportunities/" "Mozilla/5.0 (X11; Linux x86_64) AppleWebKit/537.36 (KHTML, like Gecko) Chrome/140.0.0.0 Safari/537.36"
149.57.191.253 - - [13/Oct/2025:14:25:19 -0400] "GET /wp-content/cache/autoptimize/js/autoptimize_single_96e7dc3f0e8559e4a3f3ca40b17ab9c3.js?ver=6.1.2 HTTP/1.1" 200 3369 "https://batconpakistan.org/career-opportunities/" "Mozilla/5.0 (X11; Linux x86_64) AppleWebKit/537.36 (KHTML, like Gecko) Chrome/140.0.0.0 Safari/537.36"
149.57.191.253 - - [13/Oct/2025:14:25:19 -0400] "GET /wp-content/plugins/charitable/assets/js/charitable-frontend.min.js?ver=1.8.8.3 HTTP/1.1" 304 0 "https://batconpakistan.org/career-opportunities/" "Mozilla/5.0 (X11; Linux x86_64) AppleWebKit/537.36 (KHTML, like Gecko) Chrome/140.0.0.0 Safari/537.36"
149.57.191.253 - - [13/Oct/2025:14:25:19 -0400] "GET /wp-content/cache/autoptimize/js/autoptimize_single_1a7a1c044f6f8909b5ea70ca382daaaa.js?ver=2.8.8 HTTP/1.1" 200 2964 "https://batconpakistan.org/career-opportunities/" "Mozilla/5.0 (X11; Linux x86_64) AppleWebKit/537.36 (KHTML, like Gecko) Chrome/140.0.0.0 Safari/537.36"
149.57.191.253 - - [13/Oct/2025:14:25:19 -0400] "GET /wp-content/themes/born-to-give/vendor/fullcalendar/lib/moment.min.js?ver=2.3.1.8 HTTP/1.1" 304 0 "https://batconpakistan.org/career-opportunities/" "Mozilla/5.0 (X11; Linux x86_64) AppleWebKit/537.36 (KHTML, like Gecko) Chrome/140.0.0.0 Safari/537.36"
149.57.191.253 - - [13/Oct/2025:14:25:19 -0400] "GET /wp-content/plugins/woocommerce/assets/js/jquery-blockui/jquery.blockUI.min.js?ver=2.7.0-wc.10.2.2 HTTP/1.1" 304 0 "https://batconpakistan.org/career-opportunities/" "Mozilla/5.0 (X11; Linux x86_64) AppleWebKit/537.36 (KHTML, like Gecko) Chrome/140.0.0.0 Safari/537.36"
149.57.191.253 - - [13/Oct/2025:14:25:19 -0400] "GET /wp-content/cache/autoptimize/js/autoptimize_single_f5aea4f1174cb7d3dff10c987969b96c.js?ver=3.19.0 HTTP/1.1" 200 10689 "https://batconpakistan.org/career-opportunities/" "Mozilla/5.0 (X11; Linux x86_64) AppleWebKit/537.36 (KHTML, like Gecko) Chrome/140.0.0.0 Safari/537.36"
149.57.191.253 - - [13/Oct/2025:14:25:19 -0400] "GET /wp-content/plugins/revslider/public/assets/js/jquery.themepunch.tools.min.js?ver=5.3.1.5 HTTP/1.1" 304 0 "https://batconpakistan.org/career-opportunities/" "Mozilla/5.0 (X11; Linux x86_64) AppleWebKit/537.36 (KHTML, like Gecko) Chrome/140.0.0.0 Safari/537.36"
149.57.191.253 - - [13/Oct/2025:14:25:19 -0400] "GET /wp-content/plugins/charitable/assets/js/libraries/js-cookie.min.js?ver=2.1.4 HTTP/1.1" 304 0 "https://batconpakistan.org/career-opportunities/" "Mozilla/5.0 (X11; Linux x86_64) AppleWebKit/537.36 (KHTML, like Gecko) Chrome/140.0.0.0 Safari/537.36"
149.57.191.253 - - [13/Oct/2025:14:25:19 -0400] "GET /wp-includes/js/jquery/jquery-migrate.min.js?ver=3.4.1 HTTP/1.1" 304 0 "https://batconpakistan.org/career-opportunities/" "Mozilla/5.0 (X11; Linux x86_64) AppleWebKit/537.36 (KHTML, like Gecko) Chrome/140.0.0.0 Safari/537.36"
149.57.191.253 - - [13/Oct/2025:14:25:20 -0400] "GET /wp-content/uploads/2021/01/Favicon_2.png HTTP/1.1" 200 11011 "https://batconpakistan.org/career-opportunities/" "Mozilla/5.0 (X11; Linux x86_64) AppleWebKit/537.36 (KHTML, like Gecko) Chrome/140.0.0.0 Safari/537.36"
149.57.191.253 - - [13/Oct/2025:14:25:20 -0400] "GET /wp-content/plugins/elementor/assets/js/text-editor.abc8f59c62f2820dc25a.bundle.min.js HTTP/1.1" 200 618 "https://batconpakistan.org/career-opportunities/" "Mozilla/5.0 (X11; Linux x86_64) AppleWebKit/537.36 (KHTML, like Gecko) Chrome/140.0.0.0 Safari/537.36"
149.57.191.253 - - [13/Oct/2025:14:25:20 -0400] "GET /wp-content/plugins/elementor/assets/js/shared-frontend-handlers.4c8abccc3e268b0767b2.bundle.min.js HTTP/1.1" 200 2542 "https://batconpakistan.org/career-opportunities/" "Mozilla/5.0 (X11; Linux x86_64) AppleWebKit/537.36 (KHTML, like Gecko) Chrome/140.0.0.0 Safari/537.36"
149.57.191.253 - - [13/Oct/2025:14:25:20 -0400] "GET /wp-content/plugins/elementor/assets/js/section-frontend-handlers.d85ab872da118940910d.bundle.min.js HTTP/1.1" 200 254 "https://batconpakistan.org/career-opportunities/" "Mozilla/5.0 (X11; Linux x86_64) AppleWebKit/537.36 (KHTML, like Gecko) Chrome/140.0.0.0 Safari/537.36"
51.75.236.136 - - [13/Oct/2025:14:28:45 -0400] "GET /robots.txt HTTP/1.1" 200 183 "-" "Mozilla/5.0 (compatible; AhrefsBot/7.0; +http://ahrefs.com/robot/)"
162.0.235.240 - - [13/Oct/2025:14:28:49 -0400] "GET /wp-content/plugins/contact-form-7-style/admin/predefined-templates.json HTTP/1.1" 200 1323 "-" "WordPress/6.8.3; https://batconpakistan.org"
162.0.235.240 - - [13/Oct/2025:14:28:50 -0400] "POST /wp-cron.php?doing_wp_cron=1760380130.4402780532836914062500 HTTP/1.1" 200 0 "-" "WordPress/6.8.3; https://batconpakistan.org"
198.244.183.7 - - [13/Oct/2025:14:28:46 -0400] "GET /style_category/christmas-style/ HTTP/1.1" 200 15734 "-" "Mozilla/5.0 (compatible; AhrefsBot/7.0; +http://ahrefs.com/robot/)"
162.0.235.240 - - [13/Oct/2025:14:28:51 -0400] "GET /wp-content/plugins/contact-form-7-style/admin/predefined-templates.json HTTP/1.1" 200 1323 "-" "WordPress/6.8.3; https://batconpakistan.org"
51.195.244.79 - - [13/Oct/2025:14:29:53 -0400] "GET /style_category/christmas-style/ HTTP/1.1" 200 15734 "-" "Mozilla/5.0 (compatible; AhrefsBot/7.0; +http://ahrefs.com/robot/)"
51.195.244.136 - - [13/Oct/2025:14:29:55 -0400] "GET /wp-content/uploads/dynamic-mobmenu.css?ver=2.8.8-484 HTTP/1.1" 302 771 "-" "Mozilla/5.0 (compatible; AhrefsBot/7.0; +http://ahrefs.com/robot/)"
162.0.235.240 - - [13/Oct/2025:14:30:10 -0400] "GET /wp-content/plugins/contact-form-7-style/admin/predefined-templates.json HTTP/1.1" 200 1323 "-" "WordPress/6.8.3; https://batconpakistan.org"
162.0.235.240 - - [13/Oct/2025:14:30:10 -0400] "POST /wp-cron.php?doing_wp_cron=1760380210.3334178924560546875000 HTTP/1.1" 200 0 "-" "WordPress/6.8.3; https://batconpakistan.org"
43.154.140.188 - - [13/Oct/2025:14:30:09 -0400] "GET /2023/01/12/indian-flying-fox-thermoregulatory-behaviors-visual-guide/feed/ HTTP/1.1" 200 496 "-" "Mozilla/5.0 (iPhone; CPU iPhone OS 13_2_3 like Mac OS X) AppleWebKit/605.1.15 (KHTML, like Gecko) Version/13.0.3 Mobile/15E148 Safari/604.1"
162.0.235.240 - - [13/Oct/2025:14:30:11 -0400] "GET /wp-content/plugins/contact-form-7-style/admin/predefined-templates.json HTTP/1.1" 200 1323 "-" "WordPress/6.8.3; https://batconpakistan.org"
107.155.65.188 - - [13/Oct/2025:14:32:25 -0400] "GET /wp-login.php HTTP/1.1" 200 1885 "-" "Mozilla/5.0 (Windows NT 6.3; WOW64; Trident/7.0; LCJB; rv:11.0) like Gecko"
162.0.235.240 - - [13/Oct/2025:14:32:33 -0400] "GET /wp-content/plugins/contact-form-7-style/admin/predefined-templates.json HTTP/1.1" 200 1323 "-" "WordPress/6.8.3; https://batconpakistan.org"
162.0.235.240 - - [13/Oct/2025:14:32:33 -0400] "POST /wp-cron.php?doing_wp_cron=1760380353.5852260589599609375000 HTTP/1.1" 200 0 "-" "WordPress/6.8.3; https://batconpakistan.org"
107.155.65.188 - - [13/Oct/2025:14:32:29 -0400] "POST /wp-login.php HTTP/1.1" 200 2045 "https://batconpakistan.org/wp-login.php" "Mozilla/5.0 (Windows NT 6.3; WOW64; Trident/7.0; LCJB; rv:11.0) like Gecko"
162.0.235.240 - - [13/Oct/2025:14:32:34 -0400] "GET /wp-content/plugins/contact-form-7-style/admin/predefined-templates.json HTTP/1.1" 200 1323 "-" "WordPress/6.8.3; https://batconpakistan.org"
162.0.235.240 - - [13/Oct/2025:14:33:26 -0400] "GET /wp-content/plugins/contact-form-7-style/admin/predefined-templates.json HTTP/1.1" 200 1323 "-" "WordPress/6.8.3; https://batconpakistan.org"
162.0.235.240 - - [13/Oct/2025:14:33:26 -0400] "POST /wp-cron.php?doing_wp_cron=1760380406.9086229801177978515625 HTTP/1.1" 200 0 "-" "WordPress/6.8.3; https://batconpakistan.org"
45.225.44.171 - - [13/Oct/2025:14:33:26 -0400] "GET /sitemap_index.xml HTTP/1.1" 200 512 "-" "cc_bot"
162.0.235.240 - - [13/Oct/2025:14:33:27 -0400] "GET /wp-content/plugins/contact-form-7-style/admin/predefined-templates.json HTTP/1.1" 200 1323 "-" "WordPress/6.8.3; https://batconpakistan.org"
104.244.78.191 - - [13/Oct/2025:14:34:13 -0400] "GET /?author=2 HTTP/1.1" 403 1242 "http://www.google.com.hk" "Mozilla/5.0 (Windows NT 6.1; WOW64) AppleWebKit/537.36 (KHTML, like Gecko) Chrome/42.0.2311.90 Safari/537.36"
162.0.235.240 - - [13/Oct/2025:14:37:27 -0400] "GET /wp-content/plugins/contact-form-7-style/admin/predefined-templates.json HTTP/1.1" 200 1323 "-" "WordPress/6.8.3; https://batconpakistan.org"
162.0.235.240 - - [13/Oct/2025:14:37:28 -0400] "POST /wp-cron.php?doing_wp_cron=1760380648.1117019653320312500000 HTTP/1.1" 200 0 "-" "WordPress/6.8.3; https://batconpakistan.org"
43.135.145.73 - - [13/Oct/2025:14:37:24 -0400] "GET /2021/09/05/project-completion/feed/ HTTP/1.1" 200 441 "-" "Mozilla/5.0 (iPhone; CPU iPhone OS 13_2_3 like Mac OS X) AppleWebKit/605.1.15 (KHTML, like Gecko) Version/13.0.3 Mobile/15E148 Safari/604.1"
162.0.235.240 - - [13/Oct/2025:14:37:28 -0400] "GET /wp-content/plugins/contact-form-7-style/admin/predefined-templates.json HTTP/1.1" 200 1323 "-" "WordPress/6.8.3; https://batconpakistan.org"
103.90.235.93 - - [13/Oct/2025:14:37:50 -0400] "GET /wp-login.php HTTP/1.1" 200 1885 "-" "Mozilla/5.0 (Macintosh; Intel Mac OS X 10_9_5) AppleWebKit/537.36 (KHTML, like Gecko) Chrome/65.0.3325.181 Safari/537.36"
162.0.235.240 - - [13/Oct/2025:14:37:53 -0400] "GET /wp-content/plugins/contact-form-7-style/admin/predefined-templates.json HTTP/1.1" 200 1323 "-" "WordPress/6.8.3; https://batconpakistan.org"
162.0.235.240 - - [13/Oct/2025:14:37:53 -0400] "POST /wp-cron.php?doing_wp_cron=1760380673.5991029739379882812500 HTTP/1.1" 200 0 "-" "WordPress/6.8.3; https://batconpakistan.org"
103.90.235.93 - - [13/Oct/2025:14:37:52 -0400] "POST /wp-login.php HTTP/1.1" 200 2045 "https://batconpakistan.org/wp-login.php" "Mozilla/5.0 (Macintosh; Intel Mac OS X 10_9_5) AppleWebKit/537.36 (KHTML, like Gecko) Chrome/65.0.3325.181 Safari/537.36"
162.0.235.240 - - [13/Oct/2025:14:37:54 -0400] "GET /wp-content/plugins/contact-form-7-style/admin/predefined-templates.json HTTP/1.1" 200 1323 "-" "WordPress/6.8.3; https://batconpakistan.org"
2602:80d:1004::13 - - [13/Oct/2025:14:46:09 -0400] "GET /favicon.ico HTTP/1.1" 404 1251 "http://batconpakistan.org/favicon.ico" "Mozilla/5.0 (compatible; CensysInspect/1.1; +https://about.censys.io/)"
147.135.136.156 - - [13/Oct/2025:14:47:08 -0400] "GET /wp-login.php HTTP/1.1" 200 1885 "-" "Mozilla/5.0 (Windows NT 10.0; Win64; x64; Trident/7.0; rv:11.0) like Gecko"
162.0.235.240 - - [13/Oct/2025:14:47:22 -0400] "GET /wp-content/plugins/contact-form-7-style/admin/predefined-templates.json HTTP/1.1" 200 1323 "-" "WordPress/6.8.3; https://batconpakistan.org"
162.0.235.240 - - [13/Oct/2025:14:47:23 -0400] "POST /wp-cron.php?doing_wp_cron=1760381243.2273418903350830078125 HTTP/1.1" 200 0 "-" "WordPress/6.8.3; https://batconpakistan.org"
147.135.136.156 - - [13/Oct/2025:14:47:19 -0400] "POST /wp-login.php HTTP/1.1" 200 2045 "https://batconpakistan.org/wp-login.php" "Mozilla/5.0 (Windows NT 10.0; Win64; x64; Trident/7.0; rv:11.0) like Gecko"
162.0.235.240 - - [13/Oct/2025:14:47:23 -0400] "GET /wp-content/plugins/contact-form-7-style/admin/predefined-templates.json HTTP/1.1" 200 1323 "-" "WordPress/6.8.3; https://batconpakistan.org"
43.135.145.73 - - [13/Oct/2025:14:48:51 -0400] "GET /2021/09/05/project-completion/ HTTP/1.1" 200 21540 "-" "Mozilla/5.0 (iPhone; CPU iPhone OS 13_2_3 like Mac OS X) AppleWebKit/605.1.15 (KHTML, like Gecko) Version/13.0.3 Mobile/15E148 Safari/604.1"
2a03:2880:f800:1c:: - - [13/Oct/2025:14:49:20 -0400] "GET /2021/09/05/project-completion/ HTTP/1.1" 200 21540 "-" "meta-externalagent/1.1 (+https://developers.facebook.com/docs/sharing/webmasters/crawler)"
162.0.235.240 - - [13/Oct/2025:14:49:40 -0400] "GET /wp-content/plugins/contact-form-7-style/admin/predefined-templates.json HTTP/1.1" 200 1323 "-" "WordPress/6.8.3; https://batconpakistan.org"
162.0.235.240 - - [13/Oct/2025:14:49:41 -0400] "POST /wp-cron.php?doing_wp_cron=1760381381.1105270385742187500000 HTTP/1.1" 200 0 "-" "WordPress/6.8.3; https://batconpakistan.org"
116.129.114.29 - - [13/Oct/2025:14:49:36 -0400] "GET /admin HTTP/1.1" 301 0 "-" "Mozilla/5.0 (Windows NT 10.0; Win64; x64) AppleWebKit/537.36 (KHTML, like Gecko) Chrome/120.0.0.0 Safari/537.36"
162.0.235.240 - - [13/Oct/2025:14:49:41 -0400] "GET /wp-content/plugins/contact-form-7-style/admin/predefined-templates.json HTTP/1.1" 200 1323 "-" "WordPress/6.8.3; https://batconpakistan.org"
162.0.235.240 - - [13/Oct/2025:14:49:44 -0400] "GET /wp-content/plugins/contact-form-7-style/admin/predefined-templates.json HTTP/1.1" 200 1323 "-" "WordPress/6.8.3; https://batconpakistan.org"
116.129.114.29 - - [13/Oct/2025:14:49:43 -0400] "GET /admin HTTP/1.1" 302 0 "-" "Mozilla/5.0 (Windows NT 10.0; Win64; x64) AppleWebKit/537.36 (KHTML, like Gecko) Chrome/120.0.0.0 Safari/537.36"
162.0.235.240 - - [13/Oct/2025:14:49:45 -0400] "GET /wp-content/plugins/contact-form-7-style/admin/predefined-templates.json HTTP/1.1" 200 1323 "-" "WordPress/6.8.3; https://batconpakistan.org"
116.129.114.29 - - [13/Oct/2025:14:49:44 -0400] "GET /wp-admin/ HTTP/1.1" 302 0 "-" "Mozilla/5.0 (Windows NT 10.0; Win64; x64) AppleWebKit/537.36 (KHTML, like Gecko) Chrome/120.0.0.0 Safari/537.36"
162.0.235.240 - - [13/Oct/2025:14:49:46 -0400] "GET /wp-content/plugins/contact-form-7-style/admin/predefined-templates.json HTTP/1.1" 200 1323 "-" "WordPress/6.8.3; https://batconpakistan.org"
116.129.114.29 - - [13/Oct/2025:14:49:46 -0400] "GET /wp-login.php?redirect_to=https://batconpakistan.org/wp-admin/&reauth=1 HTTP/1.1" 200 1885 "-" "Mozilla/5.0 (Windows NT 10.0; Win64; x64) AppleWebKit/537.36 (KHTML, like Gecko) Chrome/120.0.0.0 Safari/537.36"
