162.0.235.240 - - [13/Oct/2025:21:37:00 -0400] "GET /wp-content/plugins/contact-form-7-style/admin/predefined-templates.json HTTP/1.1" 200 1323 "-" "WordPress/6.8.3; https://batconpakistan.org"
13.89.129.89 - - [13/Oct/2025:21:37:00 -0400] "GET /about/function.php/aa.php HTTP/1.1" 404 15659 "-" "-"
162.0.235.240 - - [13/Oct/2025:21:37:02 -0400] "GET /wp-content/plugins/contact-form-7-style/admin/predefined-templates.json HTTP/1.1" 200 1323 "-" "WordPress/6.8.3; https://batconpakistan.org"
162.0.235.240 - - [13/Oct/2025:21:37:02 -0400] "GET /wp-content/plugins/contact-form-7-style/admin/predefined-templates.json HTTP/1.1" 200 1323 "-" "WordPress/6.8.3; https://batconpakistan.org"
13.89.129.89 - - [13/Oct/2025:21:37:01 -0400] "GET /wp-includes/PHPMailer/Ab0ut.php/aa.php HTTP/1.1" 404 15659 "-" "-"
216.73.216.20 - - [13/Oct/2025:21:37:01 -0400] "GET /product/ninja-silhouette/feed HTTP/1.1" 301 0 "-" "Mozilla/5.0 AppleWebKit/537.36 (KHTML, like Gecko; compatible; ClaudeBot/1.0; +claudebot@anthropic.com)"
162.0.235.240 - - [13/Oct/2025:21:37:03 -0400] "GET /wp-content/plugins/contact-form-7-style/admin/predefined-templates.json HTTP/1.1" 200 1323 "-" "WordPress/6.8.3; https://batconpakistan.org"
216.73.216.20 - - [13/Oct/2025:21:37:02 -0400] "GET /product/ninja-silhouette/feed/ HTTP/1.1" 200 442 "https://batconpakistan.org/product/ninja-silhouette/feed" "Mozilla/5.0 AppleWebKit/537.36 (KHTML, like Gecko; compatible; ClaudeBot/1.0; +claudebot@anthropic.com)"
162.0.235.240 - - [13/Oct/2025:21:37:03 -0400] "GET /wp-content/plugins/contact-form-7-style/admin/predefined-templates.json HTTP/1.1" 200 1323 "-" "WordPress/6.8.3; https://batconpakistan.org"
13.89.129.89 - - [13/Oct/2025:21:37:03 -0400] "GET /modules/mod_simplefileuploadv1.3/elements/file.php/aa.php HTTP/1.1" 404 15658 "-" "-"
13.89.129.89 - - [13/Oct/2025:21:37:07 -0400] "GET /wp-includes/widgets/ HTTP/1.1" 403 1242 "-" "-"
162.0.235.240 - - [13/Oct/2025:21:37:08 -0400] "GET /wp-content/plugins/contact-form-7-style/admin/predefined-templates.json HTTP/1.1" 200 1323 "-" "WordPress/6.8.3; https://batconpakistan.org"
162.0.235.240 - - [13/Oct/2025:21:37:08 -0400] "POST /wp-cron.php?doing_wp_cron=1760405828.8410689830780029296875 HTTP/1.1" 200 0 "-" "WordPress/6.8.3; https://batconpakistan.org"
13.89.129.89 - - [13/Oct/2025:21:37:08 -0400] "GET /test1.php/aa.php HTTP/1.1" 404 15656 "-" "-"
162.0.235.240 - - [13/Oct/2025:21:37:09 -0400] "GET /wp-content/plugins/contact-form-7-style/admin/predefined-templates.json HTTP/1.1" 200 1323 "-" "WordPress/6.8.3; https://batconpakistan.org"
162.0.235.240 - - [13/Oct/2025:21:37:10 -0400] "GET /wp-content/plugins/contact-form-7-style/admin/predefined-templates.json HTTP/1.1" 200 1323 "-" "WordPress/6.8.3; https://batconpakistan.org"
13.89.129.89 - - [13/Oct/2025:21:37:09 -0400] "GET /flower.php HTTP/1.1" 404 15658 "-" "-"
13.89.129.89 - - [13/Oct/2025:21:37:13 -0400] "GET /wp-includes/ID3/ HTTP/1.1" 403 1242 "-" "-"
162.0.235.240 - - [13/Oct/2025:21:37:14 -0400] "GET /wp-content/plugins/contact-form-7-style/admin/predefined-templates.json HTTP/1.1" 200 1323 "-" "WordPress/6.8.3; https://batconpakistan.org"
13.89.129.89 - - [13/Oct/2025:21:37:14 -0400] "GET /wp-includes/ID3/autoload_classmap.php HTTP/1.1" 404 15660 "-" "-"
162.0.235.240 - - [13/Oct/2025:21:37:16 -0400] "GET /wp-content/plugins/contact-form-7-style/admin/predefined-templates.json HTTP/1.1" 200 1323 "-" "WordPress/6.8.3; https://batconpakistan.org"
13.89.129.89 - - [13/Oct/2025:21:37:15 -0400] "GET /wp-includes/SimplePie/XML/ HTTP/1.1" 404 15658 "-" "-"
13.89.129.89 - - [13/Oct/2025:21:37:17 -0400] "GET /wp-includes/Text/ HTTP/1.1" 403 1242 "-" "-"
13.89.129.89 - - [13/Oct/2025:21:37:17 -0400] "GET /cgi-bin/ HTTP/1.1" 403 1242 "-" "-"
162.0.235.240 - - [13/Oct/2025:21:37:18 -0400] "GET /wp-content/plugins/contact-form-7-style/admin/predefined-templates.json HTTP/1.1" 200 1323 "-" "WordPress/6.8.3; https://batconpakistan.org"
13.89.129.89 - - [13/Oct/2025:21:37:17 -0400] "GET /doc.php HTTP/1.1" 404 15660 "-" "-"
162.0.235.240 - - [13/Oct/2025:21:37:19 -0400] "GET /wp-content/plugins/contact-form-7-style/admin/predefined-templates.json HTTP/1.1" 200 1323 "-" "WordPress/6.8.3; https://batconpakistan.org"
13.89.129.89 - - [13/Oct/2025:21:37:18 -0400] "GET /edit.php HTTP/1.1" 404 15660 "-" "-"
162.0.235.240 - - [13/Oct/2025:21:37:20 -0400] "GET /wp-content/plugins/contact-form-7-style/admin/predefined-templates.json HTTP/1.1" 200 1323 "-" "WordPress/6.8.3; https://batconpakistan.org"
13.89.129.89 - - [13/Oct/2025:21:37:20 -0400] "GET /functions.php HTTP/1.1" 404 15659 "-" "-"
162.0.235.240 - - [13/Oct/2025:21:37:22 -0400] "GET /wp-content/plugins/contact-form-7-style/admin/predefined-templates.json HTTP/1.1" 200 1323 "-" "WordPress/6.8.3; https://batconpakistan.org"
13.89.129.89 - - [13/Oct/2025:21:37:21 -0400] "GET /img/post.php HTTP/1.1" 404 15658 "-" "-"
162.0.235.240 - - [13/Oct/2025:21:37:23 -0400] "GET /wp-content/plugins/contact-form-7-style/admin/predefined-templates.json HTTP/1.1" 200 1323 "-" "WordPress/6.8.3; https://batconpakistan.org"
13.89.129.89 - - [13/Oct/2025:21:37:22 -0400] "GET /manager.php HTTP/1.1" 404 15660 "-" "-"
162.0.235.240 - - [13/Oct/2025:21:37:24 -0400] "GET /wp-content/plugins/contact-form-7-style/admin/predefined-templates.json HTTP/1.1" 200 1323 "-" "WordPress/6.8.3; https://batconpakistan.org"
13.89.129.89 - - [13/Oct/2025:21:37:24 -0400] "GET /radio.php HTTP/1.1" 404 15657 "-" "-"
162.0.235.240 - - [13/Oct/2025:21:37:26 -0400] "GET /wp-content/plugins/contact-form-7-style/admin/predefined-templates.json HTTP/1.1" 200 1323 "-" "WordPress/6.8.3; https://batconpakistan.org"
13.89.129.89 - - [13/Oct/2025:21:37:25 -0400] "GET /root.php HTTP/1.1" 404 15660 "-" "-"
162.0.235.240 - - [13/Oct/2025:21:37:27 -0400] "GET /wp-content/plugins/contact-form-7-style/admin/predefined-templates.json HTTP/1.1" 200 1323 "-" "WordPress/6.8.3; https://batconpakistan.org"
13.89.129.89 - - [13/Oct/2025:21:37:26 -0400] "GET /sim.php HTTP/1.1" 404 15657 "-" "-"
162.0.235.240 - - [13/Oct/2025:21:37:28 -0400] "GET /wp-content/plugins/contact-form-7-style/admin/predefined-templates.json HTTP/1.1" 200 1323 "-" "WordPress/6.8.3; https://batconpakistan.org"
13.89.129.89 - - [13/Oct/2025:21:37:28 -0400] "GET /system_log.php HTTP/1.1" 404 15659 "-" "-"
162.0.235.240 - - [13/Oct/2025:21:37:29 -0400] "GET /wp-content/plugins/contact-form-7-style/admin/predefined-templates.json HTTP/1.1" 200 1323 "-" "WordPress/6.8.3; https://batconpakistan.org"
13.89.129.89 - - [13/Oct/2025:21:37:29 -0400] "GET /update/ HTTP/1.1" 404 15656 "-" "-"
162.0.235.240 - - [13/Oct/2025:21:37:30 -0400] "GET /wp-content/plugins/contact-form-7-style/admin/predefined-templates.json HTTP/1.1" 200 1323 "-" "WordPress/6.8.3; https://batconpakistan.org"
13.89.129.89 - - [13/Oct/2025:21:37:30 -0400] "GET /wp-includes/PHPMailer/wp-conflg.php HTTP/1.1" 404 15658 "-" "-"
13.89.129.89 - - [13/Oct/2025:21:37:31 -0400] "GET /wp-includes/blocks/comments/ HTTP/1.1" 403 1242 "-" "-"
162.0.235.240 - - [13/Oct/2025:21:37:32 -0400] "GET /wp-content/plugins/contact-form-7-style/admin/predefined-templates.json HTTP/1.1" 200 1323 "-" "WordPress/6.8.3; https://batconpakistan.org"
13.89.129.89 - - [13/Oct/2025:21:37:31 -0400] "GET /gecko.php HTTP/1.1" 404 15658 "-" "-"
162.0.235.240 - - [13/Oct/2025:21:37:33 -0400] "GET /wp-content/plugins/contact-form-7-style/admin/predefined-templates.json HTTP/1.1" 200 1323 "-" "WordPress/6.8.3; https://batconpakistan.org"
13.89.129.89 - - [13/Oct/2025:21:37:32 -0400] "GET /xmrlpc.php HTTP/1.1" 404 15660 "-" "-"
162.0.235.240 - - [13/Oct/2025:21:37:33 -0400] "GET /wp-content/plugins/contact-form-7-style/admin/predefined-templates.json HTTP/1.1" 200 1323 "-" "WordPress/6.8.3; https://batconpakistan.org"
13.89.129.89 - - [13/Oct/2025:21:37:33 -0400] "GET /wp-content/uploads/index.php HTTP/1.1" 301 0 "-" "-"
13.89.129.89 - - [13/Oct/2025:21:37:34 -0400] "GET /wp-content/uploads/ HTTP/1.1" 403 1242 "-" "-"
162.0.235.240 - - [13/Oct/2025:21:37:34 -0400] "GET /wp-content/plugins/contact-form-7-style/admin/predefined-templates.json HTTP/1.1" 200 1323 "-" "WordPress/6.8.3; https://batconpakistan.org"
13.89.129.89 - - [13/Oct/2025:21:37:34 -0400] "GET /moon.php HTTP/1.1" 404 15656 "-" "-"
162.0.235.240 - - [13/Oct/2025:21:37:36 -0400] "GET /wp-content/plugins/contact-form-7-style/admin/predefined-templates.json HTTP/1.1" 200 1323 "-" "WordPress/6.8.3; https://batconpakistan.org"
13.89.129.89 - - [13/Oct/2025:21:37:35 -0400] "GET /wp-content/uploads/admin.php HTTP/1.1" 404 15658 "-" "-"
162.0.235.240 - - [13/Oct/2025:21:37:37 -0400] "GET /wp-content/plugins/contact-form-7-style/admin/predefined-templates.json HTTP/1.1" 200 1323 "-" "WordPress/6.8.3; https://batconpakistan.org"
13.89.129.89 - - [13/Oct/2025:21:37:36 -0400] "GET /uploads/admin.php HTTP/1.1" 404 15658 "-" "-"
162.0.235.240 - - [13/Oct/2025:21:37:38 -0400] "GET /wp-content/plugins/contact-form-7-style/admin/predefined-templates.json HTTP/1.1" 200 1323 "-" "WordPress/6.8.3; https://batconpakistan.org"
13.89.129.89 - - [13/Oct/2025:21:37:37 -0400] "GET /info.php HTTP/1.1" 404 15658 "-" "-"
162.0.235.240 - - [13/Oct/2025:21:37:39 -0400] "GET /wp-content/plugins/contact-form-7-style/admin/predefined-templates.json HTTP/1.1" 200 1323 "-" "WordPress/6.8.3; https://batconpakistan.org"
13.89.129.89 - - [13/Oct/2025:21:37:38 -0400] "GET /k.php HTTP/1.1" 404 15656 "-" "-"
162.0.235.240 - - [13/Oct/2025:21:37:40 -0400] "GET /wp-content/plugins/contact-form-7-style/admin/predefined-templates.json HTTP/1.1" 200 1323 "-" "WordPress/6.8.3; https://batconpakistan.org"
162.0.235.240 - - [13/Oct/2025:21:37:40 -0400] "POST /wp-cron.php?doing_wp_cron=1760405860.5147390365600585937500 HTTP/1.1" 200 0 "-" "WordPress/6.8.3; https://batconpakistan.org"
13.89.129.89 - - [13/Oct/2025:21:37:39 -0400] "GET /nc4.php HTTP/1.1" 404 15657 "-" "-"
162.0.235.240 - - [13/Oct/2025:21:37:41 -0400] "GET /wp-content/plugins/contact-form-7-style/admin/predefined-templates.json HTTP/1.1" 200 1323 "-" "WordPress/6.8.3; https://batconpakistan.org"
162.0.235.240 - - [13/Oct/2025:21:37:41 -0400] "GET /wp-content/plugins/contact-form-7-style/admin/predefined-templates.json HTTP/1.1" 200 1323 "-" "WordPress/6.8.3; https://batconpakistan.org"
13.89.129.89 - - [13/Oct/2025:21:37:40 -0400] "GET /wp-content/plugins/autoload_classmap.php HTTP/1.1" 404 15660 "-" "-"
162.0.235.240 - - [13/Oct/2025:21:37:42 -0400] "GET /wp-content/plugins/contact-form-7-style/admin/predefined-templates.json HTTP/1.1" 200 1323 "-" "WordPress/6.8.3; https://batconpakistan.org"
13.89.129.89 - - [13/Oct/2025:21:37:41 -0400] "GET /file2.php HTTP/1.1" 404 15658 "-" "-"
162.0.235.240 - - [13/Oct/2025:21:37:43 -0400] "GET /wp-content/plugins/contact-form-7-style/admin/predefined-templates.json HTTP/1.1" 200 1323 "-" "WordPress/6.8.3; https://batconpakistan.org"
13.89.129.89 - - [13/Oct/2025:21:37:42 -0400] "GET /wp-content/themes/chosen.php HTTP/1.1" 404 15659 "-" "-"
162.0.235.240 - - [13/Oct/2025:21:37:44 -0400] "GET /wp-content/plugins/contact-form-7-style/admin/predefined-templates.json HTTP/1.1" 200 1323 "-" "WordPress/6.8.3; https://batconpakistan.org"
13.89.129.89 - - [13/Oct/2025:21:37:43 -0400] "GET /wp-includes/certificates/admin.php HTTP/1.1" 404 15656 "-" "-"
162.0.235.240 - - [13/Oct/2025:21:37:45 -0400] "GET /wp-content/plugins/contact-form-7-style/admin/predefined-templates.json HTTP/1.1" 200 1323 "-" "WordPress/6.8.3; https://batconpakistan.org"
13.89.129.89 - - [13/Oct/2025:21:37:44 -0400] "GET /wp-admin/wp-conflg.php HTTP/1.1" 404 15658 "-" "-"
162.0.235.240 - - [13/Oct/2025:21:37:45 -0400] "GET /wp-content/plugins/contact-form-7-style/admin/predefined-templates.json HTTP/1.1" 200 1323 "-" "WordPress/6.8.3; https://batconpakistan.org"
13.89.129.89 - - [13/Oct/2025:21:37:45 -0400] "GET /wp-content/file.php HTTP/1.1" 404 15658 "-" "-"
13.89.129.89 - - [13/Oct/2025:21:37:46 -0400] "GET /wp-content/plugins/ HTTP/1.1" 200 0 "-" "-"
162.0.235.240 - - [13/Oct/2025:21:37:46 -0400] "GET /wp-content/plugins/contact-form-7-style/admin/predefined-templates.json HTTP/1.1" 200 1323 "-" "WordPress/6.8.3; https://batconpakistan.org"
13.89.129.89 - - [13/Oct/2025:21:37:46 -0400] "GET /.well-known/ HTTP/1.1" 404 15659 "-" "-"
162.0.235.240 - - [13/Oct/2025:21:37:47 -0400] "GET /wp-content/plugins/contact-form-7-style/admin/predefined-templates.json HTTP/1.1" 200 1323 "-" "WordPress/6.8.3; https://batconpakistan.org"
162.0.235.240 - - [13/Oct/2025:21:37:48 -0400] "POST /wp-cron.php?doing_wp_cron=1760405868.0891358852386474609375 HTTP/1.1" 200 0 "-" "WordPress/6.8.3; https://batconpakistan.org"
13.89.129.89 - - [13/Oct/2025:21:37:47 -0400] "GET /.well-known/gecko-litespeed.php HTTP/1.1" 404 15660 "-" "-"
162.0.235.240 - - [13/Oct/2025:21:37:48 -0400] "GET /wp-content/plugins/contact-form-7-style/admin/predefined-templates.json HTTP/1.1" 200 1323 "-" "WordPress/6.8.3; https://batconpakistan.org"
162.0.235.240 - - [13/Oct/2025:21:37:48 -0400] "GET /wp-content/plugins/contact-form-7-style/admin/predefined-templates.json HTTP/1.1" 200 1323 "-" "WordPress/6.8.3; https://batconpakistan.org"
13.89.129.89 - - [13/Oct/2025:21:37:48 -0400] "GET /2021/01/16/upload-and-download-file-using-multipart-form-over- HTTP/1.1" 404 15658 "-" "-"
162.0.235.240 - - [13/Oct/2025:21:37:49 -0400] "GET /wp-content/plugins/contact-form-7-style/admin/predefined-templates.json HTTP/1.1" 200 1323 "-" "WordPress/6.8.3; https://batconpakistan.org"
13.89.129.89 - - [13/Oct/2025:21:37:49 -0400] "GET /WSO.php HTTP/1.1" 404 15656 "-" "-"
162.0.235.240 - - [13/Oct/2025:21:38:16 -0400] "GET /wp-content/plugins/contact-form-7-style/admin/predefined-templates.json HTTP/1.1" 200 1323 "-" "WordPress/6.8.3; https://batconpakistan.org"
162.0.235.240 - - [13/Oct/2025:21:38:16 -0400] "GET /wp-content/plugins/contact-form-7-style/admin/predefined-templates.json HTTP/1.1" 200 1323 "-" "WordPress/6.8.3; https://batconpakistan.org"
216.73.216.20 - - [13/Oct/2025:21:38:16 -0400] "GET /product-category/clothing/hoodies/feed HTTP/1.1" 301 0 "-" "Mozilla/5.0 AppleWebKit/537.36 (KHTML, like Gecko; compatible; ClaudeBot/1.0; +claudebot@anthropic.com)"
162.0.235.240 - - [13/Oct/2025:21:38:17 -0400] "POST /wp-cron.php?doing_wp_cron=1760405896.9944920539855957031250 HTTP/1.1" 200 0 "-" "WordPress/6.8.3; https://batconpakistan.org"
216.73.216.20 - - [13/Oct/2025:21:38:16 -0400] "GET /?p=7 HTTP/1.1" 301 0 "-" "Mozilla/5.0 AppleWebKit/537.36 (KHTML, like Gecko; compatible; ClaudeBot/1.0; +claudebot@anthropic.com)"
162.0.235.240 - - [13/Oct/2025:21:38:17 -0400] "GET /wp-content/plugins/contact-form-7-style/admin/predefined-templates.json HTTP/1.1" 200 1323 "-" "WordPress/6.8.3; https://batconpakistan.org"
162.0.235.240 - - [13/Oct/2025:21:38:17 -0400] "GET /wp-content/plugins/contact-form-7-style/admin/predefined-templates.json HTTP/1.1" 200 1323 "-" "WordPress/6.8.3; https://batconpakistan.org"
162.0.235.240 - - [13/Oct/2025:21:38:17 -0400] "GET /wp-content/plugins/contact-form-7-style/admin/predefined-templates.json HTTP/1.1" 200 1323 "-" "WordPress/6.8.3; https://batconpakistan.org"
216.73.216.20 - - [13/Oct/2025:21:38:17 -0400] "GET /product-category/clothing/hoodies/feed/ HTTP/1.1" 200 1152 "https://batconpakistan.org/product-category/clothing/hoodies/feed" "Mozilla/5.0 AppleWebKit/537.36 (KHTML, like Gecko; compatible; ClaudeBot/1.0; +claudebot@anthropic.com)"
216.73.216.20 - - [13/Oct/2025:21:38:17 -0400] "GET /cart/ HTTP/1.1" 200 37923 "https://batconpakistan.org/?p=7" "Mozilla/5.0 AppleWebKit/537.36 (KHTML, like Gecko; compatible; ClaudeBot/1.0; +claudebot@anthropic.com)"
162.0.235.240 - - [13/Oct/2025:21:40:30 -0400] "GET /wp-content/plugins/contact-form-7-style/admin/predefined-templates.json HTTP/1.1" 200 1323 "-" "WordPress/6.8.3; https://batconpakistan.org"
162.0.235.240 - - [13/Oct/2025:21:40:31 -0400] "POST /wp-cron.php?doing_wp_cron=1760406031.0416760444641113281250 HTTP/1.1" 200 0 "-" "WordPress/6.8.3; https://batconpakistan.org"
216.73.216.20 - - [13/Oct/2025:21:40:26 -0400] "GET /shop HTTP/1.1" 301 0 "-" "Mozilla/5.0 AppleWebKit/537.36 (KHTML, like Gecko; compatible; ClaudeBot/1.0; +claudebot@anthropic.com)"
162.0.235.240 - - [13/Oct/2025:21:40:31 -0400] "GET /wp-content/plugins/contact-form-7-style/admin/predefined-templates.json HTTP/1.1" 200 1323 "-" "WordPress/6.8.3; https://batconpakistan.org"
162.0.235.240 - - [13/Oct/2025:21:40:31 -0400] "GET /wp-content/plugins/contact-form-7-style/admin/predefined-templates.json HTTP/1.1" 200 1323 "-" "WordPress/6.8.3; https://batconpakistan.org"
216.73.216.20 - - [13/Oct/2025:21:40:31 -0400] "GET /shop/ HTTP/1.1" 200 17775 "https://batconpakistan.org/shop" "Mozilla/5.0 AppleWebKit/537.36 (KHTML, like Gecko; compatible; ClaudeBot/1.0; +claudebot@anthropic.com)"
162.0.235.240 - - [13/Oct/2025:21:45:35 -0400] "GET /wp-content/plugins/contact-form-7-style/admin/predefined-templates.json HTTP/1.1" 200 1323 "-" "WordPress/6.8.3; https://batconpakistan.org"
162.0.235.240 - - [13/Oct/2025:21:45:36 -0400] "POST /wp-cron.php?doing_wp_cron=1760406336.2046220302581787109375 HTTP/1.1" 200 0 "-" "WordPress/6.8.3; https://batconpakistan.org"
162.0.235.240 - - [13/Oct/2025:21:45:36 -0400] "GET /wp-content/plugins/contact-form-7-style/admin/predefined-templates.json HTTP/1.1" 200 1323 "-" "WordPress/6.8.3; https://batconpakistan.org"
40.77.167.24 - - [13/Oct/2025:21:45:32 -0400] "GET /Hydraulics-Pneumatics-&-Plumbing-Minimum-Diameter-Inch-147110-Worm-Gear-Hose-Clamps/ HTTP/1.1" 404 15671 "-" "Mozilla/5.0 AppleWebKit/537.36 (KHTML, like Gecko; compatible; bingbot/2.0; +http://www.bing.com/bingbot.htm) Chrome/116.0.1938.76 Safari/537.36"
2a03:2880:f800:35:: - - [13/Oct/2025:21:49:11 -0400] "GET /tag/pakistan/ HTTP/1.1" 200 20887 "-" "meta-externalagent/1.1 (+https://developers.facebook.com/docs/sharing/webmasters/crawler)"
162.0.235.240 - - [13/Oct/2025:21:53:30 -0400] "GET /wp-content/plugins/contact-form-7-style/admin/predefined-templates.json HTTP/1.1" 200 1323 "-" "WordPress/6.8.3; https://batconpakistan.org"
162.0.235.240 - - [13/Oct/2025:21:53:30 -0400] "POST /wp-cron.php?doing_wp_cron=1760406810.6846299171447753906250 HTTP/1.1" 200 0 "-" "WordPress/6.8.3; https://batconpakistan.org"
52.167.144.194 - - [13/Oct/2025:21:53:27 -0400] "GET /Power-Transmission-Products-ContiTech-P-597864-Quick-Disconnect-Bushings/ HTTP/1.1" 404 15668 "-" "Mozilla/5.0 AppleWebKit/537.36 (KHTML, like Gecko; compatible; bingbot/2.0; +http://www.bing.com/bingbot.htm) Chrome/116.0.1938.76 Safari/537.36"
162.0.235.240 - - [13/Oct/2025:21:53:31 -0400] "GET /wp-content/plugins/contact-form-7-style/admin/predefined-templates.json HTTP/1.1" 200 1323 "-" "WordPress/6.8.3; https://batconpakistan.org"
110.249.202.52 - - [13/Oct/2025:22:03:01 -0400] "GET /robots.txt HTTP/1.1" 304 0 "-" "Mozilla/5.0 (Linux; Android 5.0) AppleWebKit/537.36 (KHTML, like Gecko) Mobile Safari/537.36 (compatible; Bytespider; https://zhanzhang.toutiao.com/)"
62.146.234.58 - - [13/Oct/2025:22:11:03 -0400] "GET /wp-login.php HTTP/1.1" 200 1885 "-" "Mozilla/5.0 (Macintosh; Intel Mac OS X 10_13_1) AppleWebKit/604.3.5 (KHTML, like Gecko) Version/11.0.1 Safari/604.3.5"
162.0.235.240 - - [13/Oct/2025:22:11:13 -0400] "GET /wp-content/plugins/contact-form-7-style/admin/predefined-templates.json HTTP/1.1" 200 1323 "-" "WordPress/6.8.3; https://batconpakistan.org"
162.0.235.240 - - [13/Oct/2025:22:11:15 -0400] "POST /wp-cron.php?doing_wp_cron=1760407875.2286720275878906250000 HTTP/1.1" 200 0 "-" "WordPress/6.8.3; https://batconpakistan.org"
62.146.234.58 - - [13/Oct/2025:22:11:09 -0400] "POST /wp-login.php HTTP/1.1" 200 2045 "https://batconpakistan.org/wp-login.php" "Mozilla/5.0 (Macintosh; Intel Mac OS X 10_13_1) AppleWebKit/604.3.5 (KHTML, like Gecko) Version/11.0.1 Safari/604.3.5"
162.0.235.240 - - [13/Oct/2025:22:11:15 -0400] "GET /wp-content/plugins/contact-form-7-style/admin/predefined-templates.json HTTP/1.1" 200 1323 "-" "WordPress/6.8.3; https://batconpakistan.org"
162.0.235.240 - - [13/Oct/2025:22:14:18 -0400] "GET /wp-content/plugins/contact-form-7-style/admin/predefined-templates.json HTTP/1.1" 200 1323 "-" "WordPress/6.8.3; https://batconpakistan.org"
162.0.235.240 - - [13/Oct/2025:22:14:19 -0400] "POST /wp-cron.php?doing_wp_cron=1760408059.0686719417572021484375 HTTP/1.1" 200 0 "-" "WordPress/6.8.3; https://batconpakistan.org"
20.171.207.111 - - [13/Oct/2025:22:14:15 -0400] "GET /sitemap_index.xml HTTP/1.1" 200 512 "-" "Mozilla/5.0 AppleWebKit/537.36 (KHTML, like Gecko; compatible; GPTBot/1.2; +https://openai.com/gptbot)"
162.0.235.240 - - [13/Oct/2025:22:14:19 -0400] "GET /wp-content/plugins/contact-form-7-style/admin/predefined-templates.json HTTP/1.1" 200 1323 "-" "WordPress/6.8.3; https://batconpakistan.org"
164.92.134.102 - - [13/Oct/2025:22:15:35 -0400] "GET /wp-login.php HTTP/1.1" 200 1885 "-" "Mozilla/5.0 (Windows NT 6.3; ARM; Trident/7.0; Touch; rv:11.0) like Gecko"
162.0.235.240 - - [13/Oct/2025:22:15:45 -0400] "GET /wp-content/plugins/contact-form-7-style/admin/predefined-templates.json HTTP/1.1" 200 1323 "-" "WordPress/6.8.3; https://batconpakistan.org"
162.0.235.240 - - [13/Oct/2025:22:15:45 -0400] "POST /wp-cron.php?doing_wp_cron=1760408145.7236499786376953125000 HTTP/1.1" 200 0 "-" "WordPress/6.8.3; https://batconpakistan.org"
164.92.134.102 - - [13/Oct/2025:22:15:42 -0400] "POST /wp-login.php HTTP/1.1" 200 2045 "https://batconpakistan.org/wp-login.php" "Mozilla/5.0 (Windows NT 6.3; ARM; Trident/7.0; Touch; rv:11.0) like Gecko"
162.0.235.240 - - [13/Oct/2025:22:15:46 -0400] "GET /wp-content/plugins/contact-form-7-style/admin/predefined-templates.json HTTP/1.1" 200 1323 "-" "WordPress/6.8.3; https://batconpakistan.org"
162.0.235.240 - - [13/Oct/2025:22:18:15 -0400] "GET /wp-content/plugins/contact-form-7-style/admin/predefined-templates.json HTTP/1.1" 200 1323 "-" "WordPress/6.8.3; https://batconpakistan.org"
162.0.235.240 - - [13/Oct/2025:22:18:15 -0400] "POST /wp-cron.php?doing_wp_cron=1760408295.7800409793853759765625 HTTP/1.1" 200 0 "-" "WordPress/6.8.3; https://batconpakistan.org"
162.0.235.240 - - [13/Oct/2025:22:18:16 -0400] "GET /wp-content/plugins/contact-form-7-style/admin/predefined-templates.json HTTP/1.1" 200 1323 "-" "WordPress/6.8.3; https://batconpakistan.org"
40.77.167.243 - - [13/Oct/2025:22:18:12 -0400] "GET /Retail-Store-Fixtures-&-Equipment-Only-x-CGSignLab-Modern-735460-Store-Signs/ HTTP/1.1" 404 15671 "-" "Mozilla/5.0 AppleWebKit/537.36 (KHTML, like Gecko; compatible; bingbot/2.0; +http://www.bing.com/bingbot.htm) Chrome/116.0.1938.76 Safari/537.36"
162.0.235.240 - - [13/Oct/2025:22:25:02 -0400] "GET /wp-content/plugins/contact-form-7-style/admin/predefined-templates.json HTTP/1.1" 200 1323 "-" "WordPress/6.8.3; https://batconpakistan.org"
162.0.235.240 - - [13/Oct/2025:22:25:06 -0400] "POST /wp-cron.php?doing_wp_cron=1760408706.0875570774078369140625 HTTP/1.1" 200 0 "-" "WordPress/6.8.3; https://batconpakistan.org"
51.89.129.35 - - [13/Oct/2025:22:24:57 -0400] "GET /sitemap_index.xml HTTP/1.1" 200 512 "-" "Mozilla/5.0 (compatible; AhrefsBot/7.0; +http://ahrefs.com/robot/)"
162.0.235.240 - - [13/Oct/2025:22:25:07 -0400] "GET /wp-content/plugins/contact-form-7-style/admin/predefined-templates.json HTTP/1.1" 200 1323 "-" "WordPress/6.8.3; https://batconpakistan.org"
162.0.235.240 - - [13/Oct/2025:22:25:10 -0400] "GET /wp-content/plugins/contact-form-7-style/admin/predefined-templates.json HTTP/1.1" 200 1323 "-" "WordPress/6.8.3; https://batconpakistan.org"
198.244.240.219 - - [13/Oct/2025:22:25:09 -0400] "GET /post-sitemap.xml HTTP/1.1" 200 976 "-" "Mozilla/5.0 (compatible; AhrefsBot/7.0; +http://ahrefs.com/robot/)"
162.0.235.240 - - [13/Oct/2025:22:25:15 -0400] "GET /wp-content/plugins/contact-form-7-style/admin/predefined-templates.json HTTP/1.1" 200 1323 "-" "WordPress/6.8.3; https://batconpakistan.org"
51.89.129.86 - - [13/Oct/2025:22:25:15 -0400] "GET /page-sitemap.xml HTTP/1.1" 200 1544 "-" "Mozilla/5.0 (compatible; AhrefsBot/7.0; +http://ahrefs.com/robot/)"
162.0.235.240 - - [13/Oct/2025:22:25:23 -0400] "GET /wp-content/plugins/contact-form-7-style/admin/predefined-templates.json HTTP/1.1" 200 1323 "-" "WordPress/6.8.3; https://batconpakistan.org"
51.89.129.106 - - [13/Oct/2025:22:25:23 -0400] "GET /testimonial-sitemap.xml HTTP/1.1" 200 391 "-" "Mozilla/5.0 (compatible; AhrefsBot/7.0; +http://ahrefs.com/robot/)"
162.0.235.240 - - [13/Oct/2025:22:25:25 -0400] "GET /wp-content/plugins/contact-form-7-style/admin/predefined-templates.json HTTP/1.1" 200 1323 "-" "WordPress/6.8.3; https://batconpakistan.org"
54.38.147.101 - - [13/Oct/2025:22:25:25 -0400] "GET /gallery-sitemap.xml HTTP/1.1" 200 560 "-" "Mozilla/5.0 (compatible; AhrefsBot/7.0; +http://ahrefs.com/robot/)"
162.0.235.240 - - [13/Oct/2025:22:25:30 -0400] "GET /wp-content/plugins/contact-form-7-style/admin/predefined-templates.json HTTP/1.1" 200 1323 "-" "WordPress/6.8.3; https://batconpakistan.org"
51.89.129.223 - - [13/Oct/2025:22:25:30 -0400] "GET /event-sitemap.xml HTTP/1.1" 200 452 "-" "Mozilla/5.0 (compatible; AhrefsBot/7.0; +http://ahrefs.com/robot/)"
162.0.235.240 - - [13/Oct/2025:22:25:32 -0400] "GET /wp-content/plugins/contact-form-7-style/admin/predefined-templates.json HTTP/1.1" 200 1323 "-" "WordPress/6.8.3; https://batconpakistan.org"
198.244.226.35 - - [13/Oct/2025:22:25:31 -0400] "GET /team-sitemap.xml HTTP/1.1" 200 818 "-" "Mozilla/5.0 (compatible; AhrefsBot/7.0; +http://ahrefs.com/robot/)"
162.0.235.240 - - [13/Oct/2025:22:25:34 -0400] "GET /wp-content/plugins/contact-form-7-style/admin/predefined-templates.json HTTP/1.1" 200 1323 "-" "WordPress/6.8.3; https://batconpakistan.org"
198.244.183.137 - - [13/Oct/2025:22:25:33 -0400] "GET /product-sitemap.xml HTTP/1.1" 200 532 "-" "Mozilla/5.0 (compatible; AhrefsBot/7.0; +http://ahrefs.com/robot/)"
162.0.235.240 - - [13/Oct/2025:22:25:36 -0400] "GET /wp-content/plugins/contact-form-7-style/admin/predefined-templates.json HTTP/1.1" 200 1323 "-" "WordPress/6.8.3; https://batconpakistan.org"
198.244.226.236 - - [13/Oct/2025:22:25:35 -0400] "GET /campaign-sitemap.xml HTTP/1.1" 200 478 "-" "Mozilla/5.0 (compatible; AhrefsBot/7.0; +http://ahrefs.com/robot/)"
162.0.235.240 - - [13/Oct/2025:22:25:37 -0400] "GET /wp-content/plugins/contact-form-7-style/admin/predefined-templates.json HTTP/1.1" 200 1323 "-" "WordPress/6.8.3; https://batconpakistan.org"
198.244.226.181 - - [13/Oct/2025:22:25:37 -0400] "GET /event_registrants-sitemap.xml HTTP/1.1" 200 379 "-" "Mozilla/5.0 (compatible; AhrefsBot/7.0; +http://ahrefs.com/robot/)"
162.0.235.240 - - [13/Oct/2025:22:25:39 -0400] "GET /wp-content/plugins/contact-form-7-style/admin/predefined-templates.json HTTP/1.1" 200 1323 "-" "WordPress/6.8.3; https://batconpakistan.org"
198.244.242.248 - - [13/Oct/2025:22:25:38 -0400] "GET /category-sitemap.xml HTTP/1.1" 200 393 "-" "Mozilla/5.0 (compatible; AhrefsBot/7.0; +http://ahrefs.com/robot/)"
162.0.235.240 - - [13/Oct/2025:22:25:40 -0400] "GET /wp-content/plugins/contact-form-7-style/admin/predefined-templates.json HTTP/1.1" 200 1323 "-" "WordPress/6.8.3; https://batconpakistan.org"
162.0.235.240 - - [13/Oct/2025:22:25:40 -0400] "POST /wp-cron.php?doing_wp_cron=1760408740.8823790550231933593750 HTTP/1.1" 200 0 "-" "WordPress/6.8.3; https://batconpakistan.org"
54.38.147.12 - - [13/Oct/2025:22:25:40 -0400] "GET /post_tag-sitemap.xml HTTP/1.1" 200 450 "-" "Mozilla/5.0 (compatible; AhrefsBot/7.0; +http://ahrefs.com/robot/)"
162.0.235.240 - - [13/Oct/2025:22:25:41 -0400] "GET /wp-content/plugins/contact-form-7-style/admin/predefined-templates.json HTTP/1.1" 200 1323 "-" "WordPress/6.8.3; https://batconpakistan.org"
162.0.235.240 - - [13/Oct/2025:22:25:45 -0400] "GET /wp-content/plugins/contact-form-7-style/admin/predefined-templates.json HTTP/1.1" 200 1323 "-" "WordPress/6.8.3; https://batconpakistan.org"
198.244.240.217 - - [13/Oct/2025:22:25:45 -0400] "GET /gallery-category-sitemap.xml HTTP/1.1" 200 393 "-" "Mozilla/5.0 (compatible; AhrefsBot/7.0; +http://ahrefs.com/robot/)"
162.0.235.240 - - [13/Oct/2025:22:25:47 -0400] "GET /wp-content/plugins/contact-form-7-style/admin/predefined-templates.json HTTP/1.1" 200 1323 "-" "WordPress/6.8.3; https://batconpakistan.org"
198.244.226.65 - - [13/Oct/2025:22:25:46 -0400] "GET /event-category-sitemap.xml HTTP/1.1" 200 378 "-" "Mozilla/5.0 (compatible; AhrefsBot/7.0; +http://ahrefs.com/robot/)"
162.0.235.240 - - [13/Oct/2025:22:25:49 -0400] "GET /wp-content/plugins/contact-form-7-style/admin/predefined-templates.json HTTP/1.1" 200 1323 "-" "WordPress/6.8.3; https://batconpakistan.org"
162.0.235.240 - - [13/Oct/2025:22:25:49 -0400] "POST /wp-cron.php?doing_wp_cron=1760408749.2844600677490234375000 HTTP/1.1" 200 0 "-" "WordPress/6.8.3; https://batconpakistan.org"
54.38.147.138 - - [13/Oct/2025:22:25:48 -0400] "GET /event-tag-sitemap.xml HTTP/1.1" 200 372 "-" "Mozilla/5.0 (compatible; AhrefsBot/7.0; +http://ahrefs.com/robot/)"
162.0.235.240 - - [13/Oct/2025:22:25:49 -0400] "GET /wp-content/plugins/contact-form-7-style/admin/predefined-templates.json HTTP/1.1" 200 1323 "-" "WordPress/6.8.3; https://batconpakistan.org"
162.0.235.240 - - [13/Oct/2025:22:25:51 -0400] "GET /wp-content/plugins/contact-form-7-style/admin/predefined-templates.json HTTP/1.1" 200 1323 "-" "WordPress/6.8.3; https://batconpakistan.org"
51.195.215.41 - - [13/Oct/2025:22:25:50 -0400] "GET /team-category-sitemap.xml HTTP/1.1" 200 499 "-" "Mozilla/5.0 (compatible; AhrefsBot/7.0; +http://ahrefs.com/robot/)"
162.0.235.240 - - [13/Oct/2025:22:25:53 -0400] "GET /wp-content/plugins/contact-form-7-style/admin/predefined-templates.json HTTP/1.1" 200 1323 "-" "WordPress/6.8.3; https://batconpakistan.org"
51.195.183.41 - - [13/Oct/2025:22:25:52 -0400] "GET /product_cat-sitemap.xml HTTP/1.1" 200 381 "-" "Mozilla/5.0 (compatible; AhrefsBot/7.0; +http://ahrefs.com/robot/)"
162.0.235.240 - - [13/Oct/2025:22:25:56 -0400] "GET /wp-content/plugins/contact-form-7-style/admin/predefined-templates.json HTTP/1.1" 200 1323 "-" "WordPress/6.8.3; https://batconpakistan.org"
54.38.147.115 - - [13/Oct/2025:22:25:55 -0400] "GET /campaign_category-sitemap.xml HTTP/1.1" 200 425 "-" "Mozilla/5.0 (compatible; AhrefsBot/7.0; +http://ahrefs.com/robot/)"
162.0.235.240 - - [13/Oct/2025:22:25:57 -0400] "GET /wp-content/plugins/contact-form-7-style/admin/predefined-templates.json HTTP/1.1" 200 1323 "-" "WordPress/6.8.3; https://batconpakistan.org"
162.0.235.240 - - [13/Oct/2025:22:25:58 -0400] "POST /wp-cron.php?doing_wp_cron=1760408758.0711579322814941406250 HTTP/1.1" 200 0 "-" "WordPress/6.8.3; https://batconpakistan.org"
198.244.242.99 - - [13/Oct/2025:22:25:57 -0400] "GET /campaign_tag-sitemap.xml HTTP/1.1" 200 413 "-" "Mozilla/5.0 (compatible; AhrefsBot/7.0; +http://ahrefs.com/robot/)"
162.0.235.240 - - [13/Oct/2025:22:25:58 -0400] "GET /wp-content/plugins/contact-form-7-style/admin/predefined-templates.json HTTP/1.1" 200 1323 "-" "WordPress/6.8.3; https://batconpakistan.org"
162.0.235.240 - - [13/Oct/2025:22:26:00 -0400] "GET /wp-content/plugins/contact-form-7-style/admin/predefined-templates.json HTTP/1.1" 200 1323 "-" "WordPress/6.8.3; https://batconpakistan.org"
54.38.147.160 - - [13/Oct/2025:22:26:00 -0400] "GET /registrant-event-sitemap.xml HTTP/1.1" 200 364 "-" "Mozilla/5.0 (compatible; AhrefsBot/7.0; +http://ahrefs.com/robot/)"
162.0.235.240 - - [13/Oct/2025:22:26:02 -0400] "GET /wp-content/plugins/contact-form-7-style/admin/predefined-templates.json HTTP/1.1" 200 1323 "-" "WordPress/6.8.3; https://batconpakistan.org"
51.195.244.165 - - [13/Oct/2025:22:26:01 -0400] "GET /style_category-sitemap.xml HTTP/1.1" 200 384 "-" "Mozilla/5.0 (compatible; AhrefsBot/7.0; +http://ahrefs.com/robot/)"
162.0.235.240 - - [13/Oct/2025:22:26:04 -0400] "GET /wp-content/plugins/contact-form-7-style/admin/predefined-templates.json HTTP/1.1" 200 1323 "-" "WordPress/6.8.3; https://batconpakistan.org"
51.195.183.171 - - [13/Oct/2025:22:26:04 -0400] "GET /author-sitemap.xml HTTP/1.1" 200 341 "-" "Mozilla/5.0 (compatible; AhrefsBot/7.0; +http://ahrefs.com/robot/)"
162.0.235.240 - - [13/Oct/2025:22:31:11 -0400] "GET /wp-content/plugins/contact-form-7-style/admin/predefined-templates.json HTTP/1.1" 200 1323 "-" "WordPress/6.8.3; https://batconpakistan.org"
162.0.235.240 - - [13/Oct/2025:22:31:12 -0400] "POST /wp-cron.php?doing_wp_cron=1760409072.4618570804595947265625 HTTP/1.1" 200 0 "-" "WordPress/6.8.3; https://batconpakistan.org"
34.255.1.18 - - [13/Oct/2025:22:31:09 -0400] "GET / HTTP/1.1" 301 0 "-" "Mozilla/5.0 (compatible; NetcraftSurveyAgent/1.0; +info@netcraft.com)"
162.0.235.240 - - [13/Oct/2025:22:31:13 -0400] "GET /wp-content/plugins/contact-form-7-style/admin/predefined-templates.json HTTP/1.1" 200 1323 "-" "WordPress/6.8.3; https://batconpakistan.org"
138.199.19.19 - - [13/Oct/2025:22:33:20 -0400] "GET /contact-us/ HTTP/1.1" 200 17318 "-" "Python/3.13 aiohttp/3.13.0"
51.81.2.86 - - [13/Oct/2025:22:38:48 -0400] "GET /wp-login.php HTTP/1.1" 200 1885 "-" "Mozilla/5.0 (X11; Ubuntu; Linux x86_64; rv:60.0) Gecko/20100101 Firefox/60.0"
162.0.235.240 - - [13/Oct/2025:22:38:54 -0400] "GET /wp-content/plugins/contact-form-7-style/admin/predefined-templates.json HTTP/1.1" 200 1323 "-" "WordPress/6.8.3; https://batconpakistan.org"
162.0.235.240 - - [13/Oct/2025:22:38:55 -0400] "POST /wp-cron.php?doing_wp_cron=1760409535.8317110538482666015625 HTTP/1.1" 200 0 "-" "WordPress/6.8.3; https://batconpakistan.org"
51.81.2.86 - - [13/Oct/2025:22:38:50 -0400] "POST /wp-login.php HTTP/1.1" 200 2045 "https://batconpakistan.org/wp-login.php" "Mozilla/5.0 (X11; Ubuntu; Linux x86_64; rv:60.0) Gecko/20100101 Firefox/60.0"
162.0.235.240 - - [13/Oct/2025:22:38:56 -0400] "GET /wp-content/plugins/contact-form-7-style/admin/predefined-templates.json HTTP/1.1" 200 1323 "-" "WordPress/6.8.3; https://batconpakistan.org"
2a03:2880:f800:22:: - - [13/Oct/2025:22:42:36 -0400] "GET /2021/07/27/over-400-indian-flying-foxes-pteropus-medius-were-mercilessly-killed-in-nawab-shah-sindh-pakistan-these-bats-were-believed-to-be-a-serious-pest-for-fruits-trees-of-mango-and-banana-in-these-areas/ HTTP/1.1" 200 20666 "-" "meta-externalagent/1.1 (+https://developers.facebook.com/docs/sharing/webmasters/crawler)"
95.70.162.216 - - [13/Oct/2025:22:43:25 -0400] "GET /wp-content/plugins/wp-file-manager/css/fm_custom.css HTTP/1.1" 200 1202 "-" "Mozilla/5.0 (Windows NT 10.0; Win64; x64) AppleWebKit/537.36 (KHTML, like Gecko) Chrome/137.0.0.0 Safari/537.36 OPR/121.0.0.0"
162.0.235.240 - - [13/Oct/2025:22:43:34 -0400] "GET /wp-content/plugins/contact-form-7-style/admin/predefined-templates.json HTTP/1.1" 200 1323 "-" "WordPress/6.8.3; https://batconpakistan.org"
162.0.235.240 - - [13/Oct/2025:22:43:35 -0400] "POST /wp-cron.php?doing_wp_cron=1760409815.4474771022796630859375 HTTP/1.1" 200 0 "-" "WordPress/6.8.3; https://batconpakistan.org"
162.0.235.240 - - [13/Oct/2025:22:43:36 -0400] "GET /wp-content/plugins/contact-form-7-style/admin/predefined-templates.json HTTP/1.1" 200 1323 "-" "WordPress/6.8.3; https://batconpakistan.org"
13.67.185.227 - - [13/Oct/2025:22:43:31 -0400] "GET /aa.php HTTP/1.1" 404 15670 "-" "-"
162.0.235.240 - - [13/Oct/2025:22:43:36 -0400] "GET /wp-content/plugins/contact-form-7-style/admin/predefined-templates.json HTTP/1.1" 200 1323 "-" "WordPress/6.8.3; https://batconpakistan.org"
13.67.185.227 - - [13/Oct/2025:22:43:36 -0400] "GET /abcd.php HTTP/1.1" 404 15671 "-" "-"
162.0.235.240 - - [13/Oct/2025:22:43:37 -0400] "GET /wp-content/plugins/contact-form-7-style/admin/predefined-templates.json HTTP/1.1" 200 1323 "-" "WordPress/6.8.3; https://batconpakistan.org"
13.67.185.227 - - [13/Oct/2025:22:43:37 -0400] "GET /admin.php HTTP/1.1" 404 15670 "-" "-"
162.0.235.240 - - [13/Oct/2025:22:43:38 -0400] "GET /wp-content/plugins/contact-form-7-style/admin/predefined-templates.json HTTP/1.1" 200 1323 "-" "WordPress/6.8.3; https://batconpakistan.org"
13.67.185.227 - - [13/Oct/2025:22:43:38 -0400] "GET /buy.php HTTP/1.1" 404 15669 "-" "-"
13.67.185.227 - - [13/Oct/2025:22:43:38 -0400] "GET /cgi-bin/ HTTP/1.1" 403 1242 "-" "-"
162.0.235.240 - - [13/Oct/2025:22:43:39 -0400] "GET /wp-content/plugins/contact-form-7-style/admin/predefined-templates.json HTTP/1.1" 200 1323 "-" "WordPress/6.8.3; https://batconpakistan.org"
13.67.185.227 - - [13/Oct/2025:22:43:39 -0400] "GET /edit.php HTTP/1.1" 404 15669 "-" "-"
162.0.235.240 - - [13/Oct/2025:22:43:40 -0400] "GET /wp-content/plugins/contact-form-7-style/admin/predefined-templates.json HTTP/1.1" 200 1323 "-" "WordPress/6.8.3; https://batconpakistan.org"
162.0.235.240 - - [13/Oct/2025:22:43:40 -0400] "POST /wp-cron.php?doing_wp_cron=1760409820.5077679157257080078125 HTTP/1.1" 200 0 "-" "WordPress/6.8.3; https://batconpakistan.org"
13.67.185.227 - - [13/Oct/2025:22:43:39 -0400] "GET /file.php HTTP/1.1" 404 15669 "-" "-"
162.0.235.240 - - [13/Oct/2025:22:43:40 -0400] "GET /wp-content/plugins/contact-form-7-style/admin/predefined-templates.json HTTP/1.1" 200 1323 "-" "WordPress/6.8.3; https://batconpakistan.org"
162.0.235.240 - - [13/Oct/2025:22:43:41 -0400] "GET /wp-content/plugins/contact-form-7-style/admin/predefined-templates.json HTTP/1.1" 200 1323 "-" "WordPress/6.8.3; https://batconpakistan.org"
13.67.185.227 - - [13/Oct/2025:22:43:40 -0400] "GET /flower.php HTTP/1.1" 404 15670 "-" "-"
162.0.235.240 - - [13/Oct/2025:22:43:42 -0400] "GET /wp-content/plugins/contact-form-7-style/admin/predefined-templates.json HTTP/1.1" 200 1323 "-" "WordPress/6.8.3; https://batconpakistan.org"
13.67.185.227 - - [13/Oct/2025:22:43:41 -0400] "GET /images/index.php HTTP/1.1" 301 0 "-" "-"
162.0.235.240 - - [13/Oct/2025:22:43:42 -0400] "GET /wp-content/plugins/contact-form-7-style/admin/predefined-templates.json HTTP/1.1" 200 1323 "-" "WordPress/6.8.3; https://batconpakistan.org"
13.67.185.227 - - [13/Oct/2025:22:43:42 -0400] "GET /images/ HTTP/1.1" 404 15669 "-" "-"
162.0.235.240 - - [13/Oct/2025:22:43:43 -0400] "GET /wp-content/plugins/contact-form-7-style/admin/predefined-templates.json HTTP/1.1" 200 1323 "-" "WordPress/6.8.3; https://batconpakistan.org"
13.67.185.227 - - [13/Oct/2025:22:43:43 -0400] "GET /info.php HTTP/1.1" 404 15669 "-" "-"
162.0.235.240 - - [13/Oct/2025:22:43:44 -0400] "GET /wp-content/plugins/contact-form-7-style/admin/predefined-templates.json HTTP/1.1" 200 1323 "-" "WordPress/6.8.3; https://batconpakistan.org"
13.67.185.227 - - [13/Oct/2025:22:43:44 -0400] "GET /ioxi-o.php HTTP/1.1" 404 15670 "-" "-"
162.0.235.240 - - [13/Oct/2025:22:43:45 -0400] "GET /wp-content/plugins/contact-form-7-style/admin/predefined-templates.json HTTP/1.1" 200 1323 "-" "WordPress/6.8.3; https://batconpakistan.org"
13.67.185.227 - - [13/Oct/2025:22:43:45 -0400] "GET /nc4.php HTTP/1.1" 404 15669 "-" "-"
162.0.235.240 - - [13/Oct/2025:22:43:46 -0400] "GET /wp-content/plugins/contact-form-7-style/admin/predefined-templates.json HTTP/1.1" 200 1323 "-" "WordPress/6.8.3; https://batconpakistan.org"
13.67.185.227 - - [13/Oct/2025:22:43:45 -0400] "GET /xleet.php HTTP/1.1" 404 15670 "-" "-"
13.67.185.227 - - [13/Oct/2025:22:43:46 -0400] "GET /wp-admin/includes/ HTTP/1.1" 200 0 "-" "-"
162.0.235.240 - - [13/Oct/2025:22:43:47 -0400] "GET /wp-content/plugins/contact-form-7-style/admin/predefined-templates.json HTTP/1.1" 200 1323 "-" "WordPress/6.8.3; https://batconpakistan.org"
13.67.185.227 - - [13/Oct/2025:22:43:46 -0400] "GET /wp-content/upgrade/index.php HTTP/1.1" 301 0 "-" "-"
13.67.185.227 - - [13/Oct/2025:22:43:47 -0400] "GET /wp-content/upgrade/ HTTP/1.1" 403 1242 "-" "-"
162.0.235.240 - - [13/Oct/2025:22:43:47 -0400] "GET /wp-content/plugins/contact-form-7-style/admin/predefined-templates.json HTTP/1.1" 200 1323 "-" "WordPress/6.8.3; https://batconpakistan.org"
162.0.235.240 - - [13/Oct/2025:22:43:48 -0400] "POST /wp-cron.php?doing_wp_cron=1760409828.1202290058135986328125 HTTP/1.1" 200 0 "-" "WordPress/6.8.3; https://batconpakistan.org"
13.67.185.227 - - [13/Oct/2025:22:43:47 -0400] "GET /wp-content/uploads/admin.php HTTP/1.1" 404 15670 "-" "-"
162.0.235.240 - - [13/Oct/2025:22:43:48 -0400] "GET /wp-content/plugins/contact-form-7-style/admin/predefined-templates.json HTTP/1.1" 200 1323 "-" "WordPress/6.8.3; https://batconpakistan.org"
162.0.235.240 - - [13/Oct/2025:22:43:48 -0400] "GET /wp-content/plugins/contact-form-7-style/admin/predefined-templates.json HTTP/1.1" 200 1323 "-" "WordPress/6.8.3; https://batconpakistan.org"
13.67.185.227 - - [13/Oct/2025:22:43:48 -0400] "GET /wp-good.php HTTP/1.1" 404 15668 "-" "-"
13.67.185.227 - - [13/Oct/2025:22:43:49 -0400] "GET /wp-includes/Text/Diff/Renderer/ HTTP/1.1" 403 1242 "-" "-"
13.67.185.227 - - [13/Oct/2025:22:43:49 -0400] "GET /wp-includes/style-engine/ HTTP/1.1" 403 1242 "-" "-"
162.0.235.240 - - [13/Oct/2025:22:43:49 -0400] "GET /wp-content/plugins/contact-form-7-style/admin/predefined-templates.json HTTP/1.1" 200 1323 "-" "WordPress/6.8.3; https://batconpakistan.org"
13.67.185.227 - - [13/Oct/2025:22:43:49 -0400] "GET /xmrlpc.php HTTP/1.1" 404 15671 "-" "-"
162.0.235.240 - - [13/Oct/2025:22:43:50 -0400] "GET /wp-content/plugins/contact-form-7-style/admin/predefined-templates.json HTTP/1.1" 200 1323 "-" "WordPress/6.8.3; https://batconpakistan.org"
13.67.185.227 - - [13/Oct/2025:22:43:50 -0400] "GET /about.php HTTP/1.1" 404 15671 "-" "-"
162.0.235.240 - - [13/Oct/2025:22:43:51 -0400] "GET /wp-content/plugins/contact-form-7-style/admin/predefined-templates.json HTTP/1.1" 200 1323 "-" "WordPress/6.8.3; https://batconpakistan.org"
13.67.185.227 - - [13/Oct/2025:22:43:50 -0400] "GET /adminfuns.php HTTP/1.1" 404 15667 "-" "-"
162.0.235.240 - - [13/Oct/2025:22:43:52 -0400] "GET /wp-content/plugins/contact-form-7-style/admin/predefined-templates.json HTTP/1.1" 200 1323 "-" "WordPress/6.8.3; https://batconpakistan.org"
13.67.185.227 - - [13/Oct/2025:22:43:51 -0400] "GET /alfa.php HTTP/1.1" 404 15671 "-" "-"
162.0.235.240 - - [13/Oct/2025:22:43:52 -0400] "GET /wp-content/plugins/contact-form-7-style/admin/predefined-templates.json HTTP/1.1" 200 1323 "-" "WordPress/6.8.3; https://batconpakistan.org"
13.67.185.227 - - [13/Oct/2025:22:43:52 -0400] "GET /asasx.php HTTP/1.1" 404 15669 "-" "-"
162.0.235.240 - - [13/Oct/2025:22:43:53 -0400] "GET /wp-content/plugins/contact-form-7-style/admin/predefined-templates.json HTTP/1.1" 200 1323 "-" "WordPress/6.8.3; https://batconpakistan.org"
13.67.185.227 - - [13/Oct/2025:22:43:53 -0400] "GET /autoload_classmap.php HTTP/1.1" 404 15670 "-" "-"
162.0.235.240 - - [13/Oct/2025:22:43:54 -0400] "GET /wp-content/plugins/contact-form-7-style/admin/predefined-templates.json HTTP/1.1" 200 1323 "-" "WordPress/6.8.3; https://batconpakistan.org"
13.67.185.227 - - [13/Oct/2025:22:43:54 -0400] "GET /classwithtostring.php HTTP/1.1" 404 15668 "-" "-"
162.0.235.240 - - [13/Oct/2025:22:43:55 -0400] "GET /wp-content/plugins/contact-form-7-style/admin/predefined-templates.json HTTP/1.1" 200 1323 "-" "WordPress/6.8.3; https://batconpakistan.org"
13.67.185.227 - - [13/Oct/2025:22:43:55 -0400] "GET /cong.php HTTP/1.1" 404 15671 "-" "-"
162.0.235.240 - - [13/Oct/2025:22:43:56 -0400] "GET /wp-content/plugins/contact-form-7-style/admin/predefined-templates.json HTTP/1.1" 200 1323 "-" "WordPress/6.8.3; https://batconpakistan.org"
13.67.185.227 - - [13/Oct/2025:22:43:55 -0400] "GET /file2.php HTTP/1.1" 404 15667 "-" "-"
162.0.235.240 - - [13/Oct/2025:22:43:56 -0400] "GET /wp-content/plugins/contact-form-7-style/admin/predefined-templates.json HTTP/1.1" 200 1323 "-" "WordPress/6.8.3; https://batconpakistan.org"
13.67.185.227 - - [13/Oct/2025:22:43:56 -0400] "GET /moon.php HTTP/1.1" 404 15670 "-" "-"
162.0.235.240 - - [13/Oct/2025:22:43:57 -0400] "GET /wp-content/plugins/contact-form-7-style/admin/predefined-templates.json HTTP/1.1" 200 1323 "-" "WordPress/6.8.3; https://batconpakistan.org"
13.67.185.227 - - [13/Oct/2025:22:43:57 -0400] "GET /wp-admin/css/colors/blue/index.php HTTP/1.1" 301 0 "-" "-"
13.67.185.227 - - [13/Oct/2025:22:43:58 -0400] "GET /wp-admin/css/colors/blue/ HTTP/1.1" 403 1242 "-" "-"
13.67.185.227 - - [13/Oct/2025:22:43:58 -0400] "GET /wp-content/index.php HTTP/1.1" 200 0 "-" "-"
162.0.235.240 - - [13/Oct/2025:22:43:58 -0400] "GET /wp-content/plugins/contact-form-7-style/admin/predefined-templates.json HTTP/1.1" 200 1323 "-" "WordPress/6.8.3; https://batconpakistan.org"
162.0.235.240 - - [13/Oct/2025:22:43:58 -0400] "POST /wp-cron.php?doing_wp_cron=1760409838.7165889739990234375000 HTTP/1.1" 200 0 "-" "WordPress/6.8.3; https://batconpakistan.org"
13.67.185.227 - - [13/Oct/2025:22:43:58 -0400] "GET /wp-content/plugins/yanierin/akcc.php HTTP/1.1" 404 15668 "-" "-"
162.0.235.240 - - [13/Oct/2025:22:43:59 -0400] "GET /wp-content/plugins/contact-form-7-style/admin/predefined-templates.json HTTP/1.1" 200 1323 "-" "WordPress/6.8.3; https://batconpakistan.org"
162.0.235.240 - - [13/Oct/2025:22:43:59 -0400] "GET /wp-content/plugins/contact-form-7-style/admin/predefined-templates.json HTTP/1.1" 200 1323 "-" "WordPress/6.8.3; https://batconpakistan.org"
13.67.185.227 - - [13/Oct/2025:22:43:59 -0400] "GET /wp-content/uploads/index.php HTTP/1.1" 301 0 "-" "-"
13.67.185.227 - - [13/Oct/2025:22:43:59 -0400] "GET /wp-content/uploads/ HTTP/1.1" 403 1242 "-" "-"
162.0.235.240 - - [13/Oct/2025:22:44:00 -0400] "GET /wp-content/plugins/contact-form-7-style/admin/predefined-templates.json HTTP/1.1" 200 1323 "-" "WordPress/6.8.3; https://batconpakistan.org"
13.67.185.227 - - [13/Oct/2025:22:43:59 -0400] "GET /wp-content/wp-conflg.php HTTP/1.1" 404 15668 "-" "-"
13.67.185.227 - - [13/Oct/2025:22:44:00 -0400] "GET /wp-cron.php HTTP/1.1" 200 0 "-" "-"
13.67.185.227 - - [13/Oct/2025:22:44:00 -0400] "GET /wp-includes/IXR/ HTTP/1.1" 403 1242 "-" "-"
13.67.185.227 - - [13/Oct/2025:22:44:00 -0400] "GET /wp-includes/block-supports/ HTTP/1.1" 403 1242 "-" "-"
13.67.185.227 - - [13/Oct/2025:22:44:00 -0400] "GET /wp-includes/fonts/ HTTP/1.1" 403 1242 "-" "-"
162.0.235.240 - - [13/Oct/2025:22:44:00 -0400] "GET /wp-content/plugins/contact-form-7-style/admin/predefined-templates.json HTTP/1.1" 200 1323 "-" "WordPress/6.8.3; https://batconpakistan.org"
162.0.235.240 - - [13/Oct/2025:22:44:01 -0400] "GET /wp-content/plugins/contact-form-7-style/admin/predefined-templates.json HTTP/1.1" 200 1323 "-" "WordPress/6.8.3; https://batconpakistan.org"
13.67.185.227 - - [13/Oct/2025:22:44:01 -0400] "GET /wp-includes/fonts/index.php HTTP/1.1" 301 0 "-" "-"
13.67.185.227 - - [13/Oct/2025:22:44:01 -0400] "GET /wp-includes/fonts/ HTTP/1.1" 403 1242 "-" "-"
13.67.185.227 - - [13/Oct/2025:22:44:01 -0400] "GET /wp-includes/js/crop/ HTTP/1.1" 403 1242 "-" "-"
13.67.185.227 - - [13/Oct/2025:22:44:01 -0400] "GET /wp-includes/rest-api/ HTTP/1.1" 403 1242 "-" "-"
13.67.185.227 - - [13/Oct/2025:22:44:01 -0400] "GET /wp-includes/widgets/ HTTP/1.1" 403 1242 "-" "-"
47.128.39.155 - - [13/Oct/2025:22:47:01 -0400] "GET /robots.txt HTTP/1.1" 304 0 "-" "Mozilla/5.0 (Linux; Android 5.0) AppleWebKit/537.36 (KHTML, like Gecko) Mobile Safari/537.36 (compatible; Bytespider; spider-feedback@bytedance.com)"
162.0.235.240 - - [13/Oct/2025:22:48:21 -0400] "GET /wp-content/plugins/contact-form-7-style/admin/predefined-templates.json HTTP/1.1" 200 1323 "-" "WordPress/6.8.3; https://batconpakistan.org"
162.0.235.240 - - [13/Oct/2025:22:48:22 -0400] "POST /wp-cron.php?doing_wp_cron=1760410102.1269381046295166015625 HTTP/1.1" 200 0 "-" "WordPress/6.8.3; https://batconpakistan.org"
3.255.235.24 - - [13/Oct/2025:22:48:18 -0400] "GET / HTTP/1.1" 301 0 "-" "Mozilla/5.0 (compatible; NetcraftSurveyAgent/1.0; +info@netcraft.com)"
162.0.235.240 - - [13/Oct/2025:22:48:22 -0400] "GET /wp-content/plugins/contact-form-7-style/admin/predefined-templates.json HTTP/1.1" 200 1323 "-" "WordPress/6.8.3; https://batconpakistan.org"
162.0.235.240 - - [13/Oct/2025:22:48:28 -0400] "GET /wp-content/plugins/contact-form-7-style/admin/predefined-templates.json HTTP/1.1" 200 1323 "-" "WordPress/6.8.3; https://batconpakistan.org"
141.98.11.188 - - [13/Oct/2025:22:48:28 -0400] "GET /wp-login.php HTTP/1.1" 200 1886 "https://www.google.com/" "Mozilla/5.0 (Macintosh; Intel Mac OS X 10_15_7) AppleWebKit/605.1.15 (KHTML, like Gecko) Version/16.6 Safari/605.1.15"
141.98.11.188 - - [13/Oct/2025:22:48:30 -0400] "GET /wp-login.php HTTP/1.1" 200 1886 "https://duckduckgo.com/" "Mozilla/5.0 (Macintosh; Intel Mac OS X 10_15_7; rv:121.0) Gecko/20100101 Firefox/121.0"
162.0.235.240 - - [13/Oct/2025:22:48:31 -0400] "GET /wp-content/plugins/contact-form-7-style/admin/predefined-templates.json HTTP/1.1" 200 1323 "-" "WordPress/6.8.3; https://batconpakistan.org"
141.98.11.188 - - [13/Oct/2025:22:48:30 -0400] "GET /wp-admin/ HTTP/1.1" 302 0 "https://wordpress.org/" "Mozilla/5.0 (Windows NT 10.0; Win64; x64) AppleWebKit/537.36 (KHTML, like Gecko) Chrome/118.0.0.0 Safari/537.36"
162.0.235.240 - - [13/Oct/2025:22:48:33 -0400] "GET /wp-content/plugins/contact-form-7-style/admin/predefined-templates.json HTTP/1.1" 200 1323 "-" "WordPress/6.8.3; https://batconpakistan.org"
141.98.11.188 - - [13/Oct/2025:22:48:33 -0400] "GET /wp-login.php?redirect_to=https%3A%2F%2Fmail.batconpakistan.org%2Fwp-admin%2F&reauth=1 HTTP/1.1" 200 1890 "https://wordpress.org/" "Mozilla/5.0 (Windows NT 10.0; Win64; x64) AppleWebKit/537.36 (KHTML, like Gecko) Chrome/118.0.0.0 Safari/537.36"
162.0.235.240 - - [13/Oct/2025:22:55:30 -0400] "GET /wp-content/plugins/contact-form-7-style/admin/predefined-templates.json HTTP/1.1" 200 1323 "-" "WordPress/6.8.3; https://batconpakistan.org"
162.0.235.240 - - [13/Oct/2025:22:55:31 -0400] "POST /wp-cron.php?doing_wp_cron=1760410531.0552558898925781250000 HTTP/1.1" 200 0 "-" "WordPress/6.8.3; https://batconpakistan.org"
43.128.67.187 - - [13/Oct/2025:22:55:27 -0400] "GET / HTTP/1.1" 301 0 "http://www.batconpakistan.org" "Mozilla/5.0 (iPhone; CPU iPhone OS 13_2_3 like Mac OS X) AppleWebKit/605.1.15 (KHTML, like Gecko) Version/13.0.3 Mobile/15E148 Safari/604.1"
162.0.235.240 - - [13/Oct/2025:22:55:31 -0400] "GET /wp-content/plugins/contact-form-7-style/admin/predefined-templates.json HTTP/1.1" 200 1323 "-" "WordPress/6.8.3; https://batconpakistan.org"
