114.119.135.96 - - [13/Oct/2025:14:50:31 -0400] "GET /vision-mission/ HTTP/1.1" 200 17653 "-" "Mozilla/5.0 (Linux; Android 7.0;) AppleWebKit/537.36 (KHTML, like Gecko) Mobile Safari/537.36 (compatible; PetalBot;+https://webmaster.petalsearch.com/site/petalbot)"
162.0.235.240 - - [13/Oct/2025:14:52:12 -0400] "GET /wp-content/plugins/contact-form-7-style/admin/predefined-templates.json HTTP/1.1" 200 1323 "-" "WordPress/6.8.3; https://batconpakistan.org"
162.0.235.240 - - [13/Oct/2025:14:52:13 -0400] "POST /wp-cron.php?doing_wp_cron=1760381533.1890790462493896484375 HTTP/1.1" 200 0 "-" "WordPress/6.8.3; https://batconpakistan.org"
114.119.159.37 - - [13/Oct/2025:14:52:09 -0400] "GET /upcoming-events/ HTTP/1.1" 200 16675 "-" "Mozilla/5.0 (Linux; Android 7.0;) AppleWebKit/537.36 (KHTML, like Gecko) Mobile Safari/537.36 (compatible; PetalBot;+https://webmaster.petalsearch.com/site/petalbot)"
162.0.235.240 - - [13/Oct/2025:14:52:13 -0400] "GET /wp-content/plugins/contact-form-7-style/admin/predefined-templates.json HTTP/1.1" 200 1323 "-" "WordPress/6.8.3; https://batconpakistan.org"
162.0.235.240 - - [13/Oct/2025:14:52:55 -0400] "GET /wp-content/plugins/contact-form-7-style/admin/predefined-templates.json HTTP/1.1" 200 1323 "-" "WordPress/6.8.3; https://batconpakistan.org"
162.0.235.240 - - [13/Oct/2025:14:52:56 -0400] "POST /wp-cron.php?doing_wp_cron=1760381576.1616590023040771484375 HTTP/1.1" 200 0 "-" "WordPress/6.8.3; https://batconpakistan.org"
2a02:598:128:8a00::b00:2 - - [13/Oct/2025:14:52:55 -0400] "GET /gallery-sitemap.xml HTTP/1.1" 200 560 "-" "Mozilla/5.0 (compatible; SeznamBot/4.0; +https://o-seznam.cz/napoveda/vyhledavani/en/seznambot-crawler/)"
162.0.235.240 - - [13/Oct/2025:14:52:56 -0400] "GET /wp-content/plugins/contact-form-7-style/admin/predefined-templates.json HTTP/1.1" 200 1323 "-" "WordPress/6.8.3; https://batconpakistan.org"
114.119.130.240 - - [13/Oct/2025:14:53:25 -0400] "GET /campaigns HTTP/1.1" 301 0 "-" "Mozilla/5.0 (Linux; Android 7.0;) AppleWebKit/537.36 (KHTML, like Gecko) Mobile Safari/537.36 (compatible; PetalBot;+https://webmaster.petalsearch.com/site/petalbot)"
114.119.130.240 - - [13/Oct/2025:14:53:27 -0400] "GET /campaigns/ HTTP/1.1" 200 19941 "-" "Mozilla/5.0 (Linux; Android 7.0;) AppleWebKit/537.36 (KHTML, like Gecko) Mobile Safari/537.36 (compatible; PetalBot;+https://webmaster.petalsearch.com/site/petalbot)"
114.119.143.177 - - [13/Oct/2025:14:54:42 -0400] "GET /bat-convervation-pakistan/our-team/ HTTP/1.1" 200 24043 "-" "Mozilla/5.0 (Linux; Android 7.0;) AppleWebKit/537.36 (KHTML, like Gecko) Mobile Safari/537.36 (compatible; PetalBot;+https://webmaster.petalsearch.com/site/petalbot)"
114.119.145.68 - - [13/Oct/2025:14:56:05 -0400] "GET / HTTP/1.1" 200 23128 "-" "Mozilla/5.0 (Linux; Android 7.0;) AppleWebKit/537.36 (KHTML, like Gecko) Mobile Safari/537.36 (compatible; PetalBot;+https://webmaster.petalsearch.com/site/petalbot)"
162.240.70.125 - - [13/Oct/2025:14:56:34 -0400] "GET /wp-login.php HTTP/1.1" 200 1885 "-" "Mozilla/4.0 (compatible; MSIE 7.0; Windows NT 6.1; WOW64; Trident/7.0; SLCC2; .NET CLR 2.0.50727; .NET4.0C; .NET4.0E)"
162.0.235.240 - - [13/Oct/2025:14:56:41 -0400] "GET /wp-content/plugins/contact-form-7-style/admin/predefined-templates.json HTTP/1.1" 200 1323 "-" "WordPress/6.8.3; https://batconpakistan.org"
162.0.235.240 - - [13/Oct/2025:14:56:41 -0400] "POST /wp-cron.php?doing_wp_cron=1760381801.6821429729461669921875 HTTP/1.1" 200 0 "-" "WordPress/6.8.3; https://batconpakistan.org"
162.240.70.125 - - [13/Oct/2025:14:56:38 -0400] "POST /wp-login.php HTTP/1.1" 200 2045 "https://batconpakistan.org/wp-login.php" "Mozilla/4.0 (compatible; MSIE 7.0; Windows NT 6.1; WOW64; Trident/7.0; SLCC2; .NET CLR 2.0.50727; .NET4.0C; .NET4.0E)"
162.0.235.240 - - [13/Oct/2025:14:56:42 -0400] "GET /wp-content/plugins/contact-form-7-style/admin/predefined-templates.json HTTP/1.1" 200 1323 "-" "WordPress/6.8.3; https://batconpakistan.org"
162.0.235.240 - - [13/Oct/2025:14:56:49 -0400] "GET /wp-content/plugins/contact-form-7-style/admin/predefined-templates.json HTTP/1.1" 200 1323 "-" "WordPress/6.8.3; https://batconpakistan.org"
162.0.235.240 - - [13/Oct/2025:14:56:49 -0400] "POST /wp-cron.php?doing_wp_cron=1760381809.4604339599609375000000 HTTP/1.1" 200 0 "-" "WordPress/6.8.3; https://batconpakistan.org"
102.158.148.230 - - [13/Oct/2025:14:56:48 -0400] "GET /campaign-sitemap.xml HTTP/1.1" 200 478 "-" "cc_bot"
162.0.235.240 - - [13/Oct/2025:14:56:49 -0400] "GET /wp-content/plugins/contact-form-7-style/admin/predefined-templates.json HTTP/1.1" 200 1323 "-" "WordPress/6.8.3; https://batconpakistan.org"
162.0.235.240 - - [13/Oct/2025:14:57:02 -0400] "GET /wp-content/plugins/contact-form-7-style/admin/predefined-templates.json HTTP/1.1" 200 1323 "-" "WordPress/6.8.3; https://batconpakistan.org"
162.0.235.240 - - [13/Oct/2025:14:57:02 -0400] "POST /wp-cron.php?doing_wp_cron=1760381822.2929179668426513671875 HTTP/1.1" 200 0 "-" "WordPress/6.8.3; https://batconpakistan.org"
143.255.108.81 - - [13/Oct/2025:14:57:01 -0400] "GET /event_registrants-sitemap.xml HTTP/1.1" 200 379 "-" "cc_bot"
162.0.235.240 - - [13/Oct/2025:14:57:02 -0400] "GET /wp-content/plugins/contact-form-7-style/admin/predefined-templates.json HTTP/1.1" 200 1323 "-" "WordPress/6.8.3; https://batconpakistan.org"
162.0.235.240 - - [13/Oct/2025:14:57:22 -0400] "GET /wp-content/plugins/contact-form-7-style/admin/predefined-templates.json HTTP/1.1" 200 1323 "-" "WordPress/6.8.3; https://batconpakistan.org"
162.0.235.240 - - [13/Oct/2025:14:57:23 -0400] "POST /wp-cron.php?doing_wp_cron=1760381843.1339080333709716796875 HTTP/1.1" 200 0 "-" "WordPress/6.8.3; https://batconpakistan.org"
14.231.180.42 - - [13/Oct/2025:14:57:22 -0400] "GET /page-sitemap.xml HTTP/1.1" 200 1544 "-" "cc_bot"
162.0.235.240 - - [13/Oct/2025:14:57:23 -0400] "GET /wp-content/plugins/contact-form-7-style/admin/predefined-templates.json HTTP/1.1" 200 1323 "-" "WordPress/6.8.3; https://batconpakistan.org"
162.0.235.240 - - [13/Oct/2025:14:57:30 -0400] "GET /wp-content/plugins/contact-form-7-style/admin/predefined-templates.json HTTP/1.1" 200 1323 "-" "WordPress/6.8.3; https://batconpakistan.org"
114.119.143.177 - - [13/Oct/2025:14:57:29 -0400] "GET /Industrial-Electrical-Transistor-MM-HotAluminum-Heat-Sink-312668-Computer-Heatsinks/ HTTP/1.1" 404 15670 "-" "Mozilla/5.0 (Linux; Android 7.0;) AppleWebKit/537.36 (KHTML, like Gecko) Mobile Safari/537.36 (compatible; PetalBot;+https://webmaster.petalsearch.com/site/petalbot)"
162.0.235.240 - - [13/Oct/2025:14:57:43 -0400] "GET /wp-content/plugins/contact-form-7-style/admin/predefined-templates.json HTTP/1.1" 200 1323 "-" "WordPress/6.8.3; https://batconpakistan.org"
162.0.235.240 - - [13/Oct/2025:14:57:44 -0400] "POST /wp-cron.php?doing_wp_cron=1760381864.1478259563446044921875 HTTP/1.1" 200 0 "-" "WordPress/6.8.3; https://batconpakistan.org"
201.182.107.235 - - [13/Oct/2025:14:57:43 -0400] "GET /event-tag-sitemap.xml HTTP/1.1" 200 372 "-" "cc_bot"
162.0.235.240 - - [13/Oct/2025:14:57:44 -0400] "GET /wp-content/plugins/contact-form-7-style/admin/predefined-templates.json HTTP/1.1" 200 1323 "-" "WordPress/6.8.3; https://batconpakistan.org"
162.0.235.240 - - [13/Oct/2025:14:58:17 -0400] "GET /wp-content/plugins/contact-form-7-style/admin/predefined-templates.json HTTP/1.1" 200 1323 "-" "WordPress/6.8.3; https://batconpakistan.org"
162.0.235.240 - - [13/Oct/2025:14:58:17 -0400] "POST /wp-cron.php?doing_wp_cron=1760381897.2211070060729980468750 HTTP/1.1" 200 0 "-" "WordPress/6.8.3; https://batconpakistan.org"
2001:ee0:4002:3505:c5b6:2d4c:c197:55b4 - - [13/Oct/2025:14:58:16 -0400] "GET /testimonial-sitemap.xml HTTP/1.1" 200 391 "-" "cc_bot"
162.0.235.240 - - [13/Oct/2025:14:58:17 -0400] "GET /wp-content/plugins/contact-form-7-style/admin/predefined-templates.json HTTP/1.1" 200 1323 "-" "WordPress/6.8.3; https://batconpakistan.org"
162.0.235.240 - - [13/Oct/2025:14:58:18 -0400] "GET /wp-content/plugins/contact-form-7-style/admin/predefined-templates.json HTTP/1.1" 200 1323 "-" "WordPress/6.8.3; https://batconpakistan.org"
40.77.167.5 - - [13/Oct/2025:14:58:17 -0400] "GET /Industrial-Electrical-NGFF-Key-E-to-342270-Modem-Cables/ HTTP/1.1" 404 15671 "-" "Mozilla/5.0 AppleWebKit/537.36 (KHTML, like Gecko; compatible; bingbot/2.0; +http://www.bing.com/bingbot.htm) Chrome/116.0.1938.76 Safari/537.36"
162.0.235.240 - - [13/Oct/2025:14:58:32 -0400] "GET /wp-content/plugins/contact-form-7-style/admin/predefined-templates.json HTTP/1.1" 200 1323 "-" "WordPress/6.8.3; https://batconpakistan.org"
2001:ee0:4002:3505:c5b6:2d4c:c197:55b4 - - [13/Oct/2025:14:58:32 -0400] "GET /author-sitemap.xml HTTP/1.1" 200 341 "-" "cc_bot"
162.0.235.240 - - [13/Oct/2025:14:59:14 -0400] "GET /wp-content/plugins/contact-form-7-style/admin/predefined-templates.json HTTP/1.1" 200 1323 "-" "WordPress/6.8.3; https://batconpakistan.org"
162.0.235.240 - - [13/Oct/2025:14:59:15 -0400] "POST /wp-cron.php?doing_wp_cron=1760381954.9111790657043457031250 HTTP/1.1" 200 0 "-" "WordPress/6.8.3; https://batconpakistan.org"
143.0.253.241 - - [13/Oct/2025:14:59:14 -0400] "GET /style_category-sitemap.xml HTTP/1.1" 200 384 "-" "cc_bot"
162.0.235.240 - - [13/Oct/2025:14:59:15 -0400] "GET /wp-content/plugins/contact-form-7-style/admin/predefined-templates.json HTTP/1.1" 200 1323 "-" "WordPress/6.8.3; https://batconpakistan.org"
162.0.235.240 - - [13/Oct/2025:15:00:16 -0400] "GET /wp-content/plugins/contact-form-7-style/admin/predefined-templates.json HTTP/1.1" 200 1323 "-" "WordPress/6.8.3; https://batconpakistan.org"
162.0.235.240 - - [13/Oct/2025:15:00:17 -0400] "POST /wp-cron.php?doing_wp_cron=1760382017.1666660308837890625000 HTTP/1.1" 200 0 "-" "WordPress/6.8.3; https://batconpakistan.org"
14.162.14.103 - - [13/Oct/2025:15:00:16 -0400] "GET /category-sitemap.xml HTTP/1.1" 200 393 "-" "cc_bot"
162.0.235.240 - - [13/Oct/2025:15:00:17 -0400] "GET /wp-content/plugins/contact-form-7-style/admin/predefined-templates.json HTTP/1.1" 200 1323 "-" "WordPress/6.8.3; https://batconpakistan.org"
162.0.235.240 - - [13/Oct/2025:15:00:29 -0400] "GET /wp-content/plugins/contact-form-7-style/admin/predefined-templates.json HTTP/1.1" 200 1323 "-" "WordPress/6.8.3; https://batconpakistan.org"
123.30.73.137 - - [13/Oct/2025:15:00:28 -0400] "GET /event-category-sitemap.xml HTTP/1.1" 200 378 "-" "cc_bot"
162.0.235.240 - - [13/Oct/2025:15:00:44 -0400] "GET /wp-content/plugins/contact-form-7-style/admin/predefined-templates.json HTTP/1.1" 200 1323 "-" "WordPress/6.8.3; https://batconpakistan.org"
162.0.235.240 - - [13/Oct/2025:15:00:44 -0400] "POST /wp-cron.php?doing_wp_cron=1760382044.9000821113586425781250 HTTP/1.1" 200 0 "-" "WordPress/6.8.3; https://batconpakistan.org"
123.30.73.137 - - [13/Oct/2025:15:00:44 -0400] "GET /post-sitemap.xml HTTP/1.1" 200 976 "-" "cc_bot"
162.0.235.240 - - [13/Oct/2025:15:00:45 -0400] "GET /wp-content/plugins/contact-form-7-style/admin/predefined-templates.json HTTP/1.1" 200 1323 "-" "WordPress/6.8.3; https://batconpakistan.org"
162.0.235.240 - - [13/Oct/2025:15:00:51 -0400] "GET /wp-content/plugins/contact-form-7-style/admin/predefined-templates.json HTTP/1.1" 200 1323 "-" "WordPress/6.8.3; https://batconpakistan.org"
162.0.235.240 - - [13/Oct/2025:15:00:51 -0400] "POST /wp-cron.php?doing_wp_cron=1760382051.7588078975677490234375 HTTP/1.1" 200 0 "-" "WordPress/6.8.3; https://batconpakistan.org"
123.30.73.137 - - [13/Oct/2025:15:00:51 -0400] "GET /gallery-sitemap.xml HTTP/1.1" 200 560 "-" "cc_bot"
162.0.235.240 - - [13/Oct/2025:15:00:52 -0400] "GET /wp-content/plugins/contact-form-7-style/admin/predefined-templates.json HTTP/1.1" 200 1323 "-" "WordPress/6.8.3; https://batconpakistan.org"
162.0.235.240 - - [13/Oct/2025:15:01:28 -0400] "GET /wp-content/plugins/contact-form-7-style/admin/predefined-templates.json HTTP/1.1" 200 1323 "-" "WordPress/6.8.3; https://batconpakistan.org"
162.0.235.240 - - [13/Oct/2025:15:01:28 -0400] "POST /wp-cron.php?doing_wp_cron=1760382088.3967189788818359375000 HTTP/1.1" 200 0 "-" "WordPress/6.8.3; https://batconpakistan.org"
177.72.110.89 - - [13/Oct/2025:15:01:27 -0400] "GET /product_cat-sitemap.xml HTTP/1.1" 200 381 "-" "cc_bot"
162.0.235.240 - - [13/Oct/2025:15:01:28 -0400] "GET /wp-content/plugins/contact-form-7-style/admin/predefined-templates.json HTTP/1.1" 200 1323 "-" "WordPress/6.8.3; https://batconpakistan.org"
162.0.235.240 - - [13/Oct/2025:15:02:22 -0400] "GET /wp-content/plugins/contact-form-7-style/admin/predefined-templates.json HTTP/1.1" 200 1323 "-" "WordPress/6.8.3; https://batconpakistan.org"
162.0.235.240 - - [13/Oct/2025:15:02:23 -0400] "POST /wp-cron.php?doing_wp_cron=1760382143.0243959426879882812500 HTTP/1.1" 200 0 "-" "WordPress/6.8.3; https://batconpakistan.org"
179.125.142.21 - - [13/Oct/2025:15:02:22 -0400] "GET /campaign_tag-sitemap.xml HTTP/1.1" 200 413 "-" "cc_bot"
162.0.235.240 - - [13/Oct/2025:15:02:23 -0400] "GET /wp-content/plugins/contact-form-7-style/admin/predefined-templates.json HTTP/1.1" 200 1323 "-" "WordPress/6.8.3; https://batconpakistan.org"
162.0.235.240 - - [13/Oct/2025:15:02:24 -0400] "GET /wp-content/plugins/contact-form-7-style/admin/predefined-templates.json HTTP/1.1" 200 1323 "-" "WordPress/6.8.3; https://batconpakistan.org"
43.130.131.18 - - [13/Oct/2025:15:02:24 -0400] "GET /wp-json/oembed/1.0/embed?url=https%3A%2F%2Fbatconpakistan.org%2F2021%2F09%2F05%2Fproject-completion%2F&format=xml HTTP/1.1" 200 2649 "-" "Mozilla/5.0 (iPhone; CPU iPhone OS 13_2_3 like Mac OS X) AppleWebKit/605.1.15 (KHTML, like Gecko) Version/13.0.3 Mobile/15E148 Safari/604.1"
162.0.235.240 - - [13/Oct/2025:15:03:05 -0400] "GET /wp-content/plugins/contact-form-7-style/admin/predefined-templates.json HTTP/1.1" 200 1323 "-" "WordPress/6.8.3; https://batconpakistan.org"
162.0.235.240 - - [13/Oct/2025:15:03:05 -0400] "POST /wp-cron.php?doing_wp_cron=1760382185.5027260780334472656250 HTTP/1.1" 200 0 "-" "WordPress/6.8.3; https://batconpakistan.org"
177.10.16.67 - - [13/Oct/2025:15:03:04 -0400] "GET /product-sitemap.xml HTTP/1.1" 200 532 "-" "cc_bot"
162.0.235.240 - - [13/Oct/2025:15:03:06 -0400] "GET /wp-content/plugins/contact-form-7-style/admin/predefined-templates.json HTTP/1.1" 200 1323 "-" "WordPress/6.8.3; https://batconpakistan.org"
162.0.235.240 - - [13/Oct/2025:15:03:31 -0400] "GET /wp-content/plugins/contact-form-7-style/admin/predefined-templates.json HTTP/1.1" 200 1323 "-" "WordPress/6.8.3; https://batconpakistan.org"
38.45.248.65 - - [13/Oct/2025:15:03:30 -0400] "GET /campaign_category-sitemap.xml HTTP/1.1" 200 425 "-" "cc_bot"
162.0.235.240 - - [13/Oct/2025:15:03:48 -0400] "GET /wp-content/plugins/contact-form-7-style/admin/predefined-templates.json HTTP/1.1" 200 1323 "-" "WordPress/6.8.3; https://batconpakistan.org"
162.0.235.240 - - [13/Oct/2025:15:03:48 -0400] "POST /wp-cron.php?doing_wp_cron=1760382228.4994850158691406250000 HTTP/1.1" 200 0 "-" "WordPress/6.8.3; https://batconpakistan.org"
123.18.220.214 - - [13/Oct/2025:15:03:47 -0400] "GET /team-sitemap.xml HTTP/1.1" 200 818 "-" "cc_bot"
162.0.235.240 - - [13/Oct/2025:15:03:48 -0400] "GET /wp-content/plugins/contact-form-7-style/admin/predefined-templates.json HTTP/1.1" 200 1323 "-" "WordPress/6.8.3; https://batconpakistan.org"
162.0.235.240 - - [13/Oct/2025:15:05:00 -0400] "GET /wp-content/plugins/contact-form-7-style/admin/predefined-templates.json HTTP/1.1" 200 1323 "-" "WordPress/6.8.3; https://batconpakistan.org"
162.0.235.240 - - [13/Oct/2025:15:05:01 -0400] "POST /wp-cron.php?doing_wp_cron=1760382301.1140010356903076171875 HTTP/1.1" 200 0 "-" "WordPress/6.8.3; https://batconpakistan.org"
190.250.166.216 - - [13/Oct/2025:15:05:00 -0400] "GET /post_tag-sitemap.xml HTTP/1.1" 200 450 "-" "cc_bot"
162.0.235.240 - - [13/Oct/2025:15:05:01 -0400] "GET /wp-content/plugins/contact-form-7-style/admin/predefined-templates.json HTTP/1.1" 200 1323 "-" "WordPress/6.8.3; https://batconpakistan.org"
162.0.235.240 - - [13/Oct/2025:15:05:51 -0400] "GET /wp-content/plugins/contact-form-7-style/admin/predefined-templates.json HTTP/1.1" 200 1323 "-" "WordPress/6.8.3; https://batconpakistan.org"
162.0.235.240 - - [13/Oct/2025:15:05:52 -0400] "POST /wp-cron.php?doing_wp_cron=1760382352.0379610061645507812500 HTTP/1.1" 200 0 "-" "WordPress/6.8.3; https://batconpakistan.org"
189.55.230.126 - - [13/Oct/2025:15:05:51 -0400] "GET /gallery-category-sitemap.xml HTTP/1.1" 200 393 "-" "cc_bot"
162.0.235.240 - - [13/Oct/2025:15:05:52 -0400] "GET /wp-content/plugins/contact-form-7-style/admin/predefined-templates.json HTTP/1.1" 200 1323 "-" "WordPress/6.8.3; https://batconpakistan.org"
162.0.235.240 - - [13/Oct/2025:15:06:05 -0400] "GET /wp-content/plugins/contact-form-7-style/admin/predefined-templates.json HTTP/1.1" 200 1323 "-" "WordPress/6.8.3; https://batconpakistan.org"
162.0.235.240 - - [13/Oct/2025:15:06:06 -0400] "POST /wp-cron.php?doing_wp_cron=1760382366.0661060810089111328125 HTTP/1.1" 200 0 "-" "WordPress/6.8.3; https://batconpakistan.org"
179.148.122.160 - - [13/Oct/2025:15:06:05 -0400] "GET /event-sitemap.xml HTTP/1.1" 200 452 "-" "cc_bot"
162.0.235.240 - - [13/Oct/2025:15:06:06 -0400] "GET /wp-content/plugins/contact-form-7-style/admin/predefined-templates.json HTTP/1.1" 200 1323 "-" "WordPress/6.8.3; https://batconpakistan.org"
162.0.235.240 - - [13/Oct/2025:15:12:51 -0400] "GET /wp-content/plugins/contact-form-7-style/admin/predefined-templates.json HTTP/1.1" 200 1323 "-" "WordPress/6.8.3; https://batconpakistan.org"
162.0.235.240 - - [13/Oct/2025:15:12:51 -0400] "POST /wp-cron.php?doing_wp_cron=1760382771.7200150489807128906250 HTTP/1.1" 200 0 "-" "WordPress/6.8.3; https://batconpakistan.org"
42.113.160.103 - - [13/Oct/2025:15:12:47 -0400] "GET /team-category-sitemap.xml HTTP/1.1" 200 499 "-" "cc_bot"
162.0.235.240 - - [13/Oct/2025:15:12:52 -0400] "GET /wp-content/plugins/contact-form-7-style/admin/predefined-templates.json HTTP/1.1" 200 1323 "-" "WordPress/6.8.3; https://batconpakistan.org"
162.0.235.240 - - [13/Oct/2025:15:12:56 -0400] "GET /wp-content/plugins/contact-form-7-style/admin/predefined-templates.json HTTP/1.1" 200 1323 "-" "WordPress/6.8.3; https://batconpakistan.org"
162.0.235.240 - - [13/Oct/2025:15:12:56 -0400] "GET /?wp_scrape_key=e973fc759bcc33c65ff464e1cc6ae79c&wp_scrape_nonce=1760382774 HTTP/1.1" 200 23193 "-" "WordPress/6.8.3; https://batconpakistan.org"
162.0.235.240 - - [13/Oct/2025:15:12:59 -0400] "GET /?wp_scrape_key=e973fc759bcc33c65ff464e1cc6ae79c&wp_scrape_nonce=1760382774 HTTP/1.1" 200 23193 "-" "WordPress/6.8.3; https://batconpakistan.org"
162.0.235.240 - - [13/Oct/2025:15:13:00 -0400] "POST /wp-admin/admin-ajax.php?action=wp_1_wc_privacy_cleanup&nonce=307f618385 HTTP/1.1" 200 0 "-" "WordPress/6.8.3; https://batconpakistan.org"
162.0.235.240 - - [13/Oct/2025:15:13:02 -0400] "GET /wp-content/plugins/contact-form-7-style/admin/predefined-templates.json HTTP/1.1" 200 1323 "-" "WordPress/6.8.3; https://batconpakistan.org"
54.36.95.199 - - [13/Oct/2025:15:13:05 -0400] "GET /wp-login.php HTTP/1.1" 200 1885 "-" "Mozilla/5.0 (Windows NT 6.1; WOW64; Trident/7.0; MATP; MATP; MATPJS; rv:11.0) like Gecko"
162.0.235.240 - - [13/Oct/2025:15:13:11 -0400] "GET /wp-content/plugins/contact-form-7-style/admin/predefined-templates.json HTTP/1.1" 200 1323 "-" "WordPress/6.8.3; https://batconpakistan.org"
162.0.235.240 - - [13/Oct/2025:15:13:11 -0400] "POST /wp-cron.php?doing_wp_cron=1760382791.7775309085845947265625 HTTP/1.1" 200 0 "-" "WordPress/6.8.3; https://batconpakistan.org"
54.36.95.199 - - [13/Oct/2025:15:13:08 -0400] "POST /wp-login.php HTTP/1.1" 200 2045 "https://batconpakistan.org/wp-login.php" "Mozilla/5.0 (Windows NT 6.1; WOW64; Trident/7.0; MATP; MATP; MATPJS; rv:11.0) like Gecko"
162.0.235.240 - - [13/Oct/2025:15:13:12 -0400] "GET /wp-content/plugins/contact-form-7-style/admin/predefined-templates.json HTTP/1.1" 200 1323 "-" "WordPress/6.8.3; https://batconpakistan.org"
162.0.235.240 - - [13/Oct/2025:15:14:12 -0400] "GET /wp-content/plugins/contact-form-7-style/admin/predefined-templates.json HTTP/1.1" 200 1323 "-" "WordPress/6.8.3; https://batconpakistan.org"
162.0.235.240 - - [13/Oct/2025:15:14:12 -0400] "POST /wp-cron.php?doing_wp_cron=1760382852.4296960830688476562500 HTTP/1.1" 200 0 "-" "WordPress/6.8.3; https://batconpakistan.org"
2001:ee0:4f35:a64a:64da:ddc5:184f:2f39 - - [13/Oct/2025:15:14:11 -0400] "GET /registrant-event-sitemap.xml HTTP/1.1" 200 364 "-" "cc_bot"
162.0.235.240 - - [13/Oct/2025:15:14:12 -0400] "GET /wp-content/plugins/contact-form-7-style/admin/predefined-templates.json HTTP/1.1" 200 1323 "-" "WordPress/6.8.3; https://batconpakistan.org"
162.0.235.240 - - [13/Oct/2025:15:14:52 -0400] "GET /wp-content/plugins/contact-form-7-style/admin/predefined-templates.json HTTP/1.1" 200 1323 "-" "WordPress/6.8.3; https://batconpakistan.org"
162.0.235.240 - - [13/Oct/2025:15:14:53 -0400] "POST /wp-cron.php?doing_wp_cron=1760382893.0995409488677978515625 HTTP/1.1" 200 0 "-" "WordPress/6.8.3; https://batconpakistan.org"
66.249.66.71 - - [13/Oct/2025:15:14:52 -0400] "GET /testimonial-sitemap.xml HTTP/1.1" 200 391 "-" "Mozilla/5.0 (compatible; Googlebot/2.1; +http://www.google.com/bot.html)"
162.0.235.240 - - [13/Oct/2025:15:14:53 -0400] "GET /wp-content/plugins/contact-form-7-style/admin/predefined-templates.json HTTP/1.1" 200 1323 "-" "WordPress/6.8.3; https://batconpakistan.org"
182.44.8.254 - - [13/Oct/2025:15:16:33 -0400] "GET / HTTP/1.1" 200 23128 "http://batconpakistan.org" "Mozilla/5.0 (iPhone; CPU iPhone OS 13_2_3 like Mac OS X) AppleWebKit/605.1.15 (KHTML, like Gecko) Version/13.0.3 Mobile/15E148 Safari/604.1"
162.0.235.240 - - [13/Oct/2025:15:18:50 -0400] "GET /wp-content/plugins/contact-form-7-style/admin/predefined-templates.json HTTP/1.1" 200 1323 "-" "WordPress/6.8.3; https://batconpakistan.org"
162.0.235.240 - - [13/Oct/2025:15:18:50 -0400] "POST /wp-cron.php?doing_wp_cron=1760383130.6483399868011474609375 HTTP/1.1" 200 0 "-" "WordPress/6.8.3; https://batconpakistan.org"
162.0.235.240 - - [13/Oct/2025:15:18:51 -0400] "GET /wp-content/plugins/contact-form-7-style/admin/predefined-templates.json HTTP/1.1" 200 1323 "-" "WordPress/6.8.3; https://batconpakistan.org"
170.106.72.178 - - [13/Oct/2025:15:18:46 -0400] "GET /wp-json/oembed/1.0/embed?url=https%3A%2F%2Fbatconpakistan.org%2Fblog-grid%2F HTTP/1.1" 200 2495 "-" "Mozilla/5.0 (iPhone; CPU iPhone OS 13_2_3 like Mac OS X) AppleWebKit/605.1.15 (KHTML, like Gecko) Version/13.0.3 Mobile/15E148 Safari/604.1"
2602:80d:1006::14 - - [13/Oct/2025:15:19:05 -0400] "GET /favicon.ico HTTP/1.1" 404 1251 "http://www.batconpakistan.org/favicon.ico" "Mozilla/5.0 (compatible; CensysInspect/1.1; +https://about.censys.io/)"
40.77.167.73 - - [13/Oct/2025:15:20:14 -0400] "GET /sample-page/ HTTP/1.1" 200 16878 "-" "Mozilla/5.0 AppleWebKit/537.36 (KHTML, like Gecko; compatible; bingbot/2.0; +http://www.bing.com/bingbot.htm) Chrome/116.0.1938.76 Safari/537.36"
54.38.147.69 - - [13/Oct/2025:15:20:56 -0400] "GET /?event-tag=green HTTP/1.1" 302 771 "-" "Mozilla/5.0 (compatible; AhrefsBot/7.0; +http://ahrefs.com/robot/)"
192.169.172.190 - - [13/Oct/2025:15:25:31 -0400] "GET /wp-login.php HTTP/1.1" 200 1885 "-" "Mozilla/5.0 (Macintosh; Intel Mac OS X 10_12_6) AppleWebKit/605.1.15 (KHTML, like Gecko) Version/11.1.1 Safari/605.1.15"
162.0.235.240 - - [13/Oct/2025:15:25:36 -0400] "GET /wp-content/plugins/contact-form-7-style/admin/predefined-templates.json HTTP/1.1" 200 1323 "-" "WordPress/6.8.3; https://batconpakistan.org"
162.0.235.240 - - [13/Oct/2025:15:25:37 -0400] "POST /wp-cron.php?doing_wp_cron=1760383537.4019570350646972656250 HTTP/1.1" 200 0 "-" "WordPress/6.8.3; https://batconpakistan.org"
192.169.172.190 - - [13/Oct/2025:15:25:33 -0400] "POST /wp-login.php HTTP/1.1" 200 2045 "https://batconpakistan.org/wp-login.php" "Mozilla/5.0 (Macintosh; Intel Mac OS X 10_12_6) AppleWebKit/605.1.15 (KHTML, like Gecko) Version/11.1.1 Safari/605.1.15"
162.0.235.240 - - [13/Oct/2025:15:25:39 -0400] "GET /wp-content/plugins/contact-form-7-style/admin/predefined-templates.json HTTP/1.1" 200 1323 "-" "WordPress/6.8.3; https://batconpakistan.org"
162.0.235.240 - - [13/Oct/2025:15:25:41 -0400] "GET /wp-content/plugins/contact-form-7-style/admin/predefined-templates.json HTTP/1.1" 200 1323 "-" "WordPress/6.8.3; https://batconpakistan.org"
162.0.235.240 - - [13/Oct/2025:15:25:41 -0400] "POST /wp-cron.php?doing_wp_cron=1760383541.8345310688018798828125 HTTP/1.1" 200 0 "-" "WordPress/6.8.3; https://batconpakistan.org"
40.77.167.184 - - [13/Oct/2025:15:25:42 -0400] "GET /robots.txt HTTP/1.1" 200 183 "-" "Mozilla/5.0 AppleWebKit/537.36 (KHTML, like Gecko; compatible; bingbot/2.0; +http://www.bing.com/bingbot.htm) Chrome/116.0.1938.76 Safari/537.36"
52.167.144.167 - - [13/Oct/2025:15:25:41 -0400] "GET /Industrial-Electrical-Dia-Black-M-Length-pcs-Othmro-434438-HeatShrink-Tubing/ HTTP/1.1" 404 15665 "-" "Mozilla/5.0 AppleWebKit/537.36 (KHTML, like Gecko; compatible; bingbot/2.0; +http://www.bing.com/bingbot.htm) Chrome/116.0.1938.76 Safari/537.36"
162.0.235.240 - - [13/Oct/2025:15:25:42 -0400] "GET /wp-content/plugins/contact-form-7-style/admin/predefined-templates.json HTTP/1.1" 200 1323 "-" "WordPress/6.8.3; https://batconpakistan.org"
40.77.167.11 - - [13/Oct/2025:15:27:43 -0400] "GET /sample-page/ HTTP/1.1" 200 16878 "-" "Mozilla/5.0 AppleWebKit/537.36 (KHTML, like Gecko; compatible; bingbot/2.0; +http://www.bing.com/bingbot.htm) Chrome/116.0.1938.76 Safari/537.36"
43.154.127.188 - - [13/Oct/2025:15:28:37 -0400] "GET /2023/01/12/indian-flying-fox-thermoregulatory-behaviors-visual-guide/?utm_source=rss&utm_medium=rss&utm_campaign=indian-flying-fox-thermoregulatory-behaviors-visual-guide HTTP/1.1" 200 18380 "-" "Mozilla/5.0 (iPhone; CPU iPhone OS 13_2_3 like Mac OS X) AppleWebKit/605.1.15 (KHTML, like Gecko) Version/13.0.3 Mobile/15E148 Safari/604.1"
196.251.85.75 - - [13/Oct/2025:15:30:53 -0400] "GET / HTTP/1.1" 200 23128 "-" "Mozilla/5.0 (Windows NT 10.0; Win64; x64) AppleWebKit/537.36 (KHTML, like Gecko) Chrome/80.0.3987.149 Safari/537.36"
162.0.235.240 - - [13/Oct/2025:15:30:59 -0400] "GET /wp-content/plugins/contact-form-7-style/admin/predefined-templates.json HTTP/1.1" 200 1323 "-" "WordPress/6.8.3; https://batconpakistan.org"
162.0.235.240 - - [13/Oct/2025:15:30:59 -0400] "POST /wp-cron.php?doing_wp_cron=1760383859.7350199222564697265625 HTTP/1.1" 200 0 "-" "WordPress/6.8.3; https://batconpakistan.org"
196.251.85.75 - - [13/Oct/2025:15:30:55 -0400] "GET //wp-includes/wlwmanifest.xml HTTP/1.1" 301 0 "-" "Mozilla/5.0 (Windows NT 10.0; Win64; x64) AppleWebKit/537.36 (KHTML, like Gecko) Chrome/80.0.3987.149 Safari/537.36"
162.0.235.240 - - [13/Oct/2025:15:31:00 -0400] "GET /wp-content/plugins/contact-form-7-style/admin/predefined-templates.json HTTP/1.1" 200 1323 "-" "WordPress/6.8.3; https://batconpakistan.org"
196.251.85.75 - - [13/Oct/2025:15:31:07 -0400] "GET / HTTP/1.1" 200 23128 "-" "Mozilla/5.0 (Windows NT 10.0; Win64; x64) AppleWebKit/537.36 (KHTML, like Gecko) Chrome/80.0.3987.149 Safari/537.36"
196.251.85.75 - - [13/Oct/2025:15:31:09 -0400] "GET //?author=1 HTTP/1.1" 403 1242 "-" "Mozilla/5.0 (Windows NT 10.0; Win64; x64) AppleWebKit/537.36 (KHTML, like Gecko) Chrome/80.0.3987.149 Safari/537.36"
196.251.85.75 - - [13/Oct/2025:15:31:09 -0400] "GET //?author=2 HTTP/1.1" 403 1242 "-" "Mozilla/5.0 (Windows NT 10.0; Win64; x64) AppleWebKit/537.36 (KHTML, like Gecko) Chrome/80.0.3987.149 Safari/537.36"
196.251.85.75 - - [13/Oct/2025:15:31:10 -0400] "GET //wp-json/wp/v2/users/ HTTP/1.1" 403 1242 "-" "Mozilla/5.0 (Windows NT 10.0; Win64; x64) AppleWebKit/537.36 (KHTML, like Gecko) Chrome/80.0.3987.149 Safari/537.36"
196.251.85.75 - - [13/Oct/2025:15:31:10 -0400] "GET //wp-json/oembed/1.0/embed?url=https://batconpakistan.org/ HTTP/1.1" 200 5971 "-" "Mozilla/5.0 (Windows NT 10.0; Win64; x64) AppleWebKit/537.36 (KHTML, like Gecko) Chrome/80.0.3987.149 Safari/537.36"
87.250.224.44 - - [13/Oct/2025:15:31:36 -0400] "GET /robots.txt HTTP/1.1" 200 183 "-" "Mozilla/5.0 (compatible; YandexBot/3.0; +http://yandex.com/bots)"
162.0.235.240 - - [13/Oct/2025:15:31:37 -0400] "GET /wp-content/plugins/contact-form-7-style/admin/predefined-templates.json HTTP/1.1" 200 1323 "-" "WordPress/6.8.3; https://batconpakistan.org"
162.0.235.240 - - [13/Oct/2025:15:31:38 -0400] "POST /wp-cron.php?doing_wp_cron=1760383897.9345839023590087890625 HTTP/1.1" 200 0 "-" "WordPress/6.8.3; https://batconpakistan.org"
213.180.203.54 - - [13/Oct/2025:15:31:37 -0400] "GET /Industrial-Electrical-MOSFET-Power-MOSFET-MOS8-305780-MOSFET/ HTTP/1.1" 404 15671 "-" "Mozilla/5.0 (compatible; YandexBot/3.0; +http://yandex.com/bots)"
162.0.235.240 - - [13/Oct/2025:15:31:38 -0400] "GET /wp-content/plugins/contact-form-7-style/admin/predefined-templates.json HTTP/1.1" 200 1323 "-" "WordPress/6.8.3; https://batconpakistan.org"
41.76.108.144 - - [13/Oct/2025:15:33:16 -0400] "GET /wp-login.php HTTP/1.1" 200 1885 "-" "Mozilla/5.0 (Macintosh; Intel Mac OS X 10_11_6) AppleWebKit/602.3.12 (KHTML, like Gecko) Version/10.0.2 Safari/602.3.12"
162.0.235.240 - - [13/Oct/2025:15:33:26 -0400] "GET /wp-content/plugins/contact-form-7-style/admin/predefined-templates.json HTTP/1.1" 200 1323 "-" "WordPress/6.8.3; https://batconpakistan.org"
162.0.235.240 - - [13/Oct/2025:15:33:27 -0400] "POST /wp-cron.php?doing_wp_cron=1760384007.0919389724731445312500 HTTP/1.1" 200 0 "-" "WordPress/6.8.3; https://batconpakistan.org"
41.76.108.144 - - [13/Oct/2025:15:33:23 -0400] "POST /wp-login.php HTTP/1.1" 200 2045 "https://batconpakistan.org/wp-login.php" "Mozilla/5.0 (Macintosh; Intel Mac OS X 10_11_6) AppleWebKit/602.3.12 (KHTML, like Gecko) Version/10.0.2 Safari/602.3.12"
162.0.235.240 - - [13/Oct/2025:15:33:27 -0400] "GET /wp-content/plugins/contact-form-7-style/admin/predefined-templates.json HTTP/1.1" 200 1323 "-" "WordPress/6.8.3; https://batconpakistan.org"
54.38.25.221 - - [13/Oct/2025:15:40:27 -0400] "GET /wp-login.php HTTP/1.1" 200 1885 "-" "Mozilla/5.0 (Windows NT 10.0; Win64; x64) AppleWebKit/537.36 (KHTML, like Gecko) Chrome/63.0.3239.132 Safari/537.36 OPR/50.0.2762.67"
162.0.235.240 - - [13/Oct/2025:15:40:33 -0400] "GET /wp-content/plugins/contact-form-7-style/admin/predefined-templates.json HTTP/1.1" 200 1323 "-" "WordPress/6.8.3; https://batconpakistan.org"
162.0.235.240 - - [13/Oct/2025:15:40:34 -0400] "POST /wp-cron.php?doing_wp_cron=1760384434.0344469547271728515625 HTTP/1.1" 200 0 "-" "WordPress/6.8.3; https://batconpakistan.org"
54.38.25.221 - - [13/Oct/2025:15:40:29 -0400] "POST /wp-login.php HTTP/1.1" 200 2045 "https://batconpakistan.org/wp-login.php" "Mozilla/5.0 (Windows NT 10.0; Win64; x64) AppleWebKit/537.36 (KHTML, like Gecko) Chrome/63.0.3239.132 Safari/537.36 OPR/50.0.2762.67"
162.0.235.240 - - [13/Oct/2025:15:40:34 -0400] "GET /wp-content/plugins/contact-form-7-style/admin/predefined-templates.json HTTP/1.1" 200 1323 "-" "WordPress/6.8.3; https://batconpakistan.org"
20.253.155.184 - - [13/Oct/2025:15:50:44 -0400] "GET /wp-login.php HTTP/1.1" 200 1885 "-" "Mozilla/5.0 (Windows NT 10.0; WOW64; Trident/7.0; ASJB; rv:11.0) like Gecko"
162.0.235.240 - - [13/Oct/2025:15:50:54 -0400] "GET /wp-content/plugins/contact-form-7-style/admin/predefined-templates.json HTTP/1.1" 200 1323 "-" "WordPress/6.8.3; https://batconpakistan.org"
162.0.235.240 - - [13/Oct/2025:15:50:55 -0400] "POST /wp-cron.php?doing_wp_cron=1760385055.1282260417938232421875 HTTP/1.1" 200 0 "-" "WordPress/6.8.3; https://batconpakistan.org"
20.253.155.184 - - [13/Oct/2025:15:50:51 -0400] "POST /wp-login.php HTTP/1.1" 200 2045 "https://batconpakistan.org/wp-login.php" "Mozilla/5.0 (Windows NT 10.0; WOW64; Trident/7.0; ASJB; rv:11.0) like Gecko"
162.0.235.240 - - [13/Oct/2025:15:50:55 -0400] "GET /wp-content/plugins/contact-form-7-style/admin/predefined-templates.json HTTP/1.1" 200 1323 "-" "WordPress/6.8.3; https://batconpakistan.org"
162.0.235.240 - - [13/Oct/2025:15:51:00 -0400] "GET /wp-content/plugins/contact-form-7-style/admin/predefined-templates.json HTTP/1.1" 200 1323 "-" "WordPress/6.8.3; https://batconpakistan.org"
162.0.235.240 - - [13/Oct/2025:15:51:00 -0400] "POST /wp-cron.php?doing_wp_cron=1760385060.7329781055450439453125 HTTP/1.1" 200 0 "-" "WordPress/6.8.3; https://batconpakistan.org"
162.0.235.240 - - [13/Oct/2025:15:51:01 -0400] "GET /wp-content/plugins/contact-form-7-style/admin/predefined-templates.json HTTP/1.1" 200 1323 "-" "WordPress/6.8.3; https://batconpakistan.org"
2a02:598:128:8a00::b00:2 - - [13/Oct/2025:15:51:00 -0400] "GET /gallery-with-caption-3-columns/ HTTP/1.1" 200 17166 "-" "Mozilla/5.0 (compatible; SeznamBot/4.0; +https://o-seznam.cz/napoveda/vyhledavani/en/seznambot-crawler/)"
216.244.66.200 - - [13/Oct/2025:15:51:24 -0400] "GET /robots.txt HTTP/1.1" 304 0 "-" "Mozilla/5.0 (compatible; DotBot/1.2; +https://opensiteexplorer.org/dotbot; help@moz.com)"
162.0.235.240 - - [13/Oct/2025:16:02:26 -0400] "GET /wp-content/plugins/contact-form-7-style/admin/predefined-templates.json HTTP/1.1" 200 1323 "-" "WordPress/6.8.3; https://batconpakistan.org"
162.0.235.240 - - [13/Oct/2025:16:02:27 -0400] "POST /wp-cron.php?doing_wp_cron=1760385747.3851139545440673828125 HTTP/1.1" 200 0 "-" "WordPress/6.8.3; https://batconpakistan.org"
162.0.235.240 - - [13/Oct/2025:16:02:27 -0400] "GET /wp-content/plugins/contact-form-7-style/admin/predefined-templates.json HTTP/1.1" 200 1323 "-" "WordPress/6.8.3; https://batconpakistan.org"
85.208.96.210 - - [13/Oct/2025:16:02:23 -0400] "GET /product/patient-ninja/ HTTP/1.1" 200 19388 "-" "Mozilla/5.0 (compatible; SemrushBot/7~bl; +http://www.semrush.com/bot.html)"
20.194.1.3 - - [13/Oct/2025:16:03:02 -0400] "GET /bat-convervation-pakistan/ HTTP/1.1" 200 20201 "-" "Mozilla/5.0 AppleWebKit/537.36 (KHTML, like Gecko); compatible; ChatGPT-User/1.0; +https://openai.com/bot"
176.119.22.78 - - [13/Oct/2025:16:03:10 -0400] "GET /wp-content/plugins/wp-file-manager/css/fm_custom.css HTTP/1.1" 200 1202 "-" "Mozilla/5.0 (X11; Linux x86_64) AppleWebKit/537.36 (KHTML, like Gecko) obsidian/1.5.8 Chrome/120.0.6099.283 Electron/28.2.3 Safari/537.36"
162.0.235.240 - - [13/Oct/2025:16:03:49 -0400] "GET /wp-content/plugins/contact-form-7-style/admin/predefined-templates.json HTTP/1.1" 200 1323 "-" "WordPress/6.8.3; https://batconpakistan.org"
162.0.235.240 - - [13/Oct/2025:16:03:49 -0400] "POST /wp-cron.php?doing_wp_cron=1760385829.8942079544067382812500 HTTP/1.1" 200 0 "-" "WordPress/6.8.3; https://batconpakistan.org"
52.167.144.215 - - [13/Oct/2025:16:03:49 -0400] "GET /Industrial-Electrical-Switch-A-V-A-V-AC-217384-Key-Operated-Switches/ HTTP/1.1" 404 15671 "-" "Mozilla/5.0 AppleWebKit/537.36 (KHTML, like Gecko; compatible; bingbot/2.0; +http://www.bing.com/bingbot.htm) Chrome/116.0.1938.76 Safari/537.36"
162.0.235.240 - - [13/Oct/2025:16:03:50 -0400] "GET /wp-content/plugins/contact-form-7-style/admin/predefined-templates.json HTTP/1.1" 200 1323 "-" "WordPress/6.8.3; https://batconpakistan.org"
208.109.34.85 - - [13/Oct/2025:16:08:11 -0400] "GET /wp-login.php HTTP/1.1" 200 1885 "-" "Mozilla/5.0 (Macintosh; Intel Mac OS X 10_13_2) AppleWebKit/537.36 (KHTML, like Gecko) Chrome/65.0.3325.181 Safari/537.36"
162.0.235.240 - - [13/Oct/2025:16:08:18 -0400] "GET /wp-content/plugins/contact-form-7-style/admin/predefined-templates.json HTTP/1.1" 200 1323 "-" "WordPress/6.8.3; https://batconpakistan.org"
162.0.235.240 - - [13/Oct/2025:16:08:18 -0400] "POST /wp-cron.php?doing_wp_cron=1760386098.7413940429687500000000 HTTP/1.1" 200 0 "-" "WordPress/6.8.3; https://batconpakistan.org"
208.109.34.85 - - [13/Oct/2025:16:08:14 -0400] "POST /wp-login.php HTTP/1.1" 200 2045 "https://batconpakistan.org/wp-login.php" "Mozilla/5.0 (Macintosh; Intel Mac OS X 10_13_2) AppleWebKit/537.36 (KHTML, like Gecko) Chrome/65.0.3325.181 Safari/537.36"
162.0.235.240 - - [13/Oct/2025:16:08:19 -0400] "GET /wp-content/plugins/contact-form-7-style/admin/predefined-templates.json HTTP/1.1" 200 1323 "-" "WordPress/6.8.3; https://batconpakistan.org"
198.244.168.235 - - [13/Oct/2025:16:08:44 -0400] "GET /author/admin/ HTTP/1.1" 200 40219 "-" "Mozilla/5.0 (compatible; AhrefsBot/7.0; +http://ahrefs.com/robot/)"
162.0.235.240 - - [13/Oct/2025:16:11:50 -0400] "GET /wp-content/plugins/contact-form-7-style/admin/predefined-templates.json HTTP/1.1" 200 1323 "-" "WordPress/6.8.3; https://batconpakistan.org"
162.0.235.240 - - [13/Oct/2025:16:11:51 -0400] "POST /wp-cron.php?doing_wp_cron=1760386311.2170939445495605468750 HTTP/1.1" 200 0 "-" "WordPress/6.8.3; https://batconpakistan.org"
65.111.5.20 - - [13/Oct/2025:16:11:47 -0400] "GET /product/happy-ninja/?add-to-cart=560%27 HTTP/1.1" 200 19462 "-" "Mozilla/5.0 (Windows NT 10.0; Win64; x64) AppleWebKit/537.36 (KHTML, like Gecko) Chrome/126.0.0.0 Safari/537.36"
162.0.235.240 - - [13/Oct/2025:16:11:51 -0400] "GET /wp-content/plugins/contact-form-7-style/admin/predefined-templates.json HTTP/1.1" 200 1323 "-" "WordPress/6.8.3; https://batconpakistan.org"
2a03:2880:f800:23:: - - [13/Oct/2025:16:12:43 -0400] "GET /2021/01/03/frequently-asked-questions-and-answers-on-bats-and-covid-19/ HTTP/1.1" 200 21292 "-" "meta-externalagent/1.1 (+https://developers.facebook.com/docs/sharing/webmasters/crawler)"
167.99.70.88 - - [13/Oct/2025:16:15:29 -0400] "GET / HTTP/1.1" 200 23128 "-" "Mozilla/5.0 (Windows NT 10.0; Win64; x64) AppleWebKit/537.36 (KHTML, like Gecko) Chrome/80.0.3987.149 Safari/537.36"
154.53.62.61 - - [13/Oct/2025:16:15:31 -0400] "GET /wp-login.php HTTP/1.1" 200 1885 "-" "Mozilla/5.0 (Windows NT 6.1; Win64; x64) AppleWebKit/537.36 (KHTML, like Gecko) Chrome/66.0.3359.170 Safari/537.36"
162.0.235.240 - - [13/Oct/2025:16:15:32 -0400] "GET /wp-content/plugins/contact-form-7-style/admin/predefined-templates.json HTTP/1.1" 200 1323 "-" "WordPress/6.8.3; https://batconpakistan.org"
162.0.235.240 - - [13/Oct/2025:16:15:32 -0400] "POST /wp-cron.php?doing_wp_cron=1760386532.8450520038604736328125 HTTP/1.1" 200 0 "-" "WordPress/6.8.3; https://batconpakistan.org"
167.99.70.88 - - [13/Oct/2025:16:15:29 -0400] "GET //wp-includes/wlwmanifest.xml HTTP/1.1" 301 0 "-" "Mozilla/5.0 (Windows NT 10.0; Win64; x64) AppleWebKit/537.36 (KHTML, like Gecko) Chrome/80.0.3987.149 Safari/537.36"
162.0.235.240 - - [13/Oct/2025:16:15:33 -0400] "GET /wp-content/plugins/contact-form-7-style/admin/predefined-templates.json HTTP/1.1" 200 1323 "-" "WordPress/6.8.3; https://batconpakistan.org"
167.99.70.88 - - [13/Oct/2025:16:15:33 -0400] "GET / HTTP/1.1" 200 23128 "-" "Mozilla/5.0 (Windows NT 10.0; Win64; x64) AppleWebKit/537.36 (KHTML, like Gecko) Chrome/80.0.3987.149 Safari/537.36"
167.99.70.88 - - [13/Oct/2025:16:15:33 -0400] "GET //?author=1 HTTP/1.1" 403 1242 "-" "Mozilla/5.0 (Windows NT 10.0; Win64; x64) AppleWebKit/537.36 (KHTML, like Gecko) Chrome/80.0.3987.149 Safari/537.36"
167.99.70.88 - - [13/Oct/2025:16:15:34 -0400] "GET //?author=2 HTTP/1.1" 403 1242 "-" "Mozilla/5.0 (Windows NT 10.0; Win64; x64) AppleWebKit/537.36 (KHTML, like Gecko) Chrome/80.0.3987.149 Safari/537.36"
167.99.70.88 - - [13/Oct/2025:16:15:34 -0400] "GET //wp-json/wp/v2/users/ HTTP/1.1" 403 1242 "-" "Mozilla/5.0 (Windows NT 10.0; Win64; x64) AppleWebKit/537.36 (KHTML, like Gecko) Chrome/80.0.3987.149 Safari/537.36"
167.99.70.88 - - [13/Oct/2025:16:15:34 -0400] "GET //wp-json/oembed/1.0/embed?url=https://batconpakistan.org/ HTTP/1.1" 200 5971 "-" "Mozilla/5.0 (Windows NT 10.0; Win64; x64) AppleWebKit/537.36 (KHTML, like Gecko) Chrome/80.0.3987.149 Safari/537.36"
162.0.235.240 - - [13/Oct/2025:16:15:35 -0400] "GET /wp-content/plugins/contact-form-7-style/admin/predefined-templates.json HTTP/1.1" 200 1323 "-" "WordPress/6.8.3; https://batconpakistan.org"
154.53.62.61 - - [13/Oct/2025:16:15:34 -0400] "POST /wp-login.php HTTP/1.1" 200 2045 "https://batconpakistan.org/wp-login.php" "Mozilla/5.0 (Windows NT 6.1; Win64; x64) AppleWebKit/537.36 (KHTML, like Gecko) Chrome/66.0.3359.170 Safari/537.36"
82.165.60.30 - - [13/Oct/2025:16:19:04 -0400] "GET /wp-login.php HTTP/1.1" 200 1885 "-" "Mozilla/5.0 (Windows NT 6.3; Win64; x64; Trident/7.0; Touch; MALNJS; rv:11.0) like Gecko"
162.0.235.240 - - [13/Oct/2025:16:19:12 -0400] "GET /wp-content/plugins/contact-form-7-style/admin/predefined-templates.json HTTP/1.1" 200 1323 "-" "WordPress/6.8.3; https://batconpakistan.org"
162.0.235.240 - - [13/Oct/2025:16:19:12 -0400] "POST /wp-cron.php?doing_wp_cron=1760386752.9062581062316894531250 HTTP/1.1" 200 0 "-" "WordPress/6.8.3; https://batconpakistan.org"
82.165.60.30 - - [13/Oct/2025:16:19:09 -0400] "POST /wp-login.php HTTP/1.1" 200 2045 "https://batconpakistan.org/wp-login.php" "Mozilla/5.0 (Windows NT 6.3; Win64; x64; Trident/7.0; Touch; MALNJS; rv:11.0) like Gecko"
162.0.235.240 - - [13/Oct/2025:16:19:13 -0400] "GET /wp-content/plugins/contact-form-7-style/admin/predefined-templates.json HTTP/1.1" 200 1323 "-" "WordPress/6.8.3; https://batconpakistan.org"
162.0.235.240 - - [13/Oct/2025:16:21:29 -0400] "GET /wp-content/plugins/contact-form-7-style/admin/predefined-templates.json HTTP/1.1" 200 1323 "-" "WordPress/6.8.3; https://batconpakistan.org"
162.0.235.240 - - [13/Oct/2025:16:21:30 -0400] "POST /wp-cron.php?doing_wp_cron=1760386890.3284060955047607421875 HTTP/1.1" 200 0 "-" "WordPress/6.8.3; https://batconpakistan.org"
216.244.66.200 - - [13/Oct/2025:16:21:26 -0400] "GET /category/public-health-alert/feed/ HTTP/1.1" 200 3898 "-" "Mozilla/5.0 (compatible; DotBot/1.2; +https://opensiteexplorer.org/dotbot; help@moz.com)"
162.0.235.240 - - [13/Oct/2025:16:21:30 -0400] "GET /wp-content/plugins/contact-form-7-style/admin/predefined-templates.json HTTP/1.1" 200 1323 "-" "WordPress/6.8.3; https://batconpakistan.org"
65.111.23.12 - - [13/Oct/2025:16:25:36 -0400] "GET /contact-us/ HTTP/1.1" 200 17318 "-" "Mozilla/5.0 (Macintosh; Intel Mac OS X 12_5) AppleWebKit/537.36 (KHTML, like Gecko) Chrome/114.0.0.0 Safari/537.36 OPR/89.0.4447.51"
162.0.235.240 - - [13/Oct/2025:16:25:40 -0400] "GET /wp-content/plugins/contact-form-7-style/admin/predefined-templates.json HTTP/1.1" 200 1323 "-" "WordPress/6.8.3; https://batconpakistan.org"
162.0.235.240 - - [13/Oct/2025:16:25:41 -0400] "POST /wp-cron.php?doing_wp_cron=1760387141.3779599666595458984375 HTTP/1.1" 200 0 "-" "WordPress/6.8.3; https://batconpakistan.org"
162.0.235.240 - - [13/Oct/2025:16:25:41 -0400] "GET /wp-content/plugins/contact-form-7-style/admin/predefined-templates.json HTTP/1.1" 200 1323 "-" "WordPress/6.8.3; https://batconpakistan.org"
65.111.23.12 - - [13/Oct/2025:16:25:37 -0400] "POST /wp-json/contact-form-7/v1/contact-forms/1324/feedback HTTP/1.1" 200 235 "https://batconpakistan.org/contact-us/" "Mozilla/5.0 (Macintosh; Intel Mac OS X 12_5) AppleWebKit/537.36 (KHTML, like Gecko) Chrome/114.0.0.0 Safari/537.36 OPR/89.0.4447.51"
216.73.216.20 - - [13/Oct/2025:16:26:55 -0400] "GET /robots.txt HTTP/1.1" 304 0 "-" "Mozilla/5.0 AppleWebKit/537.36 (KHTML, like Gecko; compatible; ClaudeBot/1.0; +claudebot@anthropic.com)"
162.0.235.240 - - [13/Oct/2025:16:26:56 -0400] "GET /wp-content/plugins/contact-form-7-style/admin/predefined-templates.json HTTP/1.1" 200 1323 "-" "WordPress/6.8.3; https://batconpakistan.org"
162.0.235.240 - - [13/Oct/2025:16:26:56 -0400] "POST /wp-cron.php?doing_wp_cron=1760387216.3842270374298095703125 HTTP/1.1" 200 0 "-" "WordPress/6.8.3; https://batconpakistan.org"
162.0.235.240 - - [13/Oct/2025:16:26:56 -0400] "GET /wp-content/plugins/contact-form-7-style/admin/predefined-templates.json HTTP/1.1" 200 1323 "-" "WordPress/6.8.3; https://batconpakistan.org"
216.73.216.20 - - [13/Oct/2025:16:26:55 -0400] "GET /product/ship-your-idea-2/?add-to-cart=555 HTTP/1.1" 200 20697 "-" "Mozilla/5.0 AppleWebKit/537.36 (KHTML, like Gecko; compatible; ClaudeBot/1.0; +claudebot@anthropic.com)"
208.97.186.101 - - [13/Oct/2025:16:27:51 -0400] "GET /wp-login.php HTTP/1.1" 200 1885 "-" "Mozilla/5.0 (Macintosh; Intel Mac OS X 10_14) AppleWebKit/605.1.15 (KHTML, like Gecko) Version/12.0 Safari/605.1.15"
162.0.235.240 - - [13/Oct/2025:16:27:56 -0400] "GET /wp-content/plugins/contact-form-7-style/admin/predefined-templates.json HTTP/1.1" 200 1323 "-" "WordPress/6.8.3; https://batconpakistan.org"
162.0.235.240 - - [13/Oct/2025:16:27:57 -0400] "POST /wp-cron.php?doing_wp_cron=1760387277.0806488990783691406250 HTTP/1.1" 200 0 "-" "WordPress/6.8.3; https://batconpakistan.org"
208.97.186.101 - - [13/Oct/2025:16:27:56 -0400] "POST /wp-login.php HTTP/1.1" 200 2045 "https://batconpakistan.org/wp-login.php" "Mozilla/5.0 (Macintosh; Intel Mac OS X 10_14) AppleWebKit/605.1.15 (KHTML, like Gecko) Version/12.0 Safari/605.1.15"
162.0.235.240 - - [13/Oct/2025:16:27:57 -0400] "GET /wp-content/plugins/contact-form-7-style/admin/predefined-templates.json HTTP/1.1" 200 1323 "-" "WordPress/6.8.3; https://batconpakistan.org"
159.203.133.255 - - [13/Oct/2025:16:33:06 -0400] "GET /wp-login.php HTTP/1.1" 200 1885 "-" "Mozilla/5.0 (Windows NT 6.2; ARM; Trident/7.0; Touch; rv:11.0; WPDesktop; NOKIA; Lumia 530) like Gecko"
162.0.235.240 - - [13/Oct/2025:16:33:10 -0400] "GET /wp-content/plugins/contact-form-7-style/admin/predefined-templates.json HTTP/1.1" 200 1323 "-" "WordPress/6.8.3; https://batconpakistan.org"
162.0.235.240 - - [13/Oct/2025:16:33:11 -0400] "POST /wp-cron.php?doing_wp_cron=1760387590.9296259880065917968750 HTTP/1.1" 200 0 "-" "WordPress/6.8.3; https://batconpakistan.org"
159.203.133.255 - - [13/Oct/2025:16:33:07 -0400] "POST /wp-login.php HTTP/1.1" 200 2045 "https://batconpakistan.org/wp-login.php" "Mozilla/5.0 (Windows NT 6.2; ARM; Trident/7.0; Touch; rv:11.0; WPDesktop; NOKIA; Lumia 530) like Gecko"
162.0.235.240 - - [13/Oct/2025:16:33:11 -0400] "GET /wp-content/plugins/contact-form-7-style/admin/predefined-templates.json HTTP/1.1" 200 1323 "-" "WordPress/6.8.3; https://batconpakistan.org"
147.135.154.106 - - [13/Oct/2025:16:34:05 -0400] "GET /wp-login.php HTTP/1.1" 200 1885 "-" "Mozilla/5.0 (Windows NT 6.0; Win64; x64) AppleWebKit/537.36 (KHTML, like Gecko) Chrome/58.0.3029.110 Safari/537.36 Edge/16.16299"
162.0.235.240 - - [13/Oct/2025:16:34:10 -0400] "GET /wp-content/plugins/contact-form-7-style/admin/predefined-templates.json HTTP/1.1" 200 1323 "-" "WordPress/6.8.3; https://batconpakistan.org"
162.0.235.240 - - [13/Oct/2025:16:34:11 -0400] "POST /wp-cron.php?doing_wp_cron=1760387651.1203339099884033203125 HTTP/1.1" 200 0 "-" "WordPress/6.8.3; https://batconpakistan.org"
147.135.154.106 - - [13/Oct/2025:16:34:10 -0400] "POST /wp-login.php HTTP/1.1" 200 2045 "https://batconpakistan.org/wp-login.php" "Mozilla/5.0 (Windows NT 6.0; Win64; x64) AppleWebKit/537.36 (KHTML, like Gecko) Chrome/58.0.3029.110 Safari/537.36 Edge/16.16299"
162.0.235.240 - - [13/Oct/2025:16:34:11 -0400] "GET /wp-content/plugins/contact-form-7-style/admin/predefined-templates.json HTTP/1.1" 200 1323 "-" "WordPress/6.8.3; https://batconpakistan.org"
162.0.235.240 - - [13/Oct/2025:16:45:44 -0400] "GET /wp-content/plugins/contact-form-7-style/admin/predefined-templates.json HTTP/1.1" 200 1323 "-" "WordPress/6.8.3; https://batconpakistan.org"
162.0.235.240 - - [13/Oct/2025:16:45:46 -0400] "POST /wp-cron.php?doing_wp_cron=1760388346.0490570068359375000000 HTTP/1.1" 200 0 "-" "WordPress/6.8.3; https://batconpakistan.org"
52.167.144.166 - - [13/Oct/2025:16:45:41 -0400] "GET /Filtration-Cartridge-Racal-129562-Coalescing-Filter-Elements/ HTTP/1.1" 404 15668 "-" "Mozilla/5.0 AppleWebKit/537.36 (KHTML, like Gecko; compatible; bingbot/2.0; +http://www.bing.com/bingbot.htm) Chrome/116.0.1938.76 Safari/537.36"
162.0.235.240 - - [13/Oct/2025:16:45:46 -0400] "GET /wp-content/plugins/contact-form-7-style/admin/predefined-templates.json HTTP/1.1" 200 1323 "-" "WordPress/6.8.3; https://batconpakistan.org"
162.0.235.240 - - [13/Oct/2025:17:00:04 -0400] "GET /wp-content/plugins/contact-form-7-style/admin/predefined-templates.json HTTP/1.1" 200 1323 "-" "WordPress/6.8.3; https://batconpakistan.org"
162.0.235.240 - - [13/Oct/2025:17:00:04 -0400] "POST /wp-cron.php?doing_wp_cron=1760389204.8237419128417968750000 HTTP/1.1" 200 0 "-" "WordPress/6.8.3; https://batconpakistan.org"
52.167.144.16 - - [13/Oct/2025:17:00:00 -0400] "GET /Science-Education-Winter-Warm-Snowman-Printing-Coat-Apparel-Pet-781872-USB-Microscopes/ HTTP/1.1" 301 0 "-" "Mozilla/5.0 AppleWebKit/537.36 (KHTML, like Gecko; compatible; bingbot/2.0; +http://www.bing.com/bingbot.htm) Chrome/116.0.1938.76 Safari/537.36"
162.0.235.240 - - [13/Oct/2025:17:00:06 -0400] "GET /wp-content/plugins/contact-form-7-style/admin/predefined-templates.json HTTP/1.1" 200 1323 "-" "WordPress/6.8.3; https://batconpakistan.org"
51.89.129.199 - - [13/Oct/2025:17:03:35 -0400] "GET /campaigns/ HTTP/1.1" 200 19941 "-" "Mozilla/5.0 (compatible; AhrefsBot/7.0; +http://ahrefs.com/robot/)"
198.244.240.126 - - [13/Oct/2025:17:05:44 -0400] "GET /wp-content/uploads/2023/02/bat-infographic-urdu.jpeg HTTP/1.1" 302 771 "-" "Mozilla/5.0 (compatible; AhrefsBot/7.0; +http://ahrefs.com/robot/)"
198.244.240.22 - - [13/Oct/2025:17:05:45 -0400] "GET /wp-content/uploads/dynamic-mobmenu.css?ver=2.8.8-946 HTTP/1.1" 302 771 "-" "Mozilla/5.0 (compatible; AhrefsBot/7.0; +http://ahrefs.com/robot/)"
51.195.215.10 - - [13/Oct/2025:17:05:46 -0400] "GET /campaigns/ HTTP/1.1" 200 19941 "-" "Mozilla/5.0 (compatible; AhrefsBot/7.0; +http://ahrefs.com/robot/)"
198.244.168.101 - - [13/Oct/2025:17:05:48 -0400] "GET /wp-content/uploads/elementor/css/post-1133.css?ver=1759783561 HTTP/1.1" 302 771 "-" "Mozilla/5.0 (compatible; AhrefsBot/7.0; +http://ahrefs.com/robot/)"
162.0.235.240 - - [13/Oct/2025:17:21:57 -0400] "GET /wp-content/plugins/contact-form-7-style/admin/predefined-templates.json HTTP/1.1" 200 1323 "-" "WordPress/6.8.3; https://batconpakistan.org"
162.0.235.240 - - [13/Oct/2025:17:21:58 -0400] "POST /wp-cron.php?doing_wp_cron=1760390518.6780710220336914062500 HTTP/1.1" 200 0 "-" "WordPress/6.8.3; https://batconpakistan.org"
162.0.235.240 - - [13/Oct/2025:17:21:59 -0400] "GET /wp-content/plugins/contact-form-7-style/admin/predefined-templates.json HTTP/1.1" 200 1323 "-" "WordPress/6.8.3; https://batconpakistan.org"
