115.186.175.15 - - [14/Oct/2025:02:04:15 -0400] "GET /wp-includes/js/jquery/jquery-migrate.min.js?ver=3.4.1 HTTP/1.1" 304 0 "https://batconpakistan.org/2021/07/27/over-400-indian-flying-foxes-pteropus-medius-were-mercilessly-killed-in-nawab-shah-sindh-pakistan-these-bats-were-believed-to-be-a-serious-pest-for-fruits-trees-of-mango-and-banana-in-these-areas/" "Mozilla/5.0 (Linux; Android 10; K) AppleWebKit/537.36 (KHTML, like Gecko) Chrome/141.0.0.0 Mobile Safari/537.36"
115.186.175.15 - - [14/Oct/2025:02:04:15 -0400] "GET /wp-content/plugins/revslider/public/assets/js/jquery.themepunch.tools.min.js?ver=5.3.1.5 HTTP/1.1" 304 0 "https://batconpakistan.org/2021/07/27/over-400-indian-flying-foxes-pteropus-medius-were-mercilessly-killed-in-nawab-shah-sindh-pakistan-these-bats-were-believed-to-be-a-serious-pest-for-fruits-trees-of-mango-and-banana-in-these-areas/" "Mozilla/5.0 (Linux; Android 10; K) AppleWebKit/537.36 (KHTML, like Gecko) Chrome/141.0.0.0 Mobile Safari/537.36"
115.186.175.15 - - [14/Oct/2025:02:04:15 -0400] "GET /wp-includes/js/jquery/jquery.min.js?ver=3.7.1 HTTP/1.1" 304 0 "https://batconpakistan.org/2021/07/27/over-400-indian-flying-foxes-pteropus-medius-were-mercilessly-killed-in-nawab-shah-sindh-pakistan-these-bats-were-believed-to-be-a-serious-pest-for-fruits-trees-of-mango-and-banana-in-these-areas/" "Mozilla/5.0 (Linux; Android 10; K) AppleWebKit/537.36 (KHTML, like Gecko) Chrome/141.0.0.0 Mobile Safari/537.36"
115.186.175.15 - - [14/Oct/2025:02:04:15 -0400] "GET /wp-content/plugins/charitable/assets/js/libraries/js-cookie.min.js?ver=2.1.4 HTTP/1.1" 304 0 "https://batconpakistan.org/2021/07/27/over-400-indian-flying-foxes-pteropus-medius-were-mercilessly-killed-in-nawab-shah-sindh-pakistan-these-bats-were-believed-to-be-a-serious-pest-for-fruits-trees-of-mango-and-banana-in-these-areas/" "Mozilla/5.0 (Linux; Android 10; K) AppleWebKit/537.36 (KHTML, like Gecko) Chrome/141.0.0.0 Mobile Safari/537.36"
66.249.66.70 - - [14/Oct/2025:02:04:15 -0400] "GET /wp-content/cache/autoptimize/js/autoptimize_single_787fe4f547a6cb7f4ce4934641085910.js?ver=6.5.0 HTTP/1.1" 200 272 "https://batconpakistan.org/" "Mozilla/5.0 (Linux; Android 6.0.1; Nexus 5X Build/MMB29P) AppleWebKit/537.36 (KHTML, like Gecko) Chrome/140.0.7339.207 Mobile Safari/537.36 (compatible; Googlebot/2.1; +http://www.google.com/bot.html)"
66.249.66.70 - - [14/Oct/2025:02:04:16 -0400] "GET /wp-content/cache/autoptimize/js/autoptimize_single_1a7a1c044f6f8909b5ea70ca382daaaa.js?ver=2.8.8 HTTP/1.1" 200 2964 "https://batconpakistan.org/" "Mozilla/5.0 (Linux; Android 6.0.1; Nexus 5X Build/MMB29P) AppleWebKit/537.36 (KHTML, like Gecko) Chrome/140.0.7339.207 Mobile Safari/537.36 (compatible; Googlebot/2.1; +http://www.google.com/bot.html)"
66.249.66.70 - - [14/Oct/2025:02:04:16 -0400] "GET /wp-content/cache/autoptimize/js/autoptimize_single_96e7dc3f0e8559e4a3f3ca40b17ab9c3.js?ver=6.1.2 HTTP/1.1" 200 3369 "https://batconpakistan.org/" "Mozilla/5.0 (Linux; Android 6.0.1; Nexus 5X Build/MMB29P) AppleWebKit/537.36 (KHTML, like Gecko) Chrome/140.0.7339.207 Mobile Safari/537.36 (compatible; Googlebot/2.1; +http://www.google.com/bot.html)"
66.249.66.166 - - [14/Oct/2025:02:04:17 -0400] "GET /wp-content/plugins/woocommerce/assets/js/frontend/order-attribution.min.js?ver=10.2.2 HTTP/1.1" 200 998 "https://batconpakistan.org/" "Mozilla/5.0 (Linux; Android 6.0.1; Nexus 5X Build/MMB29P) AppleWebKit/537.36 (KHTML, like Gecko) Chrome/140.0.7339.207 Mobile Safari/537.36 (compatible; Googlebot/2.1; +http://www.google.com/bot.html)"
66.249.66.70 - - [14/Oct/2025:02:04:17 -0400] "GET /wp-content/cache/autoptimize/js/autoptimize_single_af5c4849ea3dc106841421aa1cbe85f4.js?ver=2.3.1.8 HTTP/1.1" 200 1634 "https://batconpakistan.org/" "Mozilla/5.0 (Linux; Android 6.0.1; Nexus 5X Build/MMB29P) AppleWebKit/537.36 (KHTML, like Gecko) Chrome/140.0.7339.207 Mobile Safari/537.36 (compatible; Googlebot/2.1; +http://www.google.com/bot.html)"
66.249.66.70 - - [14/Oct/2025:02:04:18 -0400] "GET /wp-content/plugins/woocommerce/assets/js/frontend/woocommerce.min.js?ver=10.2.2 HTTP/1.1" 200 1275 "https://batconpakistan.org/" "Mozilla/5.0 (Linux; Android 6.0.1; Nexus 5X Build/MMB29P) AppleWebKit/537.36 (KHTML, like Gecko) Chrome/140.0.7339.207 Mobile Safari/537.36 (compatible; Googlebot/2.1; +http://www.google.com/bot.html)"
66.249.66.40 - - [14/Oct/2025:02:04:18 -0400] "GET /wp-content/themes/born-to-give/vendor/owl-carousel/js/owl.carousel.min.js?ver=2.3.1.8 HTTP/1.1" 200 8177 "https://batconpakistan.org/" "Mozilla/5.0 (Linux; Android 6.0.1; Nexus 5X Build/MMB29P) AppleWebKit/537.36 (KHTML, like Gecko) Chrome/140.0.7339.207 Mobile Safari/537.36 (compatible; Googlebot/2.1; +http://www.google.com/bot.html)"
115.186.175.15 - - [14/Oct/2025:02:04:21 -0400] "GET /2021/07/27/over-400-indian-flying-foxes-pteropus-medius-were-mercilessly-killed-in-nawab-shah-sindh-pakistan-these-bats-were-believed-to-be-a-serious-pest-for-fruits-trees-of-mango-and-banana-in-these-areas/ HTTP/1.1" 200 20666 "https://www.google.com/" "Mozilla/5.0 (Linux; Android 10; K) AppleWebKit/537.36 (KHTML, like Gecko) Chrome/141.0.0.0 Mobile Safari/537.36"
66.249.66.40 - - [14/Oct/2025:02:04:23 -0400] "GET /wp-content/plugins/revslider/public/assets/js/extensions/revolution.extension.layeranimation.min.js?version=5.3.1.4 HTTP/1.1" 200 12349 "https://batconpakistan.org/" "Mozilla/5.0 (Linux; Android 6.0.1; Nexus 5X Build/MMB29P) AppleWebKit/537.36 (KHTML, like Gecko) Chrome/140.0.7339.207 Mobile Safari/537.36 (compatible; Googlebot/2.1; +http://www.google.com/bot.html)"
66.249.66.7 - - [14/Oct/2025:02:04:24 -0400] "GET /wp-content/plugins/revslider/public/assets/js/extensions/revolution.extension.slideanims.min.js?version=5.3.1.4 HTTP/1.1" 304 0 "https://batconpakistan.org/" "Mozilla/5.0 (Linux; Android 6.0.1; Nexus 5X Build/MMB29P) AppleWebKit/537.36 (KHTML, like Gecko) Chrome/140.0.7339.207 Mobile Safari/537.36 (compatible; Googlebot/2.1; +http://www.google.com/bot.html)"
66.249.66.70 - - [14/Oct/2025:02:04:24 -0400] "GET /wp-content/plugins/revslider/public/assets/js/extensions/revolution.extension.actions.min.js?version=5.3.1.4 HTTP/1.1" 200 2343 "https://batconpakistan.org/" "Mozilla/5.0 (Linux; Android 6.0.1; Nexus 5X Build/MMB29P) AppleWebKit/537.36 (KHTML, like Gecko) Chrome/140.0.7339.207 Mobile Safari/537.36 (compatible; Googlebot/2.1; +http://www.google.com/bot.html)"
115.186.175.15 - - [14/Oct/2025:02:04:25 -0400] "GET /wp-content/uploads/2021/07/WhatsApp-Image-2021-07-10-at-9.51.16-AM-1.jpeg HTTP/1.1" 200 157152 "https://batconpakistan.org/" "Mozilla/5.0 (Linux; Android 10; K) AppleWebKit/537.36 (KHTML, like Gecko) Chrome/141.0.0.0 Mobile Safari/537.36"
66.249.66.166 - - [14/Oct/2025:02:04:25 -0400] "GET /wp-content/plugins/revslider/public/assets/js/extensions/revolution.extension.navigation.min.js?version=5.3.1.4 HTTP/1.1" 200 6722 "https://batconpakistan.org/" "Mozilla/5.0 (Linux; Android 6.0.1; Nexus 5X Build/MMB29P) AppleWebKit/537.36 (KHTML, like Gecko) Chrome/140.0.7339.207 Mobile Safari/537.36 (compatible; Googlebot/2.1; +http://www.google.com/bot.html)"
115.186.175.15 - - [14/Oct/2025:02:04:25 -0400] "GET /wp-content/uploads/2021/07/WhatsApp-Image-2021-07-10-at-9.51.16-AM.jpeg HTTP/1.1" 200 157152 "https://batconpakistan.org/" "Mozilla/5.0 (Linux; Android 10; K) AppleWebKit/537.36 (KHTML, like Gecko) Chrome/141.0.0.0 Mobile Safari/537.36"
66.249.66.70 - - [14/Oct/2025:02:04:38 -0400] "GET / HTTP/1.1" 200 23128 "-" "Mozilla/5.0 (compatible; Googlebot/2.1; +http://www.google.com/bot.html)"
66.249.66.70 - - [14/Oct/2025:02:04:38 -0400] "GET / HTTP/1.1" 200 23128 "-" "Mozilla/5.0 (Linux; Android 6.0.1; Nexus 5X Build/MMB29P) AppleWebKit/537.36 (KHTML, like Gecko) Chrome/99.0.4844.84 Mobile Safari/537.36 (compatible; Googlebot/2.1; +http://www.google.com/bot.html)"
66.249.66.40 - - [14/Oct/2025:02:04:39 -0400] "GET /wp-content/plugins/js_composer/assets/css/js_composer.min.css?ver=6.5.0 HTTP/1.1" 200 42001 "https://batconpakistan.org/" "Mozilla/5.0 (Linux; Android 6.0.1; Nexus 5X Build/MMB29P) AppleWebKit/537.36 (KHTML, like Gecko) Chrome/140.0.7339.207 Mobile Safari/537.36 (compatible; Googlebot/2.1; +http://www.google.com/bot.html)"
66.249.66.204 - - [14/Oct/2025:02:04:41 -0400] "GET /wp-content/cache/autoptimize/js/autoptimize_single_c5b5b2fa19bd66ff23211d9f844e0131.js?ver=2.3.1.8 HTTP/1.1" 200 9446 "https://batconpakistan.org/" "Mozilla/5.0 AppleWebKit/537.36 (KHTML, like Gecko; compatible; Googlebot/2.1; +http://www.google.com/bot.html) Chrome/140.0.7339.207 Safari/537.36"
66.249.66.204 - - [14/Oct/2025:02:04:41 -0400] "GET /wp-content/plugins/js_composer/assets/js/dist/js_composer_front.min.js?ver=6.5.0 HTTP/1.1" 200 5547 "https://batconpakistan.org/" "Mozilla/5.0 AppleWebKit/537.36 (KHTML, like Gecko; compatible; Googlebot/2.1; +http://www.google.com/bot.html) Chrome/140.0.7339.207 Safari/537.36"
66.249.66.166 - - [14/Oct/2025:02:04:43 -0400] "GET /wp-includes/js/wp-emoji-release.min.js?ver=6.8.3 HTTP/1.1" 200 4769 "https://batconpakistan.org/" "Mozilla/5.0 AppleWebKit/537.36 (KHTML, like Gecko; compatible; Googlebot/2.1; +http://www.google.com/bot.html) Chrome/140.0.7339.207 Safari/537.36"
162.0.235.240 - - [14/Oct/2025:02:07:08 -0400] "GET /wp-content/plugins/contact-form-7-style/admin/predefined-templates.json HTTP/1.1" 200 1323 "-" "WordPress/6.8.3; https://batconpakistan.org"
162.0.235.240 - - [14/Oct/2025:02:07:09 -0400] "POST /wp-cron.php?doing_wp_cron=1760422028.9599509239196777343750 HTTP/1.1" 200 0 "-" "WordPress/6.8.3; https://batconpakistan.org"
162.0.235.240 - - [14/Oct/2025:02:07:09 -0400] "GET /wp-content/plugins/contact-form-7-style/admin/predefined-templates.json HTTP/1.1" 200 1323 "-" "WordPress/6.8.3; https://batconpakistan.org"
51.195.244.76 - - [14/Oct/2025:02:07:05 -0400] "GET /campaign_tag/human-rights/ HTTP/1.1" 200 17288 "-" "Mozilla/5.0 (compatible; AhrefsBot/7.0; +http://ahrefs.com/robot/)"
14.248.80.79 - - [14/Oct/2025:02:07:43 -0400] "GET /wp-login.php HTTP/1.1" 200 1885 "-" "Mozilla/4.0 (compatible; MSIE 7.0; Windows NT 6.2; WOW64; Trident/7.0; .NET4.0E; .NET4.0C; .NET CLR 3.5.30729; .NET CLR 2.0.50727; .NET CLR 3.0.30729; InfoPath.3; MANMJS)"
162.0.235.240 - - [14/Oct/2025:02:07:47 -0400] "GET /wp-content/plugins/contact-form-7-style/admin/predefined-templates.json HTTP/1.1" 200 1323 "-" "WordPress/6.8.3; https://batconpakistan.org"
162.0.235.240 - - [14/Oct/2025:02:07:47 -0400] "POST /wp-cron.php?doing_wp_cron=1760422067.7510979175567626953125 HTTP/1.1" 200 0 "-" "WordPress/6.8.3; https://batconpakistan.org"
14.248.80.79 - - [14/Oct/2025:02:07:46 -0400] "POST /wp-login.php HTTP/1.1" 200 2045 "https://batconpakistan.org/wp-login.php" "Mozilla/4.0 (compatible; MSIE 7.0; Windows NT 6.2; WOW64; Trident/7.0; .NET4.0E; .NET4.0C; .NET CLR 3.5.30729; .NET CLR 2.0.50727; .NET CLR 3.0.30729; InfoPath.3; MANMJS)"
162.0.235.240 - - [14/Oct/2025:02:07:48 -0400] "GET /wp-content/plugins/contact-form-7-style/admin/predefined-templates.json HTTP/1.1" 200 1323 "-" "WordPress/6.8.3; https://batconpakistan.org"
167.235.61.153 - - [14/Oct/2025:02:10:25 -0400] "GET /wp-login.php HTTP/1.1" 200 1885 "-" "Mozilla/4.0 (compatible; MSIE 7.0; Windows NT 6.2; Trident/7.0; .NET4.0C; .NET4.0E; .NET CLR 2.0.50727; .NET CLR 3.0.30729; .NET CLR 3.5.30729; SLCC2; Media Center PC 6.0)"
162.0.235.240 - - [14/Oct/2025:02:10:33 -0400] "GET /wp-content/plugins/contact-form-7-style/admin/predefined-templates.json HTTP/1.1" 200 1323 "-" "WordPress/6.8.3; https://batconpakistan.org"
162.0.235.240 - - [14/Oct/2025:02:10:34 -0400] "POST /wp-cron.php?doing_wp_cron=1760422234.2861459255218505859375 HTTP/1.1" 200 0 "-" "WordPress/6.8.3; https://batconpakistan.org"
167.235.61.153 - - [14/Oct/2025:02:10:30 -0400] "POST /wp-login.php HTTP/1.1" 200 2045 "https://batconpakistan.org/wp-login.php" "Mozilla/4.0 (compatible; MSIE 7.0; Windows NT 6.2; Trident/7.0; .NET4.0C; .NET4.0E; .NET CLR 2.0.50727; .NET CLR 3.0.30729; .NET CLR 3.5.30729; SLCC2; Media Center PC 6.0)"
162.0.235.240 - - [14/Oct/2025:02:10:34 -0400] "GET /wp-content/plugins/contact-form-7-style/admin/predefined-templates.json HTTP/1.1" 200 1323 "-" "WordPress/6.8.3; https://batconpakistan.org"
162.0.235.240 - - [14/Oct/2025:02:15:43 -0400] "GET /wp-content/plugins/contact-form-7-style/admin/predefined-templates.json HTTP/1.1" 200 1323 "-" "WordPress/6.8.3; https://batconpakistan.org"
162.0.235.240 - - [14/Oct/2025:02:15:44 -0400] "POST /wp-cron.php?doing_wp_cron=1760422544.0494480133056640625000 HTTP/1.1" 200 0 "-" "WordPress/6.8.3; https://batconpakistan.org"
20.40.40.110 - - [14/Oct/2025:02:15:38 -0400] "POST /wp-login.php HTTP/1.1" 200 2041 "-" "Mozilla/5.0"
162.0.235.240 - - [14/Oct/2025:02:15:44 -0400] "GET /wp-content/plugins/contact-form-7-style/admin/predefined-templates.json HTTP/1.1" 200 1323 "-" "WordPress/6.8.3; https://batconpakistan.org"
162.0.235.240 - - [14/Oct/2025:02:18:34 -0400] "GET /wp-content/plugins/contact-form-7-style/admin/predefined-templates.json HTTP/1.1" 200 1323 "-" "WordPress/6.8.3; https://batconpakistan.org"
162.0.235.240 - - [14/Oct/2025:02:18:35 -0400] "POST /wp-cron.php?doing_wp_cron=1760422715.4230709075927734375000 HTTP/1.1" 200 0 "-" "WordPress/6.8.3; https://batconpakistan.org"
162.0.235.240 - - [14/Oct/2025:02:18:36 -0400] "GET /wp-content/plugins/contact-form-7-style/admin/predefined-templates.json HTTP/1.1" 200 1323 "-" "WordPress/6.8.3; https://batconpakistan.org"
185.191.171.16 - - [14/Oct/2025:02:18:29 -0400] "GET /events-calendar/ HTTP/1.1" 200 16264 "-" "Mozilla/5.0 (compatible; SemrushBot/7~bl; +http://www.semrush.com/bot.html)"
86.54.24.140 - - [14/Oct/2025:02:20:19 -0400] "GET /wp-json/wp/v2/users HTTP/1.1" 403 1242 "https://www.google.com" "Mozilla/5.0 (X11; Linux x86_64) AppleWebKit/537.36 (KHTML, like Gecko) Chrome/119.0.0.0 Safari/537.36"
86.54.24.140 - - [14/Oct/2025:02:20:20 -0400] "GET /wp-json/wp/v2/users HTTP/1.1" 403 1242 "https://www.google.com" "Mozilla/5.0 (X11; Linux x86_64) AppleWebKit/537.36 (KHTML, like Gecko) Chrome/119.0.0.0 Safari/537.36"
86.54.24.140 - - [14/Oct/2025:02:20:20 -0400] "GET /?author=1 HTTP/1.1" 403 1242 "https://www.google.com" "Mozilla/5.0 (X11; Linux x86_64) AppleWebKit/537.36 (KHTML, like Gecko) Chrome/119.0.0.0 Safari/537.36"
86.54.24.140 - - [14/Oct/2025:02:20:21 -0400] "GET /wp-login.php HTTP/1.1" 200 1885 "https://www.google.com" "Mozilla/5.0 (X11; Linux x86_64) AppleWebKit/537.36 (KHTML, like Gecko) Chrome/119.0.0.0 Safari/537.36"
162.0.235.240 - - [14/Oct/2025:02:20:28 -0400] "GET /wp-content/plugins/contact-form-7-style/admin/predefined-templates.json HTTP/1.1" 200 1323 "-" "WordPress/6.8.3; https://batconpakistan.org"
162.0.235.240 - - [14/Oct/2025:02:20:29 -0400] "POST /wp-cron.php?doing_wp_cron=1760422829.7379040718078613281250 HTTP/1.1" 200 0 "-" "WordPress/6.8.3; https://batconpakistan.org"
86.54.24.140 - - [14/Oct/2025:02:20:21 -0400] "POST /wp-login.php HTTP/1.1" 200 2051 "http://batconpakistan.org/wp-login.php" "Mozilla/5.0 (X11; Linux x86_64) AppleWebKit/537.36 (KHTML, like Gecko) Chrome/119.0.0.0 Safari/537.36"
162.0.235.240 - - [14/Oct/2025:02:20:30 -0400] "GET /wp-content/plugins/contact-form-7-style/admin/predefined-templates.json HTTP/1.1" 200 1323 "-" "WordPress/6.8.3; https://batconpakistan.org"
162.0.235.240 - - [14/Oct/2025:02:20:32 -0400] "GET /wp-content/plugins/contact-form-7-style/admin/predefined-templates.json HTTP/1.1" 200 1323 "-" "WordPress/6.8.3; https://batconpakistan.org"
86.54.24.140 - - [14/Oct/2025:02:20:30 -0400] "GET /wp-admin/ HTTP/1.1" 302 0 "http://batconpakistan.org/wp-login.php" "Mozilla/5.0 (X11; Linux x86_64) AppleWebKit/537.36 (KHTML, like Gecko) Chrome/119.0.0.0 Safari/537.36"
162.0.235.240 - - [14/Oct/2025:02:20:33 -0400] "GET /wp-content/plugins/contact-form-7-style/admin/predefined-templates.json HTTP/1.1" 200 1323 "-" "WordPress/6.8.3; https://batconpakistan.org"
86.54.24.140 - - [14/Oct/2025:02:20:32 -0400] "GET /wp-login.php?redirect_to=https%3A%2F%2Fbatconpakistan.org%2Fwp-admin%2F&reauth=1 HTTP/1.1" 200 1886 "http://batconpakistan.org/wp-login.php" "Mozilla/5.0 (X11; Linux x86_64) AppleWebKit/537.36 (KHTML, like Gecko) Chrome/119.0.0.0 Safari/537.36"
162.0.235.240 - - [14/Oct/2025:02:20:34 -0400] "GET /wp-content/plugins/contact-form-7-style/admin/predefined-templates.json HTTP/1.1" 200 1323 "-" "WordPress/6.8.3; https://batconpakistan.org"
86.54.24.140 - - [14/Oct/2025:02:20:33 -0400] "POST /wp-login.php HTTP/1.1" 200 2041 "http://batconpakistan.org/wp-login.php" "Mozilla/5.0 (X11; Linux x86_64) AppleWebKit/537.36 (KHTML, like Gecko) Chrome/119.0.0.0 Safari/537.36"
162.0.235.240 - - [14/Oct/2025:02:20:36 -0400] "GET /wp-content/plugins/contact-form-7-style/admin/predefined-templates.json HTTP/1.1" 200 1323 "-" "WordPress/6.8.3; https://batconpakistan.org"
86.54.24.140 - - [14/Oct/2025:02:20:35 -0400] "GET /wp-admin/ HTTP/1.1" 302 0 "http://batconpakistan.org/wp-login.php" "Mozilla/5.0 (X11; Linux x86_64) AppleWebKit/537.36 (KHTML, like Gecko) Chrome/119.0.0.0 Safari/537.36"
162.0.235.240 - - [14/Oct/2025:02:20:37 -0400] "GET /wp-content/plugins/contact-form-7-style/admin/predefined-templates.json HTTP/1.1" 200 1323 "-" "WordPress/6.8.3; https://batconpakistan.org"
86.54.24.140 - - [14/Oct/2025:02:20:36 -0400] "GET /wp-login.php?redirect_to=https%3A%2F%2Fbatconpakistan.org%2Fwp-admin%2F&reauth=1 HTTP/1.1" 200 1886 "http://batconpakistan.org/wp-login.php" "Mozilla/5.0 (X11; Linux x86_64) AppleWebKit/537.36 (KHTML, like Gecko) Chrome/119.0.0.0 Safari/537.36"
86.54.24.140 - - [14/Oct/2025:02:20:37 -0400] "POST /xmlrpc.php HTTP/1.1" 403 1242 "-" "Apache-HttpClient/4.5.13 (Java/11.0.28)"
86.54.24.140 - - [14/Oct/2025:02:20:38 -0400] "GET /wp-login.php HTTP/1.1" 200 1885 "https://www.google.com" "Mozilla/5.0 (X11; Linux x86_64) AppleWebKit/537.36 (KHTML, like Gecko) Chrome/119.0.0.0 Safari/537.36"
162.0.235.240 - - [14/Oct/2025:02:20:40 -0400] "GET /wp-content/plugins/contact-form-7-style/admin/predefined-templates.json HTTP/1.1" 200 1323 "-" "WordPress/6.8.3; https://batconpakistan.org"
162.0.235.240 - - [14/Oct/2025:02:20:40 -0400] "POST /wp-cron.php?doing_wp_cron=1760422840.3977639675140380859375 HTTP/1.1" 200 0 "-" "WordPress/6.8.3; https://batconpakistan.org"
86.54.24.140 - - [14/Oct/2025:02:20:39 -0400] "POST /wp-login.php HTTP/1.1" 200 2041 "https://batconpakistan.org/wp-login.php" "Mozilla/5.0 (X11; Linux x86_64) AppleWebKit/537.36 (KHTML, like Gecko) Chrome/119.0.0.0 Safari/537.36"
162.0.235.240 - - [14/Oct/2025:02:20:41 -0400] "GET /wp-content/plugins/contact-form-7-style/admin/predefined-templates.json HTTP/1.1" 200 1323 "-" "WordPress/6.8.3; https://batconpakistan.org"
162.0.235.240 - - [14/Oct/2025:02:20:41 -0400] "GET /wp-content/plugins/contact-form-7-style/admin/predefined-templates.json HTTP/1.1" 200 1323 "-" "WordPress/6.8.3; https://batconpakistan.org"
86.54.24.140 - - [14/Oct/2025:02:20:40 -0400] "GET /wp-admin/ HTTP/1.1" 302 0 "https://batconpakistan.org/wp-login.php" "Mozilla/5.0 (X11; Linux x86_64) AppleWebKit/537.36 (KHTML, like Gecko) Chrome/119.0.0.0 Safari/537.36"
162.0.235.240 - - [14/Oct/2025:02:20:43 -0400] "GET /wp-content/plugins/contact-form-7-style/admin/predefined-templates.json HTTP/1.1" 200 1323 "-" "WordPress/6.8.3; https://batconpakistan.org"
86.54.24.140 - - [14/Oct/2025:02:20:42 -0400] "GET /wp-login.php?redirect_to=https%3A%2F%2Fbatconpakistan.org%2Fwp-admin%2F&reauth=1 HTTP/1.1" 200 1886 "https://batconpakistan.org/wp-login.php" "Mozilla/5.0 (X11; Linux x86_64) AppleWebKit/537.36 (KHTML, like Gecko) Chrome/119.0.0.0 Safari/537.36"
220.158.233.180 - - [14/Oct/2025:02:21:28 -0400] "GET /wp-login.php HTTP/1.1" 200 1885 "-" "Mozilla/5.0 (Macintosh; Intel Mac OS X 10.9; rv:60.0) Gecko/20100101 Firefox/60.0"
162.0.235.240 - - [14/Oct/2025:02:21:34 -0400] "GET /wp-content/plugins/contact-form-7-style/admin/predefined-templates.json HTTP/1.1" 200 1323 "-" "WordPress/6.8.3; https://batconpakistan.org"
162.0.235.240 - - [14/Oct/2025:02:21:35 -0400] "POST /wp-cron.php?doing_wp_cron=1760422894.9210150241851806640625 HTTP/1.1" 200 0 "-" "WordPress/6.8.3; https://batconpakistan.org"
220.158.233.180 - - [14/Oct/2025:02:21:33 -0400] "POST /wp-login.php HTTP/1.1" 200 2045 "https://batconpakistan.org/wp-login.php" "Mozilla/5.0 (Macintosh; Intel Mac OS X 10.9; rv:60.0) Gecko/20100101 Firefox/60.0"
162.0.235.240 - - [14/Oct/2025:02:21:35 -0400] "GET /wp-content/plugins/contact-form-7-style/admin/predefined-templates.json HTTP/1.1" 200 1323 "-" "WordPress/6.8.3; https://batconpakistan.org"
86.54.24.140 - - [14/Oct/2025:02:21:56 -0400] "GET /wp-json/wp/v2/users HTTP/1.1" 403 1242 "https://www.google.com" "Mozilla/5.0 (X11; Linux x86_64) AppleWebKit/537.36 (KHTML, like Gecko) Chrome/119.0.0.0 Safari/537.36"
86.54.24.140 - - [14/Oct/2025:02:21:56 -0400] "GET /wp-json/wp/v2/users HTTP/1.1" 403 1242 "https://www.google.com" "Mozilla/5.0 (X11; Linux x86_64) AppleWebKit/537.36 (KHTML, like Gecko) Chrome/119.0.0.0 Safari/537.36"
86.54.24.140 - - [14/Oct/2025:02:21:57 -0400] "GET /?author=1 HTTP/1.1" 403 1242 "https://www.google.com" "Mozilla/5.0 (X11; Linux x86_64) AppleWebKit/537.36 (KHTML, like Gecko) Chrome/119.0.0.0 Safari/537.36"
86.54.24.140 - - [14/Oct/2025:02:21:58 -0400] "GET /wp-login.php HTTP/1.1" 200 1885 "https://www.google.com" "Mozilla/5.0 (X11; Linux x86_64) AppleWebKit/537.36 (KHTML, like Gecko) Chrome/119.0.0.0 Safari/537.36"
162.0.235.240 - - [14/Oct/2025:02:21:58 -0400] "GET /wp-content/plugins/contact-form-7-style/admin/predefined-templates.json HTTP/1.1" 200 1323 "-" "WordPress/6.8.3; https://batconpakistan.org"
162.0.235.240 - - [14/Oct/2025:02:21:59 -0400] "POST /wp-cron.php?doing_wp_cron=1760422919.1935200691223144531250 HTTP/1.1" 200 0 "-" "WordPress/6.8.3; https://batconpakistan.org"
86.54.24.140 - - [14/Oct/2025:02:21:58 -0400] "POST /wp-login.php HTTP/1.1" 200 2051 "http://batconpakistan.org/wp-login.php" "Mozilla/5.0 (X11; Linux x86_64) AppleWebKit/537.36 (KHTML, like Gecko) Chrome/119.0.0.0 Safari/537.36"
162.0.235.240 - - [14/Oct/2025:02:21:59 -0400] "GET /wp-content/plugins/contact-form-7-style/admin/predefined-templates.json HTTP/1.1" 200 1323 "-" "WordPress/6.8.3; https://batconpakistan.org"
162.0.235.240 - - [14/Oct/2025:02:22:00 -0400] "GET /wp-content/plugins/contact-form-7-style/admin/predefined-templates.json HTTP/1.1" 200 1323 "-" "WordPress/6.8.3; https://batconpakistan.org"
86.54.24.140 - - [14/Oct/2025:02:21:59 -0400] "GET /wp-admin/ HTTP/1.1" 302 0 "http://batconpakistan.org/wp-login.php" "Mozilla/5.0 (X11; Linux x86_64) AppleWebKit/537.36 (KHTML, like Gecko) Chrome/119.0.0.0 Safari/537.36"
162.0.235.240 - - [14/Oct/2025:02:22:01 -0400] "GET /wp-content/plugins/contact-form-7-style/admin/predefined-templates.json HTTP/1.1" 200 1323 "-" "WordPress/6.8.3; https://batconpakistan.org"
86.54.24.140 - - [14/Oct/2025:02:22:00 -0400] "GET /wp-login.php?redirect_to=https%3A%2F%2Fbatconpakistan.org%2Fwp-admin%2F&reauth=1 HTTP/1.1" 200 1886 "http://batconpakistan.org/wp-login.php" "Mozilla/5.0 (X11; Linux x86_64) AppleWebKit/537.36 (KHTML, like Gecko) Chrome/119.0.0.0 Safari/537.36"
162.0.235.240 - - [14/Oct/2025:02:22:02 -0400] "GET /wp-content/plugins/contact-form-7-style/admin/predefined-templates.json HTTP/1.1" 200 1323 "-" "WordPress/6.8.3; https://batconpakistan.org"
86.54.24.140 - - [14/Oct/2025:02:22:01 -0400] "POST /wp-login.php HTTP/1.1" 200 2041 "http://batconpakistan.org/wp-login.php" "Mozilla/5.0 (X11; Linux x86_64) AppleWebKit/537.36 (KHTML, like Gecko) Chrome/119.0.0.0 Safari/537.36"
162.0.235.240 - - [14/Oct/2025:02:22:03 -0400] "GET /wp-content/plugins/contact-form-7-style/admin/predefined-templates.json HTTP/1.1" 200 1323 "-" "WordPress/6.8.3; https://batconpakistan.org"
86.54.24.140 - - [14/Oct/2025:02:22:02 -0400] "GET /wp-admin/ HTTP/1.1" 302 0 "http://batconpakistan.org/wp-login.php" "Mozilla/5.0 (X11; Linux x86_64) AppleWebKit/537.36 (KHTML, like Gecko) Chrome/119.0.0.0 Safari/537.36"
162.0.235.240 - - [14/Oct/2025:02:22:04 -0400] "GET /wp-content/plugins/contact-form-7-style/admin/predefined-templates.json HTTP/1.1" 200 1323 "-" "WordPress/6.8.3; https://batconpakistan.org"
162.0.235.240 - - [14/Oct/2025:02:22:05 -0400] "POST /wp-cron.php?doing_wp_cron=1760422925.1600050926208496093750 HTTP/1.1" 200 0 "-" "WordPress/6.8.3; https://batconpakistan.org"
86.54.24.140 - - [14/Oct/2025:02:22:04 -0400] "GET /wp-login.php?redirect_to=https%3A%2F%2Fbatconpakistan.org%2Fwp-admin%2F&reauth=1 HTTP/1.1" 200 1886 "http://batconpakistan.org/wp-login.php" "Mozilla/5.0 (X11; Linux x86_64) AppleWebKit/537.36 (KHTML, like Gecko) Chrome/119.0.0.0 Safari/537.36"
86.54.24.140 - - [14/Oct/2025:02:22:05 -0400] "POST /xmlrpc.php HTTP/1.1" 403 1242 "-" "Apache-HttpClient/4.5.13 (Java/11.0.28)"
162.0.235.240 - - [14/Oct/2025:02:22:05 -0400] "GET /wp-content/plugins/contact-form-7-style/admin/predefined-templates.json HTTP/1.1" 200 1323 "-" "WordPress/6.8.3; https://batconpakistan.org"
86.54.24.140 - - [14/Oct/2025:02:22:05 -0400] "GET /wp-login.php HTTP/1.1" 200 1885 "https://www.google.com" "Mozilla/5.0 (X11; Linux x86_64) AppleWebKit/537.36 (KHTML, like Gecko) Chrome/119.0.0.0 Safari/537.36"
162.0.235.240 - - [14/Oct/2025:02:22:06 -0400] "GET /wp-content/plugins/contact-form-7-style/admin/predefined-templates.json HTTP/1.1" 200 1323 "-" "WordPress/6.8.3; https://batconpakistan.org"
86.54.24.140 - - [14/Oct/2025:02:22:06 -0400] "POST /wp-login.php HTTP/1.1" 200 2041 "https://batconpakistan.org/wp-login.php" "Mozilla/5.0 (X11; Linux x86_64) AppleWebKit/537.36 (KHTML, like Gecko) Chrome/119.0.0.0 Safari/537.36"
162.0.235.240 - - [14/Oct/2025:02:22:07 -0400] "GET /wp-content/plugins/contact-form-7-style/admin/predefined-templates.json HTTP/1.1" 200 1323 "-" "WordPress/6.8.3; https://batconpakistan.org"
86.54.24.140 - - [14/Oct/2025:02:22:07 -0400] "GET /wp-admin/ HTTP/1.1" 302 0 "https://batconpakistan.org/wp-login.php" "Mozilla/5.0 (X11; Linux x86_64) AppleWebKit/537.36 (KHTML, like Gecko) Chrome/119.0.0.0 Safari/537.36"
162.0.235.240 - - [14/Oct/2025:02:22:08 -0400] "GET /wp-content/plugins/contact-form-7-style/admin/predefined-templates.json HTTP/1.1" 200 1323 "-" "WordPress/6.8.3; https://batconpakistan.org"
86.54.24.140 - - [14/Oct/2025:02:22:07 -0400] "GET /wp-login.php?redirect_to=https%3A%2F%2Fbatconpakistan.org%2Fwp-admin%2F&reauth=1 HTTP/1.1" 200 1886 "https://batconpakistan.org/wp-login.php" "Mozilla/5.0 (X11; Linux x86_64) AppleWebKit/537.36 (KHTML, like Gecko) Chrome/119.0.0.0 Safari/537.36"
86.54.24.140 - - [14/Oct/2025:02:23:10 -0400] "GET /wp-json/wp/v2/users HTTP/1.1" 403 1242 "https://www.google.com" "Mozilla/5.0 (X11; Linux x86_64) AppleWebKit/537.36 (KHTML, like Gecko) Chrome/119.0.0.0 Safari/537.36"
86.54.24.140 - - [14/Oct/2025:02:23:10 -0400] "GET /wp-json/wp/v2/users HTTP/1.1" 403 1242 "https://www.google.com" "Mozilla/5.0 (X11; Linux x86_64) AppleWebKit/537.36 (KHTML, like Gecko) Chrome/119.0.0.0 Safari/537.36"
86.54.24.140 - - [14/Oct/2025:02:23:11 -0400] "GET /?author=1 HTTP/1.1" 403 1242 "https://www.google.com" "Mozilla/5.0 (X11; Linux x86_64) AppleWebKit/537.36 (KHTML, like Gecko) Chrome/119.0.0.0 Safari/537.36"
86.54.24.140 - - [14/Oct/2025:02:23:12 -0400] "GET /wp-login.php HTTP/1.1" 200 1885 "https://www.google.com" "Mozilla/5.0 (X11; Linux x86_64) AppleWebKit/537.36 (KHTML, like Gecko) Chrome/119.0.0.0 Safari/537.36"
162.0.235.240 - - [14/Oct/2025:02:23:12 -0400] "GET /wp-content/plugins/contact-form-7-style/admin/predefined-templates.json HTTP/1.1" 200 1323 "-" "WordPress/6.8.3; https://batconpakistan.org"
162.0.235.240 - - [14/Oct/2025:02:23:13 -0400] "POST /wp-cron.php?doing_wp_cron=1760422993.2078189849853515625000 HTTP/1.1" 200 0 "-" "WordPress/6.8.3; https://batconpakistan.org"
86.54.24.140 - - [14/Oct/2025:02:23:12 -0400] "POST /wp-login.php HTTP/1.1" 200 2051 "http://batconpakistan.org/wp-login.php" "Mozilla/5.0 (X11; Linux x86_64) AppleWebKit/537.36 (KHTML, like Gecko) Chrome/119.0.0.0 Safari/537.36"
162.0.235.240 - - [14/Oct/2025:02:23:13 -0400] "GET /wp-content/plugins/contact-form-7-style/admin/predefined-templates.json HTTP/1.1" 200 1323 "-" "WordPress/6.8.3; https://batconpakistan.org"
162.0.235.240 - - [14/Oct/2025:02:23:14 -0400] "GET /wp-content/plugins/contact-form-7-style/admin/predefined-templates.json HTTP/1.1" 200 1323 "-" "WordPress/6.8.3; https://batconpakistan.org"
86.54.24.140 - - [14/Oct/2025:02:23:13 -0400] "GET /wp-admin/ HTTP/1.1" 302 0 "http://batconpakistan.org/wp-login.php" "Mozilla/5.0 (X11; Linux x86_64) AppleWebKit/537.36 (KHTML, like Gecko) Chrome/119.0.0.0 Safari/537.36"
162.0.235.240 - - [14/Oct/2025:02:23:15 -0400] "GET /wp-content/plugins/contact-form-7-style/admin/predefined-templates.json HTTP/1.1" 200 1323 "-" "WordPress/6.8.3; https://batconpakistan.org"
86.54.24.140 - - [14/Oct/2025:02:23:14 -0400] "GET /wp-login.php?redirect_to=https%3A%2F%2Fbatconpakistan.org%2Fwp-admin%2F&reauth=1 HTTP/1.1" 200 1886 "http://batconpakistan.org/wp-login.php" "Mozilla/5.0 (X11; Linux x86_64) AppleWebKit/537.36 (KHTML, like Gecko) Chrome/119.0.0.0 Safari/537.36"
162.0.235.240 - - [14/Oct/2025:02:23:16 -0400] "GET /wp-content/plugins/contact-form-7-style/admin/predefined-templates.json HTTP/1.1" 200 1323 "-" "WordPress/6.8.3; https://batconpakistan.org"
86.54.24.140 - - [14/Oct/2025:02:23:15 -0400] "POST /wp-login.php HTTP/1.1" 200 2041 "http://batconpakistan.org/wp-login.php" "Mozilla/5.0 (X11; Linux x86_64) AppleWebKit/537.36 (KHTML, like Gecko) Chrome/119.0.0.0 Safari/537.36"
162.0.235.240 - - [14/Oct/2025:02:23:17 -0400] "GET /wp-content/plugins/contact-form-7-style/admin/predefined-templates.json HTTP/1.1" 200 1323 "-" "WordPress/6.8.3; https://batconpakistan.org"
86.54.24.140 - - [14/Oct/2025:02:23:16 -0400] "GET /wp-admin/ HTTP/1.1" 302 0 "http://batconpakistan.org/wp-login.php" "Mozilla/5.0 (X11; Linux x86_64) AppleWebKit/537.36 (KHTML, like Gecko) Chrome/119.0.0.0 Safari/537.36"
162.0.235.240 - - [14/Oct/2025:02:23:18 -0400] "GET /wp-content/plugins/contact-form-7-style/admin/predefined-templates.json HTTP/1.1" 200 1323 "-" "WordPress/6.8.3; https://batconpakistan.org"
86.54.24.140 - - [14/Oct/2025:02:23:17 -0400] "GET /wp-login.php?redirect_to=https%3A%2F%2Fbatconpakistan.org%2Fwp-admin%2F&reauth=1 HTTP/1.1" 200 1886 "http://batconpakistan.org/wp-login.php" "Mozilla/5.0 (X11; Linux x86_64) AppleWebKit/537.36 (KHTML, like Gecko) Chrome/119.0.0.0 Safari/537.36"
86.54.24.140 - - [14/Oct/2025:02:23:19 -0400] "POST /xmlrpc.php HTTP/1.1" 403 1242 "-" "Apache-HttpClient/4.5.13 (Java/11.0.28)"
86.54.24.140 - - [14/Oct/2025:02:23:19 -0400] "GET /wp-login.php HTTP/1.1" 200 1885 "https://www.google.com" "Mozilla/5.0 (X11; Linux x86_64) AppleWebKit/537.36 (KHTML, like Gecko) Chrome/119.0.0.0 Safari/537.36"
162.0.235.240 - - [14/Oct/2025:02:23:20 -0400] "GET /wp-content/plugins/contact-form-7-style/admin/predefined-templates.json HTTP/1.1" 200 1323 "-" "WordPress/6.8.3; https://batconpakistan.org"
86.54.24.140 - - [14/Oct/2025:02:23:19 -0400] "POST /wp-login.php HTTP/1.1" 200 2041 "https://batconpakistan.org/wp-login.php" "Mozilla/5.0 (X11; Linux x86_64) AppleWebKit/537.36 (KHTML, like Gecko) Chrome/119.0.0.0 Safari/537.36"
162.0.235.240 - - [14/Oct/2025:02:23:21 -0400] "GET /wp-content/plugins/contact-form-7-style/admin/predefined-templates.json HTTP/1.1" 200 1323 "-" "WordPress/6.8.3; https://batconpakistan.org"
86.54.24.140 - - [14/Oct/2025:02:23:20 -0400] "GET /wp-admin/ HTTP/1.1" 302 0 "https://batconpakistan.org/wp-login.php" "Mozilla/5.0 (X11; Linux x86_64) AppleWebKit/537.36 (KHTML, like Gecko) Chrome/119.0.0.0 Safari/537.36"
162.0.235.240 - - [14/Oct/2025:02:23:22 -0400] "GET /wp-content/plugins/contact-form-7-style/admin/predefined-templates.json HTTP/1.1" 200 1323 "-" "WordPress/6.8.3; https://batconpakistan.org"
86.54.24.140 - - [14/Oct/2025:02:23:22 -0400] "GET /wp-login.php?redirect_to=https%3A%2F%2Fbatconpakistan.org%2Fwp-admin%2F&reauth=1 HTTP/1.1" 200 1886 "https://batconpakistan.org/wp-login.php" "Mozilla/5.0 (X11; Linux x86_64) AppleWebKit/537.36 (KHTML, like Gecko) Chrome/119.0.0.0 Safari/537.36"
86.54.24.140 - - [14/Oct/2025:02:23:43 -0400] "GET /wp-json/wp/v2/users HTTP/1.1" 403 1242 "https://www.google.com" "Mozilla/5.0 (X11; Linux x86_64) AppleWebKit/537.36 (KHTML, like Gecko) Chrome/119.0.0.0 Safari/537.36"
86.54.24.140 - - [14/Oct/2025:02:23:43 -0400] "GET /wp-json/wp/v2/users HTTP/1.1" 403 1242 "https://www.google.com" "Mozilla/5.0 (X11; Linux x86_64) AppleWebKit/537.36 (KHTML, like Gecko) Chrome/119.0.0.0 Safari/537.36"
86.54.24.140 - - [14/Oct/2025:02:23:44 -0400] "GET /?author=1 HTTP/1.1" 403 1242 "https://www.google.com" "Mozilla/5.0 (X11; Linux x86_64) AppleWebKit/537.36 (KHTML, like Gecko) Chrome/119.0.0.0 Safari/537.36"
86.54.24.140 - - [14/Oct/2025:02:23:44 -0400] "GET /wp-login.php HTTP/1.1" 200 1885 "https://www.google.com" "Mozilla/5.0 (X11; Linux x86_64) AppleWebKit/537.36 (KHTML, like Gecko) Chrome/119.0.0.0 Safari/537.36"
162.0.235.240 - - [14/Oct/2025:02:23:45 -0400] "GET /wp-content/plugins/contact-form-7-style/admin/predefined-templates.json HTTP/1.1" 200 1323 "-" "WordPress/6.8.3; https://batconpakistan.org"
162.0.235.240 - - [14/Oct/2025:02:23:46 -0400] "POST /wp-cron.php?doing_wp_cron=1760423026.1633191108703613281250 HTTP/1.1" 200 0 "-" "WordPress/6.8.3; https://batconpakistan.org"
86.54.24.140 - - [14/Oct/2025:02:23:44 -0400] "POST /wp-login.php HTTP/1.1" 200 2051 "http://batconpakistan.org/wp-login.php" "Mozilla/5.0 (X11; Linux x86_64) AppleWebKit/537.36 (KHTML, like Gecko) Chrome/119.0.0.0 Safari/537.36"
162.0.235.240 - - [14/Oct/2025:02:23:46 -0400] "GET /wp-content/plugins/contact-form-7-style/admin/predefined-templates.json HTTP/1.1" 200 1323 "-" "WordPress/6.8.3; https://batconpakistan.org"
162.0.235.240 - - [14/Oct/2025:02:23:47 -0400] "GET /wp-content/plugins/contact-form-7-style/admin/predefined-templates.json HTTP/1.1" 200 1323 "-" "WordPress/6.8.3; https://batconpakistan.org"
86.54.24.140 - - [14/Oct/2025:02:23:46 -0400] "GET /wp-admin/ HTTP/1.1" 302 0 "http://batconpakistan.org/wp-login.php" "Mozilla/5.0 (X11; Linux x86_64) AppleWebKit/537.36 (KHTML, like Gecko) Chrome/119.0.0.0 Safari/537.36"
162.0.235.240 - - [14/Oct/2025:02:23:49 -0400] "GET /wp-content/plugins/contact-form-7-style/admin/predefined-templates.json HTTP/1.1" 200 1323 "-" "WordPress/6.8.3; https://batconpakistan.org"
162.0.235.240 - - [14/Oct/2025:02:23:49 -0400] "POST /wp-cron.php?doing_wp_cron=1760423029.4660429954528808593750 HTTP/1.1" 200 0 "-" "WordPress/6.8.3; https://batconpakistan.org"
86.54.24.140 - - [14/Oct/2025:02:23:48 -0400] "GET /wp-login.php?redirect_to=https%3A%2F%2Fbatconpakistan.org%2Fwp-admin%2F&reauth=1 HTTP/1.1" 200 1886 "http://batconpakistan.org/wp-login.php" "Mozilla/5.0 (X11; Linux x86_64) AppleWebKit/537.36 (KHTML, like Gecko) Chrome/119.0.0.0 Safari/537.36"
162.0.235.240 - - [14/Oct/2025:02:23:49 -0400] "GET /wp-content/plugins/contact-form-7-style/admin/predefined-templates.json HTTP/1.1" 200 1323 "-" "WordPress/6.8.3; https://batconpakistan.org"
162.0.235.240 - - [14/Oct/2025:02:23:50 -0400] "GET /wp-content/plugins/contact-form-7-style/admin/predefined-templates.json HTTP/1.1" 200 1323 "-" "WordPress/6.8.3; https://batconpakistan.org"
86.54.24.140 - - [14/Oct/2025:02:23:49 -0400] "POST /wp-login.php HTTP/1.1" 200 2041 "http://batconpakistan.org/wp-login.php" "Mozilla/5.0 (X11; Linux x86_64) AppleWebKit/537.36 (KHTML, like Gecko) Chrome/119.0.0.0 Safari/537.36"
162.0.235.240 - - [14/Oct/2025:02:23:51 -0400] "GET /wp-content/plugins/contact-form-7-style/admin/predefined-templates.json HTTP/1.1" 200 1323 "-" "WordPress/6.8.3; https://batconpakistan.org"
86.54.24.140 - - [14/Oct/2025:02:23:51 -0400] "GET /wp-admin/ HTTP/1.1" 302 0 "http://batconpakistan.org/wp-login.php" "Mozilla/5.0 (X11; Linux x86_64) AppleWebKit/537.36 (KHTML, like Gecko) Chrome/119.0.0.0 Safari/537.36"
162.0.235.240 - - [14/Oct/2025:02:23:53 -0400] "GET /wp-content/plugins/contact-form-7-style/admin/predefined-templates.json HTTP/1.1" 200 1323 "-" "WordPress/6.8.3; https://batconpakistan.org"
86.54.24.140 - - [14/Oct/2025:02:23:52 -0400] "GET /wp-login.php?redirect_to=https%3A%2F%2Fbatconpakistan.org%2Fwp-admin%2F&reauth=1 HTTP/1.1" 200 1886 "http://batconpakistan.org/wp-login.php" "Mozilla/5.0 (X11; Linux x86_64) AppleWebKit/537.36 (KHTML, like Gecko) Chrome/119.0.0.0 Safari/537.36"
86.54.24.140 - - [14/Oct/2025:02:23:54 -0400] "POST /xmlrpc.php HTTP/1.1" 403 1242 "-" "Apache-HttpClient/4.5.13 (Java/11.0.28)"
86.54.24.140 - - [14/Oct/2025:02:23:54 -0400] "GET /wp-login.php HTTP/1.1" 200 1885 "https://www.google.com" "Mozilla/5.0 (X11; Linux x86_64) AppleWebKit/537.36 (KHTML, like Gecko) Chrome/119.0.0.0 Safari/537.36"
162.0.235.240 - - [14/Oct/2025:02:23:55 -0400] "GET /wp-content/plugins/contact-form-7-style/admin/predefined-templates.json HTTP/1.1" 200 1323 "-" "WordPress/6.8.3; https://batconpakistan.org"
86.54.24.140 - - [14/Oct/2025:02:23:54 -0400] "POST /wp-login.php HTTP/1.1" 200 2041 "https://batconpakistan.org/wp-login.php" "Mozilla/5.0 (X11; Linux x86_64) AppleWebKit/537.36 (KHTML, like Gecko) Chrome/119.0.0.0 Safari/537.36"
162.0.235.240 - - [14/Oct/2025:02:23:56 -0400] "GET /wp-content/plugins/contact-form-7-style/admin/predefined-templates.json HTTP/1.1" 200 1323 "-" "WordPress/6.8.3; https://batconpakistan.org"
86.54.24.140 - - [14/Oct/2025:02:23:55 -0400] "GET /wp-admin/ HTTP/1.1" 302 0 "https://batconpakistan.org/wp-login.php" "Mozilla/5.0 (X11; Linux x86_64) AppleWebKit/537.36 (KHTML, like Gecko) Chrome/119.0.0.0 Safari/537.36"
162.0.235.240 - - [14/Oct/2025:02:23:57 -0400] "GET /wp-content/plugins/contact-form-7-style/admin/predefined-templates.json HTTP/1.1" 200 1323 "-" "WordPress/6.8.3; https://batconpakistan.org"
162.0.235.240 - - [14/Oct/2025:02:23:58 -0400] "POST /wp-cron.php?doing_wp_cron=1760423038.1620140075683593750000 HTTP/1.1" 200 0 "-" "WordPress/6.8.3; https://batconpakistan.org"
86.54.24.140 - - [14/Oct/2025:02:23:57 -0400] "GET /wp-login.php?redirect_to=https%3A%2F%2Fbatconpakistan.org%2Fwp-admin%2F&reauth=1 HTTP/1.1" 200 1886 "https://batconpakistan.org/wp-login.php" "Mozilla/5.0 (X11; Linux x86_64) AppleWebKit/537.36 (KHTML, like Gecko) Chrome/119.0.0.0 Safari/537.36"
162.0.235.240 - - [14/Oct/2025:02:23:58 -0400] "GET /wp-content/plugins/contact-form-7-style/admin/predefined-templates.json HTTP/1.1" 200 1323 "-" "WordPress/6.8.3; https://batconpakistan.org"
86.54.24.140 - - [14/Oct/2025:02:24:00 -0400] "GET /wp-json/wp/v2/users HTTP/1.1" 403 1242 "https://www.google.com" "Mozilla/5.0 (X11; Linux x86_64) AppleWebKit/537.36 (KHTML, like Gecko) Chrome/119.0.0.0 Safari/537.36"
86.54.24.140 - - [14/Oct/2025:02:24:01 -0400] "GET /wp-json/wp/v2/users HTTP/1.1" 403 1242 "https://www.google.com" "Mozilla/5.0 (X11; Linux x86_64) AppleWebKit/537.36 (KHTML, like Gecko) Chrome/119.0.0.0 Safari/537.36"
86.54.24.140 - - [14/Oct/2025:02:24:01 -0400] "GET /?author=1 HTTP/1.1" 403 1242 "https://www.google.com" "Mozilla/5.0 (X11; Linux x86_64) AppleWebKit/537.36 (KHTML, like Gecko) Chrome/119.0.0.0 Safari/537.36"
86.54.24.140 - - [14/Oct/2025:02:24:01 -0400] "GET /wp-login.php HTTP/1.1" 200 1885 "https://www.google.com" "Mozilla/5.0 (X11; Linux x86_64) AppleWebKit/537.36 (KHTML, like Gecko) Chrome/119.0.0.0 Safari/537.36"
162.0.235.240 - - [14/Oct/2025:02:24:02 -0400] "GET /wp-content/plugins/contact-form-7-style/admin/predefined-templates.json HTTP/1.1" 200 1323 "-" "WordPress/6.8.3; https://batconpakistan.org"
86.54.24.140 - - [14/Oct/2025:02:24:01 -0400] "POST /wp-login.php HTTP/1.1" 200 2051 "http://batconpakistan.org/wp-login.php" "Mozilla/5.0 (X11; Linux x86_64) AppleWebKit/537.36 (KHTML, like Gecko) Chrome/119.0.0.0 Safari/537.36"
162.0.235.240 - - [14/Oct/2025:02:24:03 -0400] "GET /wp-content/plugins/contact-form-7-style/admin/predefined-templates.json HTTP/1.1" 200 1323 "-" "WordPress/6.8.3; https://batconpakistan.org"
86.54.24.140 - - [14/Oct/2025:02:24:03 -0400] "GET /wp-admin/ HTTP/1.1" 302 0 "http://batconpakistan.org/wp-login.php" "Mozilla/5.0 (X11; Linux x86_64) AppleWebKit/537.36 (KHTML, like Gecko) Chrome/119.0.0.0 Safari/537.36"
162.0.235.240 - - [14/Oct/2025:02:24:05 -0400] "GET /wp-content/plugins/contact-form-7-style/admin/predefined-templates.json HTTP/1.1" 200 1323 "-" "WordPress/6.8.3; https://batconpakistan.org"
162.0.235.240 - - [14/Oct/2025:02:24:05 -0400] "POST /wp-cron.php?doing_wp_cron=1760423045.7244908809661865234375 HTTP/1.1" 200 0 "-" "WordPress/6.8.3; https://batconpakistan.org"
86.54.24.140 - - [14/Oct/2025:02:24:04 -0400] "GET /wp-login.php?redirect_to=https%3A%2F%2Fbatconpakistan.org%2Fwp-admin%2F&reauth=1 HTTP/1.1" 200 1886 "http://batconpakistan.org/wp-login.php" "Mozilla/5.0 (X11; Linux x86_64) AppleWebKit/537.36 (KHTML, like Gecko) Chrome/119.0.0.0 Safari/537.36"
162.0.235.240 - - [14/Oct/2025:02:24:06 -0400] "GET /wp-content/plugins/contact-form-7-style/admin/predefined-templates.json HTTP/1.1" 200 1323 "-" "WordPress/6.8.3; https://batconpakistan.org"
162.0.235.240 - - [14/Oct/2025:02:24:07 -0400] "GET /wp-content/plugins/contact-form-7-style/admin/predefined-templates.json HTTP/1.1" 200 1323 "-" "WordPress/6.8.3; https://batconpakistan.org"
86.54.24.140 - - [14/Oct/2025:02:24:06 -0400] "POST /wp-login.php HTTP/1.1" 200 2041 "http://batconpakistan.org/wp-login.php" "Mozilla/5.0 (X11; Linux x86_64) AppleWebKit/537.36 (KHTML, like Gecko) Chrome/119.0.0.0 Safari/537.36"
162.0.235.240 - - [14/Oct/2025:02:24:08 -0400] "GET /wp-content/plugins/contact-form-7-style/admin/predefined-templates.json HTTP/1.1" 200 1323 "-" "WordPress/6.8.3; https://batconpakistan.org"
86.54.24.140 - - [14/Oct/2025:02:24:07 -0400] "GET /wp-admin/ HTTP/1.1" 302 0 "http://batconpakistan.org/wp-login.php" "Mozilla/5.0 (X11; Linux x86_64) AppleWebKit/537.36 (KHTML, like Gecko) Chrome/119.0.0.0 Safari/537.36"
162.0.235.240 - - [14/Oct/2025:02:24:09 -0400] "GET /wp-content/plugins/contact-form-7-style/admin/predefined-templates.json HTTP/1.1" 200 1323 "-" "WordPress/6.8.3; https://batconpakistan.org"
86.54.24.140 - - [14/Oct/2025:02:24:08 -0400] "GET /wp-login.php?redirect_to=https%3A%2F%2Fbatconpakistan.org%2Fwp-admin%2F&reauth=1 HTTP/1.1" 200 1886 "http://batconpakistan.org/wp-login.php" "Mozilla/5.0 (X11; Linux x86_64) AppleWebKit/537.36 (KHTML, like Gecko) Chrome/119.0.0.0 Safari/537.36"
86.54.24.140 - - [14/Oct/2025:02:24:10 -0400] "POST /xmlrpc.php HTTP/1.1" 403 1242 "-" "Apache-HttpClient/4.5.13 (Java/11.0.28)"
86.54.24.140 - - [14/Oct/2025:02:24:10 -0400] "GET /wp-login.php HTTP/1.1" 200 1885 "https://www.google.com" "Mozilla/5.0 (X11; Linux x86_64) AppleWebKit/537.36 (KHTML, like Gecko) Chrome/119.0.0.0 Safari/537.36"
162.0.235.240 - - [14/Oct/2025:02:24:11 -0400] "GET /wp-content/plugins/contact-form-7-style/admin/predefined-templates.json HTTP/1.1" 200 1323 "-" "WordPress/6.8.3; https://batconpakistan.org"
86.54.24.140 - - [14/Oct/2025:02:24:10 -0400] "POST /wp-login.php HTTP/1.1" 200 2041 "https://batconpakistan.org/wp-login.php" "Mozilla/5.0 (X11; Linux x86_64) AppleWebKit/537.36 (KHTML, like Gecko) Chrome/119.0.0.0 Safari/537.36"
162.0.235.240 - - [14/Oct/2025:02:24:12 -0400] "GET /wp-content/plugins/contact-form-7-style/admin/predefined-templates.json HTTP/1.1" 200 1323 "-" "WordPress/6.8.3; https://batconpakistan.org"
86.54.24.140 - - [14/Oct/2025:02:24:11 -0400] "GET /wp-admin/ HTTP/1.1" 302 0 "https://batconpakistan.org/wp-login.php" "Mozilla/5.0 (X11; Linux x86_64) AppleWebKit/537.36 (KHTML, like Gecko) Chrome/119.0.0.0 Safari/537.36"
162.0.235.240 - - [14/Oct/2025:02:24:13 -0400] "GET /wp-content/plugins/contact-form-7-style/admin/predefined-templates.json HTTP/1.1" 200 1323 "-" "WordPress/6.8.3; https://batconpakistan.org"
86.54.24.140 - - [14/Oct/2025:02:24:12 -0400] "GET /wp-login.php?redirect_to=https%3A%2F%2Fbatconpakistan.org%2Fwp-admin%2F&reauth=1 HTTP/1.1" 200 1886 "https://batconpakistan.org/wp-login.php" "Mozilla/5.0 (X11; Linux x86_64) AppleWebKit/537.36 (KHTML, like Gecko) Chrome/119.0.0.0 Safari/537.36"
86.54.24.140 - - [14/Oct/2025:02:24:19 -0400] "GET /wp-json/wp/v2/users HTTP/1.1" 403 1242 "https://www.google.com" "Mozilla/5.0 (X11; Linux x86_64) AppleWebKit/537.36 (KHTML, like Gecko) Chrome/119.0.0.0 Safari/537.36"
86.54.24.140 - - [14/Oct/2025:02:24:19 -0400] "GET /wp-json/wp/v2/users HTTP/1.1" 403 1242 "https://www.google.com" "Mozilla/5.0 (X11; Linux x86_64) AppleWebKit/537.36 (KHTML, like Gecko) Chrome/119.0.0.0 Safari/537.36"
86.54.24.140 - - [14/Oct/2025:02:24:19 -0400] "GET /?author=1 HTTP/1.1" 403 1242 "https://www.google.com" "Mozilla/5.0 (X11; Linux x86_64) AppleWebKit/537.36 (KHTML, like Gecko) Chrome/119.0.0.0 Safari/537.36"
86.54.24.140 - - [14/Oct/2025:02:24:20 -0400] "GET /wp-login.php HTTP/1.1" 200 1885 "https://www.google.com" "Mozilla/5.0 (X11; Linux x86_64) AppleWebKit/537.36 (KHTML, like Gecko) Chrome/119.0.0.0 Safari/537.36"
86.54.24.140 - - [14/Oct/2025:02:24:21 -0400] "POST /xmlrpc.php HTTP/1.1" 403 1242 "-" "Apache-HttpClient/4.5.13 (Java/11.0.28)"
86.54.24.140 - - [14/Oct/2025:02:24:21 -0400] "GET /wp-login.php HTTP/1.1" 200 1885 "https://www.google.com" "Mozilla/5.0 (X11; Linux x86_64) AppleWebKit/537.36 (KHTML, like Gecko) Chrome/119.0.0.0 Safari/537.36"
162.0.235.240 - - [14/Oct/2025:02:28:11 -0400] "GET /wp-content/plugins/contact-form-7-style/admin/predefined-templates.json HTTP/1.1" 200 1323 "-" "WordPress/6.8.3; https://batconpakistan.org"
162.0.235.240 - - [14/Oct/2025:02:28:13 -0400] "POST /wp-cron.php?doing_wp_cron=1760423293.0160620212554931640625 HTTP/1.1" 200 0 "-" "WordPress/6.8.3; https://batconpakistan.org"
20.40.40.110 - - [14/Oct/2025:02:28:06 -0400] "POST /wp-login.php HTTP/1.1" 200 2041 "-" "Mozilla/5.0"
162.0.235.240 - - [14/Oct/2025:02:28:13 -0400] "GET /wp-content/plugins/contact-form-7-style/admin/predefined-templates.json HTTP/1.1" 200 1323 "-" "WordPress/6.8.3; https://batconpakistan.org"
196.46.182.134 - - [14/Oct/2025:02:29:29 -0400] "GET /wp-content/uploads/2021/01/Bats_02.jpg HTTP/1.1" 200 311431 "https://www.bing.com/" "Mozilla/5.0 (Windows NT 10.0; Win64; x64) AppleWebKit/537.36 (KHTML, like Gecko) Chrome/141.0.0.0 Safari/537.36 Edg/141.0.0.0"
66.249.66.70 - - [14/Oct/2025:02:32:12 -0400] "GET /wp-login.php HTTP/1.1" 200 1885 "-" "Mozilla/5.0 (Linux; Android 6.0.1; Nexus 5X Build/MMB29P) AppleWebKit/537.36 (KHTML, like Gecko) Chrome/99.0.4844.84 Mobile Safari/537.36 (compatible; Googlebot/2.1; +http://www.google.com/bot.html)"
66.249.66.70 - - [14/Oct/2025:02:32:13 -0400] "GET /wp-login.php HTTP/1.1" 200 1885 "-" "Mozilla/5.0 (compatible; Googlebot/2.1; +http://www.google.com/bot.html)"
66.249.66.72 - - [14/Oct/2025:02:32:13 -0400] "GET /wp-includes/css/buttons.min.css?ver=6.8.3 HTTP/1.1" 200 1275 "https://batconpakistan.org/wp-login.php" "Mozilla/5.0 AppleWebKit/537.36 (KHTML, like Gecko; compatible; Googlebot/2.1; +http://www.google.com/bot.html) Chrome/140.0.7339.207 Safari/537.36"
66.249.66.72 - - [14/Oct/2025:02:32:13 -0400] "GET /wp-includes/js/underscore.min.js?ver=1.13.7 HTTP/1.1" 200 7185 "https://batconpakistan.org/wp-login.php" "Mozilla/5.0 AppleWebKit/537.36 (KHTML, like Gecko; compatible; Googlebot/2.1; +http://www.google.com/bot.html) Chrome/140.0.7339.207 Safari/537.36"
66.249.66.71 - - [14/Oct/2025:02:32:14 -0400] "GET /wp-includes/js/wp-util.min.js?ver=6.8.3 HTTP/1.1" 200 690 "https://batconpakistan.org/wp-login.php" "Mozilla/5.0 AppleWebKit/537.36 (KHTML, like Gecko; compatible; Googlebot/2.1; +http://www.google.com/bot.html) Chrome/140.0.7339.207 Safari/537.36"
66.249.66.70 - - [14/Oct/2025:02:32:14 -0400] "GET /wp-includes/js/clipboard.min.js?ver=2.0.11 HTTP/1.1" 200 2989 "https://batconpakistan.org/wp-login.php" "Mozilla/5.0 AppleWebKit/537.36 (KHTML, like Gecko; compatible; Googlebot/2.1; +http://www.google.com/bot.html) Chrome/140.0.7339.207 Safari/537.36"
66.249.66.72 - - [14/Oct/2025:02:32:15 -0400] "GET /wp-includes/js/dist/dom-ready.min.js?ver=f77871ff7694fffea381 HTTP/1.1" 200 275 "https://batconpakistan.org/wp-login.php" "Mozilla/5.0 AppleWebKit/537.36 (KHTML, like Gecko; compatible; Googlebot/2.1; +http://www.google.com/bot.html) Chrome/140.0.7339.207 Safari/537.36"
66.249.66.70 - - [14/Oct/2025:02:32:16 -0400] "GET /wp-includes/js/zxcvbn-async.min.js?ver=1.0 HTTP/1.1" 200 187 "https://batconpakistan.org/wp-login.php" "Mozilla/5.0 AppleWebKit/537.36 (KHTML, like Gecko; compatible; Googlebot/2.1; +http://www.google.com/bot.html) Chrome/140.0.7339.207 Safari/537.36"
66.249.66.71 - - [14/Oct/2025:02:32:16 -0400] "GET /wp-includes/js/dist/a11y.min.js?ver=3156534cc54473497e14 HTTP/1.1" 200 827 "https://batconpakistan.org/wp-login.php" "Mozilla/5.0 AppleWebKit/537.36 (KHTML, like Gecko; compatible; Googlebot/2.1; +http://www.google.com/bot.html) Chrome/140.0.7339.207 Safari/537.36"
66.249.66.71 - - [14/Oct/2025:02:32:18 -0400] "GET /wp-includes/js/zxcvbn.min.js HTTP/1.1" 200 389493 "https://batconpakistan.org/wp-login.php" "Mozilla/5.0 AppleWebKit/537.36 (KHTML, like Gecko; compatible; Googlebot/2.1; +http://www.google.com/bot.html) Chrome/140.0.7339.207 Safari/537.36"
20.194.1.5 - - [14/Oct/2025:02:33:03 -0400] "GET /campaigns/ HTTP/1.1" 200 19941 "-" "Mozilla/5.0 AppleWebKit/537.36 (KHTML, like Gecko); compatible; ChatGPT-User/1.0; +https://openai.com/bot"
85.208.96.210 - - [14/Oct/2025:02:36:34 -0400] "GET /robots.txt HTTP/1.1" 304 0 "-" "Mozilla/5.0 (compatible; SemrushBot/7~bl; +http://www.semrush.com/bot.html)"
162.0.235.240 - - [14/Oct/2025:02:36:41 -0400] "GET /wp-content/plugins/contact-form-7-style/admin/predefined-templates.json HTTP/1.1" 200 1323 "-" "WordPress/6.8.3; https://batconpakistan.org"
162.0.235.240 - - [14/Oct/2025:02:36:42 -0400] "POST /wp-cron.php?doing_wp_cron=1760423802.5692770481109619140625 HTTP/1.1" 200 0 "-" "WordPress/6.8.3; https://batconpakistan.org"
162.0.235.240 - - [14/Oct/2025:02:36:43 -0400] "GET /wp-content/plugins/contact-form-7-style/admin/predefined-templates.json HTTP/1.1" 200 1323 "-" "WordPress/6.8.3; https://batconpakistan.org"
