17.22.245.184 - - [13/Oct/2025:11:42:15 -0400] "GET /2021/01/03/south-asian-scientists-and-conservationists-bust-myths-about-bats-and-covid-19/ HTTP/1.1" 200 28459 "-" "Mozilla/5.0 (Macintosh; Intel Mac OS X 10_15_7) AppleWebKit/605.1.15 (KHTML, like Gecko) Version/17.4 Safari/605.1.15 (Applebot/0.1; +http://www.apple.com/go/applebot)"
47.128.121.71 - - [13/Oct/2025:11:45:20 -0400] "GET /robots.txt HTTP/1.1" 200 183 "-" "Go-http-client/2.0"
17.22.253.218 - - [13/Oct/2025:11:48:46 -0400] "GET /wp-content/uploads/dynamic-mobmenu.css?ver=2.8.8-252 HTTP/1.1" 200 1744 "https://batconpakistan.org/2021/01/03/south-asian-scientists-and-conservationists-bust-myths-about-bats-and-covid-19/" "Mozilla/5.0 (Macintosh; Intel Mac OS X 10_15_7) AppleWebKit/605.1.15 (KHTML, like Gecko) Version/17.4 Safari/605.1.15 (Applebot/0.1; +http://www.apple.com/go/applebot)"
17.22.245.238 - - [13/Oct/2025:11:48:47 -0400] "GET /wp-includes/js/comment-reply.min.js?ver=6.8.3 HTTP/1.1" 304 0 "https://batconpakistan.org/2021/01/03/south-asian-scientists-and-conservationists-bust-myths-about-bats-and-covid-19/" "Mozilla/5.0 (Macintosh; Intel Mac OS X 10_15_7) AppleWebKit/605.1.15 (KHTML, like Gecko) Version/17.4 Safari/605.1.15 (Applebot/0.1; +http://www.apple.com/go/applebot)"
17.22.253.36 - - [13/Oct/2025:11:48:47 -0400] "GET /wp-content/plugins/woocommerce/assets/js/frontend/order-attribution.min.js?ver=10.2.2 HTTP/1.1" 304 0 "https://batconpakistan.org/2021/01/03/south-asian-scientists-and-conservationists-bust-myths-about-bats-and-covid-19/" "Mozilla/5.0 (Macintosh; Intel Mac OS X 10_15_7) AppleWebKit/605.1.15 (KHTML, like Gecko) Version/17.4 Safari/605.1.15 (Applebot/0.1; +http://www.apple.com/go/applebot)"
17.22.245.87 - - [13/Oct/2025:11:48:48 -0400] "GET /wp-content/themes/born-to-give/vendor/fullcalendar/fullcalendar.min.js?ver=2.3.1.8 HTTP/1.1" 304 0 "https://batconpakistan.org/2021/01/03/south-asian-scientists-and-conservationists-bust-myths-about-bats-and-covid-19/" "Mozilla/5.0 (Macintosh; Intel Mac OS X 10_15_7) AppleWebKit/605.1.15 (KHTML, like Gecko) Version/17.4 Safari/605.1.15 (Applebot/0.1; +http://www.apple.com/go/applebot)"
17.22.237.183 - - [13/Oct/2025:11:48:48 -0400] "GET /wp-content/plugins/woocommerce/assets/js/sourcebuster/sourcebuster.min.js?ver=10.2.2 HTTP/1.1" 304 0 "https://batconpakistan.org/2021/01/03/south-asian-scientists-and-conservationists-bust-myths-about-bats-and-covid-19/" "Mozilla/5.0 (Macintosh; Intel Mac OS X 10_15_7) AppleWebKit/605.1.15 (KHTML, like Gecko) Version/17.4 Safari/605.1.15 (Applebot/0.1; +http://www.apple.com/go/applebot)"
17.22.253.36 - - [13/Oct/2025:11:48:48 -0400] "GET /wp-content/themes/born-to-give/vendor/owl-carousel/js/owl.carousel.min.js?ver=2.3.1.8 HTTP/1.1" 304 0 "https://batconpakistan.org/2021/01/03/south-asian-scientists-and-conservationists-bust-myths-about-bats-and-covid-19/" "Mozilla/5.0 (Macintosh; Intel Mac OS X 10_15_7) AppleWebKit/605.1.15 (KHTML, like Gecko) Version/17.4 Safari/605.1.15 (Applebot/0.1; +http://www.apple.com/go/applebot)"
17.22.237.212 - - [13/Oct/2025:11:48:48 -0400] "GET /wp-includes/js/dist/hooks.min.js?ver=4d63a3d491d11ffd8ac6 HTTP/1.1" 304 0 "https://batconpakistan.org/2021/01/03/south-asian-scientists-and-conservationists-bust-myths-about-bats-and-covid-19/" "Mozilla/5.0 (Macintosh; Intel Mac OS X 10_15_7) AppleWebKit/605.1.15 (KHTML, like Gecko) Version/17.4 Safari/605.1.15 (Applebot/0.1; +http://www.apple.com/go/applebot)"
17.22.253.218 - - [13/Oct/2025:11:48:48 -0400] "GET /wp-content/themes/born-to-give/vendor/magnific/jquery.magnific-popup.min.js?ver=2.3.1.8 HTTP/1.1" 304 0 "https://batconpakistan.org/2021/01/03/south-asian-scientists-and-conservationists-bust-myths-about-bats-and-covid-19/" "Mozilla/5.0 (Macintosh; Intel Mac OS X 10_15_7) AppleWebKit/605.1.15 (KHTML, like Gecko) Version/17.4 Safari/605.1.15 (Applebot/0.1; +http://www.apple.com/go/applebot)"
17.22.237.212 - - [13/Oct/2025:11:48:49 -0400] "GET /wp-content/plugins/autoptimize/classes/external/js/lazysizes.min.js?ao_version=3.1.13 HTTP/1.1" 304 0 "https://batconpakistan.org/2021/01/03/south-asian-scientists-and-conservationists-bust-myths-about-bats-and-covid-19/" "Mozilla/5.0 (Macintosh; Intel Mac OS X 10_15_7) AppleWebKit/605.1.15 (KHTML, like Gecko) Version/17.4 Safari/605.1.15 (Applebot/0.1; +http://www.apple.com/go/applebot)"
17.22.237.127 - - [13/Oct/2025:11:48:49 -0400] "GET /wp-content/plugins/charitable/assets/js/charitable-frontend.min.js?ver=1.8.8.3 HTTP/1.1" 304 0 "https://batconpakistan.org/2021/01/03/south-asian-scientists-and-conservationists-bust-myths-about-bats-and-covid-19/" "Mozilla/5.0 (Macintosh; Intel Mac OS X 10_15_7) AppleWebKit/605.1.15 (KHTML, like Gecko) Version/17.4 Safari/605.1.15 (Applebot/0.1; +http://www.apple.com/go/applebot)"
17.22.253.218 - - [13/Oct/2025:11:48:49 -0400] "GET /wp-content/plugins/woocommerce/assets/js/frontend/woocommerce.min.js?ver=10.2.2 HTTP/1.1" 304 0 "https://batconpakistan.org/2021/01/03/south-asian-scientists-and-conservationists-bust-myths-about-bats-and-covid-19/" "Mozilla/5.0 (Macintosh; Intel Mac OS X 10_15_7) AppleWebKit/605.1.15 (KHTML, like Gecko) Version/17.4 Safari/605.1.15 (Applebot/0.1; +http://www.apple.com/go/applebot)"
17.22.253.159 - - [13/Oct/2025:11:48:50 -0400] "GET /wp-includes/js/dist/i18n.min.js?ver=5e580eb46a90c2b997e6 HTTP/1.1" 304 0 "https://batconpakistan.org/2021/01/03/south-asian-scientists-and-conservationists-bust-myths-about-bats-and-covid-19/" "Mozilla/5.0 (Macintosh; Intel Mac OS X 10_15_7) AppleWebKit/605.1.15 (KHTML, like Gecko) Version/17.4 Safari/605.1.15 (Applebot/0.1; +http://www.apple.com/go/applebot)"
17.22.253.100 - - [13/Oct/2025:11:48:50 -0400] "GET /wp-content/plugins/revslider/public/assets/js/jquery.themepunch.revolution.min.js?ver=5.3.1.5 HTTP/1.1" 304 0 "https://batconpakistan.org/2021/01/03/south-asian-scientists-and-conservationists-bust-myths-about-bats-and-covid-19/" "Mozilla/5.0 (Macintosh; Intel Mac OS X 10_15_7) AppleWebKit/605.1.15 (KHTML, like Gecko) Version/17.4 Safari/605.1.15 (Applebot/0.1; +http://www.apple.com/go/applebot)"
17.22.253.121 - - [13/Oct/2025:11:48:50 -0400] "GET /wp-content/plugins/contact-form-7-style/js/frontend-min.js?ver=3.1.9 HTTP/1.1" 304 0 "https://batconpakistan.org/2021/01/03/south-asian-scientists-and-conservationists-bust-myths-about-bats-and-covid-19/" "Mozilla/5.0 (Macintosh; Intel Mac OS X 10_15_7) AppleWebKit/605.1.15 (KHTML, like Gecko) Version/17.4 Safari/605.1.15 (Applebot/0.1; +http://www.apple.com/go/applebot)"
17.22.237.127 - - [13/Oct/2025:11:48:50 -0400] "GET /wp-content/plugins/woocommerce/assets/js/frontend/add-to-cart.min.js?ver=10.2.2 HTTP/1.1" 304 0 "https://batconpakistan.org/2021/01/03/south-asian-scientists-and-conservationists-bust-myths-about-bats-and-covid-19/" "Mozilla/5.0 (Macintosh; Intel Mac OS X 10_15_7) AppleWebKit/605.1.15 (KHTML, like Gecko) Version/17.4 Safari/605.1.15 (Applebot/0.1; +http://www.apple.com/go/applebot)"
17.22.253.100 - - [13/Oct/2025:11:48:50 -0400] "GET /wp-content/plugins/revslider/public/assets/js/jquery.themepunch.tools.min.js?ver=5.3.1.5 HTTP/1.1" 304 0 "https://batconpakistan.org/2021/01/03/south-asian-scientists-and-conservationists-bust-myths-about-bats-and-covid-19/" "Mozilla/5.0 (Macintosh; Intel Mac OS X 10_15_7) AppleWebKit/605.1.15 (KHTML, like Gecko) Version/17.4 Safari/605.1.15 (Applebot/0.1; +http://www.apple.com/go/applebot)"
17.22.253.218 - - [13/Oct/2025:11:48:51 -0400] "GET /wp-content/plugins/woocommerce/assets/js/jquery-blockui/jquery.blockUI.min.js?ver=2.7.0-wc.10.2.2 HTTP/1.1" 304 0 "https://batconpakistan.org/2021/01/03/south-asian-scientists-and-conservationists-bust-myths-about-bats-and-covid-19/" "Mozilla/5.0 (Macintosh; Intel Mac OS X 10_15_7) AppleWebKit/605.1.15 (KHTML, like Gecko) Version/17.4 Safari/605.1.15 (Applebot/0.1; +http://www.apple.com/go/applebot)"
17.22.253.100 - - [13/Oct/2025:11:48:51 -0400] "GET /wp-content/plugins/charitable/assets/js/charitable-session.min.js?ver=1.8.8.3 HTTP/1.1" 200 731 "https://batconpakistan.org/2021/01/03/south-asian-scientists-and-conservationists-bust-myths-about-bats-and-covid-19/" "Mozilla/5.0 (Macintosh; Intel Mac OS X 10_15_7) AppleWebKit/605.1.15 (KHTML, like Gecko) Version/17.4 Safari/605.1.15 (Applebot/0.1; +http://www.apple.com/go/applebot)"
17.22.253.121 - - [13/Oct/2025:11:48:51 -0400] "GET /wp-includes/js/jquery/jquery-migrate.min.js?ver=3.4.1 HTTP/1.1" 304 0 "https://batconpakistan.org/2021/01/03/south-asian-scientists-and-conservationists-bust-myths-about-bats-and-covid-19/" "Mozilla/5.0 (Macintosh; Intel Mac OS X 10_15_7) AppleWebKit/605.1.15 (KHTML, like Gecko) Version/17.4 Safari/605.1.15 (Applebot/0.1; +http://www.apple.com/go/applebot)"
17.22.253.196 - - [13/Oct/2025:11:48:52 -0400] "GET /wp-content/plugins/charitable/assets/js/libraries/js-cookie.min.js?ver=2.1.4 HTTP/1.1" 304 0 "https://batconpakistan.org/2021/01/03/south-asian-scientists-and-conservationists-bust-myths-about-bats-and-covid-19/" "Mozilla/5.0 (Macintosh; Intel Mac OS X 10_15_7) AppleWebKit/605.1.15 (KHTML, like Gecko) Version/17.4 Safari/605.1.15 (Applebot/0.1; +http://www.apple.com/go/applebot)"
17.22.237.20 - - [13/Oct/2025:11:48:52 -0400] "GET /wp-includes/js/jquery/jquery.min.js?ver=3.7.1 HTTP/1.1" 304 0 "https://batconpakistan.org/2021/01/03/south-asian-scientists-and-conservationists-bust-myths-about-bats-and-covid-19/" "Mozilla/5.0 (Macintosh; Intel Mac OS X 10_15_7) AppleWebKit/605.1.15 (KHTML, like Gecko) Version/17.4 Safari/605.1.15 (Applebot/0.1; +http://www.apple.com/go/applebot)"
17.22.237.218 - - [13/Oct/2025:11:48:53 -0400] "GET /wp-content/themes/born-to-give/vendor/fullcalendar/lib/moment.min.js?ver=2.3.1.8 HTTP/1.1" 304 0 "https://batconpakistan.org/2021/01/03/south-asian-scientists-and-conservationists-bust-myths-about-bats-and-covid-19/" "Mozilla/5.0 (Macintosh; Intel Mac OS X 10_15_7) AppleWebKit/605.1.15 (KHTML, like Gecko) Version/17.4 Safari/605.1.15 (Applebot/0.1; +http://www.apple.com/go/applebot)"
162.0.235.240 - - [13/Oct/2025:11:48:53 -0400] "GET /wp-content/plugins/contact-form-7-style/admin/predefined-templates.json HTTP/1.1" 200 1323 "-" "WordPress/6.8.3; https://batconpakistan.org"
162.0.235.240 - - [13/Oct/2025:11:48:53 -0400] "POST /wp-cron.php?doing_wp_cron=1760370533.7297949790954589843750 HTTP/1.1" 200 0 "-" "WordPress/6.8.3; https://batconpakistan.org"
192.241.137.106 - - [13/Oct/2025:11:48:49 -0400] "GET /team-sitemap.xml HTTP/1.1" 200 818 "-" "Mozilla/5.0 (Macintosh; Intel Mac OS X 10_15_7) AppleWebKit/537.36 (KHTML, like Gecko) Chrome/128.0.0.0 Safari/537.36"
162.0.235.240 - - [13/Oct/2025:11:48:54 -0400] "GET /wp-content/plugins/contact-form-7-style/admin/predefined-templates.json HTTP/1.1" 200 1323 "-" "WordPress/6.8.3; https://batconpakistan.org"
162.0.235.240 - - [13/Oct/2025:11:53:27 -0400] "GET /wp-content/plugins/contact-form-7-style/admin/predefined-templates.json HTTP/1.1" 200 1323 "-" "WordPress/6.8.3; https://batconpakistan.org"
162.0.235.240 - - [13/Oct/2025:11:53:28 -0400] "POST /wp-cron.php?doing_wp_cron=1760370808.1576039791107177734375 HTTP/1.1" 200 0 "-" "WordPress/6.8.3; https://batconpakistan.org"
176.65.141.144 - - [13/Oct/2025:11:53:24 -0400] "GET /sites/all/libraries/plupload/examples/upload.php HTTP/1.1" 404 15671 "-" "ALittle Client"
162.0.235.240 - - [13/Oct/2025:11:53:28 -0400] "GET /wp-content/plugins/contact-form-7-style/admin/predefined-templates.json HTTP/1.1" 200 1323 "-" "WordPress/6.8.3; https://batconpakistan.org"
80.211.129.208 - - [13/Oct/2025:11:54:43 -0400] "GET / HTTP/1.1" 200 23128 "-" "Mozilla/5.0"
195.211.188.185 - - [13/Oct/2025:11:56:20 -0400] "GET / HTTP/1.1" 200 23128 "http://batconpakistan.org" "Go-http-client/2.0"
66.249.66.70 - - [13/Oct/2025:11:58:55 -0400] "GET /robots.txt HTTP/1.1" 304 0 "-" "Mozilla/5.0 (compatible; Googlebot/2.1; +http://www.google.com/bot.html)"
162.0.235.240 - - [13/Oct/2025:11:58:58 -0400] "GET /wp-content/plugins/contact-form-7-style/admin/predefined-templates.json HTTP/1.1" 200 1323 "-" "WordPress/6.8.3; https://batconpakistan.org"
162.0.235.240 - - [13/Oct/2025:11:58:59 -0400] "POST /wp-cron.php?doing_wp_cron=1760371139.0541260242462158203125 HTTP/1.1" 200 0 "-" "WordPress/6.8.3; https://batconpakistan.org"
66.249.66.70 - - [13/Oct/2025:11:58:55 -0400] "GET /campaign_tag/help/feed/ HTTP/1.1" 304 0 "-" "Mozilla/5.0 (Linux; Android 6.0.1; Nexus 5X Build/MMB29P) AppleWebKit/537.36 (KHTML, like Gecko) Chrome/140.0.7339.207 Mobile Safari/537.36 (compatible; Googlebot/2.1; +http://www.google.com/bot.html)"
162.0.235.240 - - [13/Oct/2025:11:58:59 -0400] "GET /wp-content/plugins/contact-form-7-style/admin/predefined-templates.json HTTP/1.1" 200 1323 "-" "WordPress/6.8.3; https://batconpakistan.org"
162.0.235.240 - - [13/Oct/2025:12:02:30 -0400] "GET /wp-content/plugins/contact-form-7-style/admin/predefined-templates.json HTTP/1.1" 200 1323 "-" "WordPress/6.8.3; https://batconpakistan.org"
162.0.235.240 - - [13/Oct/2025:12:02:30 -0400] "POST /wp-cron.php?doing_wp_cron=1760371350.7597429752349853515625 HTTP/1.1" 200 0 "-" "WordPress/6.8.3; https://batconpakistan.org"
40.77.167.44 - - [13/Oct/2025:12:02:26 -0400] "GET /Hydraulics-Pneumatics-&-Plumbing-Weld-or-Bolt-X2HANGM9299RF2A-153260-Elbow-Fittings/ HTTP/1.1" 404 15670 "-" "Mozilla/5.0 AppleWebKit/537.36 (KHTML, like Gecko; compatible; bingbot/2.0; +http://www.bing.com/bingbot.htm) Chrome/116.0.1938.76 Safari/537.36"
162.0.235.240 - - [13/Oct/2025:12:02:31 -0400] "GET /wp-content/plugins/contact-form-7-style/admin/predefined-templates.json HTTP/1.1" 200 1323 "-" "WordPress/6.8.3; https://batconpakistan.org"
148.113.197.67 - - [13/Oct/2025:12:05:48 -0400] "GET /wp-login.php HTTP/1.1" 200 1885 "-" "Mozilla/5.0 (Windows NT 6.1; WOW64; Trident/7.0; MALCJS; rv:11.0) like Gecko"
162.0.235.240 - - [13/Oct/2025:12:05:55 -0400] "GET /wp-content/plugins/contact-form-7-style/admin/predefined-templates.json HTTP/1.1" 200 1323 "-" "WordPress/6.8.3; https://batconpakistan.org"
162.0.235.240 - - [13/Oct/2025:12:05:56 -0400] "POST /wp-cron.php?doing_wp_cron=1760371556.3407680988311767578125 HTTP/1.1" 200 0 "-" "WordPress/6.8.3; https://batconpakistan.org"
148.113.197.67 - - [13/Oct/2025:12:05:52 -0400] "POST /wp-login.php HTTP/1.1" 200 2045 "https://batconpakistan.org/wp-login.php" "Mozilla/5.0 (Windows NT 6.1; WOW64; Trident/7.0; MALCJS; rv:11.0) like Gecko"
162.0.235.240 - - [13/Oct/2025:12:05:57 -0400] "GET /wp-content/plugins/contact-form-7-style/admin/predefined-templates.json HTTP/1.1" 200 1323 "-" "WordPress/6.8.3; https://batconpakistan.org"
162.0.235.240 - - [13/Oct/2025:12:06:27 -0400] "GET /wp-content/plugins/contact-form-7-style/admin/predefined-templates.json HTTP/1.1" 200 1323 "-" "WordPress/6.8.3; https://batconpakistan.org"
162.0.235.240 - - [13/Oct/2025:12:06:28 -0400] "POST /wp-cron.php?doing_wp_cron=1760371588.0763959884643554687500 HTTP/1.1" 200 0 "-" "WordPress/6.8.3; https://batconpakistan.org"
52.167.144.20 - - [13/Oct/2025:12:06:27 -0400] "GET /Industrial-Electrical-FAIRCHILD-SEMICONDUCTOR-H11AV1SM-OPTOCOUPLER-255350-Optocouplers/ HTTP/1.1" 404 15669 "-" "Mozilla/5.0 AppleWebKit/537.36 (KHTML, like Gecko; compatible; bingbot/2.0; +http://www.bing.com/bingbot.htm) Chrome/116.0.1938.76 Safari/537.36"
162.0.235.240 - - [13/Oct/2025:12:06:29 -0400] "GET /wp-content/plugins/contact-form-7-style/admin/predefined-templates.json HTTP/1.1" 200 1323 "-" "WordPress/6.8.3; https://batconpakistan.org"
138.91.30.57 - - [13/Oct/2025:12:08:10 -0400] "GET / HTTP/1.1" 200 23128 "-" "Mozilla/5.0 AppleWebKit/537.36 (KHTML, like Gecko); compatible; ChatGPT-User/1.0; +https://openai.com/bot"
135.234.64.4 - - [13/Oct/2025:12:09:10 -0400] "GET / HTTP/1.1" 200 23128 "-" "Mozilla/5.0 (Macintosh; Intel Mac OS X 10_15_7) AppleWebKit/537.36 (KHTML, like Gecko) Chrome/131.0.0.0 Safari/537.36; compatible; OAI-SearchBot/1.0; +https://openai.com/searchbot"
54.37.118.89 - - [13/Oct/2025:12:10:28 -0400] "GET /?event-tag=environment HTTP/1.1" 302 771 "-" "Mozilla/5.0 (compatible; AhrefsBot/7.0; +http://ahrefs.com/robot/)"
163.44.192.252 - - [13/Oct/2025:12:12:36 -0400] "GET /wp-login.php HTTP/1.1" 200 1885 "-" "Mozilla/5.0 (Windows NT 10.0; WOW64; Trident/7.0; MATBJS; rv:11.0) like Gecko"
162.0.235.240 - - [13/Oct/2025:12:12:41 -0400] "GET /wp-content/plugins/contact-form-7-style/admin/predefined-templates.json HTTP/1.1" 200 1323 "-" "WordPress/6.8.3; https://batconpakistan.org"
162.0.235.240 - - [13/Oct/2025:12:12:42 -0400] "POST /wp-cron.php?doing_wp_cron=1760371962.5589859485626220703125 HTTP/1.1" 200 0 "-" "WordPress/6.8.3; https://batconpakistan.org"
163.44.192.252 - - [13/Oct/2025:12:12:37 -0400] "POST /wp-login.php HTTP/1.1" 200 2045 "https://batconpakistan.org/wp-login.php" "Mozilla/5.0 (Windows NT 10.0; WOW64; Trident/7.0; MATBJS; rv:11.0) like Gecko"
162.0.235.240 - - [13/Oct/2025:12:12:43 -0400] "GET /wp-content/plugins/contact-form-7-style/admin/predefined-templates.json HTTP/1.1" 200 1323 "-" "WordPress/6.8.3; https://batconpakistan.org"
217.170.123.31 - - [13/Oct/2025:12:13:55 -0400] "GET /wp-content/plugins/duplicator/assets/css/style.css HTTP/1.1" 200 6761 "-" "Mozilla/5.0 (Windows NT 10.0; Win64; x64) AppleWebKit/537.36 (KHTML, like Gecko) Chrome/137.0.0.0 Safari/537.36"
103.74.116.73 - - [13/Oct/2025:12:17:12 -0400] "GET /wp-login.php HTTP/1.1" 200 1885 "-" "Mozilla/5.0 (Macintosh; Intel Mac OS X 10_10_5) AppleWebKit/537.36 (KHTML, like Gecko) Chrome/67.0.3396.87 Safari/537.36"
162.0.235.240 - - [13/Oct/2025:12:17:18 -0400] "GET /wp-content/plugins/contact-form-7-style/admin/predefined-templates.json HTTP/1.1" 200 1323 "-" "WordPress/6.8.3; https://batconpakistan.org"
162.0.235.240 - - [13/Oct/2025:12:17:19 -0400] "POST /wp-cron.php?doing_wp_cron=1760372238.9871020317077636718750 HTTP/1.1" 200 0 "-" "WordPress/6.8.3; https://batconpakistan.org"
103.74.116.73 - - [13/Oct/2025:12:17:14 -0400] "POST /wp-login.php HTTP/1.1" 200 2045 "https://batconpakistan.org/wp-login.php" "Mozilla/5.0 (Macintosh; Intel Mac OS X 10_10_5) AppleWebKit/537.36 (KHTML, like Gecko) Chrome/67.0.3396.87 Safari/537.36"
162.0.235.240 - - [13/Oct/2025:12:17:19 -0400] "GET /wp-content/plugins/contact-form-7-style/admin/predefined-templates.json HTTP/1.1" 200 1323 "-" "WordPress/6.8.3; https://batconpakistan.org"
43.130.100.35 - - [13/Oct/2025:12:23:08 -0400] "GET / HTTP/1.1" 200 23128 "http://batconpakistan.org" "Mozilla/5.0 (iPhone; CPU iPhone OS 13_2_3 like Mac OS X) AppleWebKit/605.1.15 (KHTML, like Gecko) Version/13.0.3 Mobile/15E148 Safari/604.1"
162.0.235.240 - - [13/Oct/2025:12:28:18 -0400] "GET /wp-content/plugins/contact-form-7-style/admin/predefined-templates.json HTTP/1.1" 200 1323 "-" "WordPress/6.8.3; https://batconpakistan.org"
162.0.235.240 - - [13/Oct/2025:12:28:19 -0400] "POST /wp-cron.php?doing_wp_cron=1760372899.3264780044555664062500 HTTP/1.1" 200 0 "-" "WordPress/6.8.3; https://batconpakistan.org"
66.249.66.71 - - [13/Oct/2025:12:28:15 -0400] "GET /category-sitemap.xml HTTP/1.1" 200 393 "-" "Mozilla/5.0 (compatible; Googlebot/2.1; +http://www.google.com/bot.html)"
162.0.235.240 - - [13/Oct/2025:12:28:19 -0400] "GET /wp-content/plugins/contact-form-7-style/admin/predefined-templates.json HTTP/1.1" 200 1323 "-" "WordPress/6.8.3; https://batconpakistan.org"
164.92.134.102 - - [13/Oct/2025:12:29:00 -0400] "GET /wp-login.php HTTP/1.1" 200 1885 "-" "Mozilla/5.0 (Macintosh; Intel Mac OS X 10_10_5) AppleWebKit/603.2.5 (KHTML, like Gecko) Version/10.1.1 Safari/603.2.5"
162.0.235.240 - - [13/Oct/2025:12:29:02 -0400] "GET /wp-content/plugins/contact-form-7-style/admin/predefined-templates.json HTTP/1.1" 200 1323 "-" "WordPress/6.8.3; https://batconpakistan.org"
162.0.235.240 - - [13/Oct/2025:12:29:03 -0400] "POST /wp-cron.php?doing_wp_cron=1760372943.1269140243530273437500 HTTP/1.1" 200 0 "-" "WordPress/6.8.3; https://batconpakistan.org"
164.92.134.102 - - [13/Oct/2025:12:29:02 -0400] "POST /wp-login.php HTTP/1.1" 200 2045 "https://batconpakistan.org/wp-login.php" "Mozilla/5.0 (Macintosh; Intel Mac OS X 10_10_5) AppleWebKit/603.2.5 (KHTML, like Gecko) Version/10.1.1 Safari/603.2.5"
162.0.235.240 - - [13/Oct/2025:12:29:03 -0400] "GET /wp-content/plugins/contact-form-7-style/admin/predefined-templates.json HTTP/1.1" 200 1323 "-" "WordPress/6.8.3; https://batconpakistan.org"
162.0.235.240 - - [13/Oct/2025:12:29:15 -0400] "GET /wp-content/plugins/contact-form-7-style/admin/predefined-templates.json HTTP/1.1" 200 1323 "-" "WordPress/6.8.3; https://batconpakistan.org"
162.0.235.240 - - [13/Oct/2025:12:29:15 -0400] "GET /wp-content/plugins/contact-form-7-style/admin/predefined-templates.json HTTP/1.1" 200 1323 "-" "WordPress/6.8.3; https://batconpakistan.org"
162.0.235.240 - - [13/Oct/2025:12:29:15 -0400] "GET /wp-content/plugins/contact-form-7-style/admin/predefined-templates.json HTTP/1.1" 200 1323 "-" "WordPress/6.8.3; https://batconpakistan.org"
162.0.235.240 - - [13/Oct/2025:12:29:16 -0400] "POST /wp-cron.php?doing_wp_cron=1760372956.0498509407043457031250 HTTP/1.1" 200 0 "-" "WordPress/6.8.3; https://batconpakistan.org"
162.0.235.240 - - [13/Oct/2025:12:29:16 -0400] "GET /wp-content/plugins/contact-form-7-style/admin/predefined-templates.json HTTP/1.1" 200 1323 "-" "WordPress/6.8.3; https://batconpakistan.org"
5.137.50.62 - - [13/Oct/2025:12:29:15 -0400] "GET /installer.php HTTP/1.1" 404 15669 "-" "Mozilla/5.0 (Macintosh; Intel Mac OS X 10_15_7) AppleWebKit/537.36 (KHTML, like Gecko) Chrome/140.0.0.0 Safari/537.36"
5.137.50.62 - - [13/Oct/2025:12:29:15 -0400] "GET /dup-installer/main.installer.php HTTP/1.1" 404 15670 "-" "Mozilla/5.0 (Macintosh; Intel Mac OS X 10_15_7) AppleWebKit/537.36 (KHTML, like Gecko) Chrome/140.0.0.0 Safari/537.36"
5.137.50.62 - - [13/Oct/2025:12:29:15 -0400] "GET /installer-backup.php HTTP/1.1" 404 15671 "-" "Mozilla/5.0 (Macintosh; Intel Mac OS X 10_15_7) AppleWebKit/537.36 (KHTML, like Gecko) Chrome/140.0.0.0 Safari/537.36"
178.171.60.58 - - [13/Oct/2025:12:32:37 -0400] "GET /wp-content/uploads/2021/01/2.jpg HTTP/1.1" 200 69284 "-" "Mozilla/5.0 (Macintosh; Intel Mac OS X 10_15_7) AppleWebKit/537.36 (KHTML, like Gecko) Chrome/122.0.0.0 Safari/537.36"
150.109.230.210 - - [13/Oct/2025:12:37:52 -0400] "GET /publish/ HTTP/1.1" 200 16836 "-" "Mozilla/5.0 (iPhone; CPU iPhone OS 13_2_3 like Mac OS X) AppleWebKit/605.1.15 (KHTML, like Gecko) Version/13.0.3 Mobile/15E148 Safari/604.1"
162.0.235.240 - - [13/Oct/2025:12:38:57 -0400] "GET /wp-content/plugins/contact-form-7-style/admin/predefined-templates.json HTTP/1.1" 200 1323 "-" "WordPress/6.8.3; https://batconpakistan.org"
162.0.235.240 - - [13/Oct/2025:12:38:57 -0400] "POST /wp-cron.php?doing_wp_cron=1760373537.8824570178985595703125 HTTP/1.1" 200 0 "-" "WordPress/6.8.3; https://batconpakistan.org"
47.128.96.172 - - [13/Oct/2025:12:38:53 -0400] "GET /2021/ HTTP/1.1" 200 35656 "-" "Mozilla/5.0 (Linux; Android 5.0) AppleWebKit/537.36 (KHTML, like Gecko) Mobile Safari/537.36 (compatible; TikTokSpider; ttspider-feedback@tiktok.com)"
162.0.235.240 - - [13/Oct/2025:12:38:58 -0400] "GET /wp-content/plugins/contact-form-7-style/admin/predefined-templates.json HTTP/1.1" 200 1323 "-" "WordPress/6.8.3; https://batconpakistan.org"
47.128.96.172 - - [13/Oct/2025:12:38:59 -0400] "GET /wp-content/cache/autoptimize/css/autoptimize_single_3c9de2f0e06c3381cd1c472cb67eaa36.css?ver=2.3.1.8 HTTP/1.1" 200 18235 "https://batconpakistan.org/2021/" "Mozilla/5.0 (Linux; Android 5.0) AppleWebKit/537.36 (KHTML, like Gecko) Mobile Safari/537.36 (compatible; TikTokSpider; ttspider-feedback@tiktok.com)"
47.128.96.172 - - [13/Oct/2025:12:38:59 -0400] "GET /wp-content/cache/autoptimize/css/autoptimize_single_1418901a19797ba546efd0b84d4bd748.css?ver=2.3.1.8 HTTP/1.1" 200 676 "https://batconpakistan.org/2021/" "Mozilla/5.0 (Linux; Android 5.0) AppleWebKit/537.36 (KHTML, like Gecko) Mobile Safari/537.36 (compatible; TikTokSpider; ttspider-feedback@tiktok.com)"
47.128.96.172 - - [13/Oct/2025:12:38:59 -0400] "GET /wp-content/cache/autoptimize/css/autoptimize_single_e98f5279cacaef826050eb2595082e77.css?ver=10.2.2 HTTP/1.1" 200 3152 "https://batconpakistan.org/2021/" "Mozilla/5.0 (Linux; Android 5.0) AppleWebKit/537.36 (KHTML, like Gecko) Mobile Safari/537.36 (compatible; TikTokSpider; ttspider-feedback@tiktok.com)"
47.128.96.172 - - [13/Oct/2025:12:38:59 -0400] "GET /wp-content/cache/autoptimize/css/autoptimize_single_f0ba34586dd51597fa8cf260d3ada2d6.css?ver=2.3.1.8 HTTP/1.1" 200 1975 "https://batconpakistan.org/2021/" "Mozilla/5.0 (Linux; Android 5.0) AppleWebKit/537.36 (KHTML, like Gecko) Mobile Safari/537.36 (compatible; TikTokSpider; ttspider-feedback@tiktok.com)"
47.128.96.172 - - [13/Oct/2025:12:38:59 -0400] "GET /wp-content/cache/autoptimize/css/autoptimize_single_a1ba0cb53386e000cbb340c96f5b8c93.css?ver=3.19.0 HTTP/1.1" 200 10183 "https://batconpakistan.org/2021/" "Mozilla/5.0 (Linux; Android 5.0) AppleWebKit/537.36 (KHTML, like Gecko) Mobile Safari/537.36 (compatible; TikTokSpider; ttspider-feedback@tiktok.com)"
47.128.96.172 - - [13/Oct/2025:12:38:59 -0400] "GET /wp-content/cache/autoptimize/css/autoptimize_single_740b535c88c3adf32f31bb4b2c9a75cb.css?ver=3.1.9 HTTP/1.1" 200 6100 "https://batconpakistan.org/2021/" "Mozilla/5.0 (Linux; Android 5.0) AppleWebKit/537.36 (KHTML, like Gecko) Mobile Safari/537.36 (compatible; TikTokSpider; ttspider-feedback@tiktok.com)"
47.128.96.172 - - [13/Oct/2025:12:38:59 -0400] "GET /wp-content/plugins/charitable/assets/css/charitable.min.css?ver=1.8.8.3 HTTP/1.1" 200 4214 "https://batconpakistan.org/2021/" "Mozilla/5.0 (Linux; Android 5.0) AppleWebKit/537.36 (KHTML, like Gecko) Mobile Safari/537.36 (compatible; TikTokSpider; ttspider-feedback@tiktok.com)"
47.128.96.172 - - [13/Oct/2025:12:38:59 -0400] "GET /wp-content/uploads/dynamic-mobmenu.css?ver=2.8.8-324 HTTP/1.1" 200 1744 "https://batconpakistan.org/2021/" "Mozilla/5.0 (Linux; Android 5.0) AppleWebKit/537.36 (KHTML, like Gecko) Mobile Safari/537.36 (compatible; TikTokSpider; ttspider-feedback@tiktok.com)"
47.128.96.172 - - [13/Oct/2025:12:38:59 -0400] "GET /wp-content/cache/autoptimize/css/autoptimize_single_f462d22dd9213b04c9b8447b2bb0f416.css?ver=2.3.1.8 HTTP/1.1" 200 2401 "https://batconpakistan.org/2021/" "Mozilla/5.0 (Linux; Android 5.0) AppleWebKit/537.36 (KHTML, like Gecko) Mobile Safari/537.36 (compatible; TikTokSpider; ttspider-feedback@tiktok.com)"
47.128.96.172 - - [13/Oct/2025:12:38:59 -0400] "GET /wp-content/cache/autoptimize/css/autoptimize_single_62bd0bbb7661b81231fdf47aa5e637c7.css?ver=2.8.8 HTTP/1.1" 200 1650 "https://batconpakistan.org/2021/" "Mozilla/5.0 (Linux; Android 5.0) AppleWebKit/537.36 (KHTML, like Gecko) Mobile Safari/537.36 (compatible; TikTokSpider; ttspider-feedback@tiktok.com)"
47.128.96.172 - - [13/Oct/2025:12:38:59 -0400] "GET /wp-content/uploads/2021/09/studty-map-bat-600x744.jpg HTTP/1.1" 200 61664 "https://batconpakistan.org/" "Mozilla/5.0 (Linux; Android 5.0) AppleWebKit/537.36 (KHTML, like Gecko) Mobile Safari/537.36 (compatible; TikTokSpider; ttspider-feedback@tiktok.com)"
47.128.96.172 - - [13/Oct/2025:12:39:00 -0400] "GET /wp-content/uploads/redux/custom-fonts/fonts.css?ver=1674155651 HTTP/1.1" 200 0 "https://batconpakistan.org/2021/" "Mozilla/5.0 (Linux; Android 5.0) AppleWebKit/537.36 (KHTML, like Gecko) Mobile Safari/537.36 (compatible; TikTokSpider; ttspider-feedback@tiktok.com)"
162.0.235.240 - - [13/Oct/2025:12:41:48 -0400] "GET /wp-content/plugins/contact-form-7-style/admin/predefined-templates.json HTTP/1.1" 200 1323 "-" "WordPress/6.8.3; https://batconpakistan.org"
162.0.235.240 - - [13/Oct/2025:12:41:49 -0400] "POST /wp-cron.php?doing_wp_cron=1760373709.1612610816955566406250 HTTP/1.1" 200 0 "-" "WordPress/6.8.3; https://batconpakistan.org"
2a03:2880:f800:41:: - - [13/Oct/2025:12:41:45 -0400] "GET /community-outreach/ HTTP/1.1" 200 17154 "-" "meta-externalagent/1.1 (+https://developers.facebook.com/docs/sharing/webmasters/crawler)"
162.0.235.240 - - [13/Oct/2025:12:41:49 -0400] "GET /wp-content/plugins/contact-form-7-style/admin/predefined-templates.json HTTP/1.1" 200 1323 "-" "WordPress/6.8.3; https://batconpakistan.org"
52.242.231.163 - - [13/Oct/2025:12:45:10 -0400] "GET /wp-login.php HTTP/1.1" 200 1885 "-" "Mozilla/5.0 (Windows NT 6.3; WOW64; Trident/7.0; MATPJS; rv:11.0) like Gecko"
162.0.235.240 - - [13/Oct/2025:12:45:17 -0400] "GET /wp-content/plugins/contact-form-7-style/admin/predefined-templates.json HTTP/1.1" 200 1323 "-" "WordPress/6.8.3; https://batconpakistan.org"
162.0.235.240 - - [13/Oct/2025:12:45:17 -0400] "POST /wp-cron.php?doing_wp_cron=1760373917.5749630928039550781250 HTTP/1.1" 200 0 "-" "WordPress/6.8.3; https://batconpakistan.org"
52.242.231.163 - - [13/Oct/2025:12:45:13 -0400] "POST /wp-login.php HTTP/1.1" 200 2045 "https://batconpakistan.org/wp-login.php" "Mozilla/5.0 (Windows NT 6.3; WOW64; Trident/7.0; MATPJS; rv:11.0) like Gecko"
162.0.235.240 - - [13/Oct/2025:12:45:18 -0400] "GET /wp-content/plugins/contact-form-7-style/admin/predefined-templates.json HTTP/1.1" 200 1323 "-" "WordPress/6.8.3; https://batconpakistan.org"
43.157.43.147 - - [13/Oct/2025:12:49:35 -0400] "GET /partners/ HTTP/1.1" 200 16979 "-" "Mozilla/5.0 (iPhone; CPU iPhone OS 13_2_3 like Mac OS X) AppleWebKit/605.1.15 (KHTML, like Gecko) Version/13.0.3 Mobile/15E148 Safari/604.1"
162.0.235.240 - - [13/Oct/2025:12:49:54 -0400] "GET /wp-content/plugins/contact-form-7-style/admin/predefined-templates.json HTTP/1.1" 200 1323 "-" "WordPress/6.8.3; https://batconpakistan.org"
162.0.235.240 - - [13/Oct/2025:12:49:55 -0400] "POST /wp-cron.php?doing_wp_cron=1760374195.2307751178741455078125 HTTP/1.1" 200 0 "-" "WordPress/6.8.3; https://batconpakistan.org"
52.167.144.206 - - [13/Oct/2025:12:49:51 -0400] "GET /Hydraulics-Pneumatics-&-Plumbing-Applications-with-High-Temperature-Variations-Thermal-Cycling-Pipe-Size-Assigned-by-SurSeal-180812-Spiral-Wound-Gaskets/ HTTP/1.1" 404 15668 "-" "Mozilla/5.0 AppleWebKit/537.36 (KHTML, like Gecko; compatible; bingbot/2.0; +http://www.bing.com/bingbot.htm) Chrome/116.0.1938.76 Safari/537.36"
162.0.235.240 - - [13/Oct/2025:12:49:55 -0400] "GET /wp-content/plugins/contact-form-7-style/admin/predefined-templates.json HTTP/1.1" 200 1323 "-" "WordPress/6.8.3; https://batconpakistan.org"
2402:a00:408:3087:e148:9395:e2d8:d227 - - [13/Oct/2025:12:52:14 -0400] "POST /xmlrpc.php HTTP/1.1" 403 1242 "-" "Mozilla/5.0 (Macintosh; Intel Mac OS X 10_15_7; x86) AppleWebKit/537.36 (KHTML, like Gecko) Firefox/91.0.0.0 Safari/537.36"
162.0.235.240 - - [13/Oct/2025:12:52:29 -0400] "GET /wp-content/plugins/contact-form-7-style/admin/predefined-templates.json HTTP/1.1" 200 1323 "-" "WordPress/6.8.3; https://batconpakistan.org"
162.0.235.240 - - [13/Oct/2025:12:52:30 -0400] "POST /wp-cron.php?doing_wp_cron=1760374350.0943799018859863281250 HTTP/1.1" 200 0 "-" "WordPress/6.8.3; https://batconpakistan.org"
13.67.186.254 - - [13/Oct/2025:12:52:26 -0400] "GET /aa.php HTTP/1.1" 404 15654 "-" "-"
162.0.235.240 - - [13/Oct/2025:12:52:30 -0400] "GET /wp-content/plugins/contact-form-7-style/admin/predefined-templates.json HTTP/1.1" 200 1323 "-" "WordPress/6.8.3; https://batconpakistan.org"
162.0.235.240 - - [13/Oct/2025:12:52:31 -0400] "GET /wp-content/plugins/contact-form-7-style/admin/predefined-templates.json HTTP/1.1" 200 1323 "-" "WordPress/6.8.3; https://batconpakistan.org"
13.67.186.254 - - [13/Oct/2025:12:52:30 -0400] "GET /abcd.php HTTP/1.1" 404 15656 "-" "-"
162.0.235.240 - - [13/Oct/2025:12:52:32 -0400] "GET /wp-content/plugins/contact-form-7-style/admin/predefined-templates.json HTTP/1.1" 200 1323 "-" "WordPress/6.8.3; https://batconpakistan.org"
13.67.186.254 - - [13/Oct/2025:12:52:31 -0400] "GET /admin.php HTTP/1.1" 404 15659 "-" "-"
162.0.235.240 - - [13/Oct/2025:12:52:33 -0400] "GET /wp-content/plugins/contact-form-7-style/admin/predefined-templates.json HTTP/1.1" 200 1323 "-" "WordPress/6.8.3; https://batconpakistan.org"
13.67.186.254 - - [13/Oct/2025:12:52:32 -0400] "GET /buy.php HTTP/1.1" 404 15656 "-" "-"
13.67.186.254 - - [13/Oct/2025:12:52:33 -0400] "GET /cgi-bin/ HTTP/1.1" 403 1242 "-" "-"
162.0.235.240 - - [13/Oct/2025:12:52:34 -0400] "GET /wp-content/plugins/contact-form-7-style/admin/predefined-templates.json HTTP/1.1" 200 1323 "-" "WordPress/6.8.3; https://batconpakistan.org"
13.67.186.254 - - [13/Oct/2025:12:52:33 -0400] "GET /edit.php HTTP/1.1" 404 15658 "-" "-"
162.0.235.240 - - [13/Oct/2025:12:52:35 -0400] "GET /wp-content/plugins/contact-form-7-style/admin/predefined-templates.json HTTP/1.1" 200 1323 "-" "WordPress/6.8.3; https://batconpakistan.org"
13.67.186.254 - - [13/Oct/2025:12:52:34 -0400] "GET /file.php HTTP/1.1" 404 15662 "-" "-"
162.0.235.240 - - [13/Oct/2025:12:52:36 -0400] "GET /wp-content/plugins/contact-form-7-style/admin/predefined-templates.json HTTP/1.1" 200 1323 "-" "WordPress/6.8.3; https://batconpakistan.org"
13.67.186.254 - - [13/Oct/2025:12:52:35 -0400] "GET /flower.php HTTP/1.1" 404 15657 "-" "-"
162.0.235.240 - - [13/Oct/2025:12:52:37 -0400] "GET /wp-content/plugins/contact-form-7-style/admin/predefined-templates.json HTTP/1.1" 200 1323 "-" "WordPress/6.8.3; https://batconpakistan.org"
13.67.186.254 - - [13/Oct/2025:12:52:36 -0400] "GET /images/index.php HTTP/1.1" 301 0 "-" "-"
162.0.235.240 - - [13/Oct/2025:12:52:37 -0400] "GET /wp-content/plugins/contact-form-7-style/admin/predefined-templates.json HTTP/1.1" 200 1323 "-" "WordPress/6.8.3; https://batconpakistan.org"
13.67.186.254 - - [13/Oct/2025:12:52:37 -0400] "GET /images/ HTTP/1.1" 404 15659 "-" "-"
162.0.235.240 - - [13/Oct/2025:12:52:38 -0400] "GET /wp-content/plugins/contact-form-7-style/admin/predefined-templates.json HTTP/1.1" 200 1323 "-" "WordPress/6.8.3; https://batconpakistan.org"
13.67.186.254 - - [13/Oct/2025:12:52:38 -0400] "GET /info.php HTTP/1.1" 404 15658 "-" "-"
162.0.235.240 - - [13/Oct/2025:12:52:39 -0400] "GET /wp-content/plugins/contact-form-7-style/admin/predefined-templates.json HTTP/1.1" 200 1323 "-" "WordPress/6.8.3; https://batconpakistan.org"
13.67.186.254 - - [13/Oct/2025:12:52:39 -0400] "GET /ioxi-o.php HTTP/1.1" 404 15658 "-" "-"
162.0.235.240 - - [13/Oct/2025:12:52:40 -0400] "GET /wp-content/plugins/contact-form-7-style/admin/predefined-templates.json HTTP/1.1" 200 1323 "-" "WordPress/6.8.3; https://batconpakistan.org"
162.0.235.240 - - [13/Oct/2025:12:52:40 -0400] "POST /wp-cron.php?doing_wp_cron=1760374360.8045361042022705078125 HTTP/1.1" 200 0 "-" "WordPress/6.8.3; https://batconpakistan.org"
13.67.186.254 - - [13/Oct/2025:12:52:40 -0400] "GET /nc4.php HTTP/1.1" 404 15656 "-" "-"
162.0.235.240 - - [13/Oct/2025:12:52:41 -0400] "GET /wp-content/plugins/contact-form-7-style/admin/predefined-templates.json HTTP/1.1" 200 1323 "-" "WordPress/6.8.3; https://batconpakistan.org"
162.0.235.240 - - [13/Oct/2025:12:52:41 -0400] "GET /wp-content/plugins/contact-form-7-style/admin/predefined-templates.json HTTP/1.1" 200 1323 "-" "WordPress/6.8.3; https://batconpakistan.org"
13.67.186.254 - - [13/Oct/2025:12:52:41 -0400] "GET /xleet.php HTTP/1.1" 404 15656 "-" "-"
13.67.186.254 - - [13/Oct/2025:12:52:42 -0400] "GET /wp-admin/includes/ HTTP/1.1" 200 0 "-" "-"
162.0.235.240 - - [13/Oct/2025:12:52:42 -0400] "GET /wp-content/plugins/contact-form-7-style/admin/predefined-templates.json HTTP/1.1" 200 1323 "-" "WordPress/6.8.3; https://batconpakistan.org"
13.67.186.254 - - [13/Oct/2025:12:52:42 -0400] "GET /wp-content/upgrade/index.php HTTP/1.1" 301 0 "-" "-"
13.67.186.254 - - [13/Oct/2025:12:52:42 -0400] "GET /wp-content/upgrade/ HTTP/1.1" 403 1242 "-" "-"
162.0.235.240 - - [13/Oct/2025:12:52:43 -0400] "GET /wp-content/plugins/contact-form-7-style/admin/predefined-templates.json HTTP/1.1" 200 1323 "-" "WordPress/6.8.3; https://batconpakistan.org"
13.67.186.254 - - [13/Oct/2025:12:52:43 -0400] "GET /wp-content/uploads/admin.php HTTP/1.1" 404 15659 "-" "-"
162.0.235.240 - - [13/Oct/2025:12:52:44 -0400] "GET /wp-content/plugins/contact-form-7-style/admin/predefined-templates.json HTTP/1.1" 200 1323 "-" "WordPress/6.8.3; https://batconpakistan.org"
13.67.186.254 - - [13/Oct/2025:12:52:43 -0400] "GET /wp-good.php HTTP/1.1" 404 15658 "-" "-"
13.67.186.254 - - [13/Oct/2025:12:52:44 -0400] "GET /wp-includes/Text/Diff/Renderer/ HTTP/1.1" 403 1242 "-" "-"
13.67.186.254 - - [13/Oct/2025:12:52:44 -0400] "GET /wp-includes/style-engine/ HTTP/1.1" 403 1242 "-" "-"
162.0.235.240 - - [13/Oct/2025:12:52:45 -0400] "GET /wp-content/plugins/contact-form-7-style/admin/predefined-templates.json HTTP/1.1" 200 1323 "-" "WordPress/6.8.3; https://batconpakistan.org"
13.67.186.254 - - [13/Oct/2025:12:52:45 -0400] "GET /xmrlpc.php HTTP/1.1" 404 15655 "-" "-"
162.0.235.240 - - [13/Oct/2025:12:52:46 -0400] "GET /wp-content/plugins/contact-form-7-style/admin/predefined-templates.json HTTP/1.1" 200 1323 "-" "WordPress/6.8.3; https://batconpakistan.org"
13.67.186.254 - - [13/Oct/2025:12:52:46 -0400] "GET /about.php HTTP/1.1" 404 15656 "-" "-"
162.0.235.240 - - [13/Oct/2025:12:52:47 -0400] "GET /wp-content/plugins/contact-form-7-style/admin/predefined-templates.json HTTP/1.1" 200 1323 "-" "WordPress/6.8.3; https://batconpakistan.org"
13.67.186.254 - - [13/Oct/2025:12:52:46 -0400] "GET /adminfuns.php HTTP/1.1" 404 15656 "-" "-"
162.0.235.240 - - [13/Oct/2025:12:52:48 -0400] "GET /wp-content/plugins/contact-form-7-style/admin/predefined-templates.json HTTP/1.1" 200 1323 "-" "WordPress/6.8.3; https://batconpakistan.org"
162.0.235.240 - - [13/Oct/2025:12:52:48 -0400] "POST /wp-cron.php?doing_wp_cron=1760374368.2420599460601806640625 HTTP/1.1" 200 0 "-" "WordPress/6.8.3; https://batconpakistan.org"
13.67.186.254 - - [13/Oct/2025:12:52:47 -0400] "GET /alfa.php HTTP/1.1" 404 15660 "-" "-"
162.0.235.240 - - [13/Oct/2025:12:52:48 -0400] "GET /wp-content/plugins/contact-form-7-style/admin/predefined-templates.json HTTP/1.1" 200 1323 "-" "WordPress/6.8.3; https://batconpakistan.org"
162.0.235.240 - - [13/Oct/2025:12:52:49 -0400] "GET /wp-content/plugins/contact-form-7-style/admin/predefined-templates.json HTTP/1.1" 200 1323 "-" "WordPress/6.8.3; https://batconpakistan.org"
13.67.186.254 - - [13/Oct/2025:12:52:48 -0400] "GET /asasx.php HTTP/1.1" 404 15656 "-" "-"
162.0.235.240 - - [13/Oct/2025:12:52:49 -0400] "GET /wp-content/plugins/contact-form-7-style/admin/predefined-templates.json HTTP/1.1" 200 1323 "-" "WordPress/6.8.3; https://batconpakistan.org"
13.67.186.254 - - [13/Oct/2025:12:52:49 -0400] "GET /autoload_classmap.php HTTP/1.1" 404 15656 "-" "-"
162.0.235.240 - - [13/Oct/2025:12:52:50 -0400] "GET /wp-content/plugins/contact-form-7-style/admin/predefined-templates.json HTTP/1.1" 200 1323 "-" "WordPress/6.8.3; https://batconpakistan.org"
13.67.186.254 - - [13/Oct/2025:12:52:50 -0400] "GET /classwithtostring.php HTTP/1.1" 404 15659 "-" "-"
162.0.235.240 - - [13/Oct/2025:12:52:51 -0400] "GET /wp-content/plugins/contact-form-7-style/admin/predefined-templates.json HTTP/1.1" 200 1323 "-" "WordPress/6.8.3; https://batconpakistan.org"
13.67.186.254 - - [13/Oct/2025:12:52:51 -0400] "GET /cong.php HTTP/1.1" 404 15656 "-" "-"
162.0.235.240 - - [13/Oct/2025:12:52:52 -0400] "GET /wp-content/plugins/contact-form-7-style/admin/predefined-templates.json HTTP/1.1" 200 1323 "-" "WordPress/6.8.3; https://batconpakistan.org"
13.67.186.254 - - [13/Oct/2025:12:52:52 -0400] "GET /file2.php HTTP/1.1" 404 15656 "-" "-"
162.0.235.240 - - [13/Oct/2025:12:52:53 -0400] "GET /wp-content/plugins/contact-form-7-style/admin/predefined-templates.json HTTP/1.1" 200 1323 "-" "WordPress/6.8.3; https://batconpakistan.org"
13.67.186.254 - - [13/Oct/2025:12:52:53 -0400] "GET /moon.php HTTP/1.1" 404 15657 "-" "-"
162.0.235.240 - - [13/Oct/2025:12:52:54 -0400] "GET /wp-content/plugins/contact-form-7-style/admin/predefined-templates.json HTTP/1.1" 200 1323 "-" "WordPress/6.8.3; https://batconpakistan.org"
13.67.186.254 - - [13/Oct/2025:12:52:53 -0400] "GET /wp-admin/css/colors/blue/index.php HTTP/1.1" 301 0 "-" "-"
13.67.186.254 - - [13/Oct/2025:12:52:54 -0400] "GET /wp-admin/css/colors/blue/ HTTP/1.1" 403 1242 "-" "-"
13.67.186.254 - - [13/Oct/2025:12:52:54 -0400] "GET /wp-content/index.php HTTP/1.1" 200 0 "-" "-"
162.0.235.240 - - [13/Oct/2025:12:52:55 -0400] "GET /wp-content/plugins/contact-form-7-style/admin/predefined-templates.json HTTP/1.1" 200 1323 "-" "WordPress/6.8.3; https://batconpakistan.org"
13.67.186.254 - - [13/Oct/2025:12:52:54 -0400] "GET /wp-content/plugins/yanierin/akcc.php HTTP/1.1" 404 15658 "-" "-"
162.0.235.240 - - [13/Oct/2025:12:52:56 -0400] "GET /wp-content/plugins/contact-form-7-style/admin/predefined-templates.json HTTP/1.1" 200 1323 "-" "WordPress/6.8.3; https://batconpakistan.org"
13.67.186.254 - - [13/Oct/2025:12:52:55 -0400] "GET /wp-content/uploads/index.php HTTP/1.1" 301 0 "-" "-"
13.67.186.254 - - [13/Oct/2025:12:52:56 -0400] "GET /wp-content/uploads/ HTTP/1.1" 403 1242 "-" "-"
162.0.235.240 - - [13/Oct/2025:12:52:56 -0400] "GET /wp-content/plugins/contact-form-7-style/admin/predefined-templates.json HTTP/1.1" 200 1323 "-" "WordPress/6.8.3; https://batconpakistan.org"
13.67.186.254 - - [13/Oct/2025:12:52:56 -0400] "GET /wp-content/wp-conflg.php HTTP/1.1" 404 15659 "-" "-"
13.67.186.254 - - [13/Oct/2025:12:52:57 -0400] "GET /wp-cron.php HTTP/1.1" 200 0 "-" "-"
13.67.186.254 - - [13/Oct/2025:12:52:57 -0400] "GET /wp-includes/IXR/ HTTP/1.1" 403 1242 "-" "-"
13.67.186.254 - - [13/Oct/2025:12:52:57 -0400] "GET /wp-includes/block-supports/ HTTP/1.1" 403 1242 "-" "-"
13.67.186.254 - - [13/Oct/2025:12:52:57 -0400] "GET /wp-includes/fonts/ HTTP/1.1" 403 1242 "-" "-"
162.0.235.240 - - [13/Oct/2025:12:52:57 -0400] "GET /wp-content/plugins/contact-form-7-style/admin/predefined-templates.json HTTP/1.1" 200 1323 "-" "WordPress/6.8.3; https://batconpakistan.org"
162.0.235.240 - - [13/Oct/2025:12:52:57 -0400] "GET /wp-content/plugins/contact-form-7-style/admin/predefined-templates.json HTTP/1.1" 200 1323 "-" "WordPress/6.8.3; https://batconpakistan.org"
162.0.235.240 - - [13/Oct/2025:12:52:58 -0400] "POST /wp-cron.php?doing_wp_cron=1760374378.0042550563812255859375 HTTP/1.1" 200 0 "-" "WordPress/6.8.3; https://batconpakistan.org"
13.67.186.254 - - [13/Oct/2025:12:52:57 -0400] "GET /wp-includes/fonts/index.php HTTP/1.1" 301 0 "-" "-"
13.67.186.254 - - [13/Oct/2025:12:52:58 -0400] "GET /wp-includes/fonts/ HTTP/1.1" 403 1242 "-" "-"
13.67.186.254 - - [13/Oct/2025:12:52:58 -0400] "GET /wp-includes/js/crop/ HTTP/1.1" 403 1242 "-" "-"
13.67.186.254 - - [13/Oct/2025:12:52:58 -0400] "GET /wp-includes/rest-api/ HTTP/1.1" 403 1242 "-" "-"
162.0.235.240 - - [13/Oct/2025:12:52:58 -0400] "GET /wp-content/plugins/contact-form-7-style/admin/predefined-templates.json HTTP/1.1" 200 1323 "-" "WordPress/6.8.3; https://batconpakistan.org"
13.67.186.254 - - [13/Oct/2025:12:52:58 -0400] "GET /wp-includes/widgets/ HTTP/1.1" 403 1242 "-" "-"
162.0.235.240 - - [13/Oct/2025:12:56:45 -0400] "GET /wp-content/plugins/contact-form-7-style/admin/predefined-templates.json HTTP/1.1" 200 1323 "-" "WordPress/6.8.3; https://batconpakistan.org"
162.0.235.240 - - [13/Oct/2025:12:56:46 -0400] "POST /wp-cron.php?doing_wp_cron=1760374606.0821568965911865234375 HTTP/1.1" 200 0 "-" "WordPress/6.8.3; https://batconpakistan.org"
2a03:2880:f800:34:: - - [13/Oct/2025:12:56:42 -0400] "GET /Industrial-Electrical-Si-V-A-Pin-D2PAK-TR-302008-MOSFET/ HTTP/1.1" 404 15669 "-" "meta-externalagent/1.1 (+https://developers.facebook.com/docs/sharing/webmasters/crawler)"
162.0.235.240 - - [13/Oct/2025:12:56:46 -0400] "GET /wp-content/plugins/contact-form-7-style/admin/predefined-templates.json HTTP/1.1" 200 1323 "-" "WordPress/6.8.3; https://batconpakistan.org"
146.59.136.90 - - [13/Oct/2025:12:57:02 -0400] "GET /wp-login.php HTTP/1.1" 200 1885 "-" "Mozilla/4.0 (compatible; MSIE 7.0; Windows NT 6.1; WOW64; Trident/7.0; SLCC2; .NET CLR 2.0.50727; .NET4.0C; .NET4.0E)"
162.0.235.240 - - [13/Oct/2025:12:57:07 -0400] "GET /wp-content/plugins/contact-form-7-style/admin/predefined-templates.json HTTP/1.1" 200 1323 "-" "WordPress/6.8.3; https://batconpakistan.org"
162.0.235.240 - - [13/Oct/2025:12:57:07 -0400] "POST /wp-cron.php?doing_wp_cron=1760374627.5794439315795898437500 HTTP/1.1" 200 0 "-" "WordPress/6.8.3; https://batconpakistan.org"
146.59.136.90 - - [13/Oct/2025:12:57:06 -0400] "POST /wp-login.php HTTP/1.1" 200 2045 "https://batconpakistan.org/wp-login.php" "Mozilla/4.0 (compatible; MSIE 7.0; Windows NT 6.1; WOW64; Trident/7.0; SLCC2; .NET CLR 2.0.50727; .NET4.0C; .NET4.0E)"
162.0.235.240 - - [13/Oct/2025:12:57:08 -0400] "GET /wp-content/plugins/contact-form-7-style/admin/predefined-templates.json HTTP/1.1" 200 1323 "-" "WordPress/6.8.3; https://batconpakistan.org"
43.165.69.68 - - [13/Oct/2025:12:57:27 -0400] "GET /2021/09/05/project-completion/ HTTP/1.1" 200 21540 "-" "Mozilla/5.0 (iPhone; CPU iPhone OS 13_2_3 like Mac OS X) AppleWebKit/605.1.15 (KHTML, like Gecko) Version/13.0.3 Mobile/15E148 Safari/604.1"
170.106.15.3 - - [13/Oct/2025:13:07:22 -0400] "GET /career-opportunities/ HTTP/1.1" 200 18581 "-" "Mozilla/5.0 (iPhone; CPU iPhone OS 13_2_3 like Mac OS X) AppleWebKit/605.1.15 (KHTML, like Gecko) Version/13.0.3 Mobile/15E148 Safari/604.1"
172.213.11.147 - - [13/Oct/2025:13:09:57 -0400] "GET /2023/01/12/indian-flying-fox-thermoregulatory-behaviors-visual-guide/ HTTP/1.1" 200 18380 "-" "Mozilla/5.0 AppleWebKit/537.36 (KHTML, like Gecko); compatible; ChatGPT-User/1.0; +https://openai.com/bot"
45.95.117.145 - - [13/Oct/2025:13:13:13 -0400] "GET /2021/07/27/over-400-indian-flying-foxes-pteropus-medius-were-mercilessly-killed-in-nawab-shah-sindh-pakistan-these-bats-were-believed-to-be-a-serious-pest-for-fruits-trees-of-mango-and-banana-in-these-areas/ HTTP/1.1" 200 20666 "-" "Mozilla/5.0 (Macintosh; Intel Mac OS X 12_5) AppleWebKit/537.36 (KHTML, like Gecko) Chrome/114.0.0.0 Safari/537.36 Vivaldi/5.3.2679.68"
162.0.235.240 - - [13/Oct/2025:13:13:57 -0400] "GET /wp-content/plugins/contact-form-7-style/admin/predefined-templates.json HTTP/1.1" 200 1323 "-" "WordPress/6.8.3; https://batconpakistan.org"
162.0.235.240 - - [13/Oct/2025:13:13:57 -0400] "POST /wp-cron.php?doing_wp_cron=1760375637.9019789695739746093750 HTTP/1.1" 200 0 "-" "WordPress/6.8.3; https://batconpakistan.org"
40.77.167.23 - - [13/Oct/2025:13:13:54 -0400] "GET /Occupational-Health-&-Safety-Products-x-Thickness-Accuform-MDT120CTM-PFCardstock-SAFETY-Tag-RedBlack-on-White-LegendDANGER-Do-Not-Close-517996-Tags/ HTTP/1.1" 404 15670 "-" "Mozilla/5.0 AppleWebKit/537.36 (KHTML, like Gecko; compatible; bingbot/2.0; +http://www.bing.com/bingbot.htm) Chrome/116.0.1938.76 Safari/537.36"
162.0.235.240 - - [13/Oct/2025:13:13:58 -0400] "GET /wp-content/plugins/contact-form-7-style/admin/predefined-templates.json HTTP/1.1" 200 1323 "-" "WordPress/6.8.3; https://batconpakistan.org"
92.222.104.221 - - [13/Oct/2025:13:14:09 -0400] "GET /bat-convervation-pakistan/our-team/ HTTP/1.1" 200 24043 "-" "Mozilla/5.0 (compatible; AhrefsBot/7.0; +http://ahrefs.com/robot/)"
5.39.1.227 - - [13/Oct/2025:13:14:50 -0400] "GET /wp-content/plugins/elementor/assets/lib/font-awesome/css/solid.min.css?ver=5.15.3 HTTP/1.1" 302 771 "-" "Mozilla/5.0 (compatible; AhrefsBot/7.0; +http://ahrefs.com/robot/)"
37.59.204.131 - - [13/Oct/2025:13:14:51 -0400] "GET /wp-content/plugins/elementor/assets/lib/font-awesome/css/fontawesome.min.css?ver=5.15.3 HTTP/1.1" 302 771 "-" "Mozilla/5.0 (compatible; AhrefsBot/7.0; +http://ahrefs.com/robot/)"
94.23.188.204 - - [13/Oct/2025:13:14:56 -0400] "GET /wp-content/uploads/dynamic-mobmenu.css?ver=2.8.8-963 HTTP/1.1" 302 771 "-" "Mozilla/5.0 (compatible; AhrefsBot/7.0; +http://ahrefs.com/robot/)"
37.59.204.129 - - [13/Oct/2025:13:14:58 -0400] "GET /wp-content/plugins/elementor/assets/css/widget-heading.min.css?ver=3.32.4 HTTP/1.1" 302 771 "-" "Mozilla/5.0 (compatible; AhrefsBot/7.0; +http://ahrefs.com/robot/)"
94.23.188.204 - - [13/Oct/2025:13:15:00 -0400] "GET /wp-content/plugins/elementor/assets/css/widget-social-icons.min.css?ver=3.32.4 HTTP/1.1" 302 771 "-" "Mozilla/5.0 (compatible; AhrefsBot/7.0; +http://ahrefs.com/robot/)"
5.39.1.232 - - [13/Oct/2025:13:15:06 -0400] "GET /wp-content/plugins/elementor/assets/lib/font-awesome/css/brands.min.css?ver=5.15.3 HTTP/1.1" 302 771 "-" "Mozilla/5.0 (compatible; AhrefsBot/7.0; +http://ahrefs.com/robot/)"
37.59.204.143 - - [13/Oct/2025:13:15:07 -0400] "GET /wp-content/plugins/elementor/assets/css/widget-divider.min.css?ver=3.32.4 HTTP/1.1" 302 771 "-" "Mozilla/5.0 (compatible; AhrefsBot/7.0; +http://ahrefs.com/robot/)"
37.59.204.155 - - [13/Oct/2025:13:15:11 -0400] "GET /wp-content/plugins/elementor/assets/css/conditionals/apple-webkit.min.css?ver=3.32.4 HTTP/1.1" 302 771 "-" "Mozilla/5.0 (compatible; AhrefsBot/7.0; +http://ahrefs.com/robot/)"
94.23.188.209 - - [13/Oct/2025:13:15:13 -0400] "GET /wp-content/uploads/elementor/css/post-119.css?ver=1759790975 HTTP/1.1" 302 771 "-" "Mozilla/5.0 (compatible; AhrefsBot/7.0; +http://ahrefs.com/robot/)"
51.75.236.152 - - [13/Oct/2025:13:15:15 -0400] "GET /wp-content/plugins/elementor/assets/css/widget-image.min.css?ver=3.32.4 HTTP/1.1" 302 771 "-" "Mozilla/5.0 (compatible; AhrefsBot/7.0; +http://ahrefs.com/robot/)"
3.20.61.90 - - [13/Oct/2025:13:15:16 -0400] "GET /wp-login.php HTTP/1.1" 200 1885 "-" "Mozilla/5.0 (Windows NT 6.1; WOW64; Trident/7.0; MATP; MATP; MATPJS; rv:11.0) like Gecko"
162.0.235.240 - - [13/Oct/2025:13:15:21 -0400] "GET /wp-content/plugins/contact-form-7-style/admin/predefined-templates.json HTTP/1.1" 200 1323 "-" "WordPress/6.8.3; https://batconpakistan.org"
162.0.235.240 - - [13/Oct/2025:13:15:21 -0400] "POST /wp-cron.php?doing_wp_cron=1760375721.7745230197906494140625 HTTP/1.1" 200 0 "-" "WordPress/6.8.3; https://batconpakistan.org"
3.20.61.90 - - [13/Oct/2025:13:15:20 -0400] "POST /wp-login.php HTTP/1.1" 200 2045 "https://batconpakistan.org/wp-login.php" "Mozilla/5.0 (Windows NT 6.1; WOW64; Trident/7.0; MATP; MATP; MATPJS; rv:11.0) like Gecko"
162.0.235.240 - - [13/Oct/2025:13:15:22 -0400] "GET /wp-content/plugins/contact-form-7-style/admin/predefined-templates.json HTTP/1.1" 200 1323 "-" "WordPress/6.8.3; https://batconpakistan.org"
