43.128.67.187 - - [13/Oct/2025:22:55:32 -0400] "GET / HTTP/1.1" 200 23128 "https://www.batconpakistan.org/" "Mozilla/5.0 (iPhone; CPU iPhone OS 13_2_3 like Mac OS X) AppleWebKit/605.1.15 (KHTML, like Gecko) Version/13.0.3 Mobile/15E148 Safari/604.1"
162.0.235.240 - - [13/Oct/2025:23:00:27 -0400] "GET /wp-content/plugins/contact-form-7-style/admin/predefined-templates.json HTTP/1.1" 200 1323 "-" "WordPress/6.8.3; https://batconpakistan.org"
162.0.235.240 - - [13/Oct/2025:23:00:28 -0400] "POST /wp-cron.php?doing_wp_cron=1760410828.3259909152984619140625 HTTP/1.1" 200 0 "-" "WordPress/6.8.3; https://batconpakistan.org"
35.238.250.201 - - [13/Oct/2025:23:00:24 -0400] "GET /media/system/js/core.js HTTP/1.1" 404 15670 "http://batconpakistan.org/media/system/js/core.js" "Mozilla/5.0 (Macintosh; Intel Mac OS X 10_10_1) AppleWebKit/537.36 (KHTML, like Gecko) Chrome/39.0.2171.95 Safari/537.36"
162.0.235.240 - - [13/Oct/2025:23:00:28 -0400] "GET /wp-content/plugins/contact-form-7-style/admin/predefined-templates.json HTTP/1.1" 200 1323 "-" "WordPress/6.8.3; https://batconpakistan.org"
194.164.126.55 - - [13/Oct/2025:23:05:30 -0400] "GET /wp-login.php HTTP/1.1" 200 1885 "-" "Mozilla/5.0 (Macintosh; Intel Mac OS X 10_11_6) AppleWebKit/537.36 (KHTML, like Gecko) Chrome/66.0.3359.117 Safari/537.36"
162.0.235.240 - - [13/Oct/2025:23:05:35 -0400] "GET /wp-content/plugins/contact-form-7-style/admin/predefined-templates.json HTTP/1.1" 200 1323 "-" "WordPress/6.8.3; https://batconpakistan.org"
162.0.235.240 - - [13/Oct/2025:23:05:36 -0400] "POST /wp-cron.php?doing_wp_cron=1760411135.9557769298553466796875 HTTP/1.1" 200 0 "-" "WordPress/6.8.3; https://batconpakistan.org"
194.164.126.55 - - [13/Oct/2025:23:05:32 -0400] "POST /wp-login.php HTTP/1.1" 200 2045 "https://batconpakistan.org/wp-login.php" "Mozilla/5.0 (Macintosh; Intel Mac OS X 10_11_6) AppleWebKit/537.36 (KHTML, like Gecko) Chrome/66.0.3359.117 Safari/537.36"
162.0.235.240 - - [13/Oct/2025:23:05:36 -0400] "GET /wp-content/plugins/contact-form-7-style/admin/predefined-templates.json HTTP/1.1" 200 1323 "-" "WordPress/6.8.3; https://batconpakistan.org"
43.224.34.83 - - [13/Oct/2025:23:07:32 -0400] "GET /wp-login.php HTTP/1.1" 200 1885 "-" "Mozilla/5.0 (Windows NT 10.0) AppleWebKit/537.36 (KHTML, like Gecko) Chrome/67.0.3396.87 Safari/537.36"
162.0.235.240 - - [13/Oct/2025:23:07:38 -0400] "GET /wp-content/plugins/contact-form-7-style/admin/predefined-templates.json HTTP/1.1" 200 1323 "-" "WordPress/6.8.3; https://batconpakistan.org"
162.0.235.240 - - [13/Oct/2025:23:07:38 -0400] "POST /wp-cron.php?doing_wp_cron=1760411258.8888800144195556640625 HTTP/1.1" 200 0 "-" "WordPress/6.8.3; https://batconpakistan.org"
43.224.34.83 - - [13/Oct/2025:23:07:35 -0400] "POST /wp-login.php HTTP/1.1" 200 2045 "https://batconpakistan.org/wp-login.php" "Mozilla/5.0 (Windows NT 10.0) AppleWebKit/537.36 (KHTML, like Gecko) Chrome/67.0.3396.87 Safari/537.36"
162.0.235.240 - - [13/Oct/2025:23:07:39 -0400] "GET /wp-content/plugins/contact-form-7-style/admin/predefined-templates.json HTTP/1.1" 200 1323 "-" "WordPress/6.8.3; https://batconpakistan.org"
49.51.233.95 - - [13/Oct/2025:23:12:03 -0400] "GET /home/feed/ HTTP/1.1" 200 394 "-" "Mozilla/5.0 (iPhone; CPU iPhone OS 13_2_3 like Mac OS X) AppleWebKit/605.1.15 (KHTML, like Gecko) Version/13.0.3 Mobile/15E148 Safari/604.1"
162.0.235.240 - - [13/Oct/2025:23:16:33 -0400] "GET /wp-content/plugins/contact-form-7-style/admin/predefined-templates.json HTTP/1.1" 200 1323 "-" "WordPress/6.8.3; https://batconpakistan.org"
162.0.235.240 - - [13/Oct/2025:23:16:34 -0400] "POST /wp-cron.php?doing_wp_cron=1760411794.4066419601440429687500 HTTP/1.1" 200 0 "-" "WordPress/6.8.3; https://batconpakistan.org"
162.0.235.240 - - [13/Oct/2025:23:16:35 -0400] "GET /wp-content/plugins/contact-form-7-style/admin/predefined-templates.json HTTP/1.1" 200 1323 "-" "WordPress/6.8.3; https://batconpakistan.org"
2a03:2880:f800:3:: - - [13/Oct/2025:23:16:29 -0400] "GET /team/dr-sajida-noreen/ HTTP/1.1" 200 16598 "-" "meta-externalagent/1.1 (+https://developers.facebook.com/docs/sharing/webmasters/crawler)"
216.244.66.200 - - [13/Oct/2025:23:17:12 -0400] "GET /robots.txt HTTP/1.1" 200 183 "-" "Mozilla/5.0 (compatible; DotBot/1.2; +https://opensiteexplorer.org/dotbot; help@moz.com)"
15.204.97.227 - - [13/Oct/2025:23:19:28 -0400] "GET /wp-login.php HTTP/1.1" 200 1885 "-" "Mozilla/5.0 (Windows NT 6.2; Win64; x64) AppleWebKit/537.36 (KHTML, like Gecko) Chrome/67.0.3396.87 Safari/537.36"
162.0.235.240 - - [13/Oct/2025:23:19:35 -0400] "GET /wp-content/plugins/contact-form-7-style/admin/predefined-templates.json HTTP/1.1" 200 1323 "-" "WordPress/6.8.3; https://batconpakistan.org"
162.0.235.240 - - [13/Oct/2025:23:19:36 -0400] "POST /wp-cron.php?doing_wp_cron=1760411976.3982830047607421875000 HTTP/1.1" 200 0 "-" "WordPress/6.8.3; https://batconpakistan.org"
15.204.97.227 - - [13/Oct/2025:23:19:32 -0400] "POST /wp-login.php HTTP/1.1" 200 2045 "https://batconpakistan.org/wp-login.php" "Mozilla/5.0 (Windows NT 6.2; Win64; x64) AppleWebKit/537.36 (KHTML, like Gecko) Chrome/67.0.3396.87 Safari/537.36"
162.0.235.240 - - [13/Oct/2025:23:19:37 -0400] "GET /wp-content/plugins/contact-form-7-style/admin/predefined-templates.json HTTP/1.1" 200 1323 "-" "WordPress/6.8.3; https://batconpakistan.org"
198.244.242.177 - - [13/Oct/2025:23:20:51 -0400] "GET /robots.txt HTTP/1.1" 200 183 "-" "Mozilla/5.0 (compatible; AhrefsBot/7.0; +http://ahrefs.com/robot/)"
162.0.235.240 - - [13/Oct/2025:23:20:52 -0400] "GET /wp-content/plugins/contact-form-7-style/admin/predefined-templates.json HTTP/1.1" 200 1323 "-" "WordPress/6.8.3; https://batconpakistan.org"
162.0.235.240 - - [13/Oct/2025:23:20:53 -0400] "POST /wp-cron.php?doing_wp_cron=1760412053.1322619915008544921875 HTTP/1.1" 200 0 "-" "WordPress/6.8.3; https://batconpakistan.org"
198.244.242.2 - - [13/Oct/2025:23:20:52 -0400] "GET /2023/10/03/nipah-virus-alert-heightened-risks-and-precautionary-measures-in-pakistan/feed/ HTTP/1.1" 304 0 "-" "Mozilla/5.0 (compatible; AhrefsBot/7.0; +http://ahrefs.com/robot/)"
162.0.235.240 - - [13/Oct/2025:23:20:53 -0400] "GET /wp-content/plugins/contact-form-7-style/admin/predefined-templates.json HTTP/1.1" 200 1323 "-" "WordPress/6.8.3; https://batconpakistan.org"
190.123.212.114 - - [13/Oct/2025:23:22:25 -0400] "GET /2021/07/27/over-400-indian-flying-foxes-pteropus-medius-were-mercilessly-killed-in-nawab-shah-sindh-pakistan-these-bats-were-believed-to-be-a-serious-pest-for-fruits-trees-of-mango-and-banana-in-these-areas/ HTTP/1.1" 200 20666 "-" "Mozilla/5.0 (Macintosh; Intel Mac OS X 12_5) AppleWebKit/537.36 (KHTML, like Gecko) Chrome/114.0.0.0 Safari/537.36 Vivaldi/5.3.2679.68"
35.238.250.201 - - [13/Oct/2025:23:25:19 -0400] "GET / HTTP/1.1" 200 23128 "-" "Mozilla/5.0 (Windows NT 10.0; Win64; x64) AppleWebKit/537.36 (KHTML, like Gecko) Chrome/78.0.3904.108 Safari/537.36"
162.0.235.240 - - [13/Oct/2025:23:25:23 -0400] "GET /wp-content/plugins/contact-form-7-style/admin/predefined-templates.json HTTP/1.1" 200 1323 "-" "WordPress/6.8.3; https://batconpakistan.org"
162.0.235.240 - - [13/Oct/2025:23:25:24 -0400] "POST /wp-cron.php?doing_wp_cron=1760412324.0284340381622314453125 HTTP/1.1" 200 0 "-" "WordPress/6.8.3; https://batconpakistan.org"
35.238.250.201 - - [13/Oct/2025:23:25:19 -0400] "GET //wp-includes/wlwmanifest.xml HTTP/1.1" 301 0 "-" "Mozilla/5.0 (Windows NT 10.0; Win64; x64) AppleWebKit/537.36 (KHTML, like Gecko) Chrome/78.0.3904.108 Safari/537.36"
35.238.250.201 - - [13/Oct/2025:23:25:24 -0400] "GET //xmlrpc.php?rsd HTTP/1.1" 403 1242 "-" "Mozilla/5.0 (Windows NT 10.0; Win64; x64) AppleWebKit/537.36 (KHTML, like Gecko) Chrome/78.0.3904.108 Safari/537.36"
35.238.250.201 - - [13/Oct/2025:23:25:24 -0400] "GET / HTTP/1.1" 200 23128 "-" "Mozilla/5.0 (Windows NT 10.0; Win64; x64) AppleWebKit/537.36 (KHTML, like Gecko) Chrome/78.0.3904.108 Safari/537.36"
35.238.250.201 - - [13/Oct/2025:23:25:24 -0400] "GET //?author=1 HTTP/1.1" 403 1242 "-" "Mozilla/5.0 (Windows NT 10.0; Win64; x64) AppleWebKit/537.36 (KHTML, like Gecko) Chrome/78.0.3904.108 Safari/537.36"
35.238.250.201 - - [13/Oct/2025:23:25:24 -0400] "GET //?author=2 HTTP/1.1" 403 1242 "-" "Mozilla/5.0 (Windows NT 10.0; Win64; x64) AppleWebKit/537.36 (KHTML, like Gecko) Chrome/78.0.3904.108 Safari/537.36"
35.238.250.201 - - [13/Oct/2025:23:25:24 -0400] "GET //wp-json/wp/v2/users/ HTTP/1.1" 403 1242 "-" "Mozilla/5.0 (Windows NT 10.0; Win64; x64) AppleWebKit/537.36 (KHTML, like Gecko) Chrome/78.0.3904.108 Safari/537.36"
162.0.235.240 - - [13/Oct/2025:23:25:24 -0400] "GET /wp-content/plugins/contact-form-7-style/admin/predefined-templates.json HTTP/1.1" 200 1323 "-" "WordPress/6.8.3; https://batconpakistan.org"
35.238.250.201 - - [13/Oct/2025:23:25:24 -0400] "GET //wp-json/oembed/1.0/embed?url=https://batconpakistan.org/ HTTP/1.1" 200 5971 "-" "Mozilla/5.0 (Windows NT 10.0; Win64; x64) AppleWebKit/537.36 (KHTML, like Gecko) Chrome/78.0.3904.108 Safari/537.36"
35.238.250.201 - - [13/Oct/2025:23:25:24 -0400] "POST //xmlrpc.php HTTP/1.1" 403 1242 "-" "Mozilla/5.0 (Windows NT 10.0; Win64; x64) AppleWebKit/537.36 (KHTML, like Gecko) Chrome/78.0.3904.108 Safari/537.36"
162.0.235.240 - - [13/Oct/2025:23:25:41 -0400] "GET /wp-content/plugins/contact-form-7-style/admin/predefined-templates.json HTTP/1.1" 200 1323 "-" "WordPress/6.8.3; https://batconpakistan.org"
162.0.235.240 - - [13/Oct/2025:23:25:41 -0400] "POST /wp-cron.php?doing_wp_cron=1760412341.3419489860534667968750 HTTP/1.1" 200 0 "-" "WordPress/6.8.3; https://batconpakistan.org"
103.186.30.230 - - [13/Oct/2025:23:25:40 -0400] "GET /style.php HTTP/1.1" 404 15668 "http://batconpakistan.org/style.php" "Go-http-client/2.0"
162.0.235.240 - - [13/Oct/2025:23:25:41 -0400] "GET /wp-content/plugins/contact-form-7-style/admin/predefined-templates.json HTTP/1.1" 200 1323 "-" "WordPress/6.8.3; https://batconpakistan.org"
162.0.235.240 - - [13/Oct/2025:23:25:42 -0400] "GET /wp-content/plugins/contact-form-7-style/admin/predefined-templates.json HTTP/1.1" 200 1323 "-" "WordPress/6.8.3; https://batconpakistan.org"
103.186.30.230 - - [13/Oct/2025:23:25:42 -0400] "GET /wp-content/style.php HTTP/1.1" 404 15669 "http://batconpakistan.org/wp-content/style.php" "Go-http-client/2.0"
162.0.235.240 - - [13/Oct/2025:23:25:43 -0400] "GET /wp-content/plugins/contact-form-7-style/admin/predefined-templates.json HTTP/1.1" 200 1323 "-" "WordPress/6.8.3; https://batconpakistan.org"
103.186.30.230 - - [13/Oct/2025:23:25:43 -0400] "GET /wp-content/themes/style.php HTTP/1.1" 404 15669 "http://batconpakistan.org/wp-content/themes/style.php" "Go-http-client/2.0"
162.0.235.240 - - [13/Oct/2025:23:25:45 -0400] "GET /wp-content/plugins/contact-form-7-style/admin/predefined-templates.json HTTP/1.1" 200 1323 "-" "WordPress/6.8.3; https://batconpakistan.org"
103.186.30.230 - - [13/Oct/2025:23:25:44 -0400] "GET /wp-admin/style.php HTTP/1.1" 404 15671 "http://batconpakistan.org/wp-admin/style.php" "Go-http-client/2.0"
162.0.235.240 - - [13/Oct/2025:23:25:59 -0400] "GET /wp-content/plugins/contact-form-7-style/admin/predefined-templates.json HTTP/1.1" 200 1323 "-" "WordPress/6.8.3; https://batconpakistan.org"
162.0.235.240 - - [13/Oct/2025:23:26:00 -0400] "POST /wp-cron.php?doing_wp_cron=1760412360.0098009109497070312500 HTTP/1.1" 200 0 "-" "WordPress/6.8.3; https://batconpakistan.org"
103.186.30.230 - - [13/Oct/2025:23:25:59 -0400] "GET /wp-includes/style.php HTTP/1.1" 404 15669 "http://batconpakistan.org/wp-includes/style.php" "Go-http-client/2.0"
162.0.235.240 - - [13/Oct/2025:23:26:00 -0400] "GET /wp-content/plugins/contact-form-7-style/admin/predefined-templates.json HTTP/1.1" 200 1323 "-" "WordPress/6.8.3; https://batconpakistan.org"
162.0.235.240 - - [13/Oct/2025:23:26:01 -0400] "GET /wp-content/plugins/contact-form-7-style/admin/predefined-templates.json HTTP/1.1" 200 1323 "-" "WordPress/6.8.3; https://batconpakistan.org"
103.186.30.230 - - [13/Oct/2025:23:26:00 -0400] "GET /chosen.php?p= HTTP/1.1" 301 0 "http://batconpakistan.org/chosen.php?p=" "Go-http-client/2.0"
162.0.235.240 - - [13/Oct/2025:23:26:02 -0400] "GET /wp-content/plugins/contact-form-7-style/admin/predefined-templates.json HTTP/1.1" 200 1323 "-" "WordPress/6.8.3; https://batconpakistan.org"
103.186.30.230 - - [13/Oct/2025:23:26:01 -0400] "GET /chosen.php HTTP/1.1" 404 15669 "https://batconpakistan.org/chosen.php?p=" "Go-http-client/2.0"
103.186.30.230 - - [13/Oct/2025:23:26:03 -0400] "GET /file.php HTTP/1.1" 404 15669 "http://batconpakistan.org/file.php" "Go-http-client/2.0"
162.0.235.240 - - [13/Oct/2025:23:26:03 -0400] "GET /wp-content/plugins/contact-form-7-style/admin/predefined-templates.json HTTP/1.1" 200 1323 "-" "WordPress/6.8.3; https://batconpakistan.org"
103.186.30.230 - - [13/Oct/2025:23:26:03 -0400] "GET /wp-editor.php HTTP/1.1" 404 15670 "http://batconpakistan.org/wp-editor.php#lufix" "Go-http-client/2.0"
162.0.235.240 - - [13/Oct/2025:23:26:05 -0400] "GET /wp-content/plugins/contact-form-7-style/admin/predefined-templates.json HTTP/1.1" 200 1323 "-" "WordPress/6.8.3; https://batconpakistan.org"
162.0.235.240 - - [13/Oct/2025:23:26:05 -0400] "POST /wp-cron.php?doing_wp_cron=1760412365.4082798957824707031250 HTTP/1.1" 200 0 "-" "WordPress/6.8.3; https://batconpakistan.org"
103.186.30.230 - - [13/Oct/2025:23:26:04 -0400] "GET /fix.php HTTP/1.1" 404 15671 "http://batconpakistan.org/fix.php#lufix" "Go-http-client/2.0"
162.0.235.240 - - [13/Oct/2025:23:26:05 -0400] "GET /wp-content/plugins/contact-form-7-style/admin/predefined-templates.json HTTP/1.1" 200 1323 "-" "WordPress/6.8.3; https://batconpakistan.org"
103.186.30.230 - - [13/Oct/2025:23:26:06 -0400] "GET /flower.php HTTP/1.1" 404 15670 "http://batconpakistan.org/flower.php" "Go-http-client/2.0"
162.0.235.240 - - [13/Oct/2025:23:26:06 -0400] "GET /wp-content/plugins/contact-form-7-style/admin/predefined-templates.json HTTP/1.1" 200 1323 "-" "WordPress/6.8.3; https://batconpakistan.org"
103.186.30.230 - - [13/Oct/2025:23:26:06 -0400] "GET /gifclass.php HTTP/1.1" 404 15670 "http://batconpakistan.org/gifclass.php" "Go-http-client/2.0"
162.0.235.240 - - [13/Oct/2025:23:26:08 -0400] "GET /wp-content/plugins/contact-form-7-style/admin/predefined-templates.json HTTP/1.1" 200 1323 "-" "WordPress/6.8.3; https://batconpakistan.org"
103.186.30.230 - - [13/Oct/2025:23:26:07 -0400] "GET /bless.php HTTP/1.1" 404 15671 "http://batconpakistan.org/bless.php" "Go-http-client/2.0"
162.0.235.240 - - [13/Oct/2025:23:26:09 -0400] "GET /wp-content/plugins/contact-form-7-style/admin/predefined-templates.json HTTP/1.1" 200 1323 "-" "WordPress/6.8.3; https://batconpakistan.org"
103.186.30.230 - - [13/Oct/2025:23:26:08 -0400] "GET /akcc.php HTTP/1.1" 404 15671 "http://batconpakistan.org/akcc.php" "Go-http-client/2.0"
103.186.30.230 - - [13/Oct/2025:23:26:10 -0400] "GET /abcd.php HTTP/1.1" 404 15671 "http://batconpakistan.org/abcd.php" "Go-http-client/2.0"
162.0.235.240 - - [13/Oct/2025:23:26:10 -0400] "GET /wp-content/plugins/contact-form-7-style/admin/predefined-templates.json HTTP/1.1" 200 1323 "-" "WordPress/6.8.3; https://batconpakistan.org"
103.186.30.230 - - [13/Oct/2025:23:26:10 -0400] "GET /asas.php HTTP/1.1" 404 15668 "http://batconpakistan.org/asas.php" "Go-http-client/2.0"
162.0.235.240 - - [13/Oct/2025:23:26:11 -0400] "GET /wp-content/plugins/contact-form-7-style/admin/predefined-templates.json HTTP/1.1" 200 1323 "-" "WordPress/6.8.3; https://batconpakistan.org"
103.186.30.230 - - [13/Oct/2025:23:26:11 -0400] "GET /ss.php?f_c=1 HTTP/1.1" 404 15669 "http://batconpakistan.org/ss.php?f_c=1" "Go-http-client/2.0"
216.73.216.20 - - [13/Oct/2025:23:27:40 -0400] "GET /robots.txt HTTP/1.1" 304 0 "-" "Mozilla/5.0 AppleWebKit/537.36 (KHTML, like Gecko; compatible; ClaudeBot/1.0; +claudebot@anthropic.com)"
162.0.235.240 - - [13/Oct/2025:23:27:43 -0400] "GET /wp-content/plugins/contact-form-7-style/admin/predefined-templates.json HTTP/1.1" 200 1323 "-" "WordPress/6.8.3; https://batconpakistan.org"
162.0.235.240 - - [13/Oct/2025:23:27:43 -0400] "GET /wp-content/plugins/contact-form-7-style/admin/predefined-templates.json HTTP/1.1" 200 1323 "-" "WordPress/6.8.3; https://batconpakistan.org"
162.0.235.240 - - [13/Oct/2025:23:27:43 -0400] "POST /wp-cron.php?doing_wp_cron=1760412463.4718070030212402343750 HTTP/1.1" 200 0 "-" "WordPress/6.8.3; https://batconpakistan.org"
162.0.235.240 - - [13/Oct/2025:23:27:43 -0400] "POST /wp-cron.php?doing_wp_cron=1760412463.4714329242706298828125 HTTP/1.1" 200 0 "-" "WordPress/6.8.3; https://batconpakistan.org"
216.73.216.20 - - [13/Oct/2025:23:27:40 -0400] "GET /product/woo-ninja/feed HTTP/1.1" 301 0 "-" "Mozilla/5.0 AppleWebKit/537.36 (KHTML, like Gecko; compatible; ClaudeBot/1.0; +claudebot@anthropic.com)"
216.73.216.20 - - [13/Oct/2025:23:27:40 -0400] "GET /product/happy-ninja/feed HTTP/1.1" 301 0 "-" "Mozilla/5.0 AppleWebKit/537.36 (KHTML, like Gecko; compatible; ClaudeBot/1.0; +claudebot@anthropic.com)"
162.0.235.240 - - [13/Oct/2025:23:27:44 -0400] "GET /wp-content/plugins/contact-form-7-style/admin/predefined-templates.json HTTP/1.1" 200 1323 "-" "WordPress/6.8.3; https://batconpakistan.org"
162.0.235.240 - - [13/Oct/2025:23:27:44 -0400] "GET /wp-content/plugins/contact-form-7-style/admin/predefined-templates.json HTTP/1.1" 200 1323 "-" "WordPress/6.8.3; https://batconpakistan.org"
162.0.235.240 - - [13/Oct/2025:23:27:44 -0400] "GET /wp-content/plugins/contact-form-7-style/admin/predefined-templates.json HTTP/1.1" 200 1323 "-" "WordPress/6.8.3; https://batconpakistan.org"
162.0.235.240 - - [13/Oct/2025:23:27:44 -0400] "GET /wp-content/plugins/contact-form-7-style/admin/predefined-templates.json HTTP/1.1" 200 1323 "-" "WordPress/6.8.3; https://batconpakistan.org"
216.73.216.20 - - [13/Oct/2025:23:27:43 -0400] "GET /product/woo-ninja/feed/ HTTP/1.1" 200 437 "https://batconpakistan.org/product/woo-ninja/feed" "Mozilla/5.0 AppleWebKit/537.36 (KHTML, like Gecko; compatible; ClaudeBot/1.0; +claudebot@anthropic.com)"
216.73.216.20 - - [13/Oct/2025:23:27:43 -0400] "GET /product/happy-ninja/feed/ HTTP/1.1" 200 438 "https://batconpakistan.org/product/happy-ninja/feed" "Mozilla/5.0 AppleWebKit/537.36 (KHTML, like Gecko; compatible; ClaudeBot/1.0; +claudebot@anthropic.com)"
162.0.235.240 - - [13/Oct/2025:23:28:41 -0400] "GET /wp-content/plugins/contact-form-7-style/admin/predefined-templates.json HTTP/1.1" 200 1323 "-" "WordPress/6.8.3; https://batconpakistan.org"
162.0.235.240 - - [13/Oct/2025:23:28:41 -0400] "GET /wp-content/plugins/contact-form-7-style/admin/predefined-templates.json HTTP/1.1" 200 1323 "-" "WordPress/6.8.3; https://batconpakistan.org"
216.73.216.20 - - [13/Oct/2025:23:28:41 -0400] "GET /product/patient-ninja/feed HTTP/1.1" 301 0 "-" "Mozilla/5.0 AppleWebKit/537.36 (KHTML, like Gecko; compatible; ClaudeBot/1.0; +claudebot@anthropic.com)"
162.0.235.240 - - [13/Oct/2025:23:28:41 -0400] "POST /wp-cron.php?doing_wp_cron=1760412521.9063360691070556640625 HTTP/1.1" 200 0 "-" "WordPress/6.8.3; https://batconpakistan.org"
216.73.216.20 - - [13/Oct/2025:23:28:41 -0400] "GET /product-category/clothing/t-shirts/feed HTTP/1.1" 301 0 "-" "Mozilla/5.0 AppleWebKit/537.36 (KHTML, like Gecko; compatible; ClaudeBot/1.0; +claudebot@anthropic.com)"
162.0.235.240 - - [13/Oct/2025:23:28:42 -0400] "GET /wp-content/plugins/contact-form-7-style/admin/predefined-templates.json HTTP/1.1" 200 1323 "-" "WordPress/6.8.3; https://batconpakistan.org"
162.0.235.240 - - [13/Oct/2025:23:28:42 -0400] "GET /wp-content/plugins/contact-form-7-style/admin/predefined-templates.json HTTP/1.1" 200 1323 "-" "WordPress/6.8.3; https://batconpakistan.org"
162.0.235.240 - - [13/Oct/2025:23:28:42 -0400] "GET /wp-content/plugins/contact-form-7-style/admin/predefined-templates.json HTTP/1.1" 200 1323 "-" "WordPress/6.8.3; https://batconpakistan.org"
216.73.216.20 - - [13/Oct/2025:23:28:42 -0400] "GET /product-category/clothing/t-shirts/feed/ HTTP/1.1" 200 1287 "https://batconpakistan.org/product-category/clothing/t-shirts/feed" "Mozilla/5.0 AppleWebKit/537.36 (KHTML, like Gecko; compatible; ClaudeBot/1.0; +claudebot@anthropic.com)"
216.73.216.20 - - [13/Oct/2025:23:28:42 -0400] "GET /product/patient-ninja/feed/ HTTP/1.1" 200 443 "https://batconpakistan.org/product/patient-ninja/feed" "Mozilla/5.0 AppleWebKit/537.36 (KHTML, like Gecko; compatible; ClaudeBot/1.0; +claudebot@anthropic.com)"
162.0.235.240 - - [13/Oct/2025:23:28:43 -0400] "GET /wp-content/plugins/contact-form-7-style/admin/predefined-templates.json HTTP/1.1" 200 1323 "-" "WordPress/6.8.3; https://batconpakistan.org"
216.73.216.20 - - [13/Oct/2025:23:28:43 -0400] "GET /product/happy-ninja-2/feed HTTP/1.1" 301 0 "-" "Mozilla/5.0 AppleWebKit/537.36 (KHTML, like Gecko; compatible; ClaudeBot/1.0; +claudebot@anthropic.com)"
162.0.235.240 - - [13/Oct/2025:23:28:44 -0400] "GET /wp-content/plugins/contact-form-7-style/admin/predefined-templates.json HTTP/1.1" 200 1323 "-" "WordPress/6.8.3; https://batconpakistan.org"
216.73.216.20 - - [13/Oct/2025:23:28:44 -0400] "GET /product/happy-ninja-2/feed/ HTTP/1.1" 200 443 "https://batconpakistan.org/product/happy-ninja-2/feed" "Mozilla/5.0 AppleWebKit/537.36 (KHTML, like Gecko; compatible; ClaudeBot/1.0; +claudebot@anthropic.com)"
162.0.235.240 - - [13/Oct/2025:23:30:00 -0400] "GET /wp-content/plugins/contact-form-7-style/admin/predefined-templates.json HTTP/1.1" 200 1323 "-" "WordPress/6.8.3; https://batconpakistan.org"
162.0.235.240 - - [13/Oct/2025:23:30:00 -0400] "POST /wp-cron.php?doing_wp_cron=1760412600.3470160961151123046875 HTTP/1.1" 200 0 "-" "WordPress/6.8.3; https://batconpakistan.org"
52.167.144.194 - - [13/Oct/2025:23:29:59 -0400] "GET /Fasteners-Components-Wheel-89218-Lug-Nuts/ HTTP/1.1" 404 15669 "-" "Mozilla/5.0 AppleWebKit/537.36 (KHTML, like Gecko; compatible; bingbot/2.0; +http://www.bing.com/bingbot.htm) Chrome/116.0.1938.76 Safari/537.36"
162.0.235.240 - - [13/Oct/2025:23:30:00 -0400] "GET /wp-content/plugins/contact-form-7-style/admin/predefined-templates.json HTTP/1.1" 200 1323 "-" "WordPress/6.8.3; https://batconpakistan.org"
20.40.40.110 - - [13/Oct/2025:23:34:08 -0400] "GET /wp-login.php HTTP/1.1" 200 1885 "-" "Mozilla/5.0"
20.40.40.110 - - [13/Oct/2025:23:34:09 -0400] "GET /?author=1 HTTP/1.1" 403 1242 "-" "Mozilla/5.0"
20.40.40.110 - - [13/Oct/2025:23:34:10 -0400] "GET /?rest_route=/wp/v2/users HTTP/1.1" 200 6905 "-" "Mozilla/5.0"
20.40.40.110 - - [13/Oct/2025:23:34:11 -0400] "GET /feed HTTP/1.1" 301 0 "-" "Mozilla/5.0"
20.40.40.110 - - [13/Oct/2025:23:34:11 -0400] "GET /feed/ HTTP/1.1" 200 23257 "-" "Mozilla/5.0"
162.0.235.240 - - [13/Oct/2025:23:34:54 -0400] "GET /wp-content/plugins/contact-form-7-style/admin/predefined-templates.json HTTP/1.1" 200 1323 "-" "WordPress/6.8.3; https://batconpakistan.org"
162.0.235.240 - - [13/Oct/2025:23:34:55 -0400] "POST /wp-cron.php?doing_wp_cron=1760412895.0992679595947265625000 HTTP/1.1" 200 0 "-" "WordPress/6.8.3; https://batconpakistan.org"
216.73.216.20 - - [13/Oct/2025:23:34:50 -0400] "GET /product/woo-ninja-2/feed HTTP/1.1" 301 0 "-" "Mozilla/5.0 AppleWebKit/537.36 (KHTML, like Gecko; compatible; ClaudeBot/1.0; +claudebot@anthropic.com)"
162.0.235.240 - - [13/Oct/2025:23:34:55 -0400] "GET /wp-content/plugins/contact-form-7-style/admin/predefined-templates.json HTTP/1.1" 200 1323 "-" "WordPress/6.8.3; https://batconpakistan.org"
162.0.235.240 - - [13/Oct/2025:23:34:55 -0400] "GET /wp-content/plugins/contact-form-7-style/admin/predefined-templates.json HTTP/1.1" 200 1323 "-" "WordPress/6.8.3; https://batconpakistan.org"
216.73.216.20 - - [13/Oct/2025:23:34:55 -0400] "GET /product/woo-ninja-2/feed/ HTTP/1.1" 200 437 "https://batconpakistan.org/product/woo-ninja-2/feed" "Mozilla/5.0 AppleWebKit/537.36 (KHTML, like Gecko; compatible; ClaudeBot/1.0; +claudebot@anthropic.com)"
66.249.66.71 - - [13/Oct/2025:23:38:02 -0400] "GET /robots.txt HTTP/1.1" 304 0 "-" "Mozilla/5.0 (compatible; Googlebot/2.1; +http://www.google.com/bot.html)"
199.16.157.182 - - [13/Oct/2025:23:43:32 -0400] "GET /robots.txt HTTP/1.1" 200 183 "-" "Twitterbot/1.0"
199.16.157.182 - - [13/Oct/2025:23:43:32 -0400] "GET / HTTP/1.1" 200 23128 "-" "Twitterbot/1.0"
2a03:2880:f800:24:: - - [13/Oct/2025:23:45:33 -0400] "GET /2021/01/03/south-asian-scientists-and-conservationists-bust-myths-about-bats-and-covid-19/ HTTP/1.1" 200 28459 "-" "meta-externalagent/1.1 (+https://developers.facebook.com/docs/sharing/webmasters/crawler)"
216.244.66.200 - - [13/Oct/2025:23:47:34 -0400] "GET /wp-content/uploads/2021/01/Ali.png HTTP/1.1" 200 121173 "-" "Mozilla/5.0 (compatible; DotBot/1.2; +https://opensiteexplorer.org/dotbot; help@moz.com)"
176.118.234.136 - - [13/Oct/2025:23:47:48 -0400] "GET /index.php?cperpage=%31 HTTP/1.1" 301 0 "-" "Mozilla/5.0 (X11; Linux x86_64) AppleWebKit/537.36 (KHTML, like Gecko) obsidian/1.5.8 Chrome/120.0.6099.283 Electron/28.2.3 Safari/537.36"
176.118.234.136 - - [13/Oct/2025:23:47:49 -0400] "GET /?cperpage=1 HTTP/1.1" 200 23132 "-" "Mozilla/5.0 (X11; Linux x86_64) AppleWebKit/537.36 (KHTML, like Gecko) obsidian/1.5.8 Chrome/120.0.6099.283 Electron/28.2.3 Safari/537.36"
2605:a601:a6b1:e900:9832:a05a:d725:3de1 - - [13/Oct/2025:23:49:59 -0400] "GET /wp-content/uploads/2021/07/WhatsApp-Image-2021-07-10-at-9.51.16-AM-1-958x719.jpeg HTTP/1.1" 200 143713 "https://www.google.com/" "Mozilla/5.0 (Macintosh; Intel Mac OS X 10_15_7) AppleWebKit/537.36 (KHTML, like Gecko) Chrome/141.0.0.0 Safari/537.36"
199.16.157.180 - - [13/Oct/2025:23:50:21 -0400] "GET / HTTP/1.1" 200 23128 "-" "Twitterbot/1.0"
2a03:2880:f800:3b:: - - [14/Oct/2025:00:09:27 -0400] "GET /2023/01/12/indian-flying-fox-thermoregulatory-behaviors-visual-guide/?utm_source=rss&utm_medium=rss&utm_campaign=indian-flying-fox-thermoregulatory-behaviors-visual-guide HTTP/1.1" 200 18380 "-" "meta-externalagent/1.1 (+https://developers.facebook.com/docs/sharing/webmasters/crawler)"
103.227.252.214 - - [14/Oct/2025:00:11:06 -0400] "GET /wp-login.php HTTP/1.1" 200 1885 "-" "Mozilla/5.0 (X11; Linux x86_64) AppleWebKit/537.36 (KHTML, like Gecko) Chrome/65.0.3325.181 Safari/537.36"
162.0.235.240 - - [14/Oct/2025:00:11:16 -0400] "GET /wp-content/plugins/contact-form-7-style/admin/predefined-templates.json HTTP/1.1" 200 1323 "-" "WordPress/6.8.3; https://batconpakistan.org"
162.0.235.240 - - [14/Oct/2025:00:11:17 -0400] "POST /wp-cron.php?doing_wp_cron=1760415077.1952021121978759765625 HTTP/1.1" 200 0 "-" "WordPress/6.8.3; https://batconpakistan.org"
103.227.252.214 - - [14/Oct/2025:00:11:11 -0400] "POST /wp-login.php HTTP/1.1" 200 2045 "https://batconpakistan.org/wp-login.php" "Mozilla/5.0 (X11; Linux x86_64) AppleWebKit/537.36 (KHTML, like Gecko) Chrome/65.0.3325.181 Safari/537.36"
162.0.235.240 - - [14/Oct/2025:00:11:17 -0400] "GET /wp-content/plugins/contact-form-7-style/admin/predefined-templates.json HTTP/1.1" 200 1323 "-" "WordPress/6.8.3; https://batconpakistan.org"
162.0.235.240 - - [14/Oct/2025:00:11:19 -0400] "GET /wp-content/plugins/contact-form-7-style/admin/predefined-templates.json HTTP/1.1" 200 1323 "-" "WordPress/6.8.3; https://batconpakistan.org"
207.46.13.107 - - [14/Oct/2025:00:11:19 -0400] "GET /Packaging-&-Shipping-Supplies-CrossCheck-548172-Industrial-Label-Makers/ HTTP/1.1" 404 15671 "-" "Mozilla/5.0 AppleWebKit/537.36 (KHTML, like Gecko; compatible; bingbot/2.0; +http://www.bing.com/bingbot.htm) Chrome/116.0.1938.76 Safari/537.36"
199.16.157.181 - - [14/Oct/2025:00:16:51 -0400] "GET / HTTP/1.1" 200 23128 "-" "Twitterbot/1.0"
162.0.235.240 - - [14/Oct/2025:00:18:24 -0400] "GET /wp-content/plugins/contact-form-7-style/admin/predefined-templates.json HTTP/1.1" 200 1323 "-" "WordPress/6.8.3; https://batconpakistan.org"
162.0.235.240 - - [14/Oct/2025:00:18:24 -0400] "POST /wp-cron.php?doing_wp_cron=1760415504.6291670799255371093750 HTTP/1.1" 200 0 "-" "WordPress/6.8.3; https://batconpakistan.org"
40.77.167.78 - - [14/Oct/2025:00:18:20 -0400] "GET /Occupational-Health-&-Safety-Products-OD-Pipe-H-x-L-x-536774-Signs/ HTTP/1.1" 404 15671 "-" "Mozilla/5.0 AppleWebKit/537.36 (KHTML, like Gecko; compatible; bingbot/2.0; +http://www.bing.com/bingbot.htm) Chrome/116.0.1938.76 Safari/537.36"
162.0.235.240 - - [14/Oct/2025:00:18:25 -0400] "GET /wp-content/plugins/contact-form-7-style/admin/predefined-templates.json HTTP/1.1" 200 1323 "-" "WordPress/6.8.3; https://batconpakistan.org"
2a03:2880:f800:37:: - - [14/Oct/2025:00:18:25 -0400] "GET /tag/flying-foxes/ HTTP/1.1" 200 18454 "-" "meta-externalagent/1.1 (+https://developers.facebook.com/docs/sharing/webmasters/crawler)"
35.89.12.131 - - [14/Oct/2025:00:19:37 -0400] "GET / HTTP/1.1" 200 23128 "http://batconpakistan.org" "Mozilla/5.0 (iPhone; CPU iPhone OS 14_4 like Mac OS X) AppleWebKit/605.1.15 (KHTML, like Gecko) Version/15.4 Mobile/15E148 Safari/604.1"
199.16.157.183 - - [14/Oct/2025:00:21:24 -0400] "GET / HTTP/1.1" 200 23128 "-" "Twitterbot/1.0"
34.83.2.148 - - [14/Oct/2025:00:21:29 -0400] "HEAD / HTTP/1.1" 200 0 "https://t.co/jITtp8JrZO" "-"
198.244.242.208 - - [14/Oct/2025:00:23:50 -0400] "GET /partners/ HTTP/1.1" 200 16979 "-" "Mozilla/5.0 (compatible; AhrefsBot/7.0; +http://ahrefs.com/robot/)"
198.244.242.42 - - [14/Oct/2025:00:25:02 -0400] "GET /wp-content/uploads/dynamic-mobmenu.css?ver=2.8.8-566 HTTP/1.1" 302 771 "-" "Mozilla/5.0 (compatible; AhrefsBot/7.0; +http://ahrefs.com/robot/)"
51.89.129.54 - - [14/Oct/2025:00:25:04 -0400] "GET /wp-content/plugins/js_composer/assets/lib/bower/masonry/dist/masonry.pkgd.min.js?ver=6.5.0 HTTP/1.1" 302 771 "-" "Mozilla/5.0 (compatible; AhrefsBot/7.0; +http://ahrefs.com/robot/)"
162.0.235.240 - - [14/Oct/2025:00:26:04 -0400] "GET /wp-content/plugins/contact-form-7-style/admin/predefined-templates.json HTTP/1.1" 200 1323 "-" "WordPress/6.8.3; https://batconpakistan.org"
162.0.235.240 - - [14/Oct/2025:00:26:05 -0400] "POST /wp-cron.php?doing_wp_cron=1760415965.2563641071319580078125 HTTP/1.1" 200 0 "-" "WordPress/6.8.3; https://batconpakistan.org"
216.73.216.20 - - [14/Oct/2025:00:26:00 -0400] "GET /shop/feed HTTP/1.1" 301 0 "-" "Mozilla/5.0 AppleWebKit/537.36 (KHTML, like Gecko; compatible; ClaudeBot/1.0; +claudebot@anthropic.com)"
162.0.235.240 - - [14/Oct/2025:00:26:05 -0400] "GET /wp-content/plugins/contact-form-7-style/admin/predefined-templates.json HTTP/1.1" 200 1323 "-" "WordPress/6.8.3; https://batconpakistan.org"
162.0.235.240 - - [14/Oct/2025:00:26:06 -0400] "GET /wp-content/plugins/contact-form-7-style/admin/predefined-templates.json HTTP/1.1" 200 1323 "-" "WordPress/6.8.3; https://batconpakistan.org"
216.73.216.20 - - [14/Oct/2025:00:26:05 -0400] "GET /shop/feed/ HTTP/1.1" 200 1416 "https://batconpakistan.org/shop/feed" "Mozilla/5.0 AppleWebKit/537.36 (KHTML, like Gecko; compatible; ClaudeBot/1.0; +claudebot@anthropic.com)"
162.0.235.240 - - [14/Oct/2025:00:28:35 -0400] "GET /wp-content/plugins/contact-form-7-style/admin/predefined-templates.json HTTP/1.1" 200 1323 "-" "WordPress/6.8.3; https://batconpakistan.org"
162.0.235.240 - - [14/Oct/2025:00:28:36 -0400] "POST /wp-cron.php?doing_wp_cron=1760416115.9943308830261230468750 HTTP/1.1" 200 0 "-" "WordPress/6.8.3; https://batconpakistan.org"
2a02:598:128:8a00::b00:1 - - [14/Oct/2025:00:28:32 -0400] "GET /team-category-sitemap.xml HTTP/1.1" 200 499 "-" "Mozilla/5.0 (compatible; SeznamBot/4.0; +https://o-seznam.cz/napoveda/vyhledavani/en/seznambot-crawler/)"
162.0.235.240 - - [14/Oct/2025:00:28:36 -0400] "GET /wp-content/plugins/contact-form-7-style/admin/predefined-templates.json HTTP/1.1" 200 1323 "-" "WordPress/6.8.3; https://batconpakistan.org"
162.0.235.240 - - [14/Oct/2025:00:31:39 -0400] "GET /wp-content/plugins/contact-form-7-style/admin/predefined-templates.json HTTP/1.1" 200 1323 "-" "WordPress/6.8.3; https://batconpakistan.org"
162.0.235.240 - - [14/Oct/2025:00:31:39 -0400] "POST /wp-cron.php?doing_wp_cron=1760416299.7378849983215332031250 HTTP/1.1" 200 0 "-" "WordPress/6.8.3; https://batconpakistan.org"
20.40.40.110 - - [14/Oct/2025:00:31:35 -0400] "POST /wp-login.php HTTP/1.1" 200 2041 "-" "Mozilla/5.0"
162.0.235.240 - - [14/Oct/2025:00:31:40 -0400] "GET /wp-content/plugins/contact-form-7-style/admin/predefined-templates.json HTTP/1.1" 200 1323 "-" "WordPress/6.8.3; https://batconpakistan.org"
146.103.106.124 - - [14/Oct/2025:00:34:18 -0400] "GET /contact-us/ HTTP/1.1" 200 17318 "https://batconpakistan.org/contact-us/" "Mozilla/5.0 (Windows NT 10.0; Win64; x64) AppleWebKit/537.36 (KHTML, like Gecko) Chrome/129.0.0.0 Safari/537.36"
162.0.235.240 - - [14/Oct/2025:00:34:22 -0400] "GET /wp-content/plugins/contact-form-7-style/admin/predefined-templates.json HTTP/1.1" 200 1323 "-" "WordPress/6.8.3; https://batconpakistan.org"
162.0.235.240 - - [14/Oct/2025:00:34:23 -0400] "POST /wp-cron.php?doing_wp_cron=1760416463.5070550441741943359375 HTTP/1.1" 200 0 "-" "WordPress/6.8.3; https://batconpakistan.org"
162.0.235.240 - - [14/Oct/2025:00:34:24 -0400] "GET /wp-content/plugins/contact-form-7-style/admin/predefined-templates.json HTTP/1.1" 200 1323 "-" "WordPress/6.8.3; https://batconpakistan.org"
146.103.106.124 - - [14/Oct/2025:00:34:19 -0400] "POST /contact-us/ HTTP/1.1" 200 18009 "https://batconpakistan.org/contact-us/" "Mozilla/5.0 (Windows NT 10.0; Win64; x64) AppleWebKit/537.36 (KHTML, like Gecko) Chrome/129.0.0.0 Safari/537.36"
162.0.235.240 - - [14/Oct/2025:00:41:48 -0400] "GET /wp-content/plugins/contact-form-7-style/admin/predefined-templates.json HTTP/1.1" 200 1323 "-" "WordPress/6.8.3; https://batconpakistan.org"
162.0.235.240 - - [14/Oct/2025:00:41:49 -0400] "POST /wp-cron.php?doing_wp_cron=1760416909.4823410511016845703125 HTTP/1.1" 200 0 "-" "WordPress/6.8.3; https://batconpakistan.org"
20.40.40.110 - - [14/Oct/2025:00:41:45 -0400] "POST /wp-login.php HTTP/1.1" 200 2041 "-" "Mozilla/5.0"
162.0.235.240 - - [14/Oct/2025:00:41:50 -0400] "GET /wp-content/plugins/contact-form-7-style/admin/predefined-templates.json HTTP/1.1" 200 1323 "-" "WordPress/6.8.3; https://batconpakistan.org"
162.0.235.240 - - [14/Oct/2025:00:43:47 -0400] "GET /wp-content/plugins/contact-form-7-style/admin/predefined-templates.json HTTP/1.1" 200 1323 "-" "WordPress/6.8.3; https://batconpakistan.org"
162.0.235.240 - - [14/Oct/2025:00:43:48 -0400] "POST /wp-cron.php?doing_wp_cron=1760417028.3717730045318603515625 HTTP/1.1" 200 0 "-" "WordPress/6.8.3; https://batconpakistan.org"
54.89.90.224 - - [14/Oct/2025:00:43:44 -0400] "GET /tag/extreme-heat/ HTTP/1.1" 200 16826 "-" "Mozilla/5.0 AppleWebKit/537.36 (KHTML, like Gecko; compatible; Amazonbot/0.1; +https://developer.amazon.com/support/amazonbot) Chrome/119.0.6045.214 Safari/537.36"
162.0.235.240 - - [14/Oct/2025:00:43:49 -0400] "GET /wp-content/plugins/contact-form-7-style/admin/predefined-templates.json HTTP/1.1" 200 1323 "-" "WordPress/6.8.3; https://batconpakistan.org"
45.56.222.60 - - [14/Oct/2025:00:44:57 -0400] "GET /wp-login.php HTTP/1.1" 200 1885 "-" "Mozilla/5.0 (Macintosh; Intel Mac OS X 10_12_6) AppleWebKit/604.4.7 (KHTML, like Gecko) Version/11.0.2 Safari/604.4.7"
162.0.235.240 - - [14/Oct/2025:00:45:06 -0400] "GET /wp-content/plugins/contact-form-7-style/admin/predefined-templates.json HTTP/1.1" 200 1323 "-" "WordPress/6.8.3; https://batconpakistan.org"
162.0.235.240 - - [14/Oct/2025:00:45:07 -0400] "POST /wp-cron.php?doing_wp_cron=1760417106.8664970397949218750000 HTTP/1.1" 200 0 "-" "WordPress/6.8.3; https://batconpakistan.org"
45.56.222.60 - - [14/Oct/2025:00:45:05 -0400] "POST /wp-login.php HTTP/1.1" 200 2045 "https://batconpakistan.org/wp-login.php" "Mozilla/5.0 (Macintosh; Intel Mac OS X 10_12_6) AppleWebKit/604.4.7 (KHTML, like Gecko) Version/11.0.2 Safari/604.4.7"
162.0.235.240 - - [14/Oct/2025:00:45:08 -0400] "GET /wp-content/plugins/contact-form-7-style/admin/predefined-templates.json HTTP/1.1" 200 1323 "-" "WordPress/6.8.3; https://batconpakistan.org"
104.244.72.115 - - [14/Oct/2025:00:46:31 -0400] "GET / HTTP/1.1" 200 23128 "batconpakistan.org" "Mozilla/5.0 (Linux; Android 10; SM-A505FM) AppleWebKit/537.36 (KHTML, like Gecko) Chrome/80.0.3987.162 Mobile Safari/537.36 OPR/57.2.2830.52651"
185.220.101.16 - - [14/Oct/2025:00:46:39 -0400] "GET / HTTP/1.1" 200 23128 "https://batconpakistan.org" "Mozilla/5.0 (Linux; Android 10; SM-A505FM) AppleWebKit/537.36 (KHTML, like Gecko) Chrome/80.0.3987.162 Mobile Safari/537.36 OPR/57.2.2830.52651"
192.42.116.210 - - [14/Oct/2025:00:46:43 -0400] "GET /2021/09/05/project-completion HTTP/1.1" 301 0 "https://batconpakistan.org/2021/09/05/project-completion" "Mozilla/5.0 (Linux; Android 10; SM-A505FM) AppleWebKit/537.36 (KHTML, like Gecko) Chrome/80.0.3987.162 Mobile Safari/537.36 OPR/57.2.2830.52651"
192.42.116.210 - - [14/Oct/2025:00:46:44 -0400] "GET /2021/09/05/project-completion/ HTTP/1.1" 200 21540 "https://batconpakistan.org/2021/09/05/project-completion" "Mozilla/5.0 (Linux; Android 10; SM-A505FM) AppleWebKit/537.36 (KHTML, like Gecko) Chrome/80.0.3987.162 Mobile Safari/537.36 OPR/57.2.2830.52651"
162.0.235.240 - - [14/Oct/2025:00:46:48 -0400] "GET /wp-content/plugins/contact-form-7-style/admin/predefined-templates.json HTTP/1.1" 200 1323 "-" "WordPress/6.8.3; https://batconpakistan.org"
162.0.235.240 - - [14/Oct/2025:00:46:48 -0400] "POST /wp-cron.php?doing_wp_cron=1760417208.8244171142578125000000 HTTP/1.1" 200 0 "-" "WordPress/6.8.3; https://batconpakistan.org"
192.42.116.210 - - [14/Oct/2025:00:46:45 -0400] "POST /wp-comments-post.php HTTP/1.1" 302 0 "https://batconpakistan.org/wp-comments-post.php" "Mozilla/5.0 (Linux; Android 10; SM-A505FM) AppleWebKit/537.36 (KHTML, like Gecko) Chrome/80.0.3987.162 Mobile Safari/537.36 OPR/57.2.2830.52651"
162.0.235.240 - - [14/Oct/2025:00:46:49 -0400] "GET /wp-content/plugins/contact-form-7-style/admin/predefined-templates.json HTTP/1.1" 200 1323 "-" "WordPress/6.8.3; https://batconpakistan.org"
162.0.235.240 - - [14/Oct/2025:00:46:49 -0400] "GET /wp-content/plugins/contact-form-7-style/admin/predefined-templates.json HTTP/1.1" 200 1323 "-" "WordPress/6.8.3; https://batconpakistan.org"
192.42.116.210 - - [14/Oct/2025:00:46:49 -0400] "GET /2021/09/05/project-completion/?unapproved=662&moderation-hash=d2688b3ebb6ef570a8621cfbc63bbe92 HTTP/1.1" 200 21483 "https://batconpakistan.org/wp-comments-post.php" "Mozilla/5.0 (Linux; Android 10; SM-A505FM) AppleWebKit/537.36 (KHTML, like Gecko) Chrome/80.0.3987.162 Mobile Safari/537.36 OPR/57.2.2830.52651"
192.42.116.210 - - [14/Oct/2025:00:46:52 -0400] "GET /2023/01/12/indian-flying-fox-thermoregulatory-behaviors-visual-guide HTTP/1.1" 301 0 "https://batconpakistan.org/2023/01/12/indian-flying-fox-thermoregulatory-behaviors-visual-guide" "Mozilla/5.0 (Linux; Android 10; SM-A505FM) AppleWebKit/537.36 (KHTML, like Gecko) Chrome/80.0.3987.162 Mobile Safari/537.36 OPR/57.2.2830.52651"
192.42.116.210 - - [14/Oct/2025:00:46:53 -0400] "GET /2023/01/12/indian-flying-fox-thermoregulatory-behaviors-visual-guide/ HTTP/1.1" 200 18380 "https://batconpakistan.org/2023/01/12/indian-flying-fox-thermoregulatory-behaviors-visual-guide" "Mozilla/5.0 (Linux; Android 10; SM-A505FM) AppleWebKit/537.36 (KHTML, like Gecko) Chrome/80.0.3987.162 Mobile Safari/537.36 OPR/57.2.2830.52651"
162.0.235.240 - - [14/Oct/2025:00:46:55 -0400] "GET /wp-content/plugins/contact-form-7-style/admin/predefined-templates.json HTTP/1.1" 200 1323 "-" "WordPress/6.8.3; https://batconpakistan.org"
176.97.114.202 - - [14/Oct/2025:00:46:54 -0400] "POST /wp-comments-post.php HTTP/1.1" 429 982 "https://batconpakistan.org/wp-comments-post.php" "Mozilla/5.0 (Linux; Android 10; SM-A505FM) AppleWebKit/537.36 (KHTML, like Gecko) Chrome/80.0.3987.162 Mobile Safari/537.36 OPR/57.2.2830.52651"
176.97.114.202 - - [14/Oct/2025:00:46:56 -0400] "GET /2023/10/03/nipah-virus-alert-heightened-risks-and-precautionary-measures-in-pakistan HTTP/1.1" 301 0 "https://batconpakistan.org/2023/10/03/nipah-virus-alert-heightened-risks-and-precautionary-measures-in-pakistan" "Mozilla/5.0 (Linux; Android 10; SM-A505FM) AppleWebKit/537.36 (KHTML, like Gecko) Chrome/80.0.3987.162 Mobile Safari/537.36 OPR/57.2.2830.52651"
176.97.114.202 - - [14/Oct/2025:00:46:57 -0400] "GET /2023/10/03/nipah-virus-alert-heightened-risks-and-precautionary-measures-in-pakistan/ HTTP/1.1" 200 23123 "https://batconpakistan.org/2023/10/03/nipah-virus-alert-heightened-risks-and-precautionary-measures-in-pakistan" "Mozilla/5.0 (Linux; Android 10; SM-A505FM) AppleWebKit/537.36 (KHTML, like Gecko) Chrome/80.0.3987.162 Mobile Safari/537.36 OPR/57.2.2830.52651"
162.0.235.240 - - [14/Oct/2025:00:46:59 -0400] "GET /wp-content/plugins/contact-form-7-style/admin/predefined-templates.json HTTP/1.1" 200 1323 "-" "WordPress/6.8.3; https://batconpakistan.org"
162.0.235.240 - - [14/Oct/2025:00:46:59 -0400] "POST /wp-cron.php?doing_wp_cron=1760417219.7401471138000488281250 HTTP/1.1" 200 0 "-" "WordPress/6.8.3; https://batconpakistan.org"
176.97.114.202 - - [14/Oct/2025:00:46:59 -0400] "POST /wp-comments-post.php HTTP/1.1" 429 982 "https://batconpakistan.org/wp-comments-post.php" "Mozilla/5.0 (Linux; Android 10; SM-A505FM) AppleWebKit/537.36 (KHTML, like Gecko) Chrome/80.0.3987.162 Mobile Safari/537.36 OPR/57.2.2830.52651"
162.0.235.240 - - [14/Oct/2025:00:47:00 -0400] "GET /wp-content/plugins/contact-form-7-style/admin/predefined-templates.json HTTP/1.1" 200 1323 "-" "WordPress/6.8.3; https://batconpakistan.org"
176.97.114.202 - - [14/Oct/2025:00:47:01 -0400] "GET /author/admin HTTP/1.1" 301 0 "https://batconpakistan.org/author/admin" "Mozilla/5.0 (Linux; Android 10; SM-A505FM) AppleWebKit/537.36 (KHTML, like Gecko) Chrome/80.0.3987.162 Mobile Safari/537.36 OPR/57.2.2830.52651"
176.97.114.202 - - [14/Oct/2025:00:47:02 -0400] "GET /author/admin/ HTTP/1.1" 200 40219 "https://batconpakistan.org/author/admin" "Mozilla/5.0 (Linux; Android 10; SM-A505FM) AppleWebKit/537.36 (KHTML, like Gecko) Chrome/80.0.3987.162 Mobile Safari/537.36 OPR/57.2.2830.52651"
192.42.116.178 - - [14/Oct/2025:00:47:11 -0400] "GET /bat-convervation-pakistan HTTP/1.1" 301 0 "https://batconpakistan.org/bat-convervation-pakistan" "Mozilla/5.0 (Linux; Android 10; SM-A505FM) AppleWebKit/537.36 (KHTML, like Gecko) Chrome/80.0.3987.162 Mobile Safari/537.36 OPR/57.2.2830.52651"
192.42.116.178 - - [14/Oct/2025:00:47:11 -0400] "GET /bat-convervation-pakistan/ HTTP/1.1" 200 20201 "https://batconpakistan.org/bat-convervation-pakistan" "Mozilla/5.0 (Linux; Android 10; SM-A505FM) AppleWebKit/537.36 (KHTML, like Gecko) Chrome/80.0.3987.162 Mobile Safari/537.36 OPR/57.2.2830.52651"
192.42.116.178 - - [14/Oct/2025:00:47:14 -0400] "GET /bat-convervation-pakistan/our-team HTTP/1.1" 301 0 "https://batconpakistan.org/bat-convervation-pakistan/our-team" "Mozilla/5.0 (Linux; Android 10; SM-A505FM) AppleWebKit/537.36 (KHTML, like Gecko) Chrome/80.0.3987.162 Mobile Safari/537.36 OPR/57.2.2830.52651"
192.42.116.178 - - [14/Oct/2025:00:47:14 -0400] "GET /bat-convervation-pakistan/our-team/ HTTP/1.1" 200 24043 "https://batconpakistan.org/bat-convervation-pakistan/our-team" "Mozilla/5.0 (Linux; Android 10; SM-A505FM) AppleWebKit/537.36 (KHTML, like Gecko) Chrome/80.0.3987.162 Mobile Safari/537.36 OPR/57.2.2830.52651"
185.220.101.30 - - [14/Oct/2025:00:47:17 -0400] "GET /blog-grid HTTP/1.1" 301 0 "https://batconpakistan.org/blog-grid" "Mozilla/5.0 (Linux; Android 10; SM-A505FM) AppleWebKit/537.36 (KHTML, like Gecko) Chrome/80.0.3987.162 Mobile Safari/537.36 OPR/57.2.2830.52651"
185.220.101.30 - - [14/Oct/2025:00:47:18 -0400] "GET /blog-grid/ HTTP/1.1" 200 19193 "https://batconpakistan.org/blog-grid" "Mozilla/5.0 (Linux; Android 10; SM-A505FM) AppleWebKit/537.36 (KHTML, like Gecko) Chrome/80.0.3987.162 Mobile Safari/537.36 OPR/57.2.2830.52651"
185.220.101.30 - - [14/Oct/2025:00:47:20 -0400] "GET /board-members HTTP/1.1" 301 0 "https://batconpakistan.org/board-members" "Mozilla/5.0 (Linux; Android 10; SM-A505FM) AppleWebKit/537.36 (KHTML, like Gecko) Chrome/80.0.3987.162 Mobile Safari/537.36 OPR/57.2.2830.52651"
185.220.101.30 - - [14/Oct/2025:00:47:20 -0400] "GET /board-members/ HTTP/1.1" 200 21596 "https://batconpakistan.org/board-members" "Mozilla/5.0 (Linux; Android 10; SM-A505FM) AppleWebKit/537.36 (KHTML, like Gecko) Chrome/80.0.3987.162 Mobile Safari/537.36 OPR/57.2.2830.52651"
185.220.101.183 - - [14/Oct/2025:00:47:26 -0400] "GET /campaigns HTTP/1.1" 301 0 "https://batconpakistan.org/campaigns" "Mozilla/5.0 (Linux; Android 10; SM-A505FM) AppleWebKit/537.36 (KHTML, like Gecko) Chrome/80.0.3987.162 Mobile Safari/537.36 OPR/57.2.2830.52651"
185.220.101.183 - - [14/Oct/2025:00:47:26 -0400] "GET /campaigns/ HTTP/1.1" 200 19941 "https://batconpakistan.org/campaigns" "Mozilla/5.0 (Linux; Android 10; SM-A505FM) AppleWebKit/537.36 (KHTML, like Gecko) Chrome/80.0.3987.162 Mobile Safari/537.36 OPR/57.2.2830.52651"
45.84.107.17 - - [14/Oct/2025:00:47:31 -0400] "GET /career-opportunities HTTP/1.1" 301 0 "https://batconpakistan.org/career-opportunities" "Mozilla/5.0 (Linux; Android 10; SM-A505FM) AppleWebKit/537.36 (KHTML, like Gecko) Chrome/80.0.3987.162 Mobile Safari/537.36 OPR/57.2.2830.52651"
45.84.107.17 - - [14/Oct/2025:00:47:32 -0400] "GET /career-opportunities/ HTTP/1.1" 200 18581 "https://batconpakistan.org/career-opportunities" "Mozilla/5.0 (Linux; Android 10; SM-A505FM) AppleWebKit/537.36 (KHTML, like Gecko) Chrome/80.0.3987.162 Mobile Safari/537.36 OPR/57.2.2830.52651"
192.42.116.211 - - [14/Oct/2025:00:47:44 -0400] "GET /category/public-health-alert HTTP/1.1" 301 0 "https://batconpakistan.org/category/public-health-alert" "Mozilla/5.0 (Linux; Android 10; SM-A505FM) AppleWebKit/537.36 (KHTML, like Gecko) Chrome/80.0.3987.162 Mobile Safari/537.36 OPR/57.2.2830.52651"
192.42.116.211 - - [14/Oct/2025:00:47:44 -0400] "GET /category/public-health-alert/ HTTP/1.1" 200 20008 "https://batconpakistan.org/category/public-health-alert" "Mozilla/5.0 (Linux; Android 10; SM-A505FM) AppleWebKit/537.36 (KHTML, like Gecko) Chrome/80.0.3987.162 Mobile Safari/537.36 OPR/57.2.2830.52651"
192.42.116.211 - - [14/Oct/2025:00:47:47 -0400] "GET /category/touseef-ahmed HTTP/1.1" 301 0 "https://batconpakistan.org/category/touseef-ahmed" "Mozilla/5.0 (Linux; Android 10; SM-A505FM) AppleWebKit/537.36 (KHTML, like Gecko) Chrome/80.0.3987.162 Mobile Safari/537.36 OPR/57.2.2830.52651"
192.42.116.211 - - [14/Oct/2025:00:47:47 -0400] "GET /category/touseef-ahmed/ HTTP/1.1" 200 28026 "https://batconpakistan.org/category/touseef-ahmed" "Mozilla/5.0 (Linux; Android 10; SM-A505FM) AppleWebKit/537.36 (KHTML, like Gecko) Chrome/80.0.3987.162 Mobile Safari/537.36 OPR/57.2.2830.52651"
185.220.100.246 - - [14/Oct/2025:00:47:55 -0400] "GET /category/uncategorized HTTP/1.1" 301 0 "https://batconpakistan.org/category/uncategorized" "Mozilla/5.0 (Linux; Android 10; SM-A505FM) AppleWebKit/537.36 (KHTML, like Gecko) Chrome/80.0.3987.162 Mobile Safari/537.36 OPR/57.2.2830.52651"
185.220.100.246 - - [14/Oct/2025:00:47:55 -0400] "GET /category/uncategorized/ HTTP/1.1" 200 24794 "https://batconpakistan.org/category/uncategorized" "Mozilla/5.0 (Linux; Android 10; SM-A505FM) AppleWebKit/537.36 (KHTML, like Gecko) Chrome/80.0.3987.162 Mobile Safari/537.36 OPR/57.2.2830.52651"
185.220.100.246 - - [14/Oct/2025:00:47:57 -0400] "GET /comments/feed HTTP/1.1" 301 0 "https://batconpakistan.org/comments/feed" "Mozilla/5.0 (Linux; Android 10; SM-A505FM) AppleWebKit/537.36 (KHTML, like Gecko) Chrome/80.0.3987.162 Mobile Safari/537.36 OPR/57.2.2830.52651"
185.220.100.246 - - [14/Oct/2025:00:47:58 -0400] "GET /comments/feed/ HTTP/1.1" 200 691 "https://batconpakistan.org/comments/feed" "Mozilla/5.0 (Linux; Android 10; SM-A505FM) AppleWebKit/537.36 (KHTML, like Gecko) Chrome/80.0.3987.162 Mobile Safari/537.36 OPR/57.2.2830.52651"
185.220.100.246 - - [14/Oct/2025:00:47:59 -0400] "GET /contact-us HTTP/1.1" 301 0 "https://batconpakistan.org/contact-us" "Mozilla/5.0 (Linux; Android 10; SM-A505FM) AppleWebKit/537.36 (KHTML, like Gecko) Chrome/80.0.3987.162 Mobile Safari/537.36 OPR/57.2.2830.52651"
185.220.100.246 - - [14/Oct/2025:00:47:59 -0400] "GET /contact-us/ HTTP/1.1" 200 17318 "https://batconpakistan.org/contact-us" "Mozilla/5.0 (Linux; Android 10; SM-A505FM) AppleWebKit/537.36 (KHTML, like Gecko) Chrome/80.0.3987.162 Mobile Safari/537.36 OPR/57.2.2830.52651"
162.0.235.240 - - [14/Oct/2025:00:48:01 -0400] "GET /wp-content/plugins/contact-form-7-style/admin/predefined-templates.json HTTP/1.1" 200 1323 "-" "WordPress/6.8.3; https://batconpakistan.org"
162.0.235.240 - - [14/Oct/2025:00:48:01 -0400] "POST /wp-cron.php?doing_wp_cron=1760417281.5749149322509765625000 HTTP/1.1" 200 0 "-" "WordPress/6.8.3; https://batconpakistan.org"
45.84.107.97 - - [14/Oct/2025:00:48:00 -0400] "POST /contact-us/ HTTP/1.1" 200 17497 "https://batconpakistan.org/contact-us/#wpcf7-f1324-p134-o1" "Mozilla/5.0 (Linux; Android 10; SM-A505FM) AppleWebKit/537.36 (KHTML, like Gecko) Chrome/80.0.3987.162 Mobile Safari/537.36 OPR/57.2.2830.52651"
162.0.235.240 - - [14/Oct/2025:00:48:02 -0400] "GET /wp-content/plugins/contact-form-7-style/admin/predefined-templates.json HTTP/1.1" 200 1323 "-" "WordPress/6.8.3; https://batconpakistan.org"
192.42.116.210 - - [14/Oct/2025:00:48:04 -0400] "GET /feed HTTP/1.1" 301 0 "https://batconpakistan.org/feed" "Mozilla/5.0 (Linux; Android 10; SM-A505FM) AppleWebKit/537.36 (KHTML, like Gecko) Chrome/80.0.3987.162 Mobile Safari/537.36 OPR/57.2.2830.52651"
192.42.116.210 - - [14/Oct/2025:00:48:05 -0400] "GET /feed/ HTTP/1.1" 200 23257 "https://batconpakistan.org/feed" "Mozilla/5.0 (Linux; Android 10; SM-A505FM) AppleWebKit/537.36 (KHTML, like Gecko) Chrome/80.0.3987.162 Mobile Safari/537.36 OPR/57.2.2830.52651"
192.42.116.194 - - [14/Oct/2025:00:48:12 -0400] "GET /home/feed HTTP/1.1" 301 0 "https://batconpakistan.org/home/feed" "Mozilla/5.0 (Linux; Android 10; SM-A505FM) AppleWebKit/537.36 (KHTML, like Gecko) Chrome/80.0.3987.162 Mobile Safari/537.36 OPR/57.2.2830.52651"
192.42.116.194 - - [14/Oct/2025:00:48:13 -0400] "GET /home/feed/ HTTP/1.1" 200 394 "https://batconpakistan.org/home/feed" "Mozilla/5.0 (Linux; Android 10; SM-A505FM) AppleWebKit/537.36 (KHTML, like Gecko) Chrome/80.0.3987.162 Mobile Safari/537.36 OPR/57.2.2830.52651"
