103.229.252.90 - - [13/Oct/2025:20:02:28 -0400] "GET /wp-content/uploads/2023/02/bat-infographic-urdu.jpeg HTTP/1.1" 200 667348 "https://batconpakistan.org/" "Mozilla/5.0 (Linux; Android 11; TECNO KG8) AppleWebKit/537.36 (KHTML, like Gecko) Chrome/97.0.4692.98 Mobile Safari/537.36"
103.229.252.90 - - [13/Oct/2025:20:02:29 -0400] "GET /wp-content/uploads/2021/01/EIg9iHBOAL.jpg HTTP/1.1" 200 765524 "https://batconpakistan.org/" "Mozilla/5.0 (Linux; Android 11; TECNO KG8) AppleWebKit/537.36 (KHTML, like Gecko) Chrome/97.0.4692.98 Mobile Safari/537.36"
103.229.252.90 - - [13/Oct/2025:20:02:29 -0400] "GET /wp-content/uploads/2021/01/obBrWQr60P.jpg HTTP/1.1" 200 375182 "https://batconpakistan.org/" "Mozilla/5.0 (Linux; Android 11; TECNO KG8) AppleWebKit/537.36 (KHTML, like Gecko) Chrome/97.0.4692.98 Mobile Safari/537.36"
103.229.252.90 - - [13/Oct/2025:20:02:29 -0400] "GET /wp-content/plugins/woocommerce/assets/js/frontend/order-attribution.min.js?ver=10.2.2 HTTP/1.1" 200 998 "https://batconpakistan.org/" "Mozilla/5.0 (Linux; Android 11; TECNO KG8) AppleWebKit/537.36 (KHTML, like Gecko) Chrome/97.0.4692.98 Mobile Safari/537.36"
103.229.252.90 - - [13/Oct/2025:20:02:29 -0400] "GET /wp-content/plugins/js_composer/assets/js/dist/js_composer_front.min.js?ver=6.5.0 HTTP/1.1" 304 0 "https://batconpakistan.org/" "Mozilla/5.0 (Linux; Android 11; TECNO KG8) AppleWebKit/537.36 (KHTML, like Gecko) Chrome/97.0.4692.98 Mobile Safari/537.36"
103.229.252.90 - - [13/Oct/2025:20:02:29 -0400] "GET /wp-content/plugins/js_composer/assets/lib/bower/skrollr/dist/skrollr.min.js?ver=6.5.0 HTTP/1.1" 200 5547 "https://batconpakistan.org/" "Mozilla/5.0 (Linux; Android 11; TECNO KG8) AppleWebKit/537.36 (KHTML, like Gecko) Chrome/97.0.4692.98 Mobile Safari/537.36"
103.229.252.90 - - [13/Oct/2025:20:02:29 -0400] "GET /wp-content/plugins/woocommerce/assets/js/sourcebuster/sourcebuster.min.js?ver=10.2.2 HTTP/1.1" 200 4609 "https://batconpakistan.org/" "Mozilla/5.0 (Linux; Android 11; TECNO KG8) AppleWebKit/537.36 (KHTML, like Gecko) Chrome/97.0.4692.98 Mobile Safari/537.36"
103.229.252.90 - - [13/Oct/2025:20:02:29 -0400] "GET /wp-content/cache/autoptimize/js/autoptimize_single_e81b167a57f599ae32ec05dee0d870bb.js?ver=2.3.1.8 HTTP/1.1" 200 1092 "https://batconpakistan.org/" "Mozilla/5.0 (Linux; Android 11; TECNO KG8) AppleWebKit/537.36 (KHTML, like Gecko) Chrome/97.0.4692.98 Mobile Safari/537.36"
103.229.252.90 - - [13/Oct/2025:20:02:29 -0400] "GET /wp-content/themes/born-to-give/vendor/fullcalendar/fullcalendar.min.js?ver=2.3.1.8 HTTP/1.1" 304 0 "https://batconpakistan.org/" "Mozilla/5.0 (Linux; Android 11; TECNO KG8) AppleWebKit/537.36 (KHTML, like Gecko) Chrome/97.0.4692.98 Mobile Safari/537.36"
103.229.252.90 - - [13/Oct/2025:20:02:29 -0400] "GET /wp-content/themes/born-to-give/vendor/owl-carousel/js/owl.carousel.min.js?ver=2.3.1.8 HTTP/1.1" 304 0 "https://batconpakistan.org/" "Mozilla/5.0 (Linux; Android 11; TECNO KG8) AppleWebKit/537.36 (KHTML, like Gecko) Chrome/97.0.4692.98 Mobile Safari/537.36"
103.229.252.90 - - [13/Oct/2025:20:02:29 -0400] "GET /wp-content/cache/autoptimize/js/autoptimize_single_bb564b6df727c922151209f51dbcbfc7.js?ver=2.3.1.8 HTTP/1.1" 200 18384 "https://batconpakistan.org/" "Mozilla/5.0 (Linux; Android 11; TECNO KG8) AppleWebKit/537.36 (KHTML, like Gecko) Chrome/97.0.4692.98 Mobile Safari/537.36"
103.229.252.90 - - [13/Oct/2025:20:02:29 -0400] "GET /wp-content/cache/autoptimize/js/autoptimize_single_96e7dc3f0e8559e4a3f3ca40b17ab9c3.js?ver=6.1.2 HTTP/1.1" 200 3369 "https://batconpakistan.org/" "Mozilla/5.0 (Linux; Android 11; TECNO KG8) AppleWebKit/537.36 (KHTML, like Gecko) Chrome/97.0.4692.98 Mobile Safari/537.36"
103.229.252.90 - - [13/Oct/2025:20:02:29 -0400] "GET /wp-includes/js/dist/hooks.min.js?ver=4d63a3d491d11ffd8ac6 HTTP/1.1" 304 0 "https://batconpakistan.org/" "Mozilla/5.0 (Linux; Android 11; TECNO KG8) AppleWebKit/537.36 (KHTML, like Gecko) Chrome/97.0.4692.98 Mobile Safari/537.36"
103.229.252.90 - - [13/Oct/2025:20:02:29 -0400] "GET /wp-content/cache/autoptimize/js/autoptimize_single_bbdaec2b95562cd9430b262d3320c7b4.js?ver=2.3.1.8 HTTP/1.1" 200 15610 "https://batconpakistan.org/" "Mozilla/5.0 (Linux; Android 11; TECNO KG8) AppleWebKit/537.36 (KHTML, like Gecko) Chrome/97.0.4692.98 Mobile Safari/537.36"
103.229.252.90 - - [13/Oct/2025:20:02:29 -0400] "GET /wp-content/themes/born-to-give/vendor/magnific/jquery.magnific-popup.min.js?ver=2.3.1.8 HTTP/1.1" 304 0 "https://batconpakistan.org/" "Mozilla/5.0 (Linux; Android 11; TECNO KG8) AppleWebKit/537.36 (KHTML, like Gecko) Chrome/97.0.4692.98 Mobile Safari/537.36"
103.229.252.90 - - [13/Oct/2025:20:02:29 -0400] "GET /wp-content/plugins/contact-form-7-style/js/frontend-min.js?ver=3.1.9 HTTP/1.1" 304 0 "https://batconpakistan.org/" "Mozilla/5.0 (Linux; Android 11; TECNO KG8) AppleWebKit/537.36 (KHTML, like Gecko) Chrome/97.0.4692.98 Mobile Safari/537.36"
103.229.252.90 - - [13/Oct/2025:20:02:29 -0400] "GET /wp-content/plugins/charitable/assets/js/charitable-frontend.min.js?ver=1.8.8.3 HTTP/1.1" 304 0 "https://batconpakistan.org/" "Mozilla/5.0 (Linux; Android 11; TECNO KG8) AppleWebKit/537.36 (KHTML, like Gecko) Chrome/97.0.4692.98 Mobile Safari/537.36"
103.229.252.90 - - [13/Oct/2025:20:02:29 -0400] "GET /wp-content/cache/autoptimize/js/autoptimize_single_cf6d24b271a128c1564697131d29cd07.js?ver=2.3.1.8 HTTP/1.1" 200 5603 "https://batconpakistan.org/" "Mozilla/5.0 (Linux; Android 11; TECNO KG8) AppleWebKit/537.36 (KHTML, like Gecko) Chrome/97.0.4692.98 Mobile Safari/537.36"
103.229.252.90 - - [13/Oct/2025:20:02:29 -0400] "GET /wp-content/cache/autoptimize/js/autoptimize_single_2912c657d0592cc532dff73d0d2ce7bb.js?ver=6.1.2 HTTP/1.1" 200 4008 "https://batconpakistan.org/" "Mozilla/5.0 (Linux; Android 11; TECNO KG8) AppleWebKit/537.36 (KHTML, like Gecko) Chrome/97.0.4692.98 Mobile Safari/537.36"
103.229.252.90 - - [13/Oct/2025:20:02:29 -0400] "GET /wp-content/plugins/charitable/assets/js/charitable-session.min.js?ver=1.8.8.3 HTTP/1.1" 304 0 "https://batconpakistan.org/" "Mozilla/5.0 (Linux; Android 11; TECNO KG8) AppleWebKit/537.36 (KHTML, like Gecko) Chrome/97.0.4692.98 Mobile Safari/537.36"
103.229.252.90 - - [13/Oct/2025:20:02:29 -0400] "GET /wp-includes/js/dist/i18n.min.js?ver=5e580eb46a90c2b997e6 HTTP/1.1" 200 3542 "https://batconpakistan.org/" "Mozilla/5.0 (Linux; Android 11; TECNO KG8) AppleWebKit/537.36 (KHTML, like Gecko) Chrome/97.0.4692.98 Mobile Safari/537.36"
103.229.252.90 - - [13/Oct/2025:20:02:29 -0400] "GET /wp-content/cache/autoptimize/js/autoptimize_single_1a7a1c044f6f8909b5ea70ca382daaaa.js?ver=2.8.8 HTTP/1.1" 200 2964 "https://batconpakistan.org/" "Mozilla/5.0 (Linux; Android 11; TECNO KG8) AppleWebKit/537.36 (KHTML, like Gecko) Chrome/97.0.4692.98 Mobile Safari/537.36"
103.229.252.90 - - [13/Oct/2025:20:02:29 -0400] "GET /wp-content/themes/born-to-give/vendor/fullcalendar/lib/moment.min.js?ver=2.3.1.8 HTTP/1.1" 200 11327 "https://batconpakistan.org/" "Mozilla/5.0 (Linux; Android 11; TECNO KG8) AppleWebKit/537.36 (KHTML, like Gecko) Chrome/97.0.4692.98 Mobile Safari/537.36"
103.229.252.90 - - [13/Oct/2025:20:02:29 -0400] "GET /wp-content/plugins/revslider/public/assets/js/jquery.themepunch.tools.min.js?ver=5.3.1.5 HTTP/1.1" 304 0 "https://batconpakistan.org/" "Mozilla/5.0 (Linux; Android 11; TECNO KG8) AppleWebKit/537.36 (KHTML, like Gecko) Chrome/97.0.4692.98 Mobile Safari/537.36"
103.229.252.90 - - [13/Oct/2025:20:02:29 -0400] "GET /wp-content/plugins/autoptimize/classes/external/js/lazysizes.min.js?ao_version=3.1.13 HTTP/1.1" 304 0 "https://batconpakistan.org/" "Mozilla/5.0 (Linux; Android 11; TECNO KG8) AppleWebKit/537.36 (KHTML, like Gecko) Chrome/97.0.4692.98 Mobile Safari/537.36"
103.229.252.90 - - [13/Oct/2025:20:02:29 -0400] "GET /wp-includes/js/jquery/jquery-migrate.min.js?ver=3.4.1 HTTP/1.1" 304 0 "https://batconpakistan.org/" "Mozilla/5.0 (Linux; Android 11; TECNO KG8) AppleWebKit/537.36 (KHTML, like Gecko) Chrome/97.0.4692.98 Mobile Safari/537.36"
103.229.252.90 - - [13/Oct/2025:20:02:29 -0400] "GET /wp-content/plugins/charitable/assets/js/libraries/js-cookie.min.js?ver=2.1.4 HTTP/1.1" 304 0 "https://batconpakistan.org/" "Mozilla/5.0 (Linux; Android 11; TECNO KG8) AppleWebKit/537.36 (KHTML, like Gecko) Chrome/97.0.4692.98 Mobile Safari/537.36"
103.229.252.90 - - [13/Oct/2025:20:02:29 -0400] "GET /wp-content/plugins/woocommerce/assets/js/frontend/add-to-cart.min.js?ver=10.2.2 HTTP/1.1" 304 0 "https://batconpakistan.org/" "Mozilla/5.0 (Linux; Android 11; TECNO KG8) AppleWebKit/537.36 (KHTML, like Gecko) Chrome/97.0.4692.98 Mobile Safari/537.36"
103.229.252.90 - - [13/Oct/2025:20:02:29 -0400] "GET /wp-content/plugins/revslider/public/assets/js/jquery.themepunch.revolution.min.js?ver=5.3.1.5 HTTP/1.1" 304 0 "https://batconpakistan.org/" "Mozilla/5.0 (Linux; Android 11; TECNO KG8) AppleWebKit/537.36 (KHTML, like Gecko) Chrome/97.0.4692.98 Mobile Safari/537.36"
103.229.252.90 - - [13/Oct/2025:20:02:29 -0400] "GET /wp-content/plugins/woocommerce/assets/js/jquery-blockui/jquery.blockUI.min.js?ver=2.7.0-wc.10.2.2 HTTP/1.1" 304 0 "https://batconpakistan.org/" "Mozilla/5.0 (Linux; Android 11; TECNO KG8) AppleWebKit/537.36 (KHTML, like Gecko) Chrome/97.0.4692.98 Mobile Safari/537.36"
103.229.252.90 - - [13/Oct/2025:20:02:29 -0400] "GET /wp-content/plugins/woocommerce/assets/js/frontend/woocommerce.min.js?ver=10.2.2 HTTP/1.1" 200 1275 "https://batconpakistan.org/" "Mozilla/5.0 (Linux; Android 11; TECNO KG8) AppleWebKit/537.36 (KHTML, like Gecko) Chrome/97.0.4692.98 Mobile Safari/537.36"
103.229.252.90 - - [13/Oct/2025:20:02:29 -0400] "GET /wp-includes/js/jquery/jquery.min.js?ver=3.7.1 HTTP/1.1" 200 29744 "https://batconpakistan.org/" "Mozilla/5.0 (Linux; Android 11; TECNO KG8) AppleWebKit/537.36 (KHTML, like Gecko) Chrome/97.0.4692.98 Mobile Safari/537.36"
103.229.252.90 - - [13/Oct/2025:20:02:29 -0400] "GET /wp-content/uploads/2023/02/Bat1.jpg?id=1846 HTTP/1.1" 200 549395 "https://batconpakistan.org/" "Mozilla/5.0 (Linux; Android 11; TECNO KG8) AppleWebKit/537.36 (KHTML, like Gecko) Chrome/97.0.4692.98 Mobile Safari/537.36"
103.229.252.90 - - [13/Oct/2025:20:02:44 -0400] "GET /wp-content/plugins/revslider/public/assets/js/extensions/revolution.extension.slideanims.min.js?version=5.3.1.4 HTTP/1.1" 200 6402 "https://batconpakistan.org/" "Mozilla/5.0 (Linux; Android 11; TECNO KG8) AppleWebKit/537.36 (KHTML, like Gecko) Chrome/97.0.4692.98 Mobile Safari/537.36"
103.229.252.90 - - [13/Oct/2025:20:02:44 -0400] "GET /wp-content/plugins/revslider/public/assets/js/extensions/revolution.extension.navigation.min.js?version=5.3.1.4 HTTP/1.1" 200 6722 "https://batconpakistan.org/" "Mozilla/5.0 (Linux; Android 11; TECNO KG8) AppleWebKit/537.36 (KHTML, like Gecko) Chrome/97.0.4692.98 Mobile Safari/537.36"
103.229.252.90 - - [13/Oct/2025:20:02:44 -0400] "GET /wp-content/plugins/revslider/public/assets/js/extensions/revolution.extension.actions.min.js?version=5.3.1.4 HTTP/1.1" 200 2343 "https://batconpakistan.org/" "Mozilla/5.0 (Linux; Android 11; TECNO KG8) AppleWebKit/537.36 (KHTML, like Gecko) Chrome/97.0.4692.98 Mobile Safari/537.36"
103.229.252.90 - - [13/Oct/2025:20:02:44 -0400] "GET /wp-content/plugins/revslider/public/assets/js/extensions/revolution.extension.layeranimation.min.js?version=5.3.1.4 HTTP/1.1" 200 12349 "https://batconpakistan.org/" "Mozilla/5.0 (Linux; Android 11; TECNO KG8) AppleWebKit/537.36 (KHTML, like Gecko) Chrome/97.0.4692.98 Mobile Safari/537.36"
103.229.252.90 - - [13/Oct/2025:20:02:44 -0400] "GET /wp-content/uploads/2021/01/btm2-bg-3.jpg HTTP/1.1" 200 384985 "https://batconpakistan.org/" "Mozilla/5.0 (Linux; Android 11; TECNO KG8) AppleWebKit/537.36 (KHTML, like Gecko) Chrome/97.0.4692.98 Mobile Safari/537.36"
103.229.252.90 - - [13/Oct/2025:20:02:45 -0400] "GET /wp-content/plugins/revslider/public/assets/assets/loader.gif HTTP/1.1" 200 2545 "https://batconpakistan.org/wp-content/cache/autoptimize/css/autoptimize_single_e41c8b843d0a67ae2fd223ba1ef4c4b0.css?ver=5.3.1.5" "Mozilla/5.0 (Linux; Android 11; TECNO KG8) AppleWebKit/537.36 (KHTML, like Gecko) Chrome/97.0.4692.98 Mobile Safari/537.36"
103.229.252.90 - - [13/Oct/2025:20:02:45 -0400] "GET /wp-content/plugins/revslider/public/assets/fonts/revicons/revicons.woff?5510888 HTTP/1.1" 200 7536 "https://batconpakistan.org/wp-content/cache/autoptimize/css/autoptimize_single_e41c8b843d0a67ae2fd223ba1ef4c4b0.css?ver=5.3.1.5" "Mozilla/5.0 (Linux; Android 11; TECNO KG8) AppleWebKit/537.36 (KHTML, like Gecko) Chrome/97.0.4692.98 Mobile Safari/537.36"
103.229.252.90 - - [13/Oct/2025:20:02:45 -0400] "GET /wp-content/uploads/2021/01/Bat-Conversation-Pakistan_Trasnparent-Logo.png HTTP/1.1" 200 34042 "https://batconpakistan.org/" "Mozilla/5.0 (Linux; Android 11; TECNO KG8) AppleWebKit/537.36 (KHTML, like Gecko) Chrome/97.0.4692.98 Mobile Safari/537.36"
103.229.252.90 - - [13/Oct/2025:20:02:47 -0400] "GET /wp-content/uploads/2021/01/EIg9iHBOAL-100x50.jpg HTTP/1.1" 200 2593 "https://batconpakistan.org/" "Mozilla/5.0 (Linux; Android 11; TECNO KG8) AppleWebKit/537.36 (KHTML, like Gecko) Chrome/97.0.4692.98 Mobile Safari/537.36"
103.229.252.90 - - [13/Oct/2025:20:02:51 -0400] "GET /wp-content/uploads/2023/10/F1.large_-600x400.jpg HTTP/1.1" 200 32996 "https://batconpakistan.org/" "Mozilla/5.0 (Linux; Android 11; TECNO KG8) AppleWebKit/537.36 (KHTML, like Gecko) Chrome/97.0.4692.98 Mobile Safari/537.36"
51.195.244.104 - - [13/Oct/2025:20:04:48 -0400] "GET /wp-content/plugins/js_composer/assets/lib/prettyphoto/css/prettyPhoto.min.css?ver=6.5.0 HTTP/1.1" 302 771 "-" "Mozilla/5.0 (compatible; AhrefsBot/7.0; +http://ahrefs.com/robot/)"
198.244.226.244 - - [13/Oct/2025:20:04:49 -0400] "GET /wp-content/plugins/js_composer/assets/lib/owl-carousel2-dist/assets/owl.min.css?ver=6.5.0 HTTP/1.1" 302 771 "-" "Mozilla/5.0 (compatible; AhrefsBot/7.0; +http://ahrefs.com/robot/)"
198.244.168.110 - - [13/Oct/2025:20:04:51 -0400] "GET /wp-content/plugins/js_composer/assets/lib/owl-carousel2-dist/owl.carousel.min.js?ver=6.5.0 HTTP/1.1" 302 771 "-" "Mozilla/5.0 (compatible; AhrefsBot/7.0; +http://ahrefs.com/robot/)"
198.244.242.234 - - [13/Oct/2025:20:04:52 -0400] "GET /wp-content/plugins/js_composer/assets/lib/bower/flexslider/jquery.flexslider-min.js?ver=6.5.0 HTTP/1.1" 302 771 "-" "Mozilla/5.0 (compatible; AhrefsBot/7.0; +http://ahrefs.com/robot/)"
51.195.183.45 - - [13/Oct/2025:20:04:54 -0400] "GET /wp-content/plugins/js_composer/assets/lib/bower/flexslider/flexslider.min.css?ver=6.5.0 HTTP/1.1" 302 771 "-" "Mozilla/5.0 (compatible; AhrefsBot/7.0; +http://ahrefs.com/robot/)"
198.244.183.122 - - [13/Oct/2025:20:04:55 -0400] "GET /wp-content/uploads/dynamic-mobmenu.css?ver=2.8.8-342 HTTP/1.1" 302 771 "-" "Mozilla/5.0 (compatible; AhrefsBot/7.0; +http://ahrefs.com/robot/)"
54.38.147.223 - - [13/Oct/2025:20:04:57 -0400] "GET /wp-content/plugins/js_composer/assets/lib/prettyphoto/js/jquery.prettyPhoto.min.js?ver=6.5.0 HTTP/1.1" 302 771 "-" "Mozilla/5.0 (compatible; AhrefsBot/7.0; +http://ahrefs.com/robot/)"
198.244.240.107 - - [13/Oct/2025:20:04:58 -0400] "GET /wp-content/plugins/js_composer/assets/lib/bower/imagesloaded/imagesloaded.pkgd.min.js?ver=6.5.0 HTTP/1.1" 302 771 "-" "Mozilla/5.0 (compatible; AhrefsBot/7.0; +http://ahrefs.com/robot/)"
54.38.147.3 - - [13/Oct/2025:20:05:00 -0400] "GET /wp-content/plugins/js_composer/assets/js/dist/vc_grid.min.js?ver=6.5.0 HTTP/1.1" 302 771 "-" "Mozilla/5.0 (compatible; AhrefsBot/7.0; +http://ahrefs.com/robot/)"
147.135.104.173 - - [13/Oct/2025:20:09:17 -0400] "GET /wp-login.php HTTP/1.1" 200 1885 "-" "Mozilla/4.0 (compatible; MSIE 7.0; Windows NT 6.1; WOW64; Trident/7.0; SLCC2; .NET CLR 2.0.50727; .NET CLR 3.5.30729; .NET CLR 3.0.30729; Media Center PC 6.0; InfoPath.2; .NET4.0C; .NET4.0E)"
162.0.235.240 - - [13/Oct/2025:20:09:27 -0400] "GET /wp-content/plugins/contact-form-7-style/admin/predefined-templates.json HTTP/1.1" 200 1323 "-" "WordPress/6.8.3; https://batconpakistan.org"
162.0.235.240 - - [13/Oct/2025:20:09:28 -0400] "POST /wp-cron.php?doing_wp_cron=1760400568.1180720329284667968750 HTTP/1.1" 200 0 "-" "WordPress/6.8.3; https://batconpakistan.org"
147.135.104.173 - - [13/Oct/2025:20:09:22 -0400] "POST /wp-login.php HTTP/1.1" 200 2045 "https://batconpakistan.org/wp-login.php" "Mozilla/4.0 (compatible; MSIE 7.0; Windows NT 6.1; WOW64; Trident/7.0; SLCC2; .NET CLR 2.0.50727; .NET CLR 3.5.30729; .NET CLR 3.0.30729; Media Center PC 6.0; InfoPath.2; .NET4.0C; .NET4.0E)"
162.0.235.240 - - [13/Oct/2025:20:09:28 -0400] "GET /wp-content/plugins/contact-form-7-style/admin/predefined-templates.json HTTP/1.1" 200 1323 "-" "WordPress/6.8.3; https://batconpakistan.org"
2404:3100:1448:7157:1:0:f11a:83c7 - - [13/Oct/2025:20:09:56 -0400] "GET /wp-content/uploads/2021/01/Dr-Naeem-Awan-2.jpg HTTP/1.1" 304 0 "-" "Mozilla/5.0 (Windows NT 10.0; Win64; x64) AppleWebKit/537.36 (KHTML, like Gecko) Chrome/87.0.4280.88 Safari/537.36"
162.0.235.240 - - [13/Oct/2025:20:11:21 -0400] "GET /wp-content/plugins/contact-form-7-style/admin/predefined-templates.json HTTP/1.1" 200 1323 "-" "WordPress/6.8.3; https://batconpakistan.org"
162.0.235.240 - - [13/Oct/2025:20:11:22 -0400] "POST /wp-cron.php?doing_wp_cron=1760400682.4161920547485351562500 HTTP/1.1" 200 0 "-" "WordPress/6.8.3; https://batconpakistan.org"
2a02:598:128:8a00::b00:2 - - [13/Oct/2025:20:11:18 -0400] "GET /author-sitemap.xml HTTP/1.1" 200 341 "-" "Mozilla/5.0 (compatible; SeznamBot/4.0; +https://o-seznam.cz/napoveda/vyhledavani/en/seznambot-crawler/)"
162.0.235.240 - - [13/Oct/2025:20:11:23 -0400] "GET /wp-content/plugins/contact-form-7-style/admin/predefined-templates.json HTTP/1.1" 200 1323 "-" "WordPress/6.8.3; https://batconpakistan.org"
203.112.72.51 - - [13/Oct/2025:20:21:04 -0400] "GET /wp-login.php HTTP/1.1" 200 1885 "-" "Mozilla/5.0 (Windows NT 6.1; WOW64; Trident/7.0; UHG_Win7_Build 11-15-2010; rv:11.0) like Gecko"
162.0.235.240 - - [13/Oct/2025:20:21:08 -0400] "GET /wp-content/plugins/contact-form-7-style/admin/predefined-templates.json HTTP/1.1" 200 1323 "-" "WordPress/6.8.3; https://batconpakistan.org"
162.0.235.240 - - [13/Oct/2025:20:21:08 -0400] "POST /wp-cron.php?doing_wp_cron=1760401268.7958259582519531250000 HTTP/1.1" 200 0 "-" "WordPress/6.8.3; https://batconpakistan.org"
203.112.72.51 - - [13/Oct/2025:20:21:05 -0400] "POST /wp-login.php HTTP/1.1" 200 2045 "https://batconpakistan.org/wp-login.php" "Mozilla/5.0 (Windows NT 6.1; WOW64; Trident/7.0; UHG_Win7_Build 11-15-2010; rv:11.0) like Gecko"
162.0.235.240 - - [13/Oct/2025:20:21:09 -0400] "GET /wp-content/plugins/contact-form-7-style/admin/predefined-templates.json HTTP/1.1" 200 1323 "-" "WordPress/6.8.3; https://batconpakistan.org"
162.0.235.240 - - [13/Oct/2025:20:24:32 -0400] "GET /wp-content/plugins/contact-form-7-style/admin/predefined-templates.json HTTP/1.1" 200 1323 "-" "WordPress/6.8.3; https://batconpakistan.org"
162.0.235.240 - - [13/Oct/2025:20:24:32 -0400] "POST /wp-cron.php?doing_wp_cron=1760401472.7081220149993896484375 HTTP/1.1" 200 0 "-" "WordPress/6.8.3; https://batconpakistan.org"
162.0.235.240 - - [13/Oct/2025:20:24:33 -0400] "GET /wp-content/plugins/contact-form-7-style/admin/predefined-templates.json HTTP/1.1" 200 1323 "-" "WordPress/6.8.3; https://batconpakistan.org"
2a03:2880:f800:2c:: - - [13/Oct/2025:20:24:29 -0400] "GET /team/dr-muhammad-farooq-tahir/ HTTP/1.1" 200 18065 "-" "meta-externalagent/1.1 (+https://developers.facebook.com/docs/sharing/webmasters/crawler)"
104.210.140.143 - - [13/Oct/2025:20:26:34 -0400] "GET /robots.txt HTTP/1.1" 200 183 "-" "Mozilla/5.0 (Macintosh; Intel Mac OS X 10_15_7) AppleWebKit/537.36 (KHTML, like Gecko) Chrome/131.0.0.0 Safari/537.36; compatible; OAI-SearchBot/1.0; +https://openai.com/searchbot"
46.101.0.130 - - [13/Oct/2025:20:30:23 -0400] "GET /wp-login.php HTTP/1.1" 200 1885 "-" "Mozilla/4.0 (compatible; MSIE 7.0; Windows NT 6.1; Trident/7.0; SLCC2; .NET CLR 2.0.50727; .NET CLR 3.5.30729; .NET CLR 3.0.30729; Media Center PC 6.0; .NET4.0C; .NET4.0E; Tablet PC 2.0; .NET CLR 1.1.4322; Alexa Toolbar)"
162.0.235.240 - - [13/Oct/2025:20:30:30 -0400] "GET /wp-content/plugins/contact-form-7-style/admin/predefined-templates.json HTTP/1.1" 200 1323 "-" "WordPress/6.8.3; https://batconpakistan.org"
162.0.235.240 - - [13/Oct/2025:20:30:31 -0400] "POST /wp-cron.php?doing_wp_cron=1760401831.3131020069122314453125 HTTP/1.1" 200 0 "-" "WordPress/6.8.3; https://batconpakistan.org"
46.101.0.130 - - [13/Oct/2025:20:30:27 -0400] "POST /wp-login.php HTTP/1.1" 200 2045 "https://batconpakistan.org/wp-login.php" "Mozilla/4.0 (compatible; MSIE 7.0; Windows NT 6.1; Trident/7.0; SLCC2; .NET CLR 2.0.50727; .NET CLR 3.5.30729; .NET CLR 3.0.30729; Media Center PC 6.0; .NET4.0C; .NET4.0E; Tablet PC 2.0; .NET CLR 1.1.4322; Alexa Toolbar)"
162.0.235.240 - - [13/Oct/2025:20:30:31 -0400] "GET /wp-content/plugins/contact-form-7-style/admin/predefined-templates.json HTTP/1.1" 200 1323 "-" "WordPress/6.8.3; https://batconpakistan.org"
162.0.235.240 - - [13/Oct/2025:20:30:33 -0400] "POST /wp-admin/admin-ajax.php?action=wp_1_wc_privacy_cleanup&nonce=b4da647f7d HTTP/1.1" 200 0 "-" "WordPress/6.8.3; https://batconpakistan.org"
162.0.235.240 - - [13/Oct/2025:20:30:34 -0400] "GET /wp-content/plugins/contact-form-7-style/admin/predefined-templates.json HTTP/1.1" 200 1323 "-" "WordPress/6.8.3; https://batconpakistan.org"
2a03:2880:f800:3a:: - - [13/Oct/2025:20:37:50 -0400] "GET /our-activities/ HTTP/1.1" 200 17350 "-" "meta-externalagent/1.1 (+https://developers.facebook.com/docs/sharing/webmasters/crawler)"
162.0.235.240 - - [13/Oct/2025:20:37:53 -0400] "GET /wp-content/plugins/contact-form-7-style/admin/predefined-templates.json HTTP/1.1" 200 1323 "-" "WordPress/6.8.3; https://batconpakistan.org"
162.0.235.240 - - [13/Oct/2025:20:37:53 -0400] "POST /wp-cron.php?doing_wp_cron=1760402273.6569759845733642578125 HTTP/1.1" 200 0 "-" "WordPress/6.8.3; https://batconpakistan.org"
196.251.85.8 - - [13/Oct/2025:20:37:50 -0400] "GET /wp-content/plugins/story-chief/css/videos.css HTTP/1.1" 404 15656 "-" "Mozilla/5.0 (Windows NT 10.0; Win64; x64) AppleWebKit/537.36 (KHTML, like Gecko) Chrome/91.0.4472.124 Safari/537.36"
162.0.235.240 - - [13/Oct/2025:20:37:54 -0400] "GET /wp-content/plugins/contact-form-7-style/admin/predefined-templates.json HTTP/1.1" 200 1323 "-" "WordPress/6.8.3; https://batconpakistan.org"
162.0.235.240 - - [13/Oct/2025:20:46:01 -0400] "GET /wp-content/plugins/contact-form-7-style/admin/predefined-templates.json HTTP/1.1" 200 1323 "-" "WordPress/6.8.3; https://batconpakistan.org"
162.0.235.240 - - [13/Oct/2025:20:46:02 -0400] "POST /wp-cron.php?doing_wp_cron=1760402762.3864328861236572265625 HTTP/1.1" 200 0 "-" "WordPress/6.8.3; https://batconpakistan.org"
52.167.144.186 - - [13/Oct/2025:20:45:58 -0400] "GET /Commercial-Door-Products-to-Install-ZnMig-Stainless-Steel-Door-Hinges-Pack-NonMortise-Door-Hinges-Stainless-Steel-22388-Hinges/ HTTP/1.1" 404 15670 "-" "Mozilla/5.0 AppleWebKit/537.36 (KHTML, like Gecko; compatible; bingbot/2.0; +http://www.bing.com/bingbot.htm) Chrome/116.0.1938.76 Safari/537.36"
162.0.235.240 - - [13/Oct/2025:20:46:02 -0400] "GET /wp-content/plugins/contact-form-7-style/admin/predefined-templates.json HTTP/1.1" 200 1323 "-" "WordPress/6.8.3; https://batconpakistan.org"
20.191.45.212 - - [13/Oct/2025:20:52:46 -0400] "GET / HTTP/1.1" 200 23128 "https://batconpakistan.org/" "DuckDuckBot/1.1; (+http://duckduckgo.com/duckduckbot.html)"
20.191.45.212 - - [13/Oct/2025:20:52:47 -0400] "GET /wp-content/uploads/2021/01/Favicon_2.png HTTP/1.1" 200 11011 "https://batconpakistan.org/wp-content/uploads/2021/01/Favicon_2.png" "DuckDuckBot/1.1; (+http://duckduckgo.com/duckduckbot.html)"
103.168.21.194 - - [13/Oct/2025:20:54:11 -0400] "GET /wp-login.php HTTP/1.1" 200 1885 "-" "Mozilla/5.0 (X11; Linux x86_64) AppleWebKit/537.36 (KHTML, like Gecko) Chrome/67.0.3396.62 Safari/537.36"
162.0.235.240 - - [13/Oct/2025:20:54:16 -0400] "GET /wp-content/plugins/contact-form-7-style/admin/predefined-templates.json HTTP/1.1" 200 1323 "-" "WordPress/6.8.3; https://batconpakistan.org"
162.0.235.240 - - [13/Oct/2025:20:54:16 -0400] "POST /wp-cron.php?doing_wp_cron=1760403256.8868470191955566406250 HTTP/1.1" 200 0 "-" "WordPress/6.8.3; https://batconpakistan.org"
103.168.21.194 - - [13/Oct/2025:20:54:13 -0400] "POST /wp-login.php HTTP/1.1" 200 2045 "https://batconpakistan.org/wp-login.php" "Mozilla/5.0 (X11; Linux x86_64) AppleWebKit/537.36 (KHTML, like Gecko) Chrome/67.0.3396.62 Safari/537.36"
162.0.235.240 - - [13/Oct/2025:20:54:17 -0400] "GET /wp-content/plugins/contact-form-7-style/admin/predefined-templates.json HTTP/1.1" 200 1323 "-" "WordPress/6.8.3; https://batconpakistan.org"
216.73.216.20 - - [13/Oct/2025:21:02:20 -0400] "GET /robots.txt HTTP/1.1" 304 0 "-" "Mozilla/5.0 AppleWebKit/537.36 (KHTML, like Gecko; compatible; ClaudeBot/1.0; +claudebot@anthropic.com)"
162.0.235.240 - - [13/Oct/2025:21:02:23 -0400] "GET /wp-content/plugins/contact-form-7-style/admin/predefined-templates.json HTTP/1.1" 200 1323 "-" "WordPress/6.8.3; https://batconpakistan.org"
162.0.235.240 - - [13/Oct/2025:21:02:24 -0400] "POST /wp-cron.php?doing_wp_cron=1760403744.5950539112091064453125 HTTP/1.1" 200 0 "-" "WordPress/6.8.3; https://batconpakistan.org"
162.0.235.240 - - [13/Oct/2025:21:02:25 -0400] "GET /wp-content/plugins/contact-form-7-style/admin/predefined-templates.json HTTP/1.1" 200 1323 "-" "WordPress/6.8.3; https://batconpakistan.org"
216.73.216.20 - - [13/Oct/2025:21:02:20 -0400] "GET /product/ship-your-idea/?add-to-cart=559 HTTP/1.1" 200 20289 "-" "Mozilla/5.0 AppleWebKit/537.36 (KHTML, like Gecko; compatible; ClaudeBot/1.0; +claudebot@anthropic.com)"
162.0.235.240 - - [13/Oct/2025:21:04:09 -0400] "GET /wp-content/plugins/contact-form-7-style/admin/predefined-templates.json HTTP/1.1" 200 1323 "-" "WordPress/6.8.3; https://batconpakistan.org"
162.0.235.240 - - [13/Oct/2025:21:04:10 -0400] "POST /wp-cron.php?doing_wp_cron=1760403850.3284420967102050781250 HTTP/1.1" 200 0 "-" "WordPress/6.8.3; https://batconpakistan.org"
216.73.216.20 - - [13/Oct/2025:21:04:06 -0400] "GET /product/woo-ninja-2 HTTP/1.1" 301 0 "-" "Mozilla/5.0 AppleWebKit/537.36 (KHTML, like Gecko; compatible; ClaudeBot/1.0; +claudebot@anthropic.com)"
162.0.235.240 - - [13/Oct/2025:21:04:10 -0400] "GET /wp-content/plugins/contact-form-7-style/admin/predefined-templates.json HTTP/1.1" 200 1323 "-" "WordPress/6.8.3; https://batconpakistan.org"
162.0.235.240 - - [13/Oct/2025:21:04:11 -0400] "GET /wp-content/plugins/contact-form-7-style/admin/predefined-templates.json HTTP/1.1" 200 1323 "-" "WordPress/6.8.3; https://batconpakistan.org"
216.73.216.20 - - [13/Oct/2025:21:04:10 -0400] "GET /product/woo-ninja-2/ HTTP/1.1" 200 19347 "https://batconpakistan.org/product/woo-ninja-2" "Mozilla/5.0 AppleWebKit/537.36 (KHTML, like Gecko; compatible; ClaudeBot/1.0; +claudebot@anthropic.com)"
162.0.235.240 - - [13/Oct/2025:21:04:37 -0400] "GET /wp-content/plugins/contact-form-7-style/admin/predefined-templates.json HTTP/1.1" 200 1323 "-" "WordPress/6.8.3; https://batconpakistan.org"
52.167.144.194 - - [13/Oct/2025:21:04:37 -0400] "GET /Hydraulics-Pneumatics-&-Plumbing-Barbs-Value-Plastics-Straight-Thru-Reduce-Connector-152194-Reducer-Fittings/ HTTP/1.1" 404 15669 "-" "Mozilla/5.0 AppleWebKit/537.36 (KHTML, like Gecko; compatible; bingbot/2.0; +http://www.bing.com/bingbot.htm) Chrome/116.0.1938.76 Safari/537.36"
51.178.211.196 - - [13/Oct/2025:21:06:19 -0400] "GET /wp-login.php HTTP/1.1" 200 1885 "-" "Mozilla/5.0 (Macintosh; Intel Mac OS X 10_11_6) AppleWebKit/537.36 (KHTML, like Gecko) Chrome/66.0.3359.181 Safari/537.36"
162.0.235.240 - - [13/Oct/2025:21:06:27 -0400] "GET /wp-content/plugins/contact-form-7-style/admin/predefined-templates.json HTTP/1.1" 200 1323 "-" "WordPress/6.8.3; https://batconpakistan.org"
162.0.235.240 - - [13/Oct/2025:21:06:27 -0400] "POST /wp-cron.php?doing_wp_cron=1760403987.9192869663238525390625 HTTP/1.1" 200 0 "-" "WordPress/6.8.3; https://batconpakistan.org"
51.178.211.196 - - [13/Oct/2025:21:06:24 -0400] "POST /wp-login.php HTTP/1.1" 200 2045 "https://batconpakistan.org/wp-login.php" "Mozilla/5.0 (Macintosh; Intel Mac OS X 10_11_6) AppleWebKit/537.36 (KHTML, like Gecko) Chrome/66.0.3359.181 Safari/537.36"
162.0.235.240 - - [13/Oct/2025:21:06:28 -0400] "GET /wp-content/plugins/contact-form-7-style/admin/predefined-templates.json HTTP/1.1" 200 1323 "-" "WordPress/6.8.3; https://batconpakistan.org"
162.0.235.240 - - [13/Oct/2025:21:08:06 -0400] "GET /wp-content/plugins/contact-form-7-style/admin/predefined-templates.json HTTP/1.1" 200 1323 "-" "WordPress/6.8.3; https://batconpakistan.org"
162.0.235.240 - - [13/Oct/2025:21:08:07 -0400] "POST /wp-cron.php?doing_wp_cron=1760404087.4692289829254150390625 HTTP/1.1" 200 0 "-" "WordPress/6.8.3; https://batconpakistan.org"
216.73.216.20 - - [13/Oct/2025:21:08:03 -0400] "GET /product/patient-ninja HTTP/1.1" 301 0 "-" "Mozilla/5.0 AppleWebKit/537.36 (KHTML, like Gecko; compatible; ClaudeBot/1.0; +claudebot@anthropic.com)"
216.73.216.20 - - [13/Oct/2025:21:08:07 -0400] "GET /product/patient-ninja/ HTTP/1.1" 200 19388 "https://batconpakistan.org/product/patient-ninja" "Mozilla/5.0 AppleWebKit/537.36 (KHTML, like Gecko; compatible; ClaudeBot/1.0; +claudebot@anthropic.com)"
162.0.235.240 - - [13/Oct/2025:21:08:08 -0400] "GET /wp-content/plugins/contact-form-7-style/admin/predefined-templates.json HTTP/1.1" 200 1323 "-" "WordPress/6.8.3; https://batconpakistan.org"
162.0.235.240 - - [13/Oct/2025:21:08:45 -0400] "GET /wp-content/plugins/contact-form-7-style/admin/predefined-templates.json HTTP/1.1" 200 1323 "-" "WordPress/6.8.3; https://batconpakistan.org"
162.0.235.240 - - [13/Oct/2025:21:08:45 -0400] "GET /wp-content/plugins/contact-form-7-style/admin/predefined-templates.json HTTP/1.1" 200 1323 "-" "WordPress/6.8.3; https://batconpakistan.org"
216.73.216.20 - - [13/Oct/2025:21:08:45 -0400] "GET /product/ship-your-idea/feed HTTP/1.1" 301 0 "-" "Mozilla/5.0 AppleWebKit/537.36 (KHTML, like Gecko; compatible; ClaudeBot/1.0; +claudebot@anthropic.com)"
162.0.235.240 - - [13/Oct/2025:21:08:45 -0400] "POST /wp-cron.php?doing_wp_cron=1760404125.8797900676727294921875 HTTP/1.1" 200 0 "-" "WordPress/6.8.3; https://batconpakistan.org"
216.73.216.20 - - [13/Oct/2025:21:08:45 -0400] "GET /product/happy-ninja HTTP/1.1" 301 0 "-" "Mozilla/5.0 AppleWebKit/537.36 (KHTML, like Gecko; compatible; ClaudeBot/1.0; +claudebot@anthropic.com)"
162.0.235.240 - - [13/Oct/2025:21:08:46 -0400] "GET /wp-content/plugins/contact-form-7-style/admin/predefined-templates.json HTTP/1.1" 200 1323 "-" "WordPress/6.8.3; https://batconpakistan.org"
162.0.235.240 - - [13/Oct/2025:21:08:46 -0400] "GET /wp-content/plugins/contact-form-7-style/admin/predefined-templates.json HTTP/1.1" 200 1323 "-" "WordPress/6.8.3; https://batconpakistan.org"
162.0.235.240 - - [13/Oct/2025:21:08:46 -0400] "GET /wp-content/plugins/contact-form-7-style/admin/predefined-templates.json HTTP/1.1" 200 1323 "-" "WordPress/6.8.3; https://batconpakistan.org"
216.73.216.20 - - [13/Oct/2025:21:08:46 -0400] "GET /product/ship-your-idea/feed/ HTTP/1.1" 200 444 "https://batconpakistan.org/product/ship-your-idea/feed" "Mozilla/5.0 AppleWebKit/537.36 (KHTML, like Gecko; compatible; ClaudeBot/1.0; +claudebot@anthropic.com)"
216.73.216.20 - - [13/Oct/2025:21:08:46 -0400] "GET /product/happy-ninja/ HTTP/1.1" 200 19354 "https://batconpakistan.org/product/happy-ninja" "Mozilla/5.0 AppleWebKit/537.36 (KHTML, like Gecko; compatible; ClaudeBot/1.0; +claudebot@anthropic.com)"
162.0.235.240 - - [13/Oct/2025:21:09:14 -0400] "GET /wp-content/plugins/contact-form-7-style/admin/predefined-templates.json HTTP/1.1" 200 1323 "-" "WordPress/6.8.3; https://batconpakistan.org"
162.0.235.240 - - [13/Oct/2025:21:09:14 -0400] "POST /wp-cron.php?doing_wp_cron=1760404154.8267750740051269531250 HTTP/1.1" 200 0 "-" "WordPress/6.8.3; https://batconpakistan.org"
216.73.216.20 - - [13/Oct/2025:21:09:14 -0400] "GET /product/premium-quality/feed HTTP/1.1" 301 0 "-" "Mozilla/5.0 AppleWebKit/537.36 (KHTML, like Gecko; compatible; ClaudeBot/1.0; +claudebot@anthropic.com)"
162.0.235.240 - - [13/Oct/2025:21:09:15 -0400] "GET /wp-content/plugins/contact-form-7-style/admin/predefined-templates.json HTTP/1.1" 200 1323 "-" "WordPress/6.8.3; https://batconpakistan.org"
162.0.235.240 - - [13/Oct/2025:21:09:15 -0400] "GET /wp-content/plugins/contact-form-7-style/admin/predefined-templates.json HTTP/1.1" 200 1323 "-" "WordPress/6.8.3; https://batconpakistan.org"
216.73.216.20 - - [13/Oct/2025:21:09:15 -0400] "GET /product/premium-quality/feed/ HTTP/1.1" 200 442 "https://batconpakistan.org/product/premium-quality/feed" "Mozilla/5.0 AppleWebKit/537.36 (KHTML, like Gecko; compatible; ClaudeBot/1.0; +claudebot@anthropic.com)"
209.74.95.249 - - [13/Oct/2025:21:11:46 -0400] "GET /wp-login.php HTTP/1.1" 200 1885 "-" "Mozilla/4.0 (compatible; MSIE 7.0; Windows NT 6.2; Win64; x64; Trident/7.0; .NET4.0C; .NET4.0E; .NET CLR 2.0.50727; .NET CLR 3.0.30729; .NET CLR 3.5.30729; SLCC2; Media Center PC 6.0)"
162.0.235.240 - - [13/Oct/2025:21:11:48 -0400] "GET /wp-content/plugins/contact-form-7-style/admin/predefined-templates.json HTTP/1.1" 200 1323 "-" "WordPress/6.8.3; https://batconpakistan.org"
162.0.235.240 - - [13/Oct/2025:21:11:48 -0400] "GET /wp-content/plugins/contact-form-7-style/admin/predefined-templates.json HTTP/1.1" 200 1323 "-" "WordPress/6.8.3; https://batconpakistan.org"
162.0.235.240 - - [13/Oct/2025:21:11:48 -0400] "GET /wp-content/plugins/contact-form-7-style/admin/predefined-templates.json HTTP/1.1" 200 1323 "-" "WordPress/6.8.3; https://batconpakistan.org"
216.73.216.20 - - [13/Oct/2025:21:11:45 -0400] "GET /product/woo-ninja HTTP/1.1" 301 0 "-" "Mozilla/5.0 AppleWebKit/537.36 (KHTML, like Gecko; compatible; ClaudeBot/1.0; +claudebot@anthropic.com)"
216.73.216.20 - - [13/Oct/2025:21:11:45 -0400] "GET /product-category/clothing/t-shirts HTTP/1.1" 301 0 "-" "Mozilla/5.0 AppleWebKit/537.36 (KHTML, like Gecko; compatible; ClaudeBot/1.0; +claudebot@anthropic.com)"
162.0.235.240 - - [13/Oct/2025:21:11:49 -0400] "POST /wp-cron.php?doing_wp_cron=1760404309.3846139907836914062500 HTTP/1.1" 200 0 "-" "WordPress/6.8.3; https://batconpakistan.org"
216.73.216.20 - - [13/Oct/2025:21:11:49 -0400] "GET /product-category/clothing/t-shirts/ HTTP/1.1" 200 17338 "https://batconpakistan.org/product-category/clothing/t-shirts" "Mozilla/5.0 AppleWebKit/537.36 (KHTML, like Gecko; compatible; ClaudeBot/1.0; +claudebot@anthropic.com)"
209.74.95.249 - - [13/Oct/2025:21:11:47 -0400] "POST /wp-login.php HTTP/1.1" 200 2045 "https://batconpakistan.org/wp-login.php" "Mozilla/4.0 (compatible; MSIE 7.0; Windows NT 6.2; Win64; x64; Trident/7.0; .NET4.0C; .NET4.0E; .NET CLR 2.0.50727; .NET CLR 3.0.30729; .NET CLR 3.5.30729; SLCC2; Media Center PC 6.0)"
162.0.235.240 - - [13/Oct/2025:21:11:49 -0400] "GET /wp-content/plugins/contact-form-7-style/admin/predefined-templates.json HTTP/1.1" 200 1323 "-" "WordPress/6.8.3; https://batconpakistan.org"
162.0.235.240 - - [13/Oct/2025:21:11:49 -0400] "GET /wp-content/plugins/contact-form-7-style/admin/predefined-templates.json HTTP/1.1" 200 1323 "-" "WordPress/6.8.3; https://batconpakistan.org"
216.73.216.20 - - [13/Oct/2025:21:11:49 -0400] "GET /product/woo-ninja/ HTTP/1.1" 200 19284 "https://batconpakistan.org/product/woo-ninja" "Mozilla/5.0 AppleWebKit/537.36 (KHTML, like Gecko; compatible; ClaudeBot/1.0; +claudebot@anthropic.com)"
162.0.235.240 - - [13/Oct/2025:21:12:31 -0400] "GET /wp-content/plugins/contact-form-7-style/admin/predefined-templates.json HTTP/1.1" 200 1323 "-" "WordPress/6.8.3; https://batconpakistan.org"
162.0.235.240 - - [13/Oct/2025:21:12:32 -0400] "POST /wp-cron.php?doing_wp_cron=1760404352.0692160129547119140625 HTTP/1.1" 200 0 "-" "WordPress/6.8.3; https://batconpakistan.org"
216.73.216.20 - - [13/Oct/2025:21:12:31 -0400] "GET /product/happy-ninja-2 HTTP/1.1" 301 0 "-" "Mozilla/5.0 AppleWebKit/537.36 (KHTML, like Gecko; compatible; ClaudeBot/1.0; +claudebot@anthropic.com)"
162.0.235.240 - - [13/Oct/2025:21:12:32 -0400] "GET /wp-content/plugins/contact-form-7-style/admin/predefined-templates.json HTTP/1.1" 200 1323 "-" "WordPress/6.8.3; https://batconpakistan.org"
162.0.235.240 - - [13/Oct/2025:21:12:32 -0400] "GET /wp-content/plugins/contact-form-7-style/admin/predefined-templates.json HTTP/1.1" 200 1323 "-" "WordPress/6.8.3; https://batconpakistan.org"
216.73.216.20 - - [13/Oct/2025:21:12:32 -0400] "GET /product/happy-ninja-2/ HTTP/1.1" 200 19319 "https://batconpakistan.org/product/happy-ninja-2" "Mozilla/5.0 AppleWebKit/537.36 (KHTML, like Gecko; compatible; ClaudeBot/1.0; +claudebot@anthropic.com)"
154.53.62.61 - - [13/Oct/2025:21:14:06 -0400] "GET /wp-login.php HTTP/1.1" 200 1885 "-" "Mozilla/4.0 (compatible; MSIE 7.0; Windows NT 6.3; Win64; x64; Trident/7.0; .NET4.0E; .NET4.0C)"
162.0.235.240 - - [13/Oct/2025:21:14:14 -0400] "GET /wp-content/plugins/contact-form-7-style/admin/predefined-templates.json HTTP/1.1" 200 1323 "-" "WordPress/6.8.3; https://batconpakistan.org"
162.0.235.240 - - [13/Oct/2025:21:14:15 -0400] "POST /wp-cron.php?doing_wp_cron=1760404455.0201249122619628906250 HTTP/1.1" 200 0 "-" "WordPress/6.8.3; https://batconpakistan.org"
154.53.62.61 - - [13/Oct/2025:21:14:11 -0400] "POST /wp-login.php HTTP/1.1" 200 2045 "https://batconpakistan.org/wp-login.php" "Mozilla/4.0 (compatible; MSIE 7.0; Windows NT 6.3; Win64; x64; Trident/7.0; .NET4.0E; .NET4.0C)"
162.0.235.240 - - [13/Oct/2025:21:14:15 -0400] "GET /wp-content/plugins/contact-form-7-style/admin/predefined-templates.json HTTP/1.1" 200 1323 "-" "WordPress/6.8.3; https://batconpakistan.org"
135.181.213.219 - - [13/Oct/2025:21:18:25 -0400] "GET /robots.txt HTTP/1.1" 200 183 "-" "Mozilla/5.0 (compatible; MJ12bot/v1.4.8; http://mj12bot.com/)"
135.181.213.219 - - [13/Oct/2025:21:18:27 -0400] "GET /vision-mission/ HTTP/1.1" 200 17653 "-" "Mozilla/5.0 (compatible; MJ12bot/v1.4.8; http://mj12bot.com/)"
162.0.235.240 - - [13/Oct/2025:21:19:52 -0400] "GET /wp-content/plugins/contact-form-7-style/admin/predefined-templates.json HTTP/1.1" 200 1323 "-" "WordPress/6.8.3; https://batconpakistan.org"
162.0.235.240 - - [13/Oct/2025:21:19:53 -0400] "POST /wp-cron.php?doing_wp_cron=1760404793.6629569530487060546875 HTTP/1.1" 200 0 "-" "WordPress/6.8.3; https://batconpakistan.org"
142.93.7.184 - - [13/Oct/2025:21:19:50 -0400] "GET /team-sitemap.xml HTTP/1.1" 200 818 "-" "Mozilla/5.0 (Macintosh; Intel Mac OS X 10_15_7) AppleWebKit/537.36 (KHTML, like Gecko) Chrome/128.0.0.0 Safari/537.36"
162.0.235.240 - - [13/Oct/2025:21:19:54 -0400] "GET /wp-content/plugins/contact-form-7-style/admin/predefined-templates.json HTTP/1.1" 200 1323 "-" "WordPress/6.8.3; https://batconpakistan.org"
162.0.235.240 - - [13/Oct/2025:21:22:16 -0400] "GET /wp-content/plugins/contact-form-7-style/admin/predefined-templates.json HTTP/1.1" 200 1323 "-" "WordPress/6.8.3; https://batconpakistan.org"
162.0.235.240 - - [13/Oct/2025:21:22:17 -0400] "POST /wp-cron.php?doing_wp_cron=1760404937.3383660316467285156250 HTTP/1.1" 200 0 "-" "WordPress/6.8.3; https://batconpakistan.org"
216.73.216.20 - - [13/Oct/2025:21:22:13 -0400] "GET /product/woo-logo/feed HTTP/1.1" 301 0 "-" "Mozilla/5.0 AppleWebKit/537.36 (KHTML, like Gecko; compatible; ClaudeBot/1.0; +claudebot@anthropic.com)"
162.0.235.240 - - [13/Oct/2025:21:22:17 -0400] "GET /wp-content/plugins/contact-form-7-style/admin/predefined-templates.json HTTP/1.1" 200 1323 "-" "WordPress/6.8.3; https://batconpakistan.org"
162.0.235.240 - - [13/Oct/2025:21:22:17 -0400] "GET /wp-content/plugins/contact-form-7-style/admin/predefined-templates.json HTTP/1.1" 200 1323 "-" "WordPress/6.8.3; https://batconpakistan.org"
216.73.216.20 - - [13/Oct/2025:21:22:17 -0400] "GET /product/woo-logo/feed/ HTTP/1.1" 200 434 "https://batconpakistan.org/product/woo-logo/feed" "Mozilla/5.0 AppleWebKit/537.36 (KHTML, like Gecko; compatible; ClaudeBot/1.0; +claudebot@anthropic.com)"
2a03:2880:f800:41:: - - [13/Oct/2025:21:23:36 -0400] "GET /vision-mission/ HTTP/1.1" 200 17653 "-" "meta-externalagent/1.1 (+https://developers.facebook.com/docs/sharing/webmasters/crawler)"
162.0.235.240 - - [13/Oct/2025:21:33:33 -0400] "GET /wp-content/plugins/contact-form-7-style/admin/predefined-templates.json HTTP/1.1" 200 1323 "-" "WordPress/6.8.3; https://batconpakistan.org"
162.0.235.240 - - [13/Oct/2025:21:33:34 -0400] "POST /wp-cron.php?doing_wp_cron=1760405614.2340381145477294921875 HTTP/1.1" 200 0 "-" "WordPress/6.8.3; https://batconpakistan.org"
54.39.0.42 - - [13/Oct/2025:21:33:27 -0400] "GET /robots.txt HTTP/1.1" 301 0 "-" "Mozilla/5.0 (compatible; AhrefsBot/7.0; +http://ahrefs.com/robot/)"
162.0.235.240 - - [13/Oct/2025:21:33:34 -0400] "GET /wp-content/plugins/contact-form-7-style/admin/predefined-templates.json HTTP/1.1" 200 1323 "-" "WordPress/6.8.3; https://batconpakistan.org"
142.44.225.82 - - [13/Oct/2025:21:33:38 -0400] "GET / HTTP/1.1" 302 771 "-" "Mozilla/5.0 (compatible; AhrefsBot/7.0; +http://ahrefs.com/robot/)"
216.73.216.20 - - [13/Oct/2025:21:35:55 -0400] "GET /product-category/clothing/feed HTTP/1.1" 200 0 "-" "Mozilla/5.0 AppleWebKit/537.36 (KHTML, like Gecko; compatible; ClaudeBot/1.0; +claudebot@anthropic.com)"
162.0.235.240 - - [13/Oct/2025:21:36:04 -0400] "GET /wp-content/plugins/contact-form-7-style/admin/predefined-templates.json HTTP/1.1" 200 1323 "-" "WordPress/6.8.3; https://batconpakistan.org"
162.0.235.240 - - [13/Oct/2025:21:36:06 -0400] "POST /wp-cron.php?doing_wp_cron=1760405765.6220359802246093750000 HTTP/1.1" 200 0 "-" "WordPress/6.8.3; https://batconpakistan.org"
162.0.235.240 - - [13/Oct/2025:21:36:08 -0400] "GET /wp-content/plugins/contact-form-7-style/admin/predefined-templates.json HTTP/1.1" 200 1323 "-" "WordPress/6.8.3; https://batconpakistan.org"
162.0.235.240 - - [13/Oct/2025:21:36:36 -0400] "GET /wp-content/plugins/contact-form-7-style/admin/predefined-templates.json HTTP/1.1" 200 1323 "-" "WordPress/6.8.3; https://batconpakistan.org"
13.89.129.89 - - [13/Oct/2025:21:36:35 -0400] "GET /aa.php HTTP/1.1" 404 15657 "-" "-"
162.0.235.240 - - [13/Oct/2025:21:36:37 -0400] "GET /wp-content/plugins/contact-form-7-style/admin/predefined-templates.json HTTP/1.1" 200 1323 "-" "WordPress/6.8.3; https://batconpakistan.org"
13.89.129.89 - - [13/Oct/2025:21:36:37 -0400] "GET /about.php HTTP/1.1" 404 15660 "-" "-"
162.0.235.240 - - [13/Oct/2025:21:36:38 -0400] "GET /wp-content/plugins/contact-form-7-style/admin/predefined-templates.json HTTP/1.1" 200 1323 "-" "WordPress/6.8.3; https://batconpakistan.org"
13.89.129.89 - - [13/Oct/2025:21:36:38 -0400] "GET /admin.php HTTP/1.1" 404 15662 "-" "-"
162.0.235.240 - - [13/Oct/2025:21:36:39 -0400] "GET /wp-content/plugins/contact-form-7-style/admin/predefined-templates.json HTTP/1.1" 200 1323 "-" "WordPress/6.8.3; https://batconpakistan.org"
13.89.129.89 - - [13/Oct/2025:21:36:39 -0400] "GET /akc.php HTTP/1.1" 404 15661 "-" "-"
162.0.235.240 - - [13/Oct/2025:21:36:40 -0400] "GET /wp-content/plugins/contact-form-7-style/admin/predefined-templates.json HTTP/1.1" 200 1323 "-" "WordPress/6.8.3; https://batconpakistan.org"
162.0.235.240 - - [13/Oct/2025:21:36:40 -0400] "POST /wp-cron.php?doing_wp_cron=1760405800.5316219329833984375000 HTTP/1.1" 200 0 "-" "WordPress/6.8.3; https://batconpakistan.org"
13.89.129.89 - - [13/Oct/2025:21:36:39 -0400] "GET /alfa.php HTTP/1.1" 404 15658 "-" "-"
162.0.235.240 - - [13/Oct/2025:21:36:41 -0400] "GET /wp-content/plugins/contact-form-7-style/admin/predefined-templates.json HTTP/1.1" 200 1323 "-" "WordPress/6.8.3; https://batconpakistan.org"
162.0.235.240 - - [13/Oct/2025:21:36:41 -0400] "GET /wp-content/plugins/contact-form-7-style/admin/predefined-templates.json HTTP/1.1" 200 1323 "-" "WordPress/6.8.3; https://batconpakistan.org"
13.89.129.89 - - [13/Oct/2025:21:36:40 -0400] "GET /asasx.php HTTP/1.1" 404 15656 "-" "-"
162.0.235.240 - - [13/Oct/2025:21:36:42 -0400] "GET /wp-content/plugins/contact-form-7-style/admin/predefined-templates.json HTTP/1.1" 200 1323 "-" "WordPress/6.8.3; https://batconpakistan.org"
13.89.129.89 - - [13/Oct/2025:21:36:41 -0400] "GET /atomlib.php HTTP/1.1" 404 15655 "-" "-"
162.0.235.240 - - [13/Oct/2025:21:36:43 -0400] "GET /wp-content/plugins/contact-form-7-style/admin/predefined-templates.json HTTP/1.1" 200 1323 "-" "WordPress/6.8.3; https://batconpakistan.org"
13.89.129.89 - - [13/Oct/2025:21:36:42 -0400] "GET /autoload_classmap.php HTTP/1.1" 404 15660 "-" "-"
162.0.235.240 - - [13/Oct/2025:21:36:44 -0400] "GET /wp-content/plugins/contact-form-7-style/admin/predefined-templates.json HTTP/1.1" 200 1323 "-" "WordPress/6.8.3; https://batconpakistan.org"
13.89.129.89 - - [13/Oct/2025:21:36:43 -0400] "GET /autoload_classmap/function.php HTTP/1.1" 404 15660 "-" "-"
162.0.235.240 - - [13/Oct/2025:21:36:44 -0400] "GET /wp-content/plugins/contact-form-7-style/admin/predefined-templates.json HTTP/1.1" 200 1323 "-" "WordPress/6.8.3; https://batconpakistan.org"
13.89.129.89 - - [13/Oct/2025:21:36:44 -0400] "GET /abcd.php HTTP/1.1" 404 15659 "-" "-"
162.0.235.240 - - [13/Oct/2025:21:36:45 -0400] "GET /wp-content/plugins/contact-form-7-style/admin/predefined-templates.json HTTP/1.1" 200 1323 "-" "WordPress/6.8.3; https://batconpakistan.org"
13.89.129.89 - - [13/Oct/2025:21:36:45 -0400] "GET /file.php HTTP/1.1" 404 15660 "-" "-"
162.0.235.240 - - [13/Oct/2025:21:36:46 -0400] "GET /wp-content/plugins/contact-form-7-style/admin/predefined-templates.json HTTP/1.1" 200 1323 "-" "WordPress/6.8.3; https://batconpakistan.org"
13.89.129.89 - - [13/Oct/2025:21:36:46 -0400] "GET /wp-includes/IXR/autoload_classmap.php HTTP/1.1" 404 15659 "-" "-"
162.0.235.240 - - [13/Oct/2025:21:36:47 -0400] "GET /wp-content/plugins/contact-form-7-style/admin/predefined-templates.json HTTP/1.1" 200 1323 "-" "WordPress/6.8.3; https://batconpakistan.org"
13.89.129.89 - - [13/Oct/2025:21:36:47 -0400] "GET /makeasmtp.php HTTP/1.1" 404 15656 "-" "-"
162.0.235.240 - - [13/Oct/2025:21:36:48 -0400] "GET /wp-content/plugins/contact-form-7-style/admin/predefined-templates.json HTTP/1.1" 200 1323 "-" "WordPress/6.8.3; https://batconpakistan.org"
162.0.235.240 - - [13/Oct/2025:21:36:48 -0400] "POST /wp-cron.php?doing_wp_cron=1760405808.5773780345916748046875 HTTP/1.1" 200 0 "-" "WordPress/6.8.3; https://batconpakistan.org"
13.89.129.89 - - [13/Oct/2025:21:36:48 -0400] "GET /ioxi-o.php HTTP/1.1" 404 15659 "-" "-"
13.89.129.89 - - [13/Oct/2025:21:36:49 -0400] "GET /wp-content/index.php HTTP/1.1" 200 0 "-" "-"
162.0.235.240 - - [13/Oct/2025:21:36:49 -0400] "GET /wp-content/plugins/contact-form-7-style/admin/predefined-templates.json HTTP/1.1" 200 1323 "-" "WordPress/6.8.3; https://batconpakistan.org"
162.0.235.240 - - [13/Oct/2025:21:36:49 -0400] "GET /wp-content/plugins/contact-form-7-style/admin/predefined-templates.json HTTP/1.1" 200 1323 "-" "WordPress/6.8.3; https://batconpakistan.org"
13.89.129.89 - - [13/Oct/2025:21:36:49 -0400] "GET /index.php HTTP/1.1" 200 23186 "-" "-"
162.0.235.240 - - [13/Oct/2025:21:36:50 -0400] "GET /wp-content/plugins/contact-form-7-style/admin/predefined-templates.json HTTP/1.1" 200 1323 "-" "WordPress/6.8.3; https://batconpakistan.org"
13.89.129.89 - - [13/Oct/2025:21:36:50 -0400] "GET /files.php HTTP/1.1" 404 15656 "-" "-"
162.0.235.240 - - [13/Oct/2025:21:36:51 -0400] "GET /wp-content/plugins/contact-form-7-style/admin/predefined-templates.json HTTP/1.1" 200 1323 "-" "WordPress/6.8.3; https://batconpakistan.org"
13.89.129.89 - - [13/Oct/2025:21:36:51 -0400] "GET /lock360.php HTTP/1.1" 404 15658 "-" "-"
162.0.235.240 - - [13/Oct/2025:21:36:52 -0400] "GET /wp-content/plugins/contact-form-7-style/admin/predefined-templates.json HTTP/1.1" 200 1323 "-" "WordPress/6.8.3; https://batconpakistan.org"
13.89.129.89 - - [13/Oct/2025:21:36:52 -0400] "GET /classwithtostring.php HTTP/1.1" 404 15660 "-" "-"
162.0.235.240 - - [13/Oct/2025:21:36:53 -0400] "GET /wp-content/plugins/contact-form-7-style/admin/predefined-templates.json HTTP/1.1" 200 1323 "-" "WordPress/6.8.3; https://batconpakistan.org"
13.89.129.89 - - [13/Oct/2025:21:36:52 -0400] "GET /chosen.php HTTP/1.1" 404 15656 "-" "-"
162.0.235.240 - - [13/Oct/2025:21:36:54 -0400] "GET /wp-content/plugins/contact-form-7-style/admin/predefined-templates.json HTTP/1.1" 200 1323 "-" "WordPress/6.8.3; https://batconpakistan.org"
13.89.129.89 - - [13/Oct/2025:21:36:53 -0400] "GET /goods.php HTTP/1.1" 404 15658 "-" "-"
162.0.235.240 - - [13/Oct/2025:21:36:55 -0400] "GET /wp-content/plugins/contact-form-7-style/admin/predefined-templates.json HTTP/1.1" 200 1323 "-" "WordPress/6.8.3; https://batconpakistan.org"
13.89.129.89 - - [13/Oct/2025:21:36:54 -0400] "GET /wp-admin/ HTTP/1.1" 302 0 "-" "-"
162.0.235.240 - - [13/Oct/2025:21:36:56 -0400] "GET /wp-content/plugins/contact-form-7-style/admin/predefined-templates.json HTTP/1.1" 200 1323 "-" "WordPress/6.8.3; https://batconpakistan.org"
13.89.129.89 - - [13/Oct/2025:21:36:56 -0400] "GET /wp-login.php?redirect_to=https%3A%2F%2Fmail.batconpakistan.org%2Fwp-admin%2F&reauth=1 HTTP/1.1" 200 1890 "-" "-"
162.0.235.240 - - [13/Oct/2025:21:36:57 -0400] "GET /wp-content/plugins/contact-form-7-style/admin/predefined-templates.json HTTP/1.1" 200 1323 "-" "WordPress/6.8.3; https://batconpakistan.org"
13.89.129.89 - - [13/Oct/2025:21:36:57 -0400] "GET /info.php/aa.php HTTP/1.1" 404 15656 "-" "-"
162.0.235.240 - - [13/Oct/2025:21:36:59 -0400] "GET /wp-content/plugins/contact-form-7-style/admin/predefined-templates.json HTTP/1.1" 200 1323 "-" "WordPress/6.8.3; https://batconpakistan.org"
162.0.235.240 - - [13/Oct/2025:21:36:59 -0400] "POST /wp-cron.php?doing_wp_cron=1760405819.2233750820159912109375 HTTP/1.1" 200 0 "-" "WordPress/6.8.3; https://batconpakistan.org"
13.89.129.89 - - [13/Oct/2025:21:36:58 -0400] "GET /wp-content/themes/intense/block-css.php HTTP/1.1" 404 15656 "-" "-"
162.0.235.240 - - [13/Oct/2025:21:36:59 -0400] "GET /wp-content/plugins/contact-form-7-style/admin/predefined-templates.json HTTP/1.1" 200 1323 "-" "WordPress/6.8.3; https://batconpakistan.org"
