uawdijnntqw1x1x1
IP : 216.73.216.109
Hostname : premium160.web-hosting.com
Kernel : Linux premium160.web-hosting.com 4.18.0-553.54.1.lve.el8.x86_64 #1 SMP Wed Jun 4 13:01:13 UTC 2025 x86_64
Disable Function : None :)
OS : Linux
PATH:
/
home
/
batcwwjx
/
.
/
old
/
public_html
/
..
/
..
/
access-logs
/
batconpakistan.org-ssl_log
/
/
185.187.75.18 - - [13/Oct/2025:08:04:36 -0400] "GET /wp-login.php HTTP/1.1" 200 1885 "-" "Mozilla/4.0 (compatible; MSIE 7.0; Windows NT 6.2; WOW64; Trident/7.0; .NET4.0C; .NET4.0E; Tablet PC 2.0; .NET CLR 2.0.50727; .NET CLR 3.0.30729; .NET CLR 3.5.30729)"
162.0.235.240 - - [13/Oct/2025:08:04:38 -0400] "GET /wp-content/plugins/contact-form-7-style/admin/predefined-templates.json HTTP/1.1" 200 1323 "-" "WordPress/6.8.3; https://batconpakistan.org"
162.0.235.240 - - [13/Oct/2025:08:04:38 -0400] "POST /wp-cron.php?doing_wp_cron=1760357078.7836370468139648437500 HTTP/1.1" 200 0 "-" "WordPress/6.8.3; https://batconpakistan.org"
185.187.75.18 - - [13/Oct/2025:08:04:38 -0400] "POST /wp-login.php HTTP/1.1" 200 2045 "https://batconpakistan.org/wp-login.php" "Mozilla/4.0 (compatible; MSIE 7.0; Windows NT 6.2; WOW64; Trident/7.0; .NET4.0C; .NET4.0E; Tablet PC 2.0; .NET CLR 2.0.50727; .NET CLR 3.0.30729; .NET CLR 3.5.30729)"
162.0.235.240 - - [13/Oct/2025:08:04:39 -0400] "GET /wp-content/plugins/contact-form-7-style/admin/predefined-templates.json HTTP/1.1" 200 1323 "-" "WordPress/6.8.3; https://batconpakistan.org"
162.0.235.240 - - [13/Oct/2025:08:04:43 -0400] "GET /wp-content/plugins/contact-form-7-style/admin/predefined-templates.json HTTP/1.1" 200 1323 "-" "WordPress/6.8.3; https://batconpakistan.org"
162.0.235.240 - - [13/Oct/2025:08:04:43 -0400] "GET /wp-content/plugins/contact-form-7-style/admin/predefined-templates.json HTTP/1.1" 200 1323 "-" "WordPress/6.8.3; https://batconpakistan.org"
162.0.235.240 - - [13/Oct/2025:08:04:43 -0400] "GET /wp-content/plugins/contact-form-7-style/admin/predefined-templates.json HTTP/1.1" 200 1323 "-" "WordPress/6.8.3; https://batconpakistan.org"
162.0.235.240 - - [13/Oct/2025:08:04:43 -0400] "POST /wp-cron.php?doing_wp_cron=1760357083.8056519031524658203125 HTTP/1.1" 200 0 "-" "WordPress/6.8.3; https://batconpakistan.org"
45.144.154.136 - - [13/Oct/2025:08:04:43 -0400] "GET /wp-atom.php HTTP/1.1" 301 0 "-" "Mozilla/5.0 (Windows NT 10.0; Win64; x64; rv:128.0) Gecko/20100101 Firefox/128.0"
45.144.154.136 - - [13/Oct/2025:08:04:43 -0400] "GET /shell.php HTTP/1.1" 404 15667 "-" "Mozilla/5.0 (Windows NT 10.0; Win64; x64; rv:128.0) Gecko/20100101 Firefox/128.0"
45.144.154.136 - - [13/Oct/2025:08:04:42 -0400] "GET /ninja.php HTTP/1.1" 404 15670 "-" "Mozilla/5.0 (Windows NT 10.0; Win64; x64; rv:128.0) Gecko/20100101 Firefox/128.0"
162.0.235.240 - - [13/Oct/2025:08:04:44 -0400] "GET /wp-content/plugins/contact-form-7-style/admin/predefined-templates.json HTTP/1.1" 200 1323 "-" "WordPress/6.8.3; https://batconpakistan.org"
162.0.235.240 - - [13/Oct/2025:08:04:44 -0400] "GET /wp-content/plugins/contact-form-7-style/admin/predefined-templates.json HTTP/1.1" 200 1323 "-" "WordPress/6.8.3; https://batconpakistan.org"
45.144.154.136 - - [13/Oct/2025:08:04:44 -0400] "GET /feed/atom/ HTTP/1.1" 200 102703 "-" "Mozilla/5.0 (Windows NT 10.0; Win64; x64; rv:128.0) Gecko/20100101 Firefox/128.0"
164.90.154.67 - - [13/Oct/2025:08:10:24 -0400] "GET /wp-login.php HTTP/1.1" 200 1885 "-" "Mozilla/5.0 (Macintosh; Intel Mac OS X 10_13_4) AppleWebKit/605.1.15 (KHTML, like Gecko) Version/11.1 Safari/605.1.15"
162.0.235.240 - - [13/Oct/2025:08:10:29 -0400] "GET /wp-content/plugins/contact-form-7-style/admin/predefined-templates.json HTTP/1.1" 200 1323 "-" "WordPress/6.8.3; https://batconpakistan.org"
162.0.235.240 - - [13/Oct/2025:08:10:29 -0400] "POST /wp-cron.php?doing_wp_cron=1760357429.9079229831695556640625 HTTP/1.1" 200 0 "-" "WordPress/6.8.3; https://batconpakistan.org"
164.90.154.67 - - [13/Oct/2025:08:10:25 -0400] "POST /wp-login.php HTTP/1.1" 200 2045 "https://batconpakistan.org/wp-login.php" "Mozilla/5.0 (Macintosh; Intel Mac OS X 10_13_4) AppleWebKit/605.1.15 (KHTML, like Gecko) Version/11.1 Safari/605.1.15"
162.0.235.240 - - [13/Oct/2025:08:10:30 -0400] "GET /wp-content/plugins/contact-form-7-style/admin/predefined-templates.json HTTP/1.1" 200 1323 "-" "WordPress/6.8.3; https://batconpakistan.org"
160.191.139.193 - - [13/Oct/2025:08:14:07 -0400] "GET /wp-login.php HTTP/1.1" 200 1885 "-" "Mozilla/5.0 (Windows NT 6.3; WOW64; Trident/7.0; MALCJS; rv:11.0) like Gecko"
162.0.235.240 - - [13/Oct/2025:08:14:13 -0400] "GET /wp-content/plugins/contact-form-7-style/admin/predefined-templates.json HTTP/1.1" 200 1323 "-" "WordPress/6.8.3; https://batconpakistan.org"
162.0.235.240 - - [13/Oct/2025:08:14:14 -0400] "POST /wp-cron.php?doing_wp_cron=1760357654.4730849266052246093750 HTTP/1.1" 200 0 "-" "WordPress/6.8.3; https://batconpakistan.org"
160.191.139.193 - - [13/Oct/2025:08:14:10 -0400] "POST /wp-login.php HTTP/1.1" 200 2045 "https://batconpakistan.org/wp-login.php" "Mozilla/5.0 (Windows NT 6.3; WOW64; Trident/7.0; MALCJS; rv:11.0) like Gecko"
162.0.235.240 - - [13/Oct/2025:08:14:15 -0400] "GET /wp-content/plugins/contact-form-7-style/admin/predefined-templates.json HTTP/1.1" 200 1323 "-" "WordPress/6.8.3; https://batconpakistan.org"
162.0.235.240 - - [13/Oct/2025:08:17:42 -0400] "GET /wp-content/plugins/contact-form-7-style/admin/predefined-templates.json HTTP/1.1" 200 1323 "-" "WordPress/6.8.3; https://batconpakistan.org"
162.0.235.240 - - [13/Oct/2025:08:17:43 -0400] "POST /wp-cron.php?doing_wp_cron=1760357863.0133318901062011718750 HTTP/1.1" 200 0 "-" "WordPress/6.8.3; https://batconpakistan.org"
2a03:2880:f800:3d:: - - [13/Oct/2025:08:17:39 -0400] "GET /2021/09/ HTTP/1.1" 200 18402 "-" "meta-externalagent/1.1 (+https://developers.facebook.com/docs/sharing/webmasters/crawler)"
162.0.235.240 - - [13/Oct/2025:08:17:43 -0400] "GET /wp-content/plugins/contact-form-7-style/admin/predefined-templates.json HTTP/1.1" 200 1323 "-" "WordPress/6.8.3; https://batconpakistan.org"
162.0.235.240 - - [13/Oct/2025:08:20:14 -0400] "GET /wp-content/plugins/contact-form-7-style/admin/predefined-templates.json HTTP/1.1" 200 1323 "-" "WordPress/6.8.3; https://batconpakistan.org"
162.0.235.240 - - [13/Oct/2025:08:20:14 -0400] "GET /wp-content/plugins/contact-form-7-style/admin/predefined-templates.json HTTP/1.1" 200 1323 "-" "WordPress/6.8.3; https://batconpakistan.org"
52.167.144.18 - - [13/Oct/2025:08:20:13 -0400] "GET /team/dr-muhammad-farooq-tahir/w_600/https://batconpakistan.org/wp-content/uploads/2021/01/80030984_3498493850192635_3588562810667270144_n-600x597.jpg HTTP/1.1" 301 0 "-" "Mozilla/5.0 AppleWebKit/537.36 (KHTML, like Gecko; compatible; bingbot/2.0; +http://www.bing.com/bingbot.htm) Chrome/116.0.1938.76 Safari/537.36"
162.0.235.240 - - [13/Oct/2025:08:20:15 -0400] "POST /wp-cron.php?doing_wp_cron=1760358015.1432590484619140625000 HTTP/1.1" 200 0 "-" "WordPress/6.8.3; https://batconpakistan.org"
52.167.144.172 - - [13/Oct/2025:08:20:09 -0400] "GET /team/dr-muhammad-farooq-tahir/w_300/https://batconpakistan.org/wp-content/uploads/2021/01/80030984_3498493850192635_3588562810667270144_n-300x300.jpg HTTP/1.1" 301 0 "-" "Mozilla/5.0 AppleWebKit/537.36 (KHTML, like Gecko; compatible; bingbot/2.0; +http://www.bing.com/bingbot.htm) Chrome/116.0.1938.76 Safari/537.36"
162.0.235.240 - - [13/Oct/2025:08:20:15 -0400] "GET /wp-content/plugins/contact-form-7-style/admin/predefined-templates.json HTTP/1.1" 200 1323 "-" "WordPress/6.8.3; https://batconpakistan.org"
162.0.235.240 - - [13/Oct/2025:08:20:16 -0400] "GET /wp-content/plugins/contact-form-7-style/admin/predefined-templates.json HTTP/1.1" 200 1323 "-" "WordPress/6.8.3; https://batconpakistan.org"
52.167.144.172 - - [13/Oct/2025:08:20:15 -0400] "GET /team/dr-muhammad-farooq-tahir/w_602/https://batconpakistan.org/wp-content/uploads/2021/01/80030984_3498493850192635_3588562810667270144_n.jpg HTTP/1.1" 301 0 "-" "Mozilla/5.0 AppleWebKit/537.36 (KHTML, like Gecko; compatible; bingbot/2.0; +http://www.bing.com/bingbot.htm) Chrome/116.0.1938.76 Safari/537.36"
162.0.235.240 - - [13/Oct/2025:08:21:14 -0400] "GET /wp-content/plugins/contact-form-7-style/admin/predefined-templates.json HTTP/1.1" 200 1323 "-" "WordPress/6.8.3; https://batconpakistan.org"
162.0.235.240 - - [13/Oct/2025:08:21:14 -0400] "POST /wp-cron.php?doing_wp_cron=1760358074.8800520896911621093750 HTTP/1.1" 200 0 "-" "WordPress/6.8.3; https://batconpakistan.org"
51.195.74.55 - - [13/Oct/2025:08:21:13 -0400] "GET /images/images/cache.php HTTP/1.1" 404 15669 "-" "Mozilla/5.0 (Windows NT 10.0; Win64; x64) AppleWebKit/537.36 (KHTML, like Gecko) Chrome/127.0.0.0 Safari/537.36"
162.0.235.240 - - [13/Oct/2025:08:21:15 -0400] "GET /wp-content/plugins/contact-form-7-style/admin/predefined-templates.json HTTP/1.1" 200 1323 "-" "WordPress/6.8.3; https://batconpakistan.org"
162.0.235.240 - - [13/Oct/2025:08:22:05 -0400] "GET /wp-content/plugins/contact-form-7-style/admin/predefined-templates.json HTTP/1.1" 200 1323 "-" "WordPress/6.8.3; https://batconpakistan.org"
162.0.235.240 - - [13/Oct/2025:08:22:06 -0400] "POST /wp-cron.php?doing_wp_cron=1760358125.9937338829040527343750 HTTP/1.1" 200 0 "-" "WordPress/6.8.3; https://batconpakistan.org"
51.195.74.55 - - [13/Oct/2025:08:22:05 -0400] "GET /blog-verify HTTP/1.1" 404 15669 "-" "Mozilla/5.0 (Windows NT 10.0; Win64; x64) AppleWebKit/537.36 (KHTML, like Gecko) Chrome/127.0.0.0 Safari/537.36"
162.0.235.240 - - [13/Oct/2025:08:22:06 -0400] "GET /wp-content/plugins/contact-form-7-style/admin/predefined-templates.json HTTP/1.1" 200 1323 "-" "WordPress/6.8.3; https://batconpakistan.org"
103.90.235.93 - - [13/Oct/2025:08:23:37 -0400] "GET /wp-login.php HTTP/1.1" 200 1885 "-" "Mozilla/5.0 (Windows NT 10.0; Win64; x64) AppleWebKit/537.36 (KHTML, like Gecko) Chrome/66.0.3359.139 Safari/537.36"
162.0.235.240 - - [13/Oct/2025:08:23:43 -0400] "GET /wp-content/plugins/contact-form-7-style/admin/predefined-templates.json HTTP/1.1" 200 1323 "-" "WordPress/6.8.3; https://batconpakistan.org"
162.0.235.240 - - [13/Oct/2025:08:23:43 -0400] "POST /wp-cron.php?doing_wp_cron=1760358223.6383500099182128906250 HTTP/1.1" 200 0 "-" "WordPress/6.8.3; https://batconpakistan.org"
103.90.235.93 - - [13/Oct/2025:08:23:39 -0400] "POST /wp-login.php HTTP/1.1" 200 2045 "https://batconpakistan.org/wp-login.php" "Mozilla/5.0 (Windows NT 10.0; Win64; x64) AppleWebKit/537.36 (KHTML, like Gecko) Chrome/66.0.3359.139 Safari/537.36"
162.0.235.240 - - [13/Oct/2025:08:23:44 -0400] "GET /wp-content/plugins/contact-form-7-style/admin/predefined-templates.json HTTP/1.1" 200 1323 "-" "WordPress/6.8.3; https://batconpakistan.org"
92.222.104.207 - - [13/Oct/2025:08:24:04 -0400] "GET /2023/10/03/nipah-virus-alert-heightened-risks-and-precautionary-measures-in-pakistan/ HTTP/1.1" 200 23123 "-" "Mozilla/5.0 (compatible; AhrefsBot/7.0; +http://ahrefs.com/robot/)"
51.75.236.157 - - [13/Oct/2025:08:24:56 -0400] "GET /wp-content/uploads/dynamic-mobmenu.css?ver=2.8.8-563 HTTP/1.1" 302 771 "-" "Mozilla/5.0 (compatible; AhrefsBot/7.0; +http://ahrefs.com/robot/)"
69.49.112.65 - - [13/Oct/2025:08:31:53 -0400] "GET /wp-login.php HTTP/1.1" 200 1885 "-" "Mozilla/5.0 (Windows NT 10.0; WOW64) AppleWebKit/537.36 (KHTML, like Gecko) Chrome/65.0.3325.162 Safari/537.36"
162.0.235.240 - - [13/Oct/2025:08:31:59 -0400] "GET /wp-content/plugins/contact-form-7-style/admin/predefined-templates.json HTTP/1.1" 200 1323 "-" "WordPress/6.8.3; https://batconpakistan.org"
162.0.235.240 - - [13/Oct/2025:08:32:00 -0400] "POST /wp-cron.php?doing_wp_cron=1760358720.4796290397644042968750 HTTP/1.1" 200 0 "-" "WordPress/6.8.3; https://batconpakistan.org"
69.49.112.65 - - [13/Oct/2025:08:31:56 -0400] "POST /wp-login.php HTTP/1.1" 200 2045 "https://batconpakistan.org/wp-login.php" "Mozilla/5.0 (Windows NT 10.0; WOW64) AppleWebKit/537.36 (KHTML, like Gecko) Chrome/65.0.3325.162 Safari/537.36"
162.0.235.240 - - [13/Oct/2025:08:32:01 -0400] "GET /wp-content/plugins/contact-form-7-style/admin/predefined-templates.json HTTP/1.1" 200 1323 "-" "WordPress/6.8.3; https://batconpakistan.org"
178.33.109.164 - - [13/Oct/2025:08:37:16 -0400] "GET /wp-login.php HTTP/1.1" 200 1885 "-" "Mozilla/4.0 (compatible; MSIE 7.0; Windows NT 6.1; WOW64; Trident/7.0; SLCC2; .NET CLR 2.0.50727; .NET CLR 3.5.30729; .NET CLR 3.0.30729; .NET CLR 1.1.4322; .NET4.0C; .NET4.0E)"
162.0.235.240 - - [13/Oct/2025:08:37:24 -0400] "GET /wp-content/plugins/contact-form-7-style/admin/predefined-templates.json HTTP/1.1" 200 1323 "-" "WordPress/6.8.3; https://batconpakistan.org"
162.0.235.240 - - [13/Oct/2025:08:37:25 -0400] "POST /wp-cron.php?doing_wp_cron=1760359045.0931279659271240234375 HTTP/1.1" 200 0 "-" "WordPress/6.8.3; https://batconpakistan.org"
178.33.109.164 - - [13/Oct/2025:08:37:20 -0400] "POST /wp-login.php HTTP/1.1" 200 2045 "https://batconpakistan.org/wp-login.php" "Mozilla/4.0 (compatible; MSIE 7.0; Windows NT 6.1; WOW64; Trident/7.0; SLCC2; .NET CLR 2.0.50727; .NET CLR 3.5.30729; .NET CLR 3.0.30729; .NET CLR 1.1.4322; .NET4.0C; .NET4.0E)"
162.0.235.240 - - [13/Oct/2025:08:37:25 -0400] "GET /wp-content/plugins/contact-form-7-style/admin/predefined-templates.json HTTP/1.1" 200 1323 "-" "WordPress/6.8.3; https://batconpakistan.org"
220.181.51.90 - - [13/Oct/2025:08:42:52 -0400] "GET /publish/ HTTP/1.1" 200 16836 "-" "Mozilla/5.0 (Windows NT 10.0; WOW64) AppleWebKit/537.36 (KHTML, like Gecko) Chrome/48.0.2564.116 Safari/537.36"
116.179.33.142 - - [13/Oct/2025:08:42:55 -0400] "GET /wp-content/uploads/dynamic-mobmenu.css?ver=2.8.8-132 HTTP/1.1" 200 1744 "https://batconpakistan.org/publish/" "Mozilla/5.0 (Windows NT 10.0; Win64; x64) AppleWebKit/537.36 (KHTML, like Gecko) Chrome/99.0.4844.51 Safari/537.36"
116.179.33.142 - - [13/Oct/2025:08:42:55 -0400] "GET /wp-content/cache/autoptimize/css/autoptimize_single_3c9de2f0e06c3381cd1c472cb67eaa36.css?ver=2.3.1.8 HTTP/1.1" 200 18235 "https://batconpakistan.org/publish/" "Mozilla/5.0 (Windows NT 10.0; Win64; x64) AppleWebKit/537.36 (KHTML, like Gecko) Chrome/99.0.4844.51 Safari/537.36"
116.179.33.199 - - [13/Oct/2025:08:42:58 -0400] "GET /wp-content/cache/autoptimize/css/autoptimize_single_718fe426387df8914538d894c0655f81.css?ver=6.8.3 HTTP/1.1" 200 760 "https://batconpakistan.org/publish/" "Mozilla/5.0 (Windows NT 10.0; Win64; x64) AppleWebKit/537.36 (KHTML, like Gecko) Chrome/99.0.4844.51 Safari/537.36"
116.179.33.139 - - [13/Oct/2025:08:42:58 -0400] "GET /wp-content/cache/autoptimize/css/autoptimize_single_62bd0bbb7661b81231fdf47aa5e637c7.css?ver=2.8.8 HTTP/1.1" 200 1650 "https://batconpakistan.org/publish/" "Mozilla/5.0 (Windows NT 10.0; Win64; x64) AppleWebKit/537.36 (KHTML, like Gecko) Chrome/99.0.4844.51 Safari/537.36"
125.23.86.26 - - [13/Oct/2025:08:43:03 -0400] "GET /wp-login.php HTTP/1.1" 200 1885 "-" "Mozilla/5.0 (Windows NT 6.1; Trident/7.0; yie11; rv:11.0) like Gecko"
162.0.235.240 - - [13/Oct/2025:08:43:12 -0400] "GET /wp-content/plugins/contact-form-7-style/admin/predefined-templates.json HTTP/1.1" 200 1323 "-" "WordPress/6.8.3; https://batconpakistan.org"
162.0.235.240 - - [13/Oct/2025:08:43:13 -0400] "POST /wp-cron.php?doing_wp_cron=1760359393.8413128852844238281250 HTTP/1.1" 200 0 "-" "WordPress/6.8.3; https://batconpakistan.org"
125.23.86.26 - - [13/Oct/2025:08:43:07 -0400] "POST /wp-login.php HTTP/1.1" 200 2045 "https://batconpakistan.org/wp-login.php" "Mozilla/5.0 (Windows NT 6.1; Trident/7.0; yie11; rv:11.0) like Gecko"
162.0.235.240 - - [13/Oct/2025:08:43:15 -0400] "GET /wp-content/plugins/contact-form-7-style/admin/predefined-templates.json HTTP/1.1" 200 1323 "-" "WordPress/6.8.3; https://batconpakistan.org"
196.251.87.84 - - [13/Oct/2025:08:43:32 -0400] "GET / HTTP/1.1" 200 23128 "-" "Mozilla/5.0 (Windows NT 10.0; Win64; x64) AppleWebKit/537.36 (KHTML, like Gecko) Chrome/89.0.4389.114 Safari/537.36"
162.0.235.240 - - [13/Oct/2025:08:43:33 -0400] "GET /wp-content/plugins/contact-form-7-style/admin/predefined-templates.json HTTP/1.1" 200 1323 "-" "WordPress/6.8.3; https://batconpakistan.org"
196.251.87.84 - - [13/Oct/2025:08:43:32 -0400] "GET //wp-includes/wlwmanifest.xml HTTP/1.1" 301 0 "-" "Mozilla/5.0 (Windows NT 10.0; Win64; x64) AppleWebKit/537.36 (KHTML, like Gecko) Chrome/89.0.4389.114 Safari/537.36"
196.251.87.84 - - [13/Oct/2025:08:43:34 -0400] "GET / HTTP/1.1" 200 23128 "-" "Mozilla/5.0 (Windows NT 10.0; Win64; x64) AppleWebKit/537.36 (KHTML, like Gecko) Chrome/89.0.4389.114 Safari/537.36"
196.251.87.84 - - [13/Oct/2025:08:43:34 -0400] "GET //?author=1 HTTP/1.1" 403 1242 "-" "Mozilla/5.0 (Windows NT 10.0; Win64; x64) AppleWebKit/537.36 (KHTML, like Gecko) Chrome/89.0.4389.114 Safari/537.36"
196.251.87.84 - - [13/Oct/2025:08:43:34 -0400] "GET //?author=2 HTTP/1.1" 403 1242 "-" "Mozilla/5.0 (Windows NT 10.0; Win64; x64) AppleWebKit/537.36 (KHTML, like Gecko) Chrome/89.0.4389.114 Safari/537.36"
196.251.87.84 - - [13/Oct/2025:08:43:34 -0400] "GET //?author=3 HTTP/1.1" 403 1242 "-" "Mozilla/5.0 (Windows NT 10.0; Win64; x64) AppleWebKit/537.36 (KHTML, like Gecko) Chrome/89.0.4389.114 Safari/537.36"
196.251.87.84 - - [13/Oct/2025:08:43:35 -0400] "GET //wp-json/wp/v2/users/ HTTP/1.1" 403 1242 "-" "Mozilla/5.0 (Windows NT 10.0; Win64; x64) AppleWebKit/537.36 (KHTML, like Gecko) Chrome/89.0.4389.114 Safari/537.36"
162.0.235.240 - - [13/Oct/2025:08:43:36 -0400] "GET /wp-content/plugins/contact-form-7-style/admin/predefined-templates.json HTTP/1.1" 200 1323 "-" "WordPress/6.8.3; https://batconpakistan.org"
196.251.87.84 - - [13/Oct/2025:08:43:35 -0400] "GET //wp-json/oembed/1.0/embed?url=https://batconpakistan.org/ HTTP/1.1" 200 5971 "-" "Mozilla/5.0 (Windows NT 10.0; Win64; x64) AppleWebKit/537.36 (KHTML, like Gecko) Chrome/89.0.4389.114 Safari/537.36"
148.113.197.67 - - [13/Oct/2025:08:46:56 -0400] "GET /wp-login.php HTTP/1.1" 200 1885 "-" "Mozilla/5.0 (Macintosh; Intel Mac OS X 10_13_4) AppleWebKit/537.36 (KHTML, like Gecko) Chrome/66.0.3359.139 Safari/537.36"
162.0.235.240 - - [13/Oct/2025:08:47:05 -0400] "GET /wp-content/plugins/contact-form-7-style/admin/predefined-templates.json HTTP/1.1" 200 1323 "-" "WordPress/6.8.3; https://batconpakistan.org"
162.0.235.240 - - [13/Oct/2025:08:47:06 -0400] "POST /wp-cron.php?doing_wp_cron=1760359626.7216451168060302734375 HTTP/1.1" 200 0 "-" "WordPress/6.8.3; https://batconpakistan.org"
148.113.197.67 - - [13/Oct/2025:08:47:00 -0400] "POST /wp-login.php HTTP/1.1" 200 2045 "https://batconpakistan.org/wp-login.php" "Mozilla/5.0 (Macintosh; Intel Mac OS X 10_13_4) AppleWebKit/537.36 (KHTML, like Gecko) Chrome/66.0.3359.139 Safari/537.36"
162.0.235.240 - - [13/Oct/2025:08:47:08 -0400] "GET /wp-content/plugins/contact-form-7-style/admin/predefined-templates.json HTTP/1.1" 200 1323 "-" "WordPress/6.8.3; https://batconpakistan.org"
31.220.93.206 - - [13/Oct/2025:08:50:32 -0400] "GET /wp-login.php HTTP/1.1" 200 1885 "-" "Mozilla/4.0 (compatible; MSIE 7.0; Windows NT 6.1; WOW64; Trident/7.0; SLCC2; .NET CLR 2.0.50727; .NET CLR 3.5.30729; .NET CLR 3.0.30729; Media Center PC 6.0; MASA; .NET4.0C; .NET4.0E; AskTbFWV5/5.15.29.67612)"
162.0.235.240 - - [13/Oct/2025:08:50:43 -0400] "GET /wp-content/plugins/contact-form-7-style/admin/predefined-templates.json HTTP/1.1" 200 1323 "-" "WordPress/6.8.3; https://batconpakistan.org"
162.0.235.240 - - [13/Oct/2025:08:50:44 -0400] "POST /wp-cron.php?doing_wp_cron=1760359844.4609930515289306640625 HTTP/1.1" 200 0 "-" "WordPress/6.8.3; https://batconpakistan.org"
31.220.93.206 - - [13/Oct/2025:08:50:38 -0400] "POST /wp-login.php HTTP/1.1" 200 2045 "https://batconpakistan.org/wp-login.php" "Mozilla/4.0 (compatible; MSIE 7.0; Windows NT 6.1; WOW64; Trident/7.0; SLCC2; .NET CLR 2.0.50727; .NET CLR 3.5.30729; .NET CLR 3.0.30729; Media Center PC 6.0; MASA; .NET4.0C; .NET4.0E; AskTbFWV5/5.15.29.67612)"
162.0.235.240 - - [13/Oct/2025:08:50:45 -0400] "GET /wp-content/plugins/contact-form-7-style/admin/predefined-templates.json HTTP/1.1" 200 1323 "-" "WordPress/6.8.3; https://batconpakistan.org"
203.112.72.51 - - [13/Oct/2025:08:55:53 -0400] "GET /wp-login.php HTTP/1.1" 200 1885 "-" "Mozilla/5.0 (Windows NT 6.1; WOW64; Trident/7.0; MASN; rv:11.0) like Gecko"
162.0.235.240 - - [13/Oct/2025:08:56:03 -0400] "GET /wp-content/plugins/contact-form-7-style/admin/predefined-templates.json HTTP/1.1" 200 1323 "-" "WordPress/6.8.3; https://batconpakistan.org"
162.0.235.240 - - [13/Oct/2025:08:56:04 -0400] "POST /wp-cron.php?doing_wp_cron=1760360164.3912379741668701171875 HTTP/1.1" 200 0 "-" "WordPress/6.8.3; https://batconpakistan.org"
203.112.72.51 - - [13/Oct/2025:08:55:59 -0400] "POST /wp-login.php HTTP/1.1" 200 2045 "https://batconpakistan.org/wp-login.php" "Mozilla/5.0 (Windows NT 6.1; WOW64; Trident/7.0; MASN; rv:11.0) like Gecko"
162.0.235.240 - - [13/Oct/2025:08:56:05 -0400] "GET /wp-content/plugins/contact-form-7-style/admin/predefined-templates.json HTTP/1.1" 200 1323 "-" "WordPress/6.8.3; https://batconpakistan.org"
162.0.235.240 - - [13/Oct/2025:08:57:55 -0400] "GET /wp-content/plugins/contact-form-7-style/admin/predefined-templates.json HTTP/1.1" 200 1323 "-" "WordPress/6.8.3; https://batconpakistan.org"
162.0.235.240 - - [13/Oct/2025:08:57:56 -0400] "POST /wp-cron.php?doing_wp_cron=1760360276.1344280242919921875000 HTTP/1.1" 200 0 "-" "WordPress/6.8.3; https://batconpakistan.org"
43.157.38.131 - - [13/Oct/2025:08:57:50 -0400] "GET / HTTP/1.1" 301 0 "http://www.batconpakistan.org" "Mozilla/5.0 (iPhone; CPU iPhone OS 13_2_3 like Mac OS X) AppleWebKit/605.1.15 (KHTML, like Gecko) Version/13.0.3 Mobile/15E148 Safari/604.1"
162.0.235.240 - - [13/Oct/2025:08:57:56 -0400] "GET /wp-content/plugins/contact-form-7-style/admin/predefined-templates.json HTTP/1.1" 200 1323 "-" "WordPress/6.8.3; https://batconpakistan.org"
43.157.38.131 - - [13/Oct/2025:08:57:57 -0400] "GET / HTTP/1.1" 200 23128 "https://www.batconpakistan.org/" "Mozilla/5.0 (iPhone; CPU iPhone OS 13_2_3 like Mac OS X) AppleWebKit/605.1.15 (KHTML, like Gecko) Version/13.0.3 Mobile/15E148 Safari/604.1"
162.0.235.240 - - [13/Oct/2025:08:58:33 -0400] "GET /wp-content/plugins/contact-form-7-style/admin/predefined-templates.json HTTP/1.1" 200 1323 "-" "WordPress/6.8.3; https://batconpakistan.org"
162.0.235.240 - - [13/Oct/2025:08:58:34 -0400] "POST /wp-cron.php?doing_wp_cron=1760360313.9310550689697265625000 HTTP/1.1" 200 0 "-" "WordPress/6.8.3; https://batconpakistan.org"
52.167.144.197 - - [13/Oct/2025:08:58:32 -0400] "GET /w_913/https://batconpakistan.org/wp-content/uploads/2021/01/Bat-Conversation-Pakistan_Trasnparent-Logo.png HTTP/1.1" 301 0 "-" "Mozilla/5.0 AppleWebKit/537.36 (KHTML, like Gecko; compatible; bingbot/2.0; +http://www.bing.com/bingbot.htm) Chrome/116.0.1938.76 Safari/537.36"
162.0.235.240 - - [13/Oct/2025:08:58:34 -0400] "GET /wp-content/plugins/contact-form-7-style/admin/predefined-templates.json HTTP/1.1" 200 1323 "-" "WordPress/6.8.3; https://batconpakistan.org"
162.0.235.240 - - [13/Oct/2025:08:58:35 -0400] "GET /wp-content/plugins/contact-form-7-style/admin/predefined-templates.json HTTP/1.1" 200 1323 "-" "WordPress/6.8.3; https://batconpakistan.org"
52.167.144.197 - - [13/Oct/2025:08:58:34 -0400] "GET /w_913/https:/batconpakistan.org/wp-content/uploads/2021/01/Bat-Conversation-Pakistan_Trasnparent-Logo.png HTTP/1.1" 404 15667 "-" "Mozilla/5.0 AppleWebKit/537.36 (KHTML, like Gecko; compatible; bingbot/2.0; +http://www.bing.com/bingbot.htm) Chrome/116.0.1938.76 Safari/537.36"
162.0.235.240 - - [13/Oct/2025:09:01:22 -0400] "GET /wp-content/plugins/contact-form-7-style/admin/predefined-templates.json HTTP/1.1" 200 1323 "-" "WordPress/6.8.3; https://batconpakistan.org"
162.0.235.240 - - [13/Oct/2025:09:01:23 -0400] "POST /wp-cron.php?doing_wp_cron=1760360482.8731870651245117187500 HTTP/1.1" 200 0 "-" "WordPress/6.8.3; https://batconpakistan.org"
162.0.235.240 - - [13/Oct/2025:09:01:23 -0400] "GET /wp-content/plugins/contact-form-7-style/admin/predefined-templates.json HTTP/1.1" 200 1323 "-" "WordPress/6.8.3; https://batconpakistan.org"
2403:6200:8871:7d01:39e6:b2cc:f5f:adf7 - - [13/Oct/2025:09:01:17 -0400] "GET /wp-json/wp/v2/posts?slug=/2021/02/07/a-new-research-project-will-explore-how-extreme-heat-events-impact-indian-flying-foxes-in-pakistan/ HTTP/1.1" 200 2 "-" "-"
2403:6200:8871:7d01:39e6:b2cc:f5f:adf7 - - [13/Oct/2025:09:01:22 -0400] "GET /wp-json/wp/v2/posts?slug=/2021/02/07/a-new-research-project-will-explore-how-extreme-heat-events-impact-indian-flying-foxes-in-pakistan/ HTTP/1.1" 200 2 "-" "-"
162.0.235.240 - - [13/Oct/2025:09:01:24 -0400] "GET /wp-content/plugins/contact-form-7-style/admin/predefined-templates.json HTTP/1.1" 200 1323 "-" "WordPress/6.8.3; https://batconpakistan.org"
162.0.235.240 - - [13/Oct/2025:09:01:25 -0400] "GET /wp-content/plugins/contact-form-7-style/admin/predefined-templates.json HTTP/1.1" 200 1323 "-" "WordPress/6.8.3; https://batconpakistan.org"
162.0.235.240 - - [13/Oct/2025:09:01:26 -0400] "GET /wp-content/plugins/contact-form-7-style/admin/predefined-templates.json HTTP/1.1" 200 1323 "-" "WordPress/6.8.3; https://batconpakistan.org"
2403:6200:8871:7d01:39e6:b2cc:f5f:adf7 - - [13/Oct/2025:09:01:24 -0400] "GET /wp-json/wp/v2/posts?per_page=1 HTTP/1.1" 200 33757 "-" "-"
2403:6200:8871:7d01:39e6:b2cc:f5f:adf7 - - [13/Oct/2025:09:01:24 -0400] "GET /wp-json/wp/v2/posts?per_page=1 HTTP/1.1" 200 33757 "-" "-"
162.0.235.240 - - [13/Oct/2025:09:01:28 -0400] "GET /wp-content/plugins/contact-form-7-style/admin/predefined-templates.json HTTP/1.1" 200 1323 "-" "WordPress/6.8.3; https://batconpakistan.org"
162.0.235.240 - - [13/Oct/2025:09:01:28 -0400] "GET /wp-content/plugins/contact-form-7-style/admin/predefined-templates.json HTTP/1.1" 200 1323 "-" "WordPress/6.8.3; https://batconpakistan.org"
2403:6200:8871:7d01:39e6:b2cc:f5f:adf7 - - [13/Oct/2025:09:01:27 -0400] "POST /wp-comments-post.php HTTP/1.1" 429 982 "-" "-"
2403:6200:8871:7d01:39e6:b2cc:f5f:adf7 - - [13/Oct/2025:09:01:27 -0400] "POST /wp-comments-post.php HTTP/1.1" 302 0 "-" "-"
162.0.235.240 - - [13/Oct/2025:09:01:31 -0400] "GET /wp-content/plugins/contact-form-7-style/admin/predefined-templates.json HTTP/1.1" 200 1323 "-" "WordPress/6.8.3; https://batconpakistan.org"
2403:6200:8871:7d01:39e6:b2cc:f5f:adf7 - - [13/Oct/2025:09:01:30 -0400] "GET /2023/10/03/nipah-virus-alert-heightened-risks-and-precautionary-measures-in-pakistan/?unapproved=661&moderation-hash=0109fe32d59d00dbc9396deee349db4f HTTP/1.1" 200 23095 "-" "-"
172.190.203.122 - - [13/Oct/2025:09:04:02 -0400] "GET /wp-content/uploads/2021/01/Our-Approach-Main-Page.jpg HTTP/1.1" 302 771 "-" "python-requests/2.32.3"
135.125.5.71 - - [13/Oct/2025:09:06:19 -0400] "GET /wp-login.php HTTP/1.1" 200 1885 "-" "Mozilla/5.0 (Windows NT 6.3; WOW64; Trident/7.0; MATBJS; rv:11.0) like Gecko"
162.0.235.240 - - [13/Oct/2025:09:06:24 -0400] "GET /wp-content/plugins/contact-form-7-style/admin/predefined-templates.json HTTP/1.1" 200 1323 "-" "WordPress/6.8.3; https://batconpakistan.org"
162.0.235.240 - - [13/Oct/2025:09:06:25 -0400] "POST /wp-cron.php?doing_wp_cron=1760360785.8165419101715087890625 HTTP/1.1" 200 0 "-" "WordPress/6.8.3; https://batconpakistan.org"
135.125.5.71 - - [13/Oct/2025:09:06:20 -0400] "POST /wp-login.php HTTP/1.1" 200 2045 "https://batconpakistan.org/wp-login.php" "Mozilla/5.0 (Windows NT 6.3; WOW64; Trident/7.0; MATBJS; rv:11.0) like Gecko"
162.0.235.240 - - [13/Oct/2025:09:06:26 -0400] "GET /wp-content/plugins/contact-form-7-style/admin/predefined-templates.json HTTP/1.1" 200 1323 "-" "WordPress/6.8.3; https://batconpakistan.org"
51.178.9.114 - - [13/Oct/2025:09:13:08 -0400] "GET /wp-login.php HTTP/1.1" 200 1885 "-" "Mozilla/5.0 (Windows NT 10.0; WOW64) AppleWebKit/537.36 (KHTML, like Gecko) Chrome/64.0.3282.186 Safari/537.36 OPR/51.0.2830.55"
162.0.235.240 - - [13/Oct/2025:09:13:16 -0400] "GET /wp-content/plugins/contact-form-7-style/admin/predefined-templates.json HTTP/1.1" 200 1323 "-" "WordPress/6.8.3; https://batconpakistan.org"
162.0.235.240 - - [13/Oct/2025:09:13:17 -0400] "POST /wp-cron.php?doing_wp_cron=1760361197.6199009418487548828125 HTTP/1.1" 200 0 "-" "WordPress/6.8.3; https://batconpakistan.org"
51.178.9.114 - - [13/Oct/2025:09:13:13 -0400] "POST /wp-login.php HTTP/1.1" 200 2045 "https://batconpakistan.org/wp-login.php" "Mozilla/5.0 (Windows NT 10.0; WOW64) AppleWebKit/537.36 (KHTML, like Gecko) Chrome/64.0.3282.186 Safari/537.36 OPR/51.0.2830.55"
162.0.235.240 - - [13/Oct/2025:09:13:18 -0400] "GET /wp-content/plugins/contact-form-7-style/admin/predefined-templates.json HTTP/1.1" 200 1323 "-" "WordPress/6.8.3; https://batconpakistan.org"
162.0.235.240 - - [13/Oct/2025:09:15:19 -0400] "GET /wp-content/plugins/contact-form-7-style/admin/predefined-templates.json HTTP/1.1" 200 1323 "-" "WordPress/6.8.3; https://batconpakistan.org"
162.0.235.240 - - [13/Oct/2025:09:15:20 -0400] "POST /wp-cron.php?doing_wp_cron=1760361320.4467959403991699218750 HTTP/1.1" 200 0 "-" "WordPress/6.8.3; https://batconpakistan.org"
162.0.235.240 - - [13/Oct/2025:09:15:21 -0400] "GET /wp-content/plugins/contact-form-7-style/admin/predefined-templates.json HTTP/1.1" 200 1323 "-" "WordPress/6.8.3; https://batconpakistan.org"
92.222.108.114 - - [13/Oct/2025:09:15:15 -0400] "GET /2021/01/03/frequently-asked-questions-and-answers-on-bats-and-covid-19/ HTTP/1.1" 200 21292 "-" "Mozilla/5.0 (compatible; AhrefsBot/7.0; +http://ahrefs.com/robot/)"
184.75.208.246 - - [13/Oct/2025:09:17:00 -0400] "HEAD /?author=1 HTTP/1.1" 403 0 "https://www.google.com" "Mozilla/5.0 (Windows NT 10.0; Win64; x64) AppleWebKit/537.36 (KHTML, like Gecko) Chrome/103.0.5060.66 Safari/537.36"
184.75.208.246 - - [13/Oct/2025:09:17:00 -0400] "GET /wp-json/wp/v2/users HTTP/1.1" 403 1242 "https://www.google.com" "Mozilla/5.0 (Windows NT 10.0; Win64; x64) AppleWebKit/537.36 (KHTML, like Gecko) Chrome/103.0.5060.66 Safari/537.36"
54.37.118.81 - - [13/Oct/2025:09:19:39 -0400] "GET /2021/01/03/frequently-asked-questions-and-answers-on-bats-and-covid-19/ HTTP/1.1" 200 21292 "-" "Mozilla/5.0 (compatible; AhrefsBot/7.0; +http://ahrefs.com/robot/)"
37.59.204.141 - - [13/Oct/2025:09:19:41 -0400] "GET /wp-content/uploads/dynamic-mobmenu.css?ver=2.8.8-212 HTTP/1.1" 302 771 "-" "Mozilla/5.0 (compatible; AhrefsBot/7.0; +http://ahrefs.com/robot/)"
51.68.247.200 - - [13/Oct/2025:09:19:44 -0400] "GET /wp-content/uploads/2021/01/Bats_02.jpg HTTP/1.1" 302 771 "-" "Mozilla/5.0 (compatible; AhrefsBot/7.0; +http://ahrefs.com/robot/)"
162.0.235.240 - - [13/Oct/2025:09:29:08 -0400] "GET /wp-content/plugins/contact-form-7-style/admin/predefined-templates.json HTTP/1.1" 200 1323 "-" "WordPress/6.8.3; https://batconpakistan.org"
162.0.235.240 - - [13/Oct/2025:09:29:09 -0400] "POST /wp-cron.php?doing_wp_cron=1760362149.5403099060058593750000 HTTP/1.1" 200 0 "-" "WordPress/6.8.3; https://batconpakistan.org"
66.249.66.74 - - [13/Oct/2025:09:29:02 -0400] "GET /robots.txt HTTP/1.1" 301 0 "-" "Mozilla/5.0 (compatible; Googlebot/2.1; +http://www.google.com/bot.html)"
66.249.66.72 - - [13/Oct/2025:09:29:09 -0400] "GET /robots.txt HTTP/1.1" 304 0 "-" "Mozilla/5.0 (compatible; Googlebot/2.1; +http://www.google.com/bot.html)"
162.0.235.240 - - [13/Oct/2025:09:29:10 -0400] "GET /wp-content/plugins/contact-form-7-style/admin/predefined-templates.json HTTP/1.1" 200 1323 "-" "WordPress/6.8.3; https://batconpakistan.org"
162.214.55.193 - - [13/Oct/2025:09:34:18 -0400] "GET /wp-login.php HTTP/1.1" 200 1885 "-" "Mozilla/4.0 (compatible; MSIE 7.0; Windows NT 10.0; WOW64; Trident/7.0; .NET4.0C; .NET4.0E; .NET CLR 2.0.50727; .NET CLR 3.0.30729; .NET CLR 3.5.30729; InfoPath.3)"
162.0.235.240 - - [13/Oct/2025:09:34:24 -0400] "GET /wp-content/plugins/contact-form-7-style/admin/predefined-templates.json HTTP/1.1" 200 1323 "-" "WordPress/6.8.3; https://batconpakistan.org"
162.0.235.240 - - [13/Oct/2025:09:34:25 -0400] "POST /wp-cron.php?doing_wp_cron=1760362465.3665359020233154296875 HTTP/1.1" 200 0 "-" "WordPress/6.8.3; https://batconpakistan.org"
162.214.55.193 - - [13/Oct/2025:09:34:21 -0400] "POST /wp-login.php HTTP/1.1" 200 2045 "https://batconpakistan.org/wp-login.php" "Mozilla/4.0 (compatible; MSIE 7.0; Windows NT 10.0; WOW64; Trident/7.0; .NET4.0C; .NET4.0E; .NET CLR 2.0.50727; .NET CLR 3.0.30729; .NET CLR 3.5.30729; InfoPath.3)"
162.0.235.240 - - [13/Oct/2025:09:34:25 -0400] "GET /wp-content/plugins/contact-form-7-style/admin/predefined-templates.json HTTP/1.1" 200 1323 "-" "WordPress/6.8.3; https://batconpakistan.org"
162.0.235.240 - - [13/Oct/2025:09:34:30 -0400] "GET /wp-content/plugins/contact-form-7-style/admin/predefined-templates.json HTTP/1.1" 200 1323 "-" "WordPress/6.8.3; https://batconpakistan.org"
52.167.144.233 - - [13/Oct/2025:09:34:29 -0400] "GET /Industrial-Electrical-Utp-Patch-Cable-Prep-334562-Cat-6-Cables/ HTTP/1.1" 404 15670 "-" "Mozilla/5.0 AppleWebKit/537.36 (KHTML, like Gecko; compatible; bingbot/2.0; +http://www.bing.com/bingbot.htm) Chrome/116.0.1938.76 Safari/537.36"
162.0.235.240 - - [13/Oct/2025:09:39:01 -0400] "GET /wp-content/plugins/contact-form-7-style/admin/predefined-templates.json HTTP/1.1" 200 1323 "-" "WordPress/6.8.3; https://batconpakistan.org"
162.0.235.240 - - [13/Oct/2025:09:39:02 -0400] "POST /wp-cron.php?doing_wp_cron=1760362742.1182849407196044921875 HTTP/1.1" 200 0 "-" "WordPress/6.8.3; https://batconpakistan.org"
40.77.167.255 - - [13/Oct/2025:09:38:58 -0400] "GET /Industrial-Hardware-B-Caterpillar-449362-Teeth-Washer-Grommets/ HTTP/1.1" 404 15670 "-" "Mozilla/5.0 AppleWebKit/537.36 (KHTML, like Gecko; compatible; bingbot/2.0; +http://www.bing.com/bingbot.htm) Chrome/116.0.1938.76 Safari/537.36"
162.0.235.240 - - [13/Oct/2025:09:39:02 -0400] "GET /wp-content/plugins/contact-form-7-style/admin/predefined-templates.json HTTP/1.1" 200 1323 "-" "WordPress/6.8.3; https://batconpakistan.org"
162.0.235.240 - - [13/Oct/2025:09:39:38 -0400] "GET /wp-content/plugins/contact-form-7-style/admin/predefined-templates.json HTTP/1.1" 200 1323 "-" "WordPress/6.8.3; https://batconpakistan.org"
162.0.235.240 - - [13/Oct/2025:09:39:38 -0400] "POST /wp-cron.php?doing_wp_cron=1760362778.6075179576873779296875 HTTP/1.1" 200 0 "-" "WordPress/6.8.3; https://batconpakistan.org"
40.77.167.255 - - [13/Oct/2025:09:39:37 -0400] "GET /Power-Transmission-Products-New-TAC-NTN-Bearing-590894-SelfAligning-Ball-Bearings/ HTTP/1.1" 404 15669 "-" "Mozilla/5.0 AppleWebKit/537.36 (KHTML, like Gecko; compatible; bingbot/2.0; +http://www.bing.com/bingbot.htm) Chrome/116.0.1938.76 Safari/537.36"
162.0.235.240 - - [13/Oct/2025:09:39:39 -0400] "GET /wp-content/plugins/contact-form-7-style/admin/predefined-templates.json HTTP/1.1" 200 1323 "-" "WordPress/6.8.3; https://batconpakistan.org"
8.134.74.51 - - [13/Oct/2025:09:39:46 -0400] "GET /wp-login.php HTTP/1.1" 200 1885 "-" "Mozilla/5.0 (Windows NT 6.1; Win64; x64) AppleWebKit/537.36 (KHTML, like Gecko) Chrome/65.0.3325.162 Safari/537.36"
162.0.235.240 - - [13/Oct/2025:09:39:56 -0400] "GET /wp-content/plugins/contact-form-7-style/admin/predefined-templates.json HTTP/1.1" 200 1323 "-" "WordPress/6.8.3; https://batconpakistan.org"
162.0.235.240 - - [13/Oct/2025:09:39:56 -0400] "POST /wp-cron.php?doing_wp_cron=1760362796.2814130783081054687500 HTTP/1.1" 200 0 "-" "WordPress/6.8.3; https://batconpakistan.org"
8.134.74.51 - - [13/Oct/2025:09:39:55 -0400] "POST /wp-login.php HTTP/1.1" 200 2045 "https://batconpakistan.org/wp-login.php" "Mozilla/5.0 (Windows NT 6.1; Win64; x64) AppleWebKit/537.36 (KHTML, like Gecko) Chrome/65.0.3325.162 Safari/537.36"
162.0.235.240 - - [13/Oct/2025:09:39:56 -0400] "GET /wp-content/plugins/contact-form-7-style/admin/predefined-templates.json HTTP/1.1" 200 1323 "-" "WordPress/6.8.3; https://batconpakistan.org"
103.109.180.104 - - [13/Oct/2025:09:45:06 -0400] "GET /wp-login.php HTTP/1.1" 200 1885 "-" "Mozilla/5.0 (Windows NT 6.1; WOW64; Trident/7.0; ASJB; ASJB; MAAU; rv:11.0) like Gecko"
162.0.235.240 - - [13/Oct/2025:09:45:13 -0400] "GET /wp-content/plugins/contact-form-7-style/admin/predefined-templates.json HTTP/1.1" 200 1323 "-" "WordPress/6.8.3; https://batconpakistan.org"
162.0.235.240 - - [13/Oct/2025:09:45:13 -0400] "POST /wp-cron.php?doing_wp_cron=1760363113.8506588935852050781250 HTTP/1.1" 200 0 "-" "WordPress/6.8.3; https://batconpakistan.org"
103.109.180.104 - - [13/Oct/2025:09:45:09 -0400] "POST /wp-login.php HTTP/1.1" 200 2045 "https://batconpakistan.org/wp-login.php" "Mozilla/5.0 (Windows NT 6.1; WOW64; Trident/7.0; ASJB; ASJB; MAAU; rv:11.0) like Gecko"
162.0.235.240 - - [13/Oct/2025:09:45:14 -0400] "GET /wp-content/plugins/contact-form-7-style/admin/predefined-templates.json HTTP/1.1" 200 1323 "-" "WordPress/6.8.3; https://batconpakistan.org"
162.0.235.240 - - [13/Oct/2025:09:46:17 -0400] "GET /wp-content/plugins/contact-form-7-style/admin/predefined-templates.json HTTP/1.1" 200 1323 "-" "WordPress/6.8.3; https://batconpakistan.org"
162.0.235.240 - - [13/Oct/2025:09:46:18 -0400] "POST /wp-cron.php?doing_wp_cron=1760363177.9359030723571777343750 HTTP/1.1" 200 0 "-" "WordPress/6.8.3; https://batconpakistan.org"
162.0.235.240 - - [13/Oct/2025:09:46:18 -0400] "GET /wp-content/plugins/contact-form-7-style/admin/predefined-templates.json HTTP/1.1" 200 1323 "-" "WordPress/6.8.3; https://batconpakistan.org"
185.191.171.13 - - [13/Oct/2025:09:46:17 -0400] "GET /tag/pakistan/ HTTP/1.1" 200 20887 "-" "Mozilla/5.0 (compatible; SemrushBot/7~bl; +http://www.semrush.com/bot.html)"
216.244.66.200 - - [13/Oct/2025:09:47:37 -0400] "GET /robots.txt HTTP/1.1" 200 183 "-" "Mozilla/5.0 (compatible; DotBot/1.2; +https://opensiteexplorer.org/dotbot; help@moz.com)"
2001:4860:7:1622::f5 - - [13/Oct/2025:09:53:01 -0400] "GET /2021/07/27/over-400-indian-flying-foxes-pteropus-medius-were-mercilessly-killed-in-nawab-shah-sindh-pakistan-these-bats-were-believed-to-be-a-serious-pest-for-fruits-trees-of-mango-and-banana-in-these-areas/ HTTP/1.1" 200 20666 "https://www.google.com/" "Mozilla/5.0 (Linux; Android 10; K) AppleWebKit/537.36 (KHTML, like Gecko) Chrome/141.0.0.0 Mobile Safari/537.36"
162.0.235.240 - - [13/Oct/2025:09:53:04 -0400] "GET /wp-content/plugins/contact-form-7-style/admin/predefined-templates.json HTTP/1.1" 200 1323 "-" "WordPress/6.8.3; https://batconpakistan.org"
162.0.235.240 - - [13/Oct/2025:09:53:04 -0400] "POST /wp-cron.php?doing_wp_cron=1760363584.6575798988342285156250 HTTP/1.1" 200 0 "-" "WordPress/6.8.3; https://batconpakistan.org"
66.249.93.197 - - [13/Oct/2025:09:53:00 -0400] "GET /.well-known/traffic-advice HTTP/1.1" 404 15671 "-" "Chrome Privacy Preserving Prefetch Proxy"
162.0.235.240 - - [13/Oct/2025:09:53:05 -0400] "GET /wp-content/plugins/contact-form-7-style/admin/predefined-templates.json HTTP/1.1" 200 1323 "-" "WordPress/6.8.3; https://batconpakistan.org"
54.156.124.2 - - [13/Oct/2025:09:54:14 -0400] "GET / HTTP/1.1" 200 23128 "-" "Mozilla/5.0 AppleWebKit/537.36 (KHTML, like Gecko; compatible; Amazonbot/0.1; +https://developer.amazon.com/support/amazonbot) Chrome/119.0.6045.214 Safari/537.36"
184.73.239.35 - - [13/Oct/2025:09:54:18 -0400] "GET /2023/10/03/nipah-virus-alert-heightened-risks-and-precautionary-measures-in-pakistan/ HTTP/1.1" 200 23123 "-" "Mozilla/5.0 AppleWebKit/537.36 (KHTML, like Gecko; compatible; Amazonbot/0.1; +https://developer.amazon.com/support/amazonbot) Chrome/119.0.6045.214 Safari/537.36"
185.18.197.202 - - [13/Oct/2025:09:56:51 -0400] "GET /wp-login.php HTTP/1.1" 200 1885 "-" "Mozilla/5.0 (Macintosh; Intel Mac OS X 10_13_3) AppleWebKit/537.36 (KHTML, like Gecko) Chrome/67.0.3396.87 Safari/537.36"
162.0.235.240 - - [13/Oct/2025:09:56:59 -0400] "GET /wp-content/plugins/contact-form-7-style/admin/predefined-templates.json HTTP/1.1" 200 1323 "-" "WordPress/6.8.3; https://batconpakistan.org"
162.0.235.240 - - [13/Oct/2025:09:56:59 -0400] "POST /wp-cron.php?doing_wp_cron=1760363819.7342140674591064453125 HTTP/1.1" 200 0 "-" "WordPress/6.8.3; https://batconpakistan.org"
185.18.197.202 - - [13/Oct/2025:09:56:56 -0400] "POST /wp-login.php HTTP/1.1" 200 2045 "https://batconpakistan.org/wp-login.php" "Mozilla/5.0 (Macintosh; Intel Mac OS X 10_13_3) AppleWebKit/537.36 (KHTML, like Gecko) Chrome/67.0.3396.87 Safari/537.36"
162.0.235.240 - - [13/Oct/2025:09:57:00 -0400] "GET /wp-content/plugins/contact-form-7-style/admin/predefined-templates.json HTTP/1.1" 200 1323 "-" "WordPress/6.8.3; https://batconpakistan.org"
216.244.66.200 - - [13/Oct/2025:10:04:28 -0400] "GET /wp-content/uploads/2021/01/9.jpg HTTP/1.1" 200 47484 "-" "Mozilla/5.0 (compatible; DotBot/1.2; +https://opensiteexplorer.org/dotbot; help@moz.com)"
2a02:598:128:8a00::b00:2 - - [13/Oct/2025:10:09:39 -0400] "GET /robots.txt HTTP/1.1" 200 183 "-" "Mozilla/5.0 (compatible; SeznamBot/4.0; +https://o-seznam.cz/napoveda/vyhledavani/en/seznambot-crawler/)"
162.0.235.240 - - [13/Oct/2025:10:09:43 -0400] "GET /wp-content/plugins/contact-form-7-style/admin/predefined-templates.json HTTP/1.1" 200 1323 "-" "WordPress/6.8.3; https://batconpakistan.org"
162.0.235.240 - - [13/Oct/2025:10:09:44 -0400] "POST /wp-cron.php?doing_wp_cron=1760364584.0827269554138183593750 HTTP/1.1" 200 0 "-" "WordPress/6.8.3; https://batconpakistan.org"
2a02:598:128:8a00::b00:2 - - [13/Oct/2025:10:09:39 -0400] "GET /product-sitemap.xml HTTP/1.1" 200 532 "-" "Mozilla/5.0 (compatible; SeznamBot/4.0; +https://o-seznam.cz/napoveda/vyhledavani/en/seznambot-crawler/)"
162.0.235.240 - - [13/Oct/2025:10:09:44 -0400] "GET /wp-content/plugins/contact-form-7-style/admin/predefined-templates.json HTTP/1.1" 200 1323 "-" "WordPress/6.8.3; https://batconpakistan.org"
162.0.235.240 - - [13/Oct/2025:10:13:51 -0400] "GET /wp-content/plugins/contact-form-7-style/admin/predefined-templates.json HTTP/1.1" 200 1323 "-" "WordPress/6.8.3; https://batconpakistan.org"
162.0.235.240 - - [13/Oct/2025:10:13:52 -0400] "POST /wp-cron.php?doing_wp_cron=1760364832.1733090877532958984375 HTTP/1.1" 200 0 "-" "WordPress/6.8.3; https://batconpakistan.org"
162.0.235.240 - - [13/Oct/2025:10:13:52 -0400] "GET /wp-content/plugins/contact-form-7-style/admin/predefined-templates.json HTTP/1.1" 200 1323 "-" "WordPress/6.8.3; https://batconpakistan.org"
5.39.109.174 - - [13/Oct/2025:10:13:48 -0400] "GET /product-category/clothing/t-shirts/ HTTP/1.1" 200 17338 "-" "Mozilla/5.0 (compatible; AhrefsBot/7.0; +http://ahrefs.com/robot/)"
2a02:598:128:8a00::b00:2 - - [13/Oct/2025:10:18:54 -0400] "GET /sample-page/ HTTP/1.1" 200 16878 "-" "Mozilla/5.0 (compatible; SeznamBot/4.0; +https://o-seznam.cz/napoveda/vyhledavani/en/seznambot-crawler/)"
162.0.235.240 - - [13/Oct/2025:10:28:33 -0400] "GET /wp-content/plugins/contact-form-7-style/admin/predefined-templates.json HTTP/1.1" 200 1323 "-" "WordPress/6.8.3; https://batconpakistan.org"
162.0.235.240 - - [13/Oct/2025:10:28:34 -0400] "POST /wp-cron.php?doing_wp_cron=1760365714.0467720031738281250000 HTTP/1.1" 200 0 "-" "WordPress/6.8.3; https://batconpakistan.org"
2a03:2880:f800:23:: - - [13/Oct/2025:10:28:29 -0400] "GET /?registrant-event=tips-rain-water-harvesting/feed/ HTTP/1.1" 404 15668 "-" "meta-externalagent/1.1 (+https://developers.facebook.com/docs/sharing/webmasters/crawler)"
162.0.235.240 - - [13/Oct/2025:10:28:34 -0400] "GET /wp-content/plugins/contact-form-7-style/admin/predefined-templates.json HTTP/1.1" 200 1323 "-" "WordPress/6.8.3; https://batconpakistan.org"
193.111.97.24 - - [13/Oct/2025:10:32:57 -0400] "GET /wp-login.php HTTP/1.1" 200 1885 "-" "Mozilla/5.0 (Windows NT 10.0) AppleWebKit/537.36 (KHTML, like Gecko) Chrome/67.0.3396.87 Safari/537.36"
162.0.235.240 - - [13/Oct/2025:10:33:03 -0400] "GET /wp-content/plugins/contact-form-7-style/admin/predefined-templates.json HTTP/1.1" 200 1323 "-" "WordPress/6.8.3; https://batconpakistan.org"
162.0.235.240 - - [13/Oct/2025:10:33:03 -0400] "POST /wp-cron.php?doing_wp_cron=1760365983.6873250007629394531250 HTTP/1.1" 200 0 "-" "WordPress/6.8.3; https://batconpakistan.org"
193.111.97.24 - - [13/Oct/2025:10:32:59 -0400] "POST /wp-login.php HTTP/1.1" 200 2045 "https://batconpakistan.org/wp-login.php" "Mozilla/5.0 (Windows NT 10.0) AppleWebKit/537.36 (KHTML, like Gecko) Chrome/67.0.3396.87 Safari/537.36"
162.0.235.240 - - [13/Oct/2025:10:33:04 -0400] "GET /wp-content/plugins/contact-form-7-style/admin/predefined-templates.json HTTP/1.1" 200 1323 "-" "WordPress/6.8.3; https://batconpakistan.org"
95.135.9.52 - - [13/Oct/2025:10:35:00 -0400] "GET /wp-content/uploads/2023/02/Picture2-150x150.jpg HTTP/1.1" 200 4486 "-" "Mozilla/5.0 (Macintosh; Intel Mac OS X 14_3_1) AppleWebKit/605.1.15 (KHTML, like Gecko) Version/17.2 Safari/605.1.15"
216.244.66.200 - - [13/Oct/2025:10:38:33 -0400] "GET /robots.txt HTTP/1.1" 200 183 "-" "Mozilla/5.0 (compatible; DotBot/1.2; +https://opensiteexplorer.org/dotbot; help@moz.com)"
103.74.116.219 - - [13/Oct/2025:10:40:42 -0400] "GET /wp-login.php HTTP/1.1" 200 1885 "-" "Mozilla/5.0 (Windows NT 10.0; WOW64; Trident/7.0; MDDCJS; rv:11.0) like Gecko"
162.0.235.240 - - [13/Oct/2025:10:40:47 -0400] "GET /wp-content/plugins/contact-form-7-style/admin/predefined-templates.json HTTP/1.1" 200 1323 "-" "WordPress/6.8.3; https://batconpakistan.org"
162.0.235.240 - - [13/Oct/2025:10:40:47 -0400] "POST /wp-cron.php?doing_wp_cron=1760366447.7406840324401855468750 HTTP/1.1" 200 0 "-" "WordPress/6.8.3; https://batconpakistan.org"
103.74.116.219 - - [13/Oct/2025:10:40:43 -0400] "POST /wp-login.php HTTP/1.1" 200 2045 "https://batconpakistan.org/wp-login.php" "Mozilla/5.0 (Windows NT 10.0; WOW64; Trident/7.0; MDDCJS; rv:11.0) like Gecko"
162.0.235.240 - - [13/Oct/2025:10:40:48 -0400] "GET /wp-content/plugins/contact-form-7-style/admin/predefined-templates.json HTTP/1.1" 200 1323 "-" "WordPress/6.8.3; https://batconpakistan.org"
172.81.132.76 - - [13/Oct/2025:10:43:43 -0400] "GET /wp-login.php HTTP/1.1" 200 1885 "-" "Mozilla/5.0"
172.81.132.76 - - [13/Oct/2025:10:43:49 -0400] "GET /?author=1 HTTP/1.1" 403 1242 "-" "Mozilla/5.0"
162.0.235.240 - - [13/Oct/2025:10:43:53 -0400] "GET /wp-content/plugins/contact-form-7-style/admin/predefined-templates.json HTTP/1.1" 200 1323 "-" "WordPress/6.8.3; https://batconpakistan.org"
162.0.235.240 - - [13/Oct/2025:10:43:53 -0400] "POST /wp-cron.php?doing_wp_cron=1760366633.5254750251770019531250 HTTP/1.1" 200 0 "-" "WordPress/6.8.3; https://batconpakistan.org"
162.0.235.240 - - [13/Oct/2025:10:43:54 -0400] "GET /wp-content/plugins/contact-form-7-style/admin/predefined-templates.json HTTP/1.1" 200 1323 "-" "WordPress/6.8.3; https://batconpakistan.org"
172.81.132.76 - - [13/Oct/2025:10:43:50 -0400] "GET /?rest_route=/wp/v2/users HTTP/1.1" 200 6905 "-" "Mozilla/5.0"
172.81.132.76 - - [13/Oct/2025:10:43:54 -0400] "GET /feed HTTP/1.1" 301 0 "-" "Mozilla/5.0"
172.81.132.76 - - [13/Oct/2025:10:43:54 -0400] "GET /feed/ HTTP/1.1" 200 23257 "-" "Mozilla/5.0"
162.0.235.240 - - [13/Oct/2025:10:44:39 -0400] "GET /wp-content/plugins/contact-form-7-style/admin/predefined-templates.json HTTP/1.1" 200 1323 "-" "WordPress/6.8.3; https://batconpakistan.org"
162.0.235.240 - - [13/Oct/2025:10:44:39 -0400] "POST /wp-cron.php?doing_wp_cron=1760366679.4675359725952148437500 HTTP/1.1" 200 0 "-" "WordPress/6.8.3; https://batconpakistan.org"
52.167.144.146 - - [13/Oct/2025:10:44:38 -0400] "GET /Industrial-Power-&-Hand-Tools-Booster-Cables-Feet-471174-Kits/ HTTP/1.1" 404 15670 "-" "Mozilla/5.0 AppleWebKit/537.36 (KHTML, like Gecko; compatible; bingbot/2.0; +http://www.bing.com/bingbot.htm) Chrome/116.0.1938.76 Safari/537.36"
162.0.235.240 - - [13/Oct/2025:10:44:40 -0400] "GET /wp-content/plugins/contact-form-7-style/admin/predefined-templates.json HTTP/1.1" 200 1323 "-" "WordPress/6.8.3; https://batconpakistan.org"
2a03:2880:f800:46:: - - [13/Oct/2025:10:53:30 -0400] "GET /author/admin/ HTTP/1.1" 200 40219 "-" "meta-externalagent/1.1 (+https://developers.facebook.com/docs/sharing/webmasters/crawler)"
162.0.235.240 - - [13/Oct/2025:10:58:06 -0400] "GET /wp-content/plugins/contact-form-7-style/admin/predefined-templates.json HTTP/1.1" 200 1323 "-" "WordPress/6.8.3; https://batconpakistan.org"
162.0.235.240 - - [13/Oct/2025:10:58:06 -0400] "POST /wp-cron.php?doing_wp_cron=1760367486.7458429336547851562500 HTTP/1.1" 200 0 "-" "WordPress/6.8.3; https://batconpakistan.org"
2a03:2880:f800:28:: - - [13/Oct/2025:10:58:02 -0400] "GET /product-category/clothing/ HTTP/1.1" 200 17748 "-" "meta-externalagent/1.1 (+https://developers.facebook.com/docs/sharing/webmasters/crawler)"
162.0.235.240 - - [13/Oct/2025:10:58:07 -0400] "GET /wp-content/plugins/contact-form-7-style/admin/predefined-templates.json HTTP/1.1" 200 1323 "-" "WordPress/6.8.3; https://batconpakistan.org"
2a03:2880:f800:1:: - - [13/Oct/2025:10:58:26 -0400] "GET /2021/07/27/over-400-indian-flying-foxes-pteropus-medius-were-mercilessly-killed-in-nawab-shah-sindh-pakistan-these-bats-were-believed-to-be-a-serious-pest-for-fruits-trees-of-mango-and-banana-in-these-areas/ HTTP/1.1" 200 20666 "-" "meta-externalagent/1.1 (+https://developers.facebook.com/docs/sharing/webmasters/crawler)"
216.73.216.20 - - [13/Oct/2025:11:01:06 -0400] "GET /robots.txt HTTP/1.1" 304 0 "-" "Mozilla/5.0 AppleWebKit/537.36 (KHTML, like Gecko; compatible; ClaudeBot/1.0; +claudebot@anthropic.com)"
162.0.235.240 - - [13/Oct/2025:11:01:11 -0400] "GET /wp-content/plugins/contact-form-7-style/admin/predefined-templates.json HTTP/1.1" 200 1323 "-" "WordPress/6.8.3; https://batconpakistan.org"
162.0.235.240 - - [13/Oct/2025:11:01:12 -0400] "POST /wp-cron.php?doing_wp_cron=1760367671.8510520458221435546875 HTTP/1.1" 200 0 "-" "WordPress/6.8.3; https://batconpakistan.org"
216.73.216.20 - - [13/Oct/2025:11:01:07 -0400] "GET /sitemap_index.xml HTTP/1.1" 200 512 "-" "Mozilla/5.0 AppleWebKit/537.36 (KHTML, like Gecko; compatible; ClaudeBot/1.0; +claudebot@anthropic.com)"
162.0.235.240 - - [13/Oct/2025:11:01:12 -0400] "GET /wp-content/plugins/contact-form-7-style/admin/predefined-templates.json HTTP/1.1" 200 1323 "-" "WordPress/6.8.3; https://batconpakistan.org"
216.244.66.200 - - [13/Oct/2025:11:05:19 -0400] "GET /wp-content/uploads/2021/01/Image-3.jpg HTTP/1.1" 200 109833 "-" "Mozilla/5.0 (compatible; DotBot/1.2; +https://opensiteexplorer.org/dotbot; help@moz.com)"
