192.42.116.194 - - [14/Oct/2025:00:48:13 -0400] "GET /media-coverage HTTP/1.1" 301 0 "https://batconpakistan.org/media-coverage" "Mozilla/5.0 (Linux; Android 10; SM-A505FM) AppleWebKit/537.36 (KHTML, like Gecko) Chrome/80.0.3987.162 Mobile Safari/537.36 OPR/57.2.2830.52651"
192.42.116.194 - - [14/Oct/2025:00:48:14 -0400] "GET /media-coverage/ HTTP/1.1" 200 18148 "https://batconpakistan.org/media-coverage" "Mozilla/5.0 (Linux; Android 10; SM-A505FM) AppleWebKit/537.36 (KHTML, like Gecko) Chrome/80.0.3987.162 Mobile Safari/537.36 OPR/57.2.2830.52651"
192.42.116.194 - - [14/Oct/2025:00:48:16 -0400] "GET /our-activities HTTP/1.1" 301 0 "https://batconpakistan.org/our-activities" "Mozilla/5.0 (Linux; Android 10; SM-A505FM) AppleWebKit/537.36 (KHTML, like Gecko) Chrome/80.0.3987.162 Mobile Safari/537.36 OPR/57.2.2830.52651"
192.42.116.194 - - [14/Oct/2025:00:48:16 -0400] "GET /our-activities/ HTTP/1.1" 200 17350 "https://batconpakistan.org/our-activities" "Mozilla/5.0 (Linux; Android 10; SM-A505FM) AppleWebKit/537.36 (KHTML, like Gecko) Chrome/80.0.3987.162 Mobile Safari/537.36 OPR/57.2.2830.52651"
192.42.116.194 - - [14/Oct/2025:00:48:19 -0400] "GET /our-approach HTTP/1.1" 301 0 "https://batconpakistan.org/our-approach" "Mozilla/5.0 (Linux; Android 10; SM-A505FM) AppleWebKit/537.36 (KHTML, like Gecko) Chrome/80.0.3987.162 Mobile Safari/537.36 OPR/57.2.2830.52651"
192.42.116.194 - - [14/Oct/2025:00:48:19 -0400] "GET /our-approach/ HTTP/1.1" 200 19471 "https://batconpakistan.org/our-approach" "Mozilla/5.0 (Linux; Android 10; SM-A505FM) AppleWebKit/537.36 (KHTML, like Gecko) Chrome/80.0.3987.162 Mobile Safari/537.36 OPR/57.2.2830.52651"
109.70.100.1 - - [14/Oct/2025:00:48:22 -0400] "GET /partners HTTP/1.1" 301 0 "https://batconpakistan.org/partners" "Mozilla/5.0 (Linux; Android 10; SM-A505FM) AppleWebKit/537.36 (KHTML, like Gecko) Chrome/80.0.3987.162 Mobile Safari/537.36 OPR/57.2.2830.52651"
109.70.100.1 - - [14/Oct/2025:00:48:22 -0400] "GET /partners/ HTTP/1.1" 200 16979 "https://batconpakistan.org/partners" "Mozilla/5.0 (Linux; Android 10; SM-A505FM) AppleWebKit/537.36 (KHTML, like Gecko) Chrome/80.0.3987.162 Mobile Safari/537.36 OPR/57.2.2830.52651"
193.189.100.195 - - [14/Oct/2025:00:48:25 -0400] "GET /publish HTTP/1.1" 301 0 "https://batconpakistan.org/publish" "Mozilla/5.0 (Linux; Android 10; SM-A505FM) AppleWebKit/537.36 (KHTML, like Gecko) Chrome/80.0.3987.162 Mobile Safari/537.36 OPR/57.2.2830.52651"
193.189.100.195 - - [14/Oct/2025:00:48:26 -0400] "GET /publish/ HTTP/1.1" 200 16836 "https://batconpakistan.org/publish" "Mozilla/5.0 (Linux; Android 10; SM-A505FM) AppleWebKit/537.36 (KHTML, like Gecko) Chrome/80.0.3987.162 Mobile Safari/537.36 OPR/57.2.2830.52651"
193.189.100.195 - - [14/Oct/2025:00:48:29 -0400] "GET /vision-mission HTTP/1.1" 301 0 "https://batconpakistan.org/vision-mission" "Mozilla/5.0 (Linux; Android 10; SM-A505FM) AppleWebKit/537.36 (KHTML, like Gecko) Chrome/80.0.3987.162 Mobile Safari/537.36 OPR/57.2.2830.52651"
193.189.100.195 - - [14/Oct/2025:00:48:30 -0400] "GET /vision-mission/ HTTP/1.1" 200 17653 "https://batconpakistan.org/vision-mission" "Mozilla/5.0 (Linux; Android 10; SM-A505FM) AppleWebKit/537.36 (KHTML, like Gecko) Chrome/80.0.3987.162 Mobile Safari/537.36 OPR/57.2.2830.52651"
192.42.116.216 - - [14/Oct/2025:00:48:34 -0400] "GET /wp-json HTTP/1.1" 200 1632167 "https://batconpakistan.org/wp-json" "Mozilla/5.0 (Linux; Android 10; SM-A505FM) AppleWebKit/537.36 (KHTML, like Gecko) Chrome/80.0.3987.162 Mobile Safari/537.36 OPR/57.2.2830.52651"
5.2.79.190 - - [14/Oct/2025:00:48:46 -0400] "GET /wp-json/oembed/1.0/embed?url=https%3A%2F%2Fbatconpakistan.org%2F HTTP/1.1" 200 5971 "https://batconpakistan.org/wp-json/oembed/1.0/embed?url=https%3A%2F%2Fbatconpakistan.org%2F" "Mozilla/5.0 (Linux; Android 10; SM-A505FM) AppleWebKit/537.36 (KHTML, like Gecko) Chrome/80.0.3987.162 Mobile Safari/537.36 OPR/57.2.2830.52651"
5.2.79.190 - - [14/Oct/2025:00:48:47 -0400] "GET /wp-json/oembed/1.0/embed?url=https%3A%2F%2Fbatconpakistan.org%2F&format=xml HTTP/1.1" 200 2357 "https://batconpakistan.org/wp-json/oembed/1.0/embed?url=https%3A%2F%2Fbatconpakistan.org%2F&format=xml" "Mozilla/5.0 (Linux; Android 10; SM-A505FM) AppleWebKit/537.36 (KHTML, like Gecko) Chrome/80.0.3987.162 Mobile Safari/537.36 OPR/57.2.2830.52651"
162.0.235.240 - - [14/Oct/2025:00:48:48 -0400] "GET /wp-content/plugins/contact-form-7-style/admin/predefined-templates.json HTTP/1.1" 200 1323 "-" "WordPress/6.8.3; https://batconpakistan.org"
162.0.235.240 - - [14/Oct/2025:00:48:49 -0400] "POST /wp-cron.php?doing_wp_cron=1760417329.0841259956359863281250 HTTP/1.1" 200 0 "-" "WordPress/6.8.3; https://batconpakistan.org"
162.0.235.240 - - [14/Oct/2025:00:48:49 -0400] "GET /wp-content/plugins/contact-form-7-style/admin/predefined-templates.json HTTP/1.1" 200 1323 "-" "WordPress/6.8.3; https://batconpakistan.org"
5.2.79.190 - - [14/Oct/2025:00:48:48 -0400] "GET /wp-json/wp/v2/pages/462 HTTP/1.1" 200 32141 "https://batconpakistan.org/wp-json/wp/v2/pages/462" "Mozilla/5.0 (Linux; Android 10; SM-A505FM) AppleWebKit/537.36 (KHTML, like Gecko) Chrome/80.0.3987.162 Mobile Safari/537.36 OPR/57.2.2830.52651"
5.2.79.190 - - [14/Oct/2025:00:48:52 -0400] "GET /xmlrpc.php HTTP/1.1" 403 1242 "https://batconpakistan.org/xmlrpc.php" "Mozilla/5.0 (Linux; Android 10; SM-A505FM) AppleWebKit/537.36 (KHTML, like Gecko) Chrome/80.0.3987.162 Mobile Safari/537.36 OPR/57.2.2830.52651"
5.2.79.190 - - [14/Oct/2025:00:48:53 -0400] "GET /xmlrpc.php?rsd HTTP/1.1" 403 1242 "https://batconpakistan.org/xmlrpc.php?rsd" "Mozilla/5.0 (Linux; Android 10; SM-A505FM) AppleWebKit/537.36 (KHTML, like Gecko) Chrome/80.0.3987.162 Mobile Safari/537.36 OPR/57.2.2830.52651"
162.0.235.240 - - [14/Oct/2025:00:52:35 -0400] "GET /wp-content/plugins/contact-form-7-style/admin/predefined-templates.json HTTP/1.1" 200 1323 "-" "WordPress/6.8.3; https://batconpakistan.org"
162.0.235.240 - - [14/Oct/2025:00:52:36 -0400] "POST /wp-cron.php?doing_wp_cron=1760417556.4380331039428710937500 HTTP/1.1" 200 0 "-" "WordPress/6.8.3; https://batconpakistan.org"
20.40.40.110 - - [14/Oct/2025:00:52:32 -0400] "POST /wp-login.php HTTP/1.1" 200 2041 "-" "Mozilla/5.0"
162.0.235.240 - - [14/Oct/2025:00:52:36 -0400] "GET /wp-content/plugins/contact-form-7-style/admin/predefined-templates.json HTTP/1.1" 200 1323 "-" "WordPress/6.8.3; https://batconpakistan.org"
51.178.211.196 - - [14/Oct/2025:00:52:43 -0400] "GET /wp-login.php HTTP/1.1" 200 1885 "-" "Mozilla/4.0 (compatible; MSIE 7.0; Windows NT 6.2; Win64; x64; Trident/7.0; .NET4.0C; .NET4.0E)"
162.0.235.240 - - [14/Oct/2025:00:52:49 -0400] "GET /wp-content/plugins/contact-form-7-style/admin/predefined-templates.json HTTP/1.1" 200 1323 "-" "WordPress/6.8.3; https://batconpakistan.org"
162.0.235.240 - - [14/Oct/2025:00:52:49 -0400] "POST /wp-cron.php?doing_wp_cron=1760417569.6229860782623291015625 HTTP/1.1" 200 0 "-" "WordPress/6.8.3; https://batconpakistan.org"
51.178.211.196 - - [14/Oct/2025:00:52:49 -0400] "POST /wp-login.php HTTP/1.1" 200 2045 "https://batconpakistan.org/wp-login.php" "Mozilla/4.0 (compatible; MSIE 7.0; Windows NT 6.2; Win64; x64; Trident/7.0; .NET4.0C; .NET4.0E)"
162.0.235.240 - - [14/Oct/2025:00:52:50 -0400] "GET /wp-content/plugins/contact-form-7-style/admin/predefined-templates.json HTTP/1.1" 200 1323 "-" "WordPress/6.8.3; https://batconpakistan.org"
40.81.227.89 - - [14/Oct/2025:00:56:47 -0400] "GET /wp-login.php HTTP/1.1" 200 1885 "-" "Mozilla/5.0"
40.81.227.89 - - [14/Oct/2025:00:56:47 -0400] "GET /?author=1 HTTP/1.1" 403 1242 "-" "Mozilla/5.0"
40.81.227.89 - - [14/Oct/2025:00:56:50 -0400] "GET /?rest_route=/wp/v2/users HTTP/1.1" 200 6905 "-" "Mozilla/5.0"
40.81.227.89 - - [14/Oct/2025:00:56:51 -0400] "GET /feed HTTP/1.1" 301 0 "-" "Mozilla/5.0"
40.81.227.89 - - [14/Oct/2025:00:56:51 -0400] "GET /feed/ HTTP/1.1" 200 23257 "-" "Mozilla/5.0"
162.0.235.240 - - [14/Oct/2025:00:59:39 -0400] "GET /wp-content/plugins/contact-form-7-style/admin/predefined-templates.json HTTP/1.1" 200 1323 "-" "WordPress/6.8.3; https://batconpakistan.org"
91.121.34.215 - - [14/Oct/2025:00:59:39 -0400] "GET /wp-login.php HTTP/1.1" 200 1885 "-" "Mozilla/5.0 (Windows NT 6.2; ARM; Trident/7.0; Touch; rv:11.0; WPDesktop; NOKIA; Lumia 630) like Gecko"
162.0.235.240 - - [14/Oct/2025:00:59:40 -0400] "POST /wp-cron.php?doing_wp_cron=1760417980.4812600612640380859375 HTTP/1.1" 200 0 "-" "WordPress/6.8.3; https://batconpakistan.org"
134.17.14.10 - - [14/Oct/2025:00:59:36 -0400] "GET /?wpfi-ajax=wp_freeio_ajax_register&action=wp_freeio_ajax_register HTTP/1.1" 200 23162 "-" "Mozilla/4.0 (compatible; MSIE 6.0; Windows NT 5.1; SV1)"
162.0.235.240 - - [14/Oct/2025:00:59:41 -0400] "GET /wp-content/plugins/contact-form-7-style/admin/predefined-templates.json HTTP/1.1" 200 1323 "-" "WordPress/6.8.3; https://batconpakistan.org"
162.0.235.240 - - [14/Oct/2025:00:59:48 -0400] "GET /wp-content/plugins/contact-form-7-style/admin/predefined-templates.json HTTP/1.1" 200 1323 "-" "WordPress/6.8.3; https://batconpakistan.org"
162.0.235.240 - - [14/Oct/2025:00:59:49 -0400] "POST /wp-cron.php?doing_wp_cron=1760417989.1665480136871337890625 HTTP/1.1" 200 0 "-" "WordPress/6.8.3; https://batconpakistan.org"
91.121.34.215 - - [14/Oct/2025:00:59:48 -0400] "POST /wp-login.php HTTP/1.1" 200 2045 "https://batconpakistan.org/wp-login.php" "Mozilla/5.0 (Windows NT 6.2; ARM; Trident/7.0; Touch; rv:11.0; WPDesktop; NOKIA; Lumia 630) like Gecko"
162.0.235.240 - - [14/Oct/2025:00:59:49 -0400] "GET /wp-content/plugins/contact-form-7-style/admin/predefined-templates.json HTTP/1.1" 200 1323 "-" "WordPress/6.8.3; https://batconpakistan.org"
216.73.216.20 - - [14/Oct/2025:00:59:48 -0400] "GET /payment-terms HTTP/1.1" 301 0 "-" "Mozilla/5.0 AppleWebKit/537.36 (KHTML, like Gecko; compatible; ClaudeBot/1.0; +claudebot@anthropic.com)"
162.0.235.240 - - [14/Oct/2025:00:59:49 -0400] "GET /wp-content/plugins/contact-form-7-style/admin/predefined-templates.json HTTP/1.1" 200 1323 "-" "WordPress/6.8.3; https://batconpakistan.org"
162.0.235.240 - - [14/Oct/2025:00:59:50 -0400] "GET /wp-content/plugins/contact-form-7-style/admin/predefined-templates.json HTTP/1.1" 200 1323 "-" "WordPress/6.8.3; https://batconpakistan.org"
216.73.216.20 - - [14/Oct/2025:00:59:49 -0400] "GET /payment-terms/ HTTP/1.1" 200 16770 "https://batconpakistan.org/payment-terms" "Mozilla/5.0 AppleWebKit/537.36 (KHTML, like Gecko; compatible; ClaudeBot/1.0; +claudebot@anthropic.com)"
216.244.66.200 - - [14/Oct/2025:01:02:39 -0400] "GET /robots.txt HTTP/1.1" 304 0 "-" "Mozilla/5.0 (compatible; DotBot/1.2; +https://opensiteexplorer.org/dotbot; help@moz.com)"
162.0.235.240 - - [14/Oct/2025:01:03:30 -0400] "GET /wp-content/plugins/contact-form-7-style/admin/predefined-templates.json HTTP/1.1" 200 1323 "-" "WordPress/6.8.3; https://batconpakistan.org"
162.0.235.240 - - [14/Oct/2025:01:03:31 -0400] "POST /wp-cron.php?doing_wp_cron=1760418211.3640630245208740234375 HTTP/1.1" 200 0 "-" "WordPress/6.8.3; https://batconpakistan.org"
20.40.40.110 - - [14/Oct/2025:01:03:27 -0400] "POST /wp-login.php HTTP/1.1" 200 2041 "-" "Mozilla/5.0"
162.0.235.240 - - [14/Oct/2025:01:03:31 -0400] "GET /wp-content/plugins/contact-form-7-style/admin/predefined-templates.json HTTP/1.1" 200 1323 "-" "WordPress/6.8.3; https://batconpakistan.org"
185.193.156.155 - - [14/Oct/2025:01:05:52 -0400] "GET / HTTP/1.1" 200 23128 "-" "Mozilla/5.0 (Windows NT 10.0; Win64; x64) AppleWebKit/537.36 (KHTML, like Gecko) Chrome/78.0.3904.108 Safari/537.36"
162.0.235.240 - - [14/Oct/2025:01:05:56 -0400] "GET /wp-content/plugins/contact-form-7-style/admin/predefined-templates.json HTTP/1.1" 200 1323 "-" "WordPress/6.8.3; https://batconpakistan.org"
162.0.235.240 - - [14/Oct/2025:01:05:56 -0400] "POST /wp-cron.php?doing_wp_cron=1760418356.5960700511932373046875 HTTP/1.1" 200 0 "-" "WordPress/6.8.3; https://batconpakistan.org"
185.193.156.155 - - [14/Oct/2025:01:05:52 -0400] "GET //wp-includes/wlwmanifest.xml HTTP/1.1" 301 0 "-" "Mozilla/5.0 (Windows NT 10.0; Win64; x64) AppleWebKit/537.36 (KHTML, like Gecko) Chrome/78.0.3904.108 Safari/537.36"
185.193.156.155 - - [14/Oct/2025:01:05:56 -0400] "GET //xmlrpc.php?rsd HTTP/1.1" 403 1242 "-" "Mozilla/5.0 (Windows NT 10.0; Win64; x64) AppleWebKit/537.36 (KHTML, like Gecko) Chrome/78.0.3904.108 Safari/537.36"
162.0.235.240 - - [14/Oct/2025:01:05:57 -0400] "GET /wp-content/plugins/contact-form-7-style/admin/predefined-templates.json HTTP/1.1" 200 1323 "-" "WordPress/6.8.3; https://batconpakistan.org"
185.193.156.155 - - [14/Oct/2025:01:05:57 -0400] "GET / HTTP/1.1" 200 23128 "-" "Mozilla/5.0 (Windows NT 10.0; Win64; x64) AppleWebKit/537.36 (KHTML, like Gecko) Chrome/78.0.3904.108 Safari/537.36"
185.193.156.155 - - [14/Oct/2025:01:05:57 -0400] "GET //?author=1 HTTP/1.1" 403 1242 "-" "Mozilla/5.0 (Windows NT 10.0; Win64; x64) AppleWebKit/537.36 (KHTML, like Gecko) Chrome/78.0.3904.108 Safari/537.36"
185.193.156.155 - - [14/Oct/2025:01:05:57 -0400] "GET //?author=2 HTTP/1.1" 403 1242 "-" "Mozilla/5.0 (Windows NT 10.0; Win64; x64) AppleWebKit/537.36 (KHTML, like Gecko) Chrome/78.0.3904.108 Safari/537.36"
185.193.156.155 - - [14/Oct/2025:01:05:57 -0400] "GET //wp-json/wp/v2/users/ HTTP/1.1" 403 1242 "-" "Mozilla/5.0 (Windows NT 10.0; Win64; x64) AppleWebKit/537.36 (KHTML, like Gecko) Chrome/78.0.3904.108 Safari/537.36"
185.193.156.155 - - [14/Oct/2025:01:05:57 -0400] "GET //wp-json/oembed/1.0/embed?url=https://batconpakistan.org/ HTTP/1.1" 200 5971 "-" "Mozilla/5.0 (Windows NT 10.0; Win64; x64) AppleWebKit/537.36 (KHTML, like Gecko) Chrome/78.0.3904.108 Safari/537.36"
185.193.156.155 - - [14/Oct/2025:01:05:57 -0400] "POST //xmlrpc.php HTTP/1.1" 403 1242 "-" "Mozilla/5.0 (Windows NT 10.0; Win64; x64) AppleWebKit/537.36 (KHTML, like Gecko) Chrome/78.0.3904.108 Safari/537.36"
159.89.198.71 - - [14/Oct/2025:01:07:07 -0400] "GET /.env HTTP/1.1" 403 1242 "-" "Mozilla/5.0 (X11; Linux x86_64)"
159.89.198.71 - - [14/Oct/2025:01:07:07 -0400] "GET /core/.env HTTP/1.1" 403 1242 "-" "Mozilla/5.0 (X11; Linux x86_64)"
159.89.198.71 - - [14/Oct/2025:01:07:07 -0400] "GET /public/.env HTTP/1.1" 403 1242 "-" "Mozilla/5.0 (X11; Linux x86_64)"
159.89.198.71 - - [14/Oct/2025:01:07:07 -0400] "GET /.env HTTP/1.1" 403 1242 "-" "Mozilla/5.0 (X11; Linux x86_64)"
159.89.198.71 - - [14/Oct/2025:01:07:07 -0400] "GET /laravel/.env HTTP/1.1" 403 1242 "-" "Mozilla/5.0 (X11; Linux x86_64)"
159.89.198.71 - - [14/Oct/2025:01:07:07 -0400] "GET /dev/.env HTTP/1.1" 403 1242 "-" "Mozilla/5.0 (X11; Linux x86_64)"
159.89.198.71 - - [14/Oct/2025:01:07:07 -0400] "GET /laravel/.env HTTP/1.1" 403 1242 "-" "Mozilla/5.0 (X11; Linux x86_64)"
159.89.198.71 - - [14/Oct/2025:01:07:07 -0400] "GET /core/.env HTTP/1.1" 403 1242 "-" "Mozilla/5.0 (X11; Linux x86_64)"
159.89.198.71 - - [14/Oct/2025:01:07:07 -0400] "GET /dev/.env HTTP/1.1" 403 1242 "-" "Mozilla/5.0 (X11; Linux x86_64)"
159.89.198.71 - - [14/Oct/2025:01:07:07 -0400] "GET /public/.env HTTP/1.1" 403 1242 "-" "Mozilla/5.0 (X11; Linux x86_64)"
139.59.74.226 - - [14/Oct/2025:01:07:33 -0400] "GET /wp-admin/css/ HTTP/1.1" 403 1242 "binance.com" "Mozilla/5.0 (Windows NT 10.0; Win64; x64) AppleWebKit/537.36 (KHTML, like Gecko) Chrome/90.0.4430.85 Safari/537.36"
171.244.32.203 - - [14/Oct/2025:01:12:29 -0400] "GET /wp-login.php HTTP/1.1" 200 1885 "-" "Mozilla/5.0 (Windows NT 6.1; Win64; x64) AppleWebKit/537.36 (KHTML, like Gecko) Chrome/67.0.3396.62 Safari/537.36"
162.0.235.240 - - [14/Oct/2025:01:12:37 -0400] "GET /wp-content/plugins/contact-form-7-style/admin/predefined-templates.json HTTP/1.1" 200 1323 "-" "WordPress/6.8.3; https://batconpakistan.org"
162.0.235.240 - - [14/Oct/2025:01:12:38 -0400] "POST /wp-cron.php?doing_wp_cron=1760418758.4701950550079345703125 HTTP/1.1" 200 0 "-" "WordPress/6.8.3; https://batconpakistan.org"
171.244.32.203 - - [14/Oct/2025:01:12:33 -0400] "POST /wp-login.php HTTP/1.1" 200 2045 "https://batconpakistan.org/wp-login.php" "Mozilla/5.0 (Windows NT 6.1; Win64; x64) AppleWebKit/537.36 (KHTML, like Gecko) Chrome/67.0.3396.62 Safari/537.36"
162.0.235.240 - - [14/Oct/2025:01:12:39 -0400] "GET /wp-content/plugins/contact-form-7-style/admin/predefined-templates.json HTTP/1.1" 200 1323 "-" "WordPress/6.8.3; https://batconpakistan.org"
104.244.78.191 - - [14/Oct/2025:01:13:51 -0400] "GET /?author=3 HTTP/1.1" 403 1242 "http://www.google.com.hk" "Mozilla/5.0 (Windows NT 6.1; WOW64) AppleWebKit/537.36 (KHTML, like Gecko) Chrome/42.0.2311.90 Safari/537.36"
162.0.235.240 - - [14/Oct/2025:01:14:47 -0400] "GET /wp-content/plugins/contact-form-7-style/admin/predefined-templates.json HTTP/1.1" 200 1323 "-" "WordPress/6.8.3; https://batconpakistan.org"
162.0.235.240 - - [14/Oct/2025:01:14:48 -0400] "POST /wp-cron.php?doing_wp_cron=1760418888.5470271110534667968750 HTTP/1.1" 200 0 "-" "WordPress/6.8.3; https://batconpakistan.org"
20.40.40.110 - - [14/Oct/2025:01:14:44 -0400] "POST /wp-login.php HTTP/1.1" 200 2041 "-" "Mozilla/5.0"
162.0.235.240 - - [14/Oct/2025:01:14:49 -0400] "GET /wp-content/plugins/contact-form-7-style/admin/predefined-templates.json HTTP/1.1" 200 1323 "-" "WordPress/6.8.3; https://batconpakistan.org"
94.156.152.200 - - [14/Oct/2025:01:23:36 -0400] "GET /.env HTTP/1.1" 403 1242 "-" "Mozilla/5.0 (Macintosh; Intel Mac OS X 10.15; rv:77.0) Gecko/20100101 Firefox/77.0"
162.0.235.240 - - [14/Oct/2025:01:24:44 -0400] "GET /wp-content/plugins/contact-form-7-style/admin/predefined-templates.json HTTP/1.1" 200 1323 "-" "WordPress/6.8.3; https://batconpakistan.org"
162.0.235.240 - - [14/Oct/2025:01:24:45 -0400] "POST /wp-cron.php?doing_wp_cron=1760419485.2038090229034423828125 HTTP/1.1" 200 0 "-" "WordPress/6.8.3; https://batconpakistan.org"
162.0.235.240 - - [14/Oct/2025:01:24:45 -0400] "GET /wp-content/plugins/contact-form-7-style/admin/predefined-templates.json HTTP/1.1" 200 1323 "-" "WordPress/6.8.3; https://batconpakistan.org"
185.191.171.2 - - [14/Oct/2025:01:24:41 -0400] "GET /our-causes/ HTTP/1.1" 200 16580 "-" "Mozilla/5.0 (compatible; SemrushBot/7~bl; +http://www.semrush.com/bot.html)"
162.0.235.240 - - [14/Oct/2025:01:26:22 -0400] "GET /wp-content/plugins/contact-form-7-style/admin/predefined-templates.json HTTP/1.1" 200 1323 "-" "WordPress/6.8.3; https://batconpakistan.org"
162.0.235.240 - - [14/Oct/2025:01:26:22 -0400] "POST /wp-cron.php?doing_wp_cron=1760419582.8882100582122802734375 HTTP/1.1" 200 0 "-" "WordPress/6.8.3; https://batconpakistan.org"
54.38.147.50 - - [14/Oct/2025:01:26:18 -0400] "GET /sitemap_index.xml HTTP/1.1" 200 512 "-" "Mozilla/5.0 (compatible; AhrefsBot/7.0; +http://ahrefs.com/robot/)"
162.0.235.240 - - [14/Oct/2025:01:26:23 -0400] "GET /wp-content/plugins/contact-form-7-style/admin/predefined-templates.json HTTP/1.1" 200 1323 "-" "WordPress/6.8.3; https://batconpakistan.org"
162.0.235.240 - - [14/Oct/2025:01:26:25 -0400] "GET /wp-content/plugins/contact-form-7-style/admin/predefined-templates.json HTTP/1.1" 200 1323 "-" "WordPress/6.8.3; https://batconpakistan.org"
51.195.215.72 - - [14/Oct/2025:01:26:24 -0400] "GET /post-sitemap.xml HTTP/1.1" 200 976 "-" "Mozilla/5.0 (compatible; AhrefsBot/7.0; +http://ahrefs.com/robot/)"
162.0.235.240 - - [14/Oct/2025:01:26:35 -0400] "GET /wp-content/plugins/contact-form-7-style/admin/predefined-templates.json HTTP/1.1" 200 1323 "-" "WordPress/6.8.3; https://batconpakistan.org"
51.89.129.158 - - [14/Oct/2025:01:26:35 -0400] "GET /page-sitemap.xml HTTP/1.1" 200 1544 "-" "Mozilla/5.0 (compatible; AhrefsBot/7.0; +http://ahrefs.com/robot/)"
162.0.235.240 - - [14/Oct/2025:01:26:39 -0400] "GET /wp-content/plugins/contact-form-7-style/admin/predefined-templates.json HTTP/1.1" 200 1323 "-" "WordPress/6.8.3; https://batconpakistan.org"
51.195.215.138 - - [14/Oct/2025:01:26:38 -0400] "GET /testimonial-sitemap.xml HTTP/1.1" 200 391 "-" "Mozilla/5.0 (compatible; AhrefsBot/7.0; +http://ahrefs.com/robot/)"
162.0.235.240 - - [14/Oct/2025:01:26:41 -0400] "GET /wp-content/plugins/contact-form-7-style/admin/predefined-templates.json HTTP/1.1" 200 1323 "-" "WordPress/6.8.3; https://batconpakistan.org"
162.0.235.240 - - [14/Oct/2025:01:26:41 -0400] "POST /wp-cron.php?doing_wp_cron=1760419601.4071609973907470703125 HTTP/1.1" 200 0 "-" "WordPress/6.8.3; https://batconpakistan.org"
198.244.242.17 - - [14/Oct/2025:01:26:40 -0400] "GET /gallery-sitemap.xml HTTP/1.1" 200 560 "-" "Mozilla/5.0 (compatible; AhrefsBot/7.0; +http://ahrefs.com/robot/)"
162.0.235.240 - - [14/Oct/2025:01:26:42 -0400] "GET /wp-content/plugins/contact-form-7-style/admin/predefined-templates.json HTTP/1.1" 200 1323 "-" "WordPress/6.8.3; https://batconpakistan.org"
162.0.235.240 - - [14/Oct/2025:01:26:43 -0400] "GET /wp-content/plugins/contact-form-7-style/admin/predefined-templates.json HTTP/1.1" 200 1323 "-" "WordPress/6.8.3; https://batconpakistan.org"
198.244.242.225 - - [14/Oct/2025:01:26:42 -0400] "GET /event-sitemap.xml HTTP/1.1" 200 452 "-" "Mozilla/5.0 (compatible; AhrefsBot/7.0; +http://ahrefs.com/robot/)"
162.0.235.240 - - [14/Oct/2025:01:26:45 -0400] "GET /wp-content/plugins/contact-form-7-style/admin/predefined-templates.json HTTP/1.1" 200 1323 "-" "WordPress/6.8.3; https://batconpakistan.org"
51.195.215.77 - - [14/Oct/2025:01:26:44 -0400] "GET /team-sitemap.xml HTTP/1.1" 200 818 "-" "Mozilla/5.0 (compatible; AhrefsBot/7.0; +http://ahrefs.com/robot/)"
162.0.235.240 - - [14/Oct/2025:01:26:49 -0400] "GET /wp-content/plugins/contact-form-7-style/admin/predefined-templates.json HTTP/1.1" 200 1323 "-" "WordPress/6.8.3; https://batconpakistan.org"
162.0.235.240 - - [14/Oct/2025:01:26:49 -0400] "POST /wp-cron.php?doing_wp_cron=1760419609.8418080806732177734375 HTTP/1.1" 200 0 "-" "WordPress/6.8.3; https://batconpakistan.org"
198.244.168.140 - - [14/Oct/2025:01:26:49 -0400] "GET /product-sitemap.xml HTTP/1.1" 200 532 "-" "Mozilla/5.0 (compatible; AhrefsBot/7.0; +http://ahrefs.com/robot/)"
162.0.235.240 - - [14/Oct/2025:01:26:50 -0400] "GET /wp-content/plugins/contact-form-7-style/admin/predefined-templates.json HTTP/1.1" 200 1323 "-" "WordPress/6.8.3; https://batconpakistan.org"
162.0.235.240 - - [14/Oct/2025:01:26:51 -0400] "GET /wp-content/plugins/contact-form-7-style/admin/predefined-templates.json HTTP/1.1" 200 1323 "-" "WordPress/6.8.3; https://batconpakistan.org"
51.195.215.100 - - [14/Oct/2025:01:26:51 -0400] "GET /campaign-sitemap.xml HTTP/1.1" 200 478 "-" "Mozilla/5.0 (compatible; AhrefsBot/7.0; +http://ahrefs.com/robot/)"
162.0.235.240 - - [14/Oct/2025:01:26:53 -0400] "GET /wp-content/plugins/contact-form-7-style/admin/predefined-templates.json HTTP/1.1" 200 1323 "-" "WordPress/6.8.3; https://batconpakistan.org"
54.38.147.152 - - [14/Oct/2025:01:26:53 -0400] "GET /event_registrants-sitemap.xml HTTP/1.1" 200 379 "-" "Mozilla/5.0 (compatible; AhrefsBot/7.0; +http://ahrefs.com/robot/)"
162.0.235.240 - - [14/Oct/2025:01:26:54 -0400] "GET /wp-content/plugins/contact-form-7-style/admin/predefined-templates.json HTTP/1.1" 200 1323 "-" "WordPress/6.8.3; https://batconpakistan.org"
20.40.40.110 - - [14/Oct/2025:01:26:54 -0400] "POST /wp-login.php HTTP/1.1" 200 2041 "-" "Mozilla/5.0"
162.0.235.240 - - [14/Oct/2025:01:26:55 -0400] "GET /wp-content/plugins/contact-form-7-style/admin/predefined-templates.json HTTP/1.1" 200 1323 "-" "WordPress/6.8.3; https://batconpakistan.org"
198.244.183.235 - - [14/Oct/2025:01:26:55 -0400] "GET /category-sitemap.xml HTTP/1.1" 200 393 "-" "Mozilla/5.0 (compatible; AhrefsBot/7.0; +http://ahrefs.com/robot/)"
162.0.235.240 - - [14/Oct/2025:01:26:57 -0400] "GET /wp-content/plugins/contact-form-7-style/admin/predefined-templates.json HTTP/1.1" 200 1323 "-" "WordPress/6.8.3; https://batconpakistan.org"
198.244.226.176 - - [14/Oct/2025:01:26:56 -0400] "GET /post_tag-sitemap.xml HTTP/1.1" 200 450 "-" "Mozilla/5.0 (compatible; AhrefsBot/7.0; +http://ahrefs.com/robot/)"
162.0.235.240 - - [14/Oct/2025:01:27:03 -0400] "GET /wp-content/plugins/contact-form-7-style/admin/predefined-templates.json HTTP/1.1" 200 1323 "-" "WordPress/6.8.3; https://batconpakistan.org"
162.0.235.240 - - [14/Oct/2025:01:27:03 -0400] "POST /wp-cron.php?doing_wp_cron=1760419623.5471820831298828125000 HTTP/1.1" 200 0 "-" "WordPress/6.8.3; https://batconpakistan.org"
198.244.240.140 - - [14/Oct/2025:01:27:02 -0400] "GET /gallery-category-sitemap.xml HTTP/1.1" 200 393 "-" "Mozilla/5.0 (compatible; AhrefsBot/7.0; +http://ahrefs.com/robot/)"
162.0.235.240 - - [14/Oct/2025:01:27:04 -0400] "GET /wp-content/plugins/contact-form-7-style/admin/predefined-templates.json HTTP/1.1" 200 1323 "-" "WordPress/6.8.3; https://batconpakistan.org"
162.0.235.240 - - [14/Oct/2025:01:27:12 -0400] "GET /wp-content/plugins/contact-form-7-style/admin/predefined-templates.json HTTP/1.1" 200 1323 "-" "WordPress/6.8.3; https://batconpakistan.org"
162.0.235.240 - - [14/Oct/2025:01:27:13 -0400] "POST /wp-cron.php?doing_wp_cron=1760419632.9878709316253662109375 HTTP/1.1" 200 0 "-" "WordPress/6.8.3; https://batconpakistan.org"
51.89.129.75 - - [14/Oct/2025:01:27:12 -0400] "GET /event-category-sitemap.xml HTTP/1.1" 200 378 "-" "Mozilla/5.0 (compatible; AhrefsBot/7.0; +http://ahrefs.com/robot/)"
162.0.235.240 - - [14/Oct/2025:01:27:13 -0400] "GET /wp-content/plugins/contact-form-7-style/admin/predefined-templates.json HTTP/1.1" 200 1323 "-" "WordPress/6.8.3; https://batconpakistan.org"
162.0.235.240 - - [14/Oct/2025:01:27:14 -0400] "GET /wp-content/plugins/contact-form-7-style/admin/predefined-templates.json HTTP/1.1" 200 1323 "-" "WordPress/6.8.3; https://batconpakistan.org"
198.244.242.216 - - [14/Oct/2025:01:27:14 -0400] "GET /event-tag-sitemap.xml HTTP/1.1" 200 372 "-" "Mozilla/5.0 (compatible; AhrefsBot/7.0; +http://ahrefs.com/robot/)"
162.0.235.240 - - [14/Oct/2025:01:27:16 -0400] "GET /wp-content/plugins/contact-form-7-style/admin/predefined-templates.json HTTP/1.1" 200 1323 "-" "WordPress/6.8.3; https://batconpakistan.org"
51.195.244.0 - - [14/Oct/2025:01:27:16 -0400] "GET /team-category-sitemap.xml HTTP/1.1" 200 499 "-" "Mozilla/5.0 (compatible; AhrefsBot/7.0; +http://ahrefs.com/robot/)"
162.0.235.240 - - [14/Oct/2025:01:27:18 -0400] "GET /wp-content/plugins/contact-form-7-style/admin/predefined-templates.json HTTP/1.1" 200 1323 "-" "WordPress/6.8.3; https://batconpakistan.org"
51.195.215.18 - - [14/Oct/2025:01:27:17 -0400] "GET /product_cat-sitemap.xml HTTP/1.1" 200 381 "-" "Mozilla/5.0 (compatible; AhrefsBot/7.0; +http://ahrefs.com/robot/)"
162.0.235.240 - - [14/Oct/2025:01:27:20 -0400] "GET /wp-content/plugins/contact-form-7-style/admin/predefined-templates.json HTTP/1.1" 200 1323 "-" "WordPress/6.8.3; https://batconpakistan.org"
51.195.244.233 - - [14/Oct/2025:01:27:19 -0400] "GET /campaign_category-sitemap.xml HTTP/1.1" 200 425 "-" "Mozilla/5.0 (compatible; AhrefsBot/7.0; +http://ahrefs.com/robot/)"
162.0.235.240 - - [14/Oct/2025:01:27:29 -0400] "GET /wp-content/plugins/contact-form-7-style/admin/predefined-templates.json HTTP/1.1" 200 1323 "-" "WordPress/6.8.3; https://batconpakistan.org"
51.89.129.219 - - [14/Oct/2025:01:27:29 -0400] "GET /campaign_tag-sitemap.xml HTTP/1.1" 200 413 "-" "Mozilla/5.0 (compatible; AhrefsBot/7.0; +http://ahrefs.com/robot/)"
162.0.235.240 - - [14/Oct/2025:01:27:34 -0400] "GET /wp-content/plugins/contact-form-7-style/admin/predefined-templates.json HTTP/1.1" 200 1323 "-" "WordPress/6.8.3; https://batconpakistan.org"
198.244.168.108 - - [14/Oct/2025:01:27:33 -0400] "GET /registrant-event-sitemap.xml HTTP/1.1" 200 364 "-" "Mozilla/5.0 (compatible; AhrefsBot/7.0; +http://ahrefs.com/robot/)"
162.0.235.240 - - [14/Oct/2025:01:27:40 -0400] "GET /wp-content/plugins/contact-form-7-style/admin/predefined-templates.json HTTP/1.1" 200 1323 "-" "WordPress/6.8.3; https://batconpakistan.org"
162.0.235.240 - - [14/Oct/2025:01:27:40 -0400] "POST /wp-cron.php?doing_wp_cron=1760419660.2325770854949951171875 HTTP/1.1" 200 0 "-" "WordPress/6.8.3; https://batconpakistan.org"
51.89.129.50 - - [14/Oct/2025:01:27:39 -0400] "GET /style_category-sitemap.xml HTTP/1.1" 200 384 "-" "Mozilla/5.0 (compatible; AhrefsBot/7.0; +http://ahrefs.com/robot/)"
162.0.235.240 - - [14/Oct/2025:01:27:40 -0400] "GET /wp-content/plugins/contact-form-7-style/admin/predefined-templates.json HTTP/1.1" 200 1323 "-" "WordPress/6.8.3; https://batconpakistan.org"
162.0.235.240 - - [14/Oct/2025:01:27:50 -0400] "GET /wp-content/plugins/contact-form-7-style/admin/predefined-templates.json HTTP/1.1" 200 1323 "-" "WordPress/6.8.3; https://batconpakistan.org"
162.0.235.240 - - [14/Oct/2025:01:27:50 -0400] "POST /wp-cron.php?doing_wp_cron=1760419670.7685649394989013671875 HTTP/1.1" 200 0 "-" "WordPress/6.8.3; https://batconpakistan.org"
51.89.129.217 - - [14/Oct/2025:01:27:50 -0400] "GET /author-sitemap.xml HTTP/1.1" 200 341 "-" "Mozilla/5.0 (compatible; AhrefsBot/7.0; +http://ahrefs.com/robot/)"
162.0.235.240 - - [14/Oct/2025:01:27:51 -0400] "GET /wp-content/plugins/contact-form-7-style/admin/predefined-templates.json HTTP/1.1" 200 1323 "-" "WordPress/6.8.3; https://batconpakistan.org"
162.0.235.240 - - [14/Oct/2025:01:28:18 -0400] "GET /wp-content/plugins/contact-form-7-style/admin/predefined-templates.json HTTP/1.1" 200 1323 "-" "WordPress/6.8.3; https://batconpakistan.org"
162.0.235.240 - - [14/Oct/2025:01:28:18 -0400] "POST /wp-cron.php?doing_wp_cron=1760419698.2627739906311035156250 HTTP/1.1" 200 0 "-" "WordPress/6.8.3; https://batconpakistan.org"
162.0.235.240 - - [14/Oct/2025:01:28:18 -0400] "GET /wp-content/plugins/contact-form-7-style/admin/predefined-templates.json HTTP/1.1" 200 1323 "-" "WordPress/6.8.3; https://batconpakistan.org"
40.77.167.43 - - [14/Oct/2025:01:28:17 -0400] "GET /Industrial-Electrical-KB-DSP-Digital-Signal-290938-Digital-Signal-Processors/ HTTP/1.1" 404 15669 "-" "Mozilla/5.0 AppleWebKit/537.36 (KHTML, like Gecko; compatible; bingbot/2.0; +http://www.bing.com/bingbot.htm) Chrome/116.0.1938.76 Safari/537.36"
162.0.235.240 - - [14/Oct/2025:01:31:02 -0400] "GET /wp-content/plugins/contact-form-7-style/admin/predefined-templates.json HTTP/1.1" 200 1323 "-" "WordPress/6.8.3; https://batconpakistan.org"
162.0.235.240 - - [14/Oct/2025:01:31:03 -0400] "POST /wp-cron.php?doing_wp_cron=1760419863.5332920551300048828125 HTTP/1.1" 200 0 "-" "WordPress/6.8.3; https://batconpakistan.org"
216.244.66.200 - - [14/Oct/2025:01:30:59 -0400] "GET /2021/02/07/a-new-research-project-will-explore-how-extreme-heat-events-impact-indian-flying-foxes-in-pakistan/feed/ HTTP/1.1" 200 711 "-" "Mozilla/5.0 (compatible; DotBot/1.2; +https://opensiteexplorer.org/dotbot; help@moz.com)"
162.0.235.240 - - [14/Oct/2025:01:31:04 -0400] "GET /wp-content/plugins/contact-form-7-style/admin/predefined-templates.json HTTP/1.1" 200 1323 "-" "WordPress/6.8.3; https://batconpakistan.org"
37.24.161.119 - - [14/Oct/2025:01:37:11 -0400] "GET /wp-login.php HTTP/1.1" 200 1885 "-" "Mozilla/5.0 (Windows NT 6.3; Win64; x64) AppleWebKit/537.36 (KHTML, like Gecko) Chrome/65.0.3325.162 Safari/537.36"
162.0.235.240 - - [14/Oct/2025:01:37:22 -0400] "GET /wp-content/plugins/contact-form-7-style/admin/predefined-templates.json HTTP/1.1" 200 1323 "-" "WordPress/6.8.3; https://batconpakistan.org"
162.0.235.240 - - [14/Oct/2025:01:37:23 -0400] "POST /wp-cron.php?doing_wp_cron=1760420243.1410109996795654296875 HTTP/1.1" 200 0 "-" "WordPress/6.8.3; https://batconpakistan.org"
37.24.161.119 - - [14/Oct/2025:01:37:18 -0400] "POST /wp-login.php HTTP/1.1" 200 2045 "https://batconpakistan.org/wp-login.php" "Mozilla/5.0 (Windows NT 6.3; Win64; x64) AppleWebKit/537.36 (KHTML, like Gecko) Chrome/65.0.3325.162 Safari/537.36"
162.0.235.240 - - [14/Oct/2025:01:37:23 -0400] "GET /wp-content/plugins/contact-form-7-style/admin/predefined-templates.json HTTP/1.1" 200 1323 "-" "WordPress/6.8.3; https://batconpakistan.org"
162.0.235.240 - - [14/Oct/2025:01:39:03 -0400] "GET /wp-content/plugins/contact-form-7-style/admin/predefined-templates.json HTTP/1.1" 200 1323 "-" "WordPress/6.8.3; https://batconpakistan.org"
162.0.235.240 - - [14/Oct/2025:01:39:04 -0400] "POST /wp-cron.php?doing_wp_cron=1760420344.0344579219818115234375 HTTP/1.1" 200 0 "-" "WordPress/6.8.3; https://batconpakistan.org"
20.40.40.110 - - [14/Oct/2025:01:39:00 -0400] "POST /wp-login.php HTTP/1.1" 200 2041 "-" "Mozilla/5.0"
162.0.235.240 - - [14/Oct/2025:01:39:04 -0400] "GET /wp-content/plugins/contact-form-7-style/admin/predefined-templates.json HTTP/1.1" 200 1323 "-" "WordPress/6.8.3; https://batconpakistan.org"
2a02:2168:b0d:9fbf::1 - - [14/Oct/2025:01:40:39 -0400] "GET /wp-content/plugins/duplicator/assets/css/style.css HTTP/1.1" 200 6761 "-" "Mozilla/5.0 (Macintosh; Intel Mac OS X 10_15_7) AppleWebKit/605.1.15 (KHTML, like Gecko)"
103.216.118.237 - - [14/Oct/2025:01:45:42 -0400] "GET /wp-login.php HTTP/1.1" 200 1885 "-" "Mozilla/5.0 (Windows NT 6.3; WOW64; Trident/7.0; Touch; MDDCJS; rv:11.0) like Gecko"
162.0.235.240 - - [14/Oct/2025:01:45:49 -0400] "GET /wp-content/plugins/contact-form-7-style/admin/predefined-templates.json HTTP/1.1" 200 1323 "-" "WordPress/6.8.3; https://batconpakistan.org"
162.0.235.240 - - [14/Oct/2025:01:45:49 -0400] "POST /wp-cron.php?doing_wp_cron=1760420749.6660768985748291015625 HTTP/1.1" 200 0 "-" "WordPress/6.8.3; https://batconpakistan.org"
103.216.118.237 - - [14/Oct/2025:01:45:45 -0400] "POST /wp-login.php HTTP/1.1" 200 2045 "https://batconpakistan.org/wp-login.php" "Mozilla/5.0 (Windows NT 6.3; WOW64; Trident/7.0; Touch; MDDCJS; rv:11.0) like Gecko"
162.0.235.240 - - [14/Oct/2025:01:45:50 -0400] "GET /wp-content/plugins/contact-form-7-style/admin/predefined-templates.json HTTP/1.1" 200 1323 "-" "WordPress/6.8.3; https://batconpakistan.org"
162.0.235.240 - - [14/Oct/2025:01:46:17 -0400] "GET /wp-content/plugins/contact-form-7-style/admin/predefined-templates.json HTTP/1.1" 200 1323 "-" "WordPress/6.8.3; https://batconpakistan.org"
162.0.235.240 - - [14/Oct/2025:01:46:17 -0400] "POST /wp-cron.php?doing_wp_cron=1760420777.5580270290374755859375 HTTP/1.1" 200 0 "-" "WordPress/6.8.3; https://batconpakistan.org"
40.77.167.5 - - [14/Oct/2025:01:46:16 -0400] "GET /sitemap_index.xml HTTP/1.1" 200 512 "-" "Mozilla/5.0 AppleWebKit/537.36 (KHTML, like Gecko; compatible; bingbot/2.0; +http://www.bing.com/bingbot.htm) Chrome/116.0.1938.76 Safari/537.36"
162.0.235.240 - - [14/Oct/2025:01:46:18 -0400] "GET /wp-content/plugins/contact-form-7-style/admin/predefined-templates.json HTTP/1.1" 200 1323 "-" "WordPress/6.8.3; https://batconpakistan.org"
66.240.236.13 - - [14/Oct/2025:01:49:30 -0400] "GET /wp-login.php HTTP/1.1" 200 1885 "-" "Mozilla/4.0 (compatible; MSIE 7.0; Windows NT 6.1; Win64; x64; Trident/7.0; .NET CLR 2.0.50727; SLCC2; .NET CLR 3.5.30729; .NET CLR 3.0.30729; .NET4.0C; .NET4.0E)"
162.0.235.240 - - [14/Oct/2025:01:49:38 -0400] "GET /wp-content/plugins/contact-form-7-style/admin/predefined-templates.json HTTP/1.1" 200 1323 "-" "WordPress/6.8.3; https://batconpakistan.org"
162.0.235.240 - - [14/Oct/2025:01:49:38 -0400] "POST /wp-cron.php?doing_wp_cron=1760420978.8864369392395019531250 HTTP/1.1" 200 0 "-" "WordPress/6.8.3; https://batconpakistan.org"
66.240.236.13 - - [14/Oct/2025:01:49:34 -0400] "POST /wp-login.php HTTP/1.1" 200 2045 "https://batconpakistan.org/wp-login.php" "Mozilla/4.0 (compatible; MSIE 7.0; Windows NT 6.1; Win64; x64; Trident/7.0; .NET CLR 2.0.50727; SLCC2; .NET CLR 3.5.30729; .NET CLR 3.0.30729; .NET4.0C; .NET4.0E)"
162.0.235.240 - - [14/Oct/2025:01:49:39 -0400] "GET /wp-content/plugins/contact-form-7-style/admin/predefined-templates.json HTTP/1.1" 200 1323 "-" "WordPress/6.8.3; https://batconpakistan.org"
162.0.235.240 - - [14/Oct/2025:01:51:10 -0400] "GET /wp-content/plugins/contact-form-7-style/admin/predefined-templates.json HTTP/1.1" 200 1323 "-" "WordPress/6.8.3; https://batconpakistan.org"
162.0.235.240 - - [14/Oct/2025:01:51:10 -0400] "POST /wp-cron.php?doing_wp_cron=1760421070.7680048942565917968750 HTTP/1.1" 200 0 "-" "WordPress/6.8.3; https://batconpakistan.org"
20.40.40.110 - - [14/Oct/2025:01:51:06 -0400] "POST /wp-login.php HTTP/1.1" 200 2041 "-" "Mozilla/5.0"
162.0.235.240 - - [14/Oct/2025:01:51:11 -0400] "GET /wp-content/plugins/contact-form-7-style/admin/predefined-templates.json HTTP/1.1" 200 1323 "-" "WordPress/6.8.3; https://batconpakistan.org"
171.244.32.203 - - [14/Oct/2025:01:58:26 -0400] "GET /wp-login.php HTTP/1.1" 200 1885 "-" "Mozilla/5.0 (Macintosh; Intel Mac OS X 10_11_6) AppleWebKit/537.36 (KHTML, like Gecko) Chrome/66.0.3359.117 Safari/537.36"
162.0.235.240 - - [14/Oct/2025:01:58:33 -0400] "GET /wp-content/plugins/contact-form-7-style/admin/predefined-templates.json HTTP/1.1" 200 1323 "-" "WordPress/6.8.3; https://batconpakistan.org"
162.0.235.240 - - [14/Oct/2025:01:58:34 -0400] "POST /wp-cron.php?doing_wp_cron=1760421514.6241528987884521484375 HTTP/1.1" 200 0 "-" "WordPress/6.8.3; https://batconpakistan.org"
171.244.32.203 - - [14/Oct/2025:01:58:30 -0400] "POST /wp-login.php HTTP/1.1" 200 2045 "https://batconpakistan.org/wp-login.php" "Mozilla/5.0 (Macintosh; Intel Mac OS X 10_11_6) AppleWebKit/537.36 (KHTML, like Gecko) Chrome/66.0.3359.117 Safari/537.36"
162.0.235.240 - - [14/Oct/2025:01:58:35 -0400] "GET /wp-content/plugins/contact-form-7-style/admin/predefined-templates.json HTTP/1.1" 200 1323 "-" "WordPress/6.8.3; https://batconpakistan.org"
162.0.235.240 - - [14/Oct/2025:02:03:23 -0400] "GET /wp-content/plugins/contact-form-7-style/admin/predefined-templates.json HTTP/1.1" 200 1323 "-" "WordPress/6.8.3; https://batconpakistan.org"
162.0.235.240 - - [14/Oct/2025:02:03:23 -0400] "POST /wp-cron.php?doing_wp_cron=1760421803.5618081092834472656250 HTTP/1.1" 200 0 "-" "WordPress/6.8.3; https://batconpakistan.org"
20.40.40.110 - - [14/Oct/2025:02:03:19 -0400] "POST /wp-login.php HTTP/1.1" 200 2041 "-" "Mozilla/5.0"
162.0.235.240 - - [14/Oct/2025:02:03:24 -0400] "GET /wp-content/plugins/contact-form-7-style/admin/predefined-templates.json HTTP/1.1" 200 1323 "-" "WordPress/6.8.3; https://batconpakistan.org"
66.249.66.8 - - [14/Oct/2025:02:04:08 -0400] "GET / HTTP/1.1" 200 23128 "-" "Mozilla/5.0 (Linux; Android 6.0.1; Nexus 5X Build/MMB29P) AppleWebKit/537.36 (KHTML, like Gecko) Chrome/140.0.7339.207 Mobile Safari/537.36 (compatible; Googlebot/2.1; +http://www.google.com/bot.html)"
115.186.175.15 - - [14/Oct/2025:02:04:10 -0400] "GET /2021/07/27/over-400-indian-flying-foxes-pteropus-medius-were-mercilessly-killed-in-nawab-shah-sindh-pakistan-these-bats-were-believed-to-be-a-serious-pest-for-fruits-trees-of-mango-and-banana-in-these-areas/ HTTP/1.1" 200 20666 "https://www.google.com/" "Mozilla/5.0 (Linux; Android 10; K) AppleWebKit/537.36 (KHTML, like Gecko) Chrome/141.0.0.0 Mobile Safari/537.36"
115.186.175.15 - - [14/Oct/2025:02:04:12 -0400] "GET /wp-content/uploads/dynamic-mobmenu.css?ver=2.8.8-415 HTTP/1.1" 200 1744 "https://batconpakistan.org/2021/07/27/over-400-indian-flying-foxes-pteropus-medius-were-mercilessly-killed-in-nawab-shah-sindh-pakistan-these-bats-were-believed-to-be-a-serious-pest-for-fruits-trees-of-mango-and-banana-in-these-areas/" "Mozilla/5.0 (Linux; Android 10; K) AppleWebKit/537.36 (KHTML, like Gecko) Chrome/141.0.0.0 Mobile Safari/537.36"
66.249.66.41 - - [14/Oct/2025:02:04:12 -0400] "GET /wp-includes/css/dist/block-library/style.min.css?ver=6.8.3 HTTP/1.1" 200 14360 "https://batconpakistan.org/" "Mozilla/5.0 (Linux; Android 6.0.1; Nexus 5X Build/MMB29P) AppleWebKit/537.36 (KHTML, like Gecko) Chrome/140.0.7339.207 Mobile Safari/537.36 (compatible; Googlebot/2.1; +http://www.google.com/bot.html)"
66.249.66.71 - - [14/Oct/2025:02:04:13 -0400] "GET /wp-content/uploads/dynamic-mobmenu.css?ver=2.8.8-550 HTTP/1.1" 200 1744 "https://batconpakistan.org/" "Mozilla/5.0 (Linux; Android 6.0.1; Nexus 5X Build/MMB29P) AppleWebKit/537.36 (KHTML, like Gecko) Chrome/140.0.7339.207 Mobile Safari/537.36 (compatible; Googlebot/2.1; +http://www.google.com/bot.html)"
66.249.66.70 - - [14/Oct/2025:02:04:13 -0400] "GET /wp-content/cache/autoptimize/css/autoptimize_single_0a5cfa15a1c3bce6319a071a84e71e83.css?ver=10.2.2 HTTP/1.1" 200 10379 "https://batconpakistan.org/" "Mozilla/5.0 (Linux; Android 6.0.1; Nexus 5X Build/MMB29P) AppleWebKit/537.36 (KHTML, like Gecko) Chrome/140.0.7339.207 Mobile Safari/537.36 (compatible; Googlebot/2.1; +http://www.google.com/bot.html)"
66.249.66.70 - - [14/Oct/2025:02:04:14 -0400] "GET /wp-content/cache/autoptimize/css/autoptimize_single_fa405951d3709790743a1d47db0a0bd8.css?ver=2.3.1.8 HTTP/1.1" 200 4272 "https://batconpakistan.org/" "Mozilla/5.0 (Linux; Android 6.0.1; Nexus 5X Build/MMB29P) AppleWebKit/537.36 (KHTML, like Gecko) Chrome/140.0.7339.207 Mobile Safari/537.36 (compatible; Googlebot/2.1; +http://www.google.com/bot.html)"
115.186.175.15 - - [14/Oct/2025:02:04:14 -0400] "GET /wp-content/plugins/woocommerce/assets/js/frontend/order-attribution.min.js?ver=10.2.2 HTTP/1.1" 304 0 "https://batconpakistan.org/2021/07/27/over-400-indian-flying-foxes-pteropus-medius-were-mercilessly-killed-in-nawab-shah-sindh-pakistan-these-bats-were-believed-to-be-a-serious-pest-for-fruits-trees-of-mango-and-banana-in-these-areas/" "Mozilla/5.0 (Linux; Android 10; K) AppleWebKit/537.36 (KHTML, like Gecko) Chrome/141.0.0.0 Mobile Safari/537.36"
115.186.175.15 - - [14/Oct/2025:02:04:14 -0400] "GET /wp-content/plugins/woocommerce/assets/js/sourcebuster/sourcebuster.min.js?ver=10.2.2 HTTP/1.1" 304 0 "https://batconpakistan.org/2021/07/27/over-400-indian-flying-foxes-pteropus-medius-were-mercilessly-killed-in-nawab-shah-sindh-pakistan-these-bats-were-believed-to-be-a-serious-pest-for-fruits-trees-of-mango-and-banana-in-these-areas/" "Mozilla/5.0 (Linux; Android 10; K) AppleWebKit/537.36 (KHTML, like Gecko) Chrome/141.0.0.0 Mobile Safari/537.36"
115.186.175.15 - - [14/Oct/2025:02:04:14 -0400] "GET /wp-includes/js/comment-reply.min.js?ver=6.8.3 HTTP/1.1" 200 1247 "https://batconpakistan.org/2021/07/27/over-400-indian-flying-foxes-pteropus-medius-were-mercilessly-killed-in-nawab-shah-sindh-pakistan-these-bats-were-believed-to-be-a-serious-pest-for-fruits-trees-of-mango-and-banana-in-these-areas/" "Mozilla/5.0 (Linux; Android 10; K) AppleWebKit/537.36 (KHTML, like Gecko) Chrome/141.0.0.0 Mobile Safari/537.36"
115.186.175.15 - - [14/Oct/2025:02:04:14 -0400] "GET /wp-content/themes/born-to-give/vendor/owl-carousel/js/owl.carousel.min.js?ver=2.3.1.8 HTTP/1.1" 304 0 "https://batconpakistan.org/2021/07/27/over-400-indian-flying-foxes-pteropus-medius-were-mercilessly-killed-in-nawab-shah-sindh-pakistan-these-bats-were-believed-to-be-a-serious-pest-for-fruits-trees-of-mango-and-banana-in-these-areas/" "Mozilla/5.0 (Linux; Android 10; K) AppleWebKit/537.36 (KHTML, like Gecko) Chrome/141.0.0.0 Mobile Safari/537.36"
115.186.175.15 - - [14/Oct/2025:02:04:14 -0400] "GET /wp-content/themes/born-to-give/vendor/fullcalendar/fullcalendar.min.js?ver=2.3.1.8 HTTP/1.1" 304 0 "https://batconpakistan.org/2021/07/27/over-400-indian-flying-foxes-pteropus-medius-were-mercilessly-killed-in-nawab-shah-sindh-pakistan-these-bats-were-believed-to-be-a-serious-pest-for-fruits-trees-of-mango-and-banana-in-these-areas/" "Mozilla/5.0 (Linux; Android 10; K) AppleWebKit/537.36 (KHTML, like Gecko) Chrome/141.0.0.0 Mobile Safari/537.36"
115.186.175.15 - - [14/Oct/2025:02:04:14 -0400] "GET /wp-includes/js/dist/hooks.min.js?ver=4d63a3d491d11ffd8ac6 HTTP/1.1" 200 1571 "https://batconpakistan.org/2021/07/27/over-400-indian-flying-foxes-pteropus-medius-were-mercilessly-killed-in-nawab-shah-sindh-pakistan-these-bats-were-believed-to-be-a-serious-pest-for-fruits-trees-of-mango-and-banana-in-these-areas/" "Mozilla/5.0 (Linux; Android 10; K) AppleWebKit/537.36 (KHTML, like Gecko) Chrome/141.0.0.0 Mobile Safari/537.36"
115.186.175.15 - - [14/Oct/2025:02:04:14 -0400] "GET /wp-content/plugins/charitable/assets/js/charitable-frontend.min.js?ver=1.8.8.3 HTTP/1.1" 304 0 "https://batconpakistan.org/2021/07/27/over-400-indian-flying-foxes-pteropus-medius-were-mercilessly-killed-in-nawab-shah-sindh-pakistan-these-bats-were-believed-to-be-a-serious-pest-for-fruits-trees-of-mango-and-banana-in-these-areas/" "Mozilla/5.0 (Linux; Android 10; K) AppleWebKit/537.36 (KHTML, like Gecko) Chrome/141.0.0.0 Mobile Safari/537.36"
115.186.175.15 - - [14/Oct/2025:02:04:14 -0400] "GET /wp-content/plugins/contact-form-7-style/js/frontend-min.js?ver=3.1.9 HTTP/1.1" 304 0 "https://batconpakistan.org/2021/07/27/over-400-indian-flying-foxes-pteropus-medius-were-mercilessly-killed-in-nawab-shah-sindh-pakistan-these-bats-were-believed-to-be-a-serious-pest-for-fruits-trees-of-mango-and-banana-in-these-areas/" "Mozilla/5.0 (Linux; Android 10; K) AppleWebKit/537.36 (KHTML, like Gecko) Chrome/141.0.0.0 Mobile Safari/537.36"
115.186.175.15 - - [14/Oct/2025:02:04:14 -0400] "GET /wp-includes/js/dist/i18n.min.js?ver=5e580eb46a90c2b997e6 HTTP/1.1" 304 0 "https://batconpakistan.org/2021/07/27/over-400-indian-flying-foxes-pteropus-medius-were-mercilessly-killed-in-nawab-shah-sindh-pakistan-these-bats-were-believed-to-be-a-serious-pest-for-fruits-trees-of-mango-and-banana-in-these-areas/" "Mozilla/5.0 (Linux; Android 10; K) AppleWebKit/537.36 (KHTML, like Gecko) Chrome/141.0.0.0 Mobile Safari/537.36"
115.186.175.15 - - [14/Oct/2025:02:04:14 -0400] "GET /wp-content/themes/born-to-give/vendor/magnific/jquery.magnific-popup.min.js?ver=2.3.1.8 HTTP/1.1" 304 0 "https://batconpakistan.org/2021/07/27/over-400-indian-flying-foxes-pteropus-medius-were-mercilessly-killed-in-nawab-shah-sindh-pakistan-these-bats-were-believed-to-be-a-serious-pest-for-fruits-trees-of-mango-and-banana-in-these-areas/" "Mozilla/5.0 (Linux; Android 10; K) AppleWebKit/537.36 (KHTML, like Gecko) Chrome/141.0.0.0 Mobile Safari/537.36"
66.249.66.167 - - [14/Oct/2025:02:04:14 -0400] "GET /wp-content/cache/autoptimize/css/autoptimize_single_59d266c0ea580aae1113acb3761f7ad5.css?ver=10.2.2 HTTP/1.1" 200 1163 "https://batconpakistan.org/" "Mozilla/5.0 (Linux; Android 6.0.1; Nexus 5X Build/MMB29P) AppleWebKit/537.36 (KHTML, like Gecko) Chrome/140.0.7339.207 Mobile Safari/537.36 (compatible; Googlebot/2.1; +http://www.google.com/bot.html)"
66.249.66.71 - - [14/Oct/2025:02:04:15 -0400] "GET /wp-content/plugins/woocommerce/assets/js/jquery-blockui/jquery.blockUI.min.js?ver=2.7.0-wc.10.2.2 HTTP/1.1" 304 0 "https://batconpakistan.org/" "Mozilla/5.0 (Linux; Android 6.0.1; Nexus 5X Build/MMB29P) AppleWebKit/537.36 (KHTML, like Gecko) Chrome/140.0.7339.207 Mobile Safari/537.36 (compatible; Googlebot/2.1; +http://www.google.com/bot.html)"
115.186.175.15 - - [14/Oct/2025:02:04:15 -0400] "GET /wp-content/plugins/woocommerce/assets/js/jquery-blockui/jquery.blockUI.min.js?ver=2.7.0-wc.10.2.2 HTTP/1.1" 304 0 "https://batconpakistan.org/2021/07/27/over-400-indian-flying-foxes-pteropus-medius-were-mercilessly-killed-in-nawab-shah-sindh-pakistan-these-bats-were-believed-to-be-a-serious-pest-for-fruits-trees-of-mango-and-banana-in-these-areas/" "Mozilla/5.0 (Linux; Android 10; K) AppleWebKit/537.36 (KHTML, like Gecko) Chrome/141.0.0.0 Mobile Safari/537.36"
115.186.175.15 - - [14/Oct/2025:02:04:15 -0400] "GET /wp-content/themes/born-to-give/vendor/fullcalendar/lib/moment.min.js?ver=2.3.1.8 HTTP/1.1" 304 0 "https://batconpakistan.org/2021/07/27/over-400-indian-flying-foxes-pteropus-medius-were-mercilessly-killed-in-nawab-shah-sindh-pakistan-these-bats-were-believed-to-be-a-serious-pest-for-fruits-trees-of-mango-and-banana-in-these-areas/" "Mozilla/5.0 (Linux; Android 10; K) AppleWebKit/537.36 (KHTML, like Gecko) Chrome/141.0.0.0 Mobile Safari/537.36"
115.186.175.15 - - [14/Oct/2025:02:04:15 -0400] "GET /wp-content/plugins/charitable/assets/js/charitable-session.min.js?ver=1.8.8.3 HTTP/1.1" 304 0 "https://batconpakistan.org/2021/07/27/over-400-indian-flying-foxes-pteropus-medius-were-mercilessly-killed-in-nawab-shah-sindh-pakistan-these-bats-were-believed-to-be-a-serious-pest-for-fruits-trees-of-mango-and-banana-in-these-areas/" "Mozilla/5.0 (Linux; Android 10; K) AppleWebKit/537.36 (KHTML, like Gecko) Chrome/141.0.0.0 Mobile Safari/537.36"
115.186.175.15 - - [14/Oct/2025:02:04:15 -0400] "GET /wp-content/plugins/woocommerce/assets/js/frontend/woocommerce.min.js?ver=10.2.2 HTTP/1.1" 304 0 "https://batconpakistan.org/2021/07/27/over-400-indian-flying-foxes-pteropus-medius-were-mercilessly-killed-in-nawab-shah-sindh-pakistan-these-bats-were-believed-to-be-a-serious-pest-for-fruits-trees-of-mango-and-banana-in-these-areas/" "Mozilla/5.0 (Linux; Android 10; K) AppleWebKit/537.36 (KHTML, like Gecko) Chrome/141.0.0.0 Mobile Safari/537.36"
115.186.175.15 - - [14/Oct/2025:02:04:15 -0400] "GET /wp-content/plugins/autoptimize/classes/external/js/lazysizes.min.js?ao_version=3.1.13 HTTP/1.1" 304 0 "https://batconpakistan.org/2021/07/27/over-400-indian-flying-foxes-pteropus-medius-were-mercilessly-killed-in-nawab-shah-sindh-pakistan-these-bats-were-believed-to-be-a-serious-pest-for-fruits-trees-of-mango-and-banana-in-these-areas/" "Mozilla/5.0 (Linux; Android 10; K) AppleWebKit/537.36 (KHTML, like Gecko) Chrome/141.0.0.0 Mobile Safari/537.36"
115.186.175.15 - - [14/Oct/2025:02:04:15 -0400] "GET /wp-content/plugins/woocommerce/assets/js/frontend/add-to-cart.min.js?ver=10.2.2 HTTP/1.1" 304 0 "https://batconpakistan.org/2021/07/27/over-400-indian-flying-foxes-pteropus-medius-were-mercilessly-killed-in-nawab-shah-sindh-pakistan-these-bats-were-believed-to-be-a-serious-pest-for-fruits-trees-of-mango-and-banana-in-these-areas/" "Mozilla/5.0 (Linux; Android 10; K) AppleWebKit/537.36 (KHTML, like Gecko) Chrome/141.0.0.0 Mobile Safari/537.36"
115.186.175.15 - - [14/Oct/2025:02:04:15 -0400] "GET /wp-content/plugins/revslider/public/assets/js/jquery.themepunch.revolution.min.js?ver=5.3.1.5 HTTP/1.1" 304 0 "https://batconpakistan.org/2021/07/27/over-400-indian-flying-foxes-pteropus-medius-were-mercilessly-killed-in-nawab-shah-sindh-pakistan-these-bats-were-believed-to-be-a-serious-pest-for-fruits-trees-of-mango-and-banana-in-these-areas/" "Mozilla/5.0 (Linux; Android 10; K) AppleWebKit/537.36 (KHTML, like Gecko) Chrome/141.0.0.0 Mobile Safari/537.36"
