171.108.182.244 - - [14/Oct/2025:14:15:40 -0400] "GET /fwc HTTP/1.1" 404 15665 "-" "Mozilla/5.0 (Windows NT 10.0; Win64; x64) Chrome/120.0.0.0"
202.102.220.5 - - [14/Oct/2025:14:15:41 -0400] "GET /fzh HTTP/1.1" 301 0 "-" "Mozilla/5.0 (Windows NT 10.0; Win64; x64) Chrome/120.0.0.0"
171.108.182.244 - - [14/Oct/2025:14:15:41 -0400] "GET /fzh HTTP/1.1" 404 15667 "-" "Mozilla/5.0 (Windows NT 10.0; Win64; x64) Chrome/120.0.0.0"
202.102.220.5 - - [14/Oct/2025:14:15:42 -0400] "GET /res/favicon.ico HTTP/1.1" 301 0 "-" "Mozilla/5.0 (Windows NT 10.0; Win64; x64) Chrome/120.0.0.0"
171.108.182.244 - - [14/Oct/2025:14:15:43 -0400] "GET /res/favicon.ico HTTP/1.1" 404 15667 "-" "Mozilla/5.0 (Windows NT 10.0; Win64; x64) Chrome/120.0.0.0"
60.13.138.120 - - [14/Oct/2025:14:15:43 -0400] "GET /fb HTTP/1.1" 301 0 "-" "Mozilla/5.0 (Windows NT 10.0; Win64; x64) Chrome/120.0.0.0"
218.104.149.181 - - [14/Oct/2025:14:15:44 -0400] "GET /fb HTTP/1.1" 404 15665 "-" "Mozilla/5.0 (Windows NT 10.0; Win64; x64) Chrome/120.0.0.0"
60.13.138.120 - - [14/Oct/2025:14:15:45 -0400] "GET /assets/favicon-aOK6_042.ico HTTP/1.1" 301 0 "-" "Mozilla/5.0 (Windows NT 10.0; Win64; x64) Chrome/120.0.0.0"
218.104.149.181 - - [14/Oct/2025:14:15:45 -0400] "GET /assets/favicon-aOK6_042.ico HTTP/1.1" 404 15665 "-" "Mozilla/5.0 (Windows NT 10.0; Win64; x64) Chrome/120.0.0.0"
202.102.220.5 - - [14/Oct/2025:14:15:45 -0400] "GET /images/01.jpg HTTP/1.1" 301 0 "-" "Mozilla/5.0 (Windows NT 10.0; Win64; x64) Chrome/120.0.0.0"
218.104.149.181 - - [14/Oct/2025:14:15:46 -0400] "GET /images/01.jpg HTTP/1.1" 404 15667 "-" "Mozilla/5.0 (Windows NT 10.0; Win64; x64) Chrome/120.0.0.0"
202.102.220.5 - - [14/Oct/2025:14:15:46 -0400] "GET /wp-content/uploads/2020/10/official-logo-512x512.png HTTP/1.1" 301 0 "-" "Mozilla/5.0 (Windows NT 10.0; Win64; x64) Chrome/120.0.0.0"
60.13.138.120 - - [14/Oct/2025:14:15:46 -0400] "GET /wp-content/uploads/2023/02/1677572030-814390417fe413b.png HTTP/1.1" 301 0 "-" "Mozilla/5.0 (Windows NT 10.0; Win64; x64) Chrome/120.0.0.0"
218.104.149.181 - - [14/Oct/2025:14:15:46 -0400] "GET /wp-content/uploads/2020/10/official-logo-512x512.png HTTP/1.1" 404 15664 "-" "Mozilla/5.0 (Windows NT 10.0; Win64; x64) Chrome/120.0.0.0"
60.13.138.120 - - [14/Oct/2025:14:15:47 -0400] "GET /favicon.ico HTTP/1.1" 404 1251 "-" "Mozilla/5.0 (Windows NT 10.0; Win64; x64) Chrome/120.0.0.0"
171.108.182.244 - - [14/Oct/2025:14:15:47 -0400] "GET /wp-content/uploads/2023/02/1677572030-814390417fe413b.png HTTP/1.1" 404 15666 "-" "Mozilla/5.0 (Windows NT 10.0; Win64; x64) Chrome/120.0.0.0"
60.13.138.120 - - [14/Oct/2025:14:15:47 -0400] "GET /icons/favicon.ico HTTP/1.1" 301 0 "-" "Mozilla/5.0 (Windows NT 10.0; Win64; x64) Chrome/120.0.0.0"
60.13.138.120 - - [14/Oct/2025:14:15:48 -0400] "GET /wp-content/uploads/2023/08/logo-gold.png HTTP/1.1" 301 0 "-" "Mozilla/5.0 (Windows NT 10.0; Win64; x64) Chrome/120.0.0.0"
171.108.182.244 - - [14/Oct/2025:14:15:48 -0400] "GET /icons/favicon.ico HTTP/1.1" 404 15667 "-" "Mozilla/5.0 (Windows NT 10.0; Win64; x64) Chrome/120.0.0.0"
218.104.149.181 - - [14/Oct/2025:14:15:48 -0400] "GET /wp-content/uploads/2023/08/logo-gold.png HTTP/1.1" 404 15665 "-" "Mozilla/5.0 (Windows NT 10.0; Win64; x64) Chrome/120.0.0.0"
60.13.138.120 - - [14/Oct/2025:14:15:49 -0400] "GET /favicon-32x32.png?v=e0e3ed8f59d769b053c145391db63c0d HTTP/1.1" 301 0 "-" "Mozilla/5.0 (Windows NT 10.0; Win64; x64) Chrome/120.0.0.0"
162.0.235.240 - - [14/Oct/2025:14:18:23 -0400] "GET /wp-content/plugins/contact-form-7-style/admin/predefined-templates.json HTTP/1.1" 200 1323 "-" "WordPress/6.8.3; https://batconpakistan.org"
34.148.143.151 - - [14/Oct/2025:14:19:50 -0400] "GET /author/admin/ HTTP/1.1" 200 40217 "-" "ZoominfoBot (zoominfobot at zoominfo dot com)"
171.108.182.244 - - [14/Oct/2025:14:15:50 -0400] "GET /favicon-32x32.png?v=e0e3ed8f59d769b053c145391db63c0d HTTP/1.1" 404 15665 "-" "Mozilla/5.0 (Windows NT 10.0; Win64; x64) Chrome/120.0.0.0"
162.0.235.240 - - [14/Oct/2025:14:15:51 -0400] "GET /wp-content/plugins/contact-form-7-style/admin/predefined-templates.json HTTP/1.1" 200 1323 "-" "WordPress/6.8.3; https://batconpakistan.org"
162.0.235.240 - - [14/Oct/2025:14:15:51 -0400] "POST /wp-cron.php?doing_wp_cron=1760465751.8402390480041503906250 HTTP/1.1" 200 0 "-" "WordPress/6.8.3; https://batconpakistan.org"
60.13.138.120 - - [14/Oct/2025:14:15:51 -0400] "GET / HTTP/1.1" 301 0 "-" "Mozilla/5.0 (Windows NT 10.0; Win64; x64) Chrome/120.0.0.0"
162.0.235.240 - - [14/Oct/2025:14:15:52 -0400] "GET /wp-content/plugins/contact-form-7-style/admin/predefined-templates.json HTTP/1.1" 200 1323 "-" "WordPress/6.8.3; https://batconpakistan.org"
171.108.182.244 - - [14/Oct/2025:14:15:52 -0400] "GET / HTTP/1.1" 200 23130 "-" "Mozilla/5.0 (Windows NT 10.0; Win64; x64) Chrome/120.0.0.0"
216.73.216.20 - - [14/Oct/2025:14:16:40 -0400] "GET /robots.txt HTTP/1.1" 304 0 "-" "Mozilla/5.0 AppleWebKit/537.36 (KHTML, like Gecko; compatible; ClaudeBot/1.0; +claudebot@anthropic.com)"
162.0.235.240 - - [14/Oct/2025:14:16:41 -0400] "GET /wp-content/plugins/contact-form-7-style/admin/predefined-templates.json HTTP/1.1" 200 1323 "-" "WordPress/6.8.3; https://batconpakistan.org"
162.0.235.240 - - [14/Oct/2025:14:16:41 -0400] "POST /wp-cron.php?doing_wp_cron=1760465801.4725239276885986328125 HTTP/1.1" 200 0 "-" "WordPress/6.8.3; https://batconpakistan.org"
216.73.216.20 - - [14/Oct/2025:14:16:40 -0400] "GET /sitemap_index.xml HTTP/1.1" 200 512 "-" "Mozilla/5.0 AppleWebKit/537.36 (KHTML, like Gecko; compatible; ClaudeBot/1.0; +claudebot@anthropic.com)"
162.0.235.240 - - [14/Oct/2025:14:16:41 -0400] "GET /wp-content/plugins/contact-form-7-style/admin/predefined-templates.json HTTP/1.1" 200 1323 "-" "WordPress/6.8.3; https://batconpakistan.org"
152.53.122.193 - - [14/Oct/2025:14:18:12 -0400] "GET / HTTP/1.1" 200 23130 "-" "Mozilla/5.0 (Windows NT 10.0; Win64; x64; rv:114.0) Gecko/20100101 Firefox/114.0"
162.0.235.240 - - [14/Oct/2025:14:18:16 -0400] "GET /wp-content/plugins/contact-form-7-style/admin/predefined-templates.json HTTP/1.1" 200 1323 "-" "WordPress/6.8.3; https://batconpakistan.org"
162.0.235.240 - - [14/Oct/2025:14:18:17 -0400] "POST /wp-cron.php?doing_wp_cron=1760465897.4817941188812255859375 HTTP/1.1" 200 0 "-" "WordPress/6.8.3; https://batconpakistan.org"
95.182.127.6 - - [14/Oct/2025:14:18:13 -0400] "GET /wp-login.php?action=register HTTP/1.1" 302 0 "https://batconpakistan.org/" "Mozilla/5.0 (Windows NT 6.3; Win64; x64) AppleWebKit/537.36 (KHTML, like Gecko) Chrome/103.0.0.0 Safari/537.36"
162.0.235.240 - - [14/Oct/2025:14:18:18 -0400] "GET /wp-content/plugins/contact-form-7-style/admin/predefined-templates.json HTTP/1.1" 200 1323 "-" "WordPress/6.8.3; https://batconpakistan.org"
162.0.235.240 - - [14/Oct/2025:14:18:18 -0400] "GET /wp-content/plugins/contact-form-7-style/admin/predefined-templates.json HTTP/1.1" 200 1323 "-" "WordPress/6.8.3; https://batconpakistan.org"
95.182.127.6 - - [14/Oct/2025:14:18:18 -0400] "GET /wp-login.php?registration=disabled HTTP/1.1" 200 1959 "https://batconpakistan.org/wp-login.php?action=register" "Mozilla/5.0 (Windows NT 6.3; Win64; x64) AppleWebKit/537.36 (KHTML, like Gecko) Chrome/103.0.0.0 Safari/537.36"
3.222.221.187 - - [14/Oct/2025:14:18:20 -0400] "GET /wp-login.php HTTP/1.1" 200 1886 "-" "Mozilla/5.0 (Windows NT 6.1; WOW64; Trident/7.0; SLCC2; .NET CLR 2.0.50727; .NET CLR 3.5.30729; .NET CLR 3.0.30729; Media Center PC 6.0; .NET4.0C; .NET4.0E; rv:11.0) like Gecko"
3.222.221.187 - - [14/Oct/2025:14:18:22 -0400] "POST /wp-login.php HTTP/1.1" 200 2045 "https://batconpakistan.org/wp-login.php" "Mozilla/5.0 (Windows NT 6.1; WOW64; Trident/7.0; SLCC2; .NET CLR 2.0.50727; .NET CLR 3.5.30729; .NET CLR 3.0.30729; Media Center PC 6.0; .NET4.0C; .NET4.0E; rv:11.0) like Gecko"
110.249.202.36 - - [14/Oct/2025:14:21:51 -0400] "GET /robots.txt HTTP/1.1" 200 183 "-" "Mozilla/5.0 (Linux; Android 5.0) AppleWebKit/537.36 (KHTML, like Gecko) Mobile Safari/537.36 (compatible; Bytespider; https://zhanzhang.toutiao.com/)"
213.180.203.217 - - [14/Oct/2025:14:23:53 -0400] "GET /robots.txt HTTP/1.1" 304 0 "-" "Mozilla/5.0 (compatible; YandexBot/3.0; +http://yandex.com/bots)"
162.0.235.240 - - [14/Oct/2025:14:23:57 -0400] "GET /wp-content/plugins/contact-form-7-style/admin/predefined-templates.json HTTP/1.1" 200 1323 "-" "WordPress/6.8.3; https://batconpakistan.org"
162.0.235.240 - - [14/Oct/2025:14:23:58 -0400] "POST /wp-cron.php?doing_wp_cron=1760466238.2596440315246582031250 HTTP/1.1" 200 0 "-" "WordPress/6.8.3; https://batconpakistan.org"
213.180.203.80 - - [14/Oct/2025:14:23:54 -0400] "GET /team/dr-hamid-irshad/href HTTP/1.1" 404 15666 "-" "Mozilla/5.0 (compatible; YandexFavicons/1.0; +http://yandex.com/bots)"
162.0.235.240 - - [14/Oct/2025:14:23:58 -0400] "GET /wp-content/plugins/contact-form-7-style/admin/predefined-templates.json HTTP/1.1" 200 1323 "-" "WordPress/6.8.3; https://batconpakistan.org"
162.0.235.240 - - [14/Oct/2025:14:24:15 -0400] "GET /wp-content/plugins/contact-form-7-style/admin/predefined-templates.json HTTP/1.1" 200 1323 "-" "WordPress/6.8.3; https://batconpakistan.org"
162.0.235.240 - - [14/Oct/2025:14:24:15 -0400] "POST /wp-cron.php?doing_wp_cron=1760466255.7711629867553710937500 HTTP/1.1" 200 0 "-" "WordPress/6.8.3; https://batconpakistan.org"
40.81.227.89 - - [14/Oct/2025:14:24:15 -0400] "POST /wp-login.php HTTP/1.1" 200 2041 "-" "Mozilla/5.0"
162.0.235.240 - - [14/Oct/2025:14:24:16 -0400] "GET /wp-content/plugins/contact-form-7-style/admin/predefined-templates.json HTTP/1.1" 200 1323 "-" "WordPress/6.8.3; https://batconpakistan.org"
93.90.73.29 - - [14/Oct/2025:14:27:48 -0400] "GET /wp-login.php HTTP/1.1" 200 1886 "-" "Mozilla/4.0 (compatible; MSIE 7.0; Windows NT 6.1; WOW64; Trident/7.0; SLCC2; .NET CLR 2.0.50727; .NET CLR 3.5.30729; .NET CLR 3.0.30729; Media Center PC 6.0; .NET4.0C; .NET4.0E; InfoPath.3; MS-RTC LM 8)"
162.0.235.240 - - [14/Oct/2025:14:27:53 -0400] "GET /wp-content/plugins/contact-form-7-style/admin/predefined-templates.json HTTP/1.1" 200 1323 "-" "WordPress/6.8.3; https://batconpakistan.org"
162.0.235.240 - - [14/Oct/2025:14:27:54 -0400] "POST /wp-cron.php?doing_wp_cron=1760466474.4575669765472412109375 HTTP/1.1" 200 0 "-" "WordPress/6.8.3; https://batconpakistan.org"
93.90.73.29 - - [14/Oct/2025:14:27:50 -0400] "POST /wp-login.php HTTP/1.1" 200 2045 "https://batconpakistan.org/wp-login.php" "Mozilla/4.0 (compatible; MSIE 7.0; Windows NT 6.1; WOW64; Trident/7.0; SLCC2; .NET CLR 2.0.50727; .NET CLR 3.5.30729; .NET CLR 3.0.30729; Media Center PC 6.0; .NET4.0C; .NET4.0E; InfoPath.3; MS-RTC LM 8)"
162.0.235.240 - - [14/Oct/2025:14:27:55 -0400] "GET /wp-content/plugins/contact-form-7-style/admin/predefined-templates.json HTTP/1.1" 200 1323 "-" "WordPress/6.8.3; https://batconpakistan.org"
34.148.143.151 - - [14/Oct/2025:14:28:10 -0400] "GET /category/public-health-alert/ HTTP/1.1" 200 20009 "-" "ZoominfoBot (zoominfobot at zoominfo dot com)"
34.148.143.151 - - [14/Oct/2025:14:28:18 -0400] "GET /board-members/ HTTP/1.1" 200 21590 "-" "ZoominfoBot (zoominfobot at zoominfo dot com)"
176.65.132.220 - - [14/Oct/2025:14:37:28 -0400] "GET /.env HTTP/1.1" 403 1242 "-" "python-requests/2.22.0"
95.83.148.86 - - [14/Oct/2025:14:37:53 -0400] "GET / HTTP/1.1" 200 23130 "-" "Mozilla/5.0 (Windows NT 10.0; Win64; x64; rv:71.0) Gecko/20100101 Firefox/71.0"
95.83.148.86 - - [14/Oct/2025:14:37:54 -0400] "POST /xmlrpc.php HTTP/1.1" 403 1242 "-" "Mozilla/5.0 (Windows NT 10.0; Win64; x64; rv:71.0) Gecko/20100101 Firefox/71.0"
104.248.247.1 - - [14/Oct/2025:14:42:24 -0400] "GET / HTTP/1.1" 302 771 "-" "python-requests/2.32.5"
162.0.235.240 - - [14/Oct/2025:14:44:14 -0400] "GET /wp-content/plugins/contact-form-7-style/admin/predefined-templates.json HTTP/1.1" 200 1323 "-" "WordPress/6.8.3; https://batconpakistan.org"
162.0.235.240 - - [14/Oct/2025:14:44:15 -0400] "POST /wp-cron.php?doing_wp_cron=1760467455.0279040336608886718750 HTTP/1.1" 200 0 "-" "WordPress/6.8.3; https://batconpakistan.org"
52.167.144.166 - - [14/Oct/2025:14:44:10 -0400] "GET /Tapes-Adhesives-&-Sealants-yd-x-yd-Ultra-High-Temperature-Adhesive-784824-Adhesive-Transfer-Tape/ HTTP/1.1" 404 15666 "-" "Mozilla/5.0 AppleWebKit/537.36 (KHTML, like Gecko; compatible; bingbot/2.0; +http://www.bing.com/bingbot.htm) Chrome/116.0.1938.76 Safari/537.36"
162.0.235.240 - - [14/Oct/2025:14:44:15 -0400] "GET /wp-content/plugins/contact-form-7-style/admin/predefined-templates.json HTTP/1.1" 200 1323 "-" "WordPress/6.8.3; https://batconpakistan.org"
4.196.118.125 - - [14/Oct/2025:14:44:25 -0400] "GET /2021/09/05/project-completion/ HTTP/1.1" 200 21530 "-" "Mozilla/5.0 AppleWebKit/537.36 (KHTML, like Gecko); compatible; ChatGPT-User/1.0; +https://openai.com/bot"
172.182.195.55 - - [14/Oct/2025:14:45:17 -0400] "GET /2021/09/05/project-completion/ HTTP/1.1" 200 21530 "-" "Mozilla/5.0 (Macintosh; Intel Mac OS X 10_15_7) AppleWebKit/537.36 (KHTML, like Gecko) Chrome/131.0.0.0 Safari/537.36; compatible; OAI-SearchBot/1.0; +https://openai.com/searchbot"
20.171.207.111 - - [14/Oct/2025:14:45:17 -0400] "GET /wp-content/uploads/dynamic-mobmenu.css?ver=2.8.8-971 HTTP/1.1" 200 1744 "-" "Mozilla/5.0 AppleWebKit/537.36 (KHTML, like Gecko; compatible; GPTBot/1.2; +https://openai.com/gptbot)"
162.0.235.240 - - [14/Oct/2025:14:45:20 -0400] "GET /wp-content/plugins/contact-form-7-style/admin/predefined-templates.json HTTP/1.1" 200 1323 "-" "WordPress/6.8.3; https://batconpakistan.org"
162.0.235.240 - - [14/Oct/2025:14:45:21 -0400] "GET /wp-content/plugins/contact-form-7-style/admin/predefined-templates.json HTTP/1.1" 200 1323 "-" "WordPress/6.8.3; https://batconpakistan.org"
162.0.235.240 - - [14/Oct/2025:14:45:21 -0400] "POST /wp-cron.php?doing_wp_cron=1760467521.0747370719909667968750 HTTP/1.1" 200 0 "-" "WordPress/6.8.3; https://batconpakistan.org"
20.171.53.233 - - [14/Oct/2025:14:45:20 -0400] "GET /?p=1644 HTTP/1.1" 301 0 "-" "Mozilla/5.0 (Macintosh; Intel Mac OS X 10_15_7) AppleWebKit/537.36 (KHTML, like Gecko) Chrome/131.0.0.0 Safari/537.36; compatible; OAI-SearchBot/1.0; +https://openai.com/searchbot"
20.171.53.233 - - [14/Oct/2025:14:45:21 -0400] "GET /2021/09/05/project-completion/ HTTP/1.1" 200 21530 "-" "Mozilla/5.0 (Macintosh; Intel Mac OS X 10_15_7) AppleWebKit/537.36 (KHTML, like Gecko) Chrome/131.0.0.0 Safari/537.36; compatible; OAI-SearchBot/1.0; +https://openai.com/searchbot"
20.171.207.111 - - [14/Oct/2025:14:45:20 -0400] "GET /2021/09/05/project-completion/feed/ HTTP/1.1" 200 441 "-" "Mozilla/5.0 AppleWebKit/537.36 (KHTML, like Gecko; compatible; GPTBot/1.2; +https://openai.com/gptbot)"
162.0.235.240 - - [14/Oct/2025:14:45:21 -0400] "GET /wp-content/plugins/contact-form-7-style/admin/predefined-templates.json HTTP/1.1" 200 1323 "-" "WordPress/6.8.3; https://batconpakistan.org"
20.169.6.237 - - [14/Oct/2025:14:45:22 -0400] "GET /2021/09/05/project-completion/feed/ HTTP/1.1" 200 441 "-" "Mozilla/5.0 (Macintosh; Intel Mac OS X 10_15_7) AppleWebKit/537.36 (KHTML, like Gecko) Chrome/131.0.0.0 Safari/537.36; compatible; OAI-SearchBot/1.0; +https://openai.com/searchbot"
20.171.207.111 - - [14/Oct/2025:14:45:23 -0400] "GET /?p=1644 HTTP/1.1" 301 0 "-" "Mozilla/5.0 AppleWebKit/537.36 (KHTML, like Gecko; compatible; GPTBot/1.2; +https://openai.com/gptbot)"
20.171.207.111 - - [14/Oct/2025:14:45:23 -0400] "GET /2021/09/05/project-completion/ HTTP/1.1" 200 21530 "-" "Mozilla/5.0 AppleWebKit/537.36 (KHTML, like Gecko; compatible; GPTBot/1.2; +https://openai.com/gptbot)"
162.0.235.240 - - [14/Oct/2025:14:45:25 -0400] "GET /wp-content/plugins/contact-form-7-style/admin/predefined-templates.json HTTP/1.1" 200 1323 "-" "WordPress/6.8.3; https://batconpakistan.org"
162.0.235.240 - - [14/Oct/2025:14:45:26 -0400] "GET /wp-content/plugins/contact-form-7-style/admin/predefined-templates.json HTTP/1.1" 200 1323 "-" "WordPress/6.8.3; https://batconpakistan.org"
20.169.6.237 - - [14/Oct/2025:14:45:25 -0400] "GET /wp-json/oembed/1.0/embed?url=https%3A%2F%2Fbatconpakistan.org%2F2021%2F09%2F05%2Fproject-completion%2F HTTP/1.1" 200 5807 "-" "Mozilla/5.0 (Macintosh; Intel Mac OS X 10_15_7) AppleWebKit/537.36 (KHTML, like Gecko) Chrome/131.0.0.0 Safari/537.36; compatible; OAI-SearchBot/1.0; +https://openai.com/searchbot"
20.171.207.111 - - [14/Oct/2025:14:45:25 -0400] "GET /wp-json/oembed/1.0/embed?url=https%3A%2F%2Fbatconpakistan.org%2F2021%2F09%2F05%2Fproject-completion%2F HTTP/1.1" 200 5807 "-" "Mozilla/5.0 AppleWebKit/537.36 (KHTML, like Gecko; compatible; GPTBot/1.2; +https://openai.com/gptbot)"
34.148.143.151 - - [14/Oct/2025:14:48:56 -0400] "GET /xmlrpc.php HTTP/1.1" 403 1242 "-" "ZoominfoBot (zoominfobot at zoominfo dot com)"
34.148.143.151 - - [14/Oct/2025:14:51:58 -0400] "GET /feed/ HTTP/1.1" 200 23257 "-" "ZoominfoBot (zoominfobot at zoominfo dot com)"
34.148.143.151 - - [14/Oct/2025:14:52:01 -0400] "GET /our-activities/ HTTP/1.1" 200 17323 "-" "ZoominfoBot (zoominfobot at zoominfo dot com)"
101.53.145.3 - - [14/Oct/2025:14:54:44 -0400] "GET /wp-login.php HTTP/1.1" 200 1886 "-" "Mozilla/5.0 (Macintosh; Intel Mac OS X 10_12_5) AppleWebKit/537.36 (KHTML, like Gecko) Chrome/65.0.3325.181 Safari/537.36"
162.0.235.240 - - [14/Oct/2025:14:54:50 -0400] "GET /wp-content/plugins/contact-form-7-style/admin/predefined-templates.json HTTP/1.1" 200 1323 "-" "WordPress/6.8.3; https://batconpakistan.org"
162.0.235.240 - - [14/Oct/2025:14:54:51 -0400] "POST /wp-cron.php?doing_wp_cron=1760468091.3402059078216552734375 HTTP/1.1" 200 0 "-" "WordPress/6.8.3; https://batconpakistan.org"
101.53.145.3 - - [14/Oct/2025:14:54:47 -0400] "POST /wp-login.php HTTP/1.1" 200 2045 "https://batconpakistan.org/wp-login.php" "Mozilla/5.0 (Macintosh; Intel Mac OS X 10_12_5) AppleWebKit/537.36 (KHTML, like Gecko) Chrome/65.0.3325.181 Safari/537.36"
162.0.235.240 - - [14/Oct/2025:14:54:51 -0400] "GET /wp-content/plugins/contact-form-7-style/admin/predefined-templates.json HTTP/1.1" 200 1323 "-" "WordPress/6.8.3; https://batconpakistan.org"
162.0.235.240 - - [14/Oct/2025:14:55:12 -0400] "GET /wp-content/plugins/contact-form-7-style/admin/predefined-templates.json HTTP/1.1" 200 1323 "-" "WordPress/6.8.3; https://batconpakistan.org"
162.0.235.240 - - [14/Oct/2025:14:55:12 -0400] "POST /wp-cron.php?doing_wp_cron=1760468112.6387240886688232421875 HTTP/1.1" 200 0 "-" "WordPress/6.8.3; https://batconpakistan.org"
162.0.235.240 - - [14/Oct/2025:14:55:13 -0400] "GET /wp-content/plugins/contact-form-7-style/admin/predefined-templates.json HTTP/1.1" 200 1323 "-" "WordPress/6.8.3; https://batconpakistan.org"
2a03:2880:f800:46:: - - [14/Oct/2025:14:55:11 -0400] "GET /tag/bats/ HTTP/1.1" 200 21339 "-" "meta-externalagent/1.1 (+https://developers.facebook.com/docs/sharing/webmasters/crawler)"
185.176.220.76 - - [14/Oct/2025:14:55:17 -0400] "HEAD / HTTP/1.1" 200 0 "http://batconpakistan.org" "Mozilla/5.0 (Windows NT 10.0; Win64; x64) AppleWebKit/537.36 (KHTML, like Gecko) Chrome/100.0.4896.127 Safari/537.36"
185.176.220.76 - - [14/Oct/2025:14:55:18 -0400] "GET / HTTP/1.1" 200 23130 "http://batconpakistan.org" "Mozilla/5.0 (Windows NT 10.0; Win64; x64) AppleWebKit/537.36 (KHTML, like Gecko) Chrome/100.0.4896.127 Safari/537.36"
34.148.143.151 - - [14/Oct/2025:14:57:24 -0400] "GET /partners/ HTTP/1.1" 200 16979 "-" "ZoominfoBot (zoominfobot at zoominfo dot com)"
162.0.235.240 - - [14/Oct/2025:14:57:33 -0400] "GET /wp-content/plugins/contact-form-7-style/admin/predefined-templates.json HTTP/1.1" 200 1323 "-" "WordPress/6.8.3; https://batconpakistan.org"
162.0.235.240 - - [14/Oct/2025:14:57:33 -0400] "POST /wp-cron.php?doing_wp_cron=1760468253.8011329174041748046875 HTTP/1.1" 200 0 "-" "WordPress/6.8.3; https://batconpakistan.org"
198.244.242.80 - - [14/Oct/2025:14:57:30 -0400] "GET /sitemap_index.xml HTTP/1.1" 200 512 "-" "Mozilla/5.0 (compatible; AhrefsBot/7.0; +http://ahrefs.com/robot/)"
162.0.235.240 - - [14/Oct/2025:14:57:34 -0400] "GET /wp-content/plugins/contact-form-7-style/admin/predefined-templates.json HTTP/1.1" 200 1323 "-" "WordPress/6.8.3; https://batconpakistan.org"
162.0.235.240 - - [14/Oct/2025:14:57:40 -0400] "GET /wp-content/plugins/contact-form-7-style/admin/predefined-templates.json HTTP/1.1" 200 1323 "-" "WordPress/6.8.3; https://batconpakistan.org"
162.0.235.240 - - [14/Oct/2025:14:57:40 -0400] "POST /wp-cron.php?doing_wp_cron=1760468260.6704189777374267578125 HTTP/1.1" 200 0 "-" "WordPress/6.8.3; https://batconpakistan.org"
51.195.183.213 - - [14/Oct/2025:14:57:40 -0400] "GET /post-sitemap.xml HTTP/1.1" 200 976 "-" "Mozilla/5.0 (compatible; AhrefsBot/7.0; +http://ahrefs.com/robot/)"
162.0.235.240 - - [14/Oct/2025:14:57:41 -0400] "GET /wp-content/plugins/contact-form-7-style/admin/predefined-templates.json HTTP/1.1" 200 1323 "-" "WordPress/6.8.3; https://batconpakistan.org"
162.0.235.240 - - [14/Oct/2025:14:57:42 -0400] "GET /wp-content/plugins/contact-form-7-style/admin/predefined-templates.json HTTP/1.1" 200 1323 "-" "WordPress/6.8.3; https://batconpakistan.org"
198.244.240.207 - - [14/Oct/2025:14:57:41 -0400] "GET /page-sitemap.xml HTTP/1.1" 200 1544 "-" "Mozilla/5.0 (compatible; AhrefsBot/7.0; +http://ahrefs.com/robot/)"
162.0.235.240 - - [14/Oct/2025:14:57:43 -0400] "GET /wp-content/plugins/contact-form-7-style/admin/predefined-templates.json HTTP/1.1" 200 1323 "-" "WordPress/6.8.3; https://batconpakistan.org"
51.195.244.52 - - [14/Oct/2025:14:57:43 -0400] "GET /testimonial-sitemap.xml HTTP/1.1" 200 391 "-" "Mozilla/5.0 (compatible; AhrefsBot/7.0; +http://ahrefs.com/robot/)"
162.0.235.240 - - [14/Oct/2025:14:57:45 -0400] "GET /wp-content/plugins/contact-form-7-style/admin/predefined-templates.json HTTP/1.1" 200 1323 "-" "WordPress/6.8.3; https://batconpakistan.org"
198.244.226.131 - - [14/Oct/2025:14:57:44 -0400] "GET /gallery-sitemap.xml HTTP/1.1" 200 560 "-" "Mozilla/5.0 (compatible; AhrefsBot/7.0; +http://ahrefs.com/robot/)"
162.0.235.240 - - [14/Oct/2025:14:57:46 -0400] "GET /wp-content/plugins/contact-form-7-style/admin/predefined-templates.json HTTP/1.1" 200 1323 "-" "WordPress/6.8.3; https://batconpakistan.org"
54.38.147.18 - - [14/Oct/2025:14:57:46 -0400] "GET /event-sitemap.xml HTTP/1.1" 200 452 "-" "Mozilla/5.0 (compatible; AhrefsBot/7.0; +http://ahrefs.com/robot/)"
162.0.235.240 - - [14/Oct/2025:14:57:47 -0400] "GET /wp-content/plugins/contact-form-7-style/admin/predefined-templates.json HTTP/1.1" 200 1323 "-" "WordPress/6.8.3; https://batconpakistan.org"
162.0.235.240 - - [14/Oct/2025:14:57:48 -0400] "POST /wp-cron.php?doing_wp_cron=1760468268.0429239273071289062500 HTTP/1.1" 200 0 "-" "WordPress/6.8.3; https://batconpakistan.org"
198.244.183.239 - - [14/Oct/2025:14:57:47 -0400] "GET /team-sitemap.xml HTTP/1.1" 200 818 "-" "Mozilla/5.0 (compatible; AhrefsBot/7.0; +http://ahrefs.com/robot/)"
162.0.235.240 - - [14/Oct/2025:14:57:48 -0400] "GET /wp-content/plugins/contact-form-7-style/admin/predefined-templates.json HTTP/1.1" 200 1323 "-" "WordPress/6.8.3; https://batconpakistan.org"
162.0.235.240 - - [14/Oct/2025:14:57:50 -0400] "GET /wp-content/plugins/contact-form-7-style/admin/predefined-templates.json HTTP/1.1" 200 1323 "-" "WordPress/6.8.3; https://batconpakistan.org"
51.89.129.242 - - [14/Oct/2025:14:57:50 -0400] "GET /product-sitemap.xml HTTP/1.1" 200 532 "-" "Mozilla/5.0 (compatible; AhrefsBot/7.0; +http://ahrefs.com/robot/)"
162.0.235.240 - - [14/Oct/2025:14:57:51 -0400] "GET /wp-content/plugins/contact-form-7-style/admin/predefined-templates.json HTTP/1.1" 200 1323 "-" "WordPress/6.8.3; https://batconpakistan.org"
198.244.183.32 - - [14/Oct/2025:14:57:51 -0400] "GET /campaign-sitemap.xml HTTP/1.1" 200 478 "-" "Mozilla/5.0 (compatible; AhrefsBot/7.0; +http://ahrefs.com/robot/)"
162.0.235.240 - - [14/Oct/2025:14:57:53 -0400] "GET /wp-content/plugins/contact-form-7-style/admin/predefined-templates.json HTTP/1.1" 200 1323 "-" "WordPress/6.8.3; https://batconpakistan.org"
198.244.183.252 - - [14/Oct/2025:14:57:52 -0400] "GET /event_registrants-sitemap.xml HTTP/1.1" 200 379 "-" "Mozilla/5.0 (compatible; AhrefsBot/7.0; +http://ahrefs.com/robot/)"
162.0.235.240 - - [14/Oct/2025:14:57:54 -0400] "GET /wp-content/plugins/contact-form-7-style/admin/predefined-templates.json HTTP/1.1" 200 1323 "-" "WordPress/6.8.3; https://batconpakistan.org"
51.195.215.96 - - [14/Oct/2025:14:57:54 -0400] "GET /category-sitemap.xml HTTP/1.1" 200 393 "-" "Mozilla/5.0 (compatible; AhrefsBot/7.0; +http://ahrefs.com/robot/)"
162.0.235.240 - - [14/Oct/2025:14:57:55 -0400] "GET /wp-content/plugins/contact-form-7-style/admin/predefined-templates.json HTTP/1.1" 200 1323 "-" "WordPress/6.8.3; https://batconpakistan.org"
54.38.147.72 - - [14/Oct/2025:14:57:55 -0400] "GET /post_tag-sitemap.xml HTTP/1.1" 200 450 "-" "Mozilla/5.0 (compatible; AhrefsBot/7.0; +http://ahrefs.com/robot/)"
162.0.235.240 - - [14/Oct/2025:14:57:57 -0400] "GET /wp-content/plugins/contact-form-7-style/admin/predefined-templates.json HTTP/1.1" 200 1323 "-" "WordPress/6.8.3; https://batconpakistan.org"
198.244.226.195 - - [14/Oct/2025:14:57:56 -0400] "GET /gallery-category-sitemap.xml HTTP/1.1" 200 393 "-" "Mozilla/5.0 (compatible; AhrefsBot/7.0; +http://ahrefs.com/robot/)"
162.0.235.240 - - [14/Oct/2025:14:57:58 -0400] "GET /wp-content/plugins/contact-form-7-style/admin/predefined-templates.json HTTP/1.1" 200 1323 "-" "WordPress/6.8.3; https://batconpakistan.org"
162.0.235.240 - - [14/Oct/2025:14:57:58 -0400] "POST /wp-cron.php?doing_wp_cron=1760468278.5557079315185546875000 HTTP/1.1" 200 0 "-" "WordPress/6.8.3; https://batconpakistan.org"
198.244.240.235 - - [14/Oct/2025:14:57:57 -0400] "GET /event-category-sitemap.xml HTTP/1.1" 200 378 "-" "Mozilla/5.0 (compatible; AhrefsBot/7.0; +http://ahrefs.com/robot/)"
162.0.235.240 - - [14/Oct/2025:14:57:59 -0400] "GET /wp-content/plugins/contact-form-7-style/admin/predefined-templates.json HTTP/1.1" 200 1323 "-" "WordPress/6.8.3; https://batconpakistan.org"
162.0.235.240 - - [14/Oct/2025:14:57:59 -0400] "GET /wp-content/plugins/contact-form-7-style/admin/predefined-templates.json HTTP/1.1" 200 1323 "-" "WordPress/6.8.3; https://batconpakistan.org"
51.195.183.140 - - [14/Oct/2025:14:57:59 -0400] "GET /event-tag-sitemap.xml HTTP/1.1" 200 372 "-" "Mozilla/5.0 (compatible; AhrefsBot/7.0; +http://ahrefs.com/robot/)"
162.0.235.240 - - [14/Oct/2025:14:58:01 -0400] "GET /wp-content/plugins/contact-form-7-style/admin/predefined-templates.json HTTP/1.1" 200 1323 "-" "WordPress/6.8.3; https://batconpakistan.org"
198.244.183.33 - - [14/Oct/2025:14:58:00 -0400] "GET /team-category-sitemap.xml HTTP/1.1" 200 499 "-" "Mozilla/5.0 (compatible; AhrefsBot/7.0; +http://ahrefs.com/robot/)"
162.0.235.240 - - [14/Oct/2025:14:58:02 -0400] "GET /wp-content/plugins/contact-form-7-style/admin/predefined-templates.json HTTP/1.1" 200 1323 "-" "WordPress/6.8.3; https://batconpakistan.org"
198.244.240.145 - - [14/Oct/2025:14:58:02 -0400] "GET /product_cat-sitemap.xml HTTP/1.1" 200 381 "-" "Mozilla/5.0 (compatible; AhrefsBot/7.0; +http://ahrefs.com/robot/)"
162.0.235.240 - - [14/Oct/2025:14:58:04 -0400] "GET /wp-content/plugins/contact-form-7-style/admin/predefined-templates.json HTTP/1.1" 200 1323 "-" "WordPress/6.8.3; https://batconpakistan.org"
51.195.244.174 - - [14/Oct/2025:14:58:03 -0400] "GET /campaign_category-sitemap.xml HTTP/1.1" 200 425 "-" "Mozilla/5.0 (compatible; AhrefsBot/7.0; +http://ahrefs.com/robot/)"
162.0.235.240 - - [14/Oct/2025:14:58:05 -0400] "GET /wp-content/plugins/contact-form-7-style/admin/predefined-templates.json HTTP/1.1" 200 1323 "-" "WordPress/6.8.3; https://batconpakistan.org"
162.0.235.240 - - [14/Oct/2025:14:58:05 -0400] "POST /wp-cron.php?doing_wp_cron=1760468285.4881188869476318359375 HTTP/1.1" 200 0 "-" "WordPress/6.8.3; https://batconpakistan.org"
54.38.147.109 - - [14/Oct/2025:14:58:04 -0400] "GET /campaign_tag-sitemap.xml HTTP/1.1" 200 413 "-" "Mozilla/5.0 (compatible; AhrefsBot/7.0; +http://ahrefs.com/robot/)"
162.0.235.240 - - [14/Oct/2025:14:58:05 -0400] "GET /wp-content/plugins/contact-form-7-style/admin/predefined-templates.json HTTP/1.1" 200 1323 "-" "WordPress/6.8.3; https://batconpakistan.org"
162.0.235.240 - - [14/Oct/2025:14:58:06 -0400] "GET /wp-content/plugins/contact-form-7-style/admin/predefined-templates.json HTTP/1.1" 200 1323 "-" "WordPress/6.8.3; https://batconpakistan.org"
198.244.242.188 - - [14/Oct/2025:14:58:06 -0400] "GET /registrant-event-sitemap.xml HTTP/1.1" 200 364 "-" "Mozilla/5.0 (compatible; AhrefsBot/7.0; +http://ahrefs.com/robot/)"
162.0.235.240 - - [14/Oct/2025:14:58:08 -0400] "GET /wp-content/plugins/contact-form-7-style/admin/predefined-templates.json HTTP/1.1" 200 1323 "-" "WordPress/6.8.3; https://batconpakistan.org"
198.244.240.149 - - [14/Oct/2025:14:58:07 -0400] "GET /style_category-sitemap.xml HTTP/1.1" 200 384 "-" "Mozilla/5.0 (compatible; AhrefsBot/7.0; +http://ahrefs.com/robot/)"
162.0.235.240 - - [14/Oct/2025:14:58:09 -0400] "GET /wp-content/plugins/contact-form-7-style/admin/predefined-templates.json HTTP/1.1" 200 1323 "-" "WordPress/6.8.3; https://batconpakistan.org"
51.195.244.161 - - [14/Oct/2025:14:58:09 -0400] "GET /author-sitemap.xml HTTP/1.1" 200 341 "-" "Mozilla/5.0 (compatible; AhrefsBot/7.0; +http://ahrefs.com/robot/)"
162.0.235.240 - - [14/Oct/2025:15:00:06 -0400] "GET /wp-content/plugins/contact-form-7-style/admin/predefined-templates.json HTTP/1.1" 200 1323 "-" "WordPress/6.8.3; https://batconpakistan.org"
162.0.235.240 - - [14/Oct/2025:15:00:07 -0400] "POST /wp-cron.php?doing_wp_cron=1760468407.5116178989410400390625 HTTP/1.1" 200 0 "-" "WordPress/6.8.3; https://batconpakistan.org"
40.81.227.89 - - [14/Oct/2025:15:00:02 -0400] "POST /wp-login.php HTTP/1.1" 200 2041 "-" "Mozilla/5.0"
162.0.235.240 - - [14/Oct/2025:15:00:08 -0400] "GET /wp-content/plugins/contact-form-7-style/admin/predefined-templates.json HTTP/1.1" 200 1323 "-" "WordPress/6.8.3; https://batconpakistan.org"
35.229.53.109 - - [14/Oct/2025:15:09:36 -0400] "GET /robots.txt HTTP/1.1" 304 0 "-" "ZoominfoBot (zoominfobot at zoominfo dot com)"
35.229.53.109 - - [14/Oct/2025:15:09:37 -0400] "GET /2021/09/05/project-completion/ HTTP/1.1" 200 21530 "-" "ZoominfoBot (zoominfobot at zoominfo dot com)"
162.0.235.240 - - [14/Oct/2025:15:14:27 -0400] "GET /wp-content/plugins/contact-form-7-style/admin/predefined-templates.json HTTP/1.1" 200 1323 "-" "WordPress/6.8.3; https://batconpakistan.org"
162.0.235.240 - - [14/Oct/2025:15:14:28 -0400] "POST /wp-cron.php?doing_wp_cron=1760469268.5572080612182617187500 HTTP/1.1" 200 0 "-" "WordPress/6.8.3; https://batconpakistan.org"
162.0.235.240 - - [14/Oct/2025:15:14:29 -0400] "GET /wp-content/plugins/contact-form-7-style/admin/predefined-templates.json HTTP/1.1" 200 1323 "-" "WordPress/6.8.3; https://batconpakistan.org"
52.167.144.177 - - [14/Oct/2025:15:14:24 -0400] "GET /Power-&-Hand-Tools-34mm-Ferrule-OD-LETAOSK-579332-CClamps/ HTTP/1.1" 404 15665 "-" "Mozilla/5.0 AppleWebKit/537.36 (KHTML, like Gecko; compatible; bingbot/2.0; +http://www.bing.com/bingbot.htm) Chrome/116.0.1938.76 Safari/537.36"
162.0.235.240 - - [14/Oct/2025:15:14:37 -0400] "GET /wp-content/plugins/contact-form-7-style/admin/predefined-templates.json HTTP/1.1" 200 1323 "-" "WordPress/6.8.3; https://batconpakistan.org"
162.0.235.240 - - [14/Oct/2025:15:14:35 -0400] "GET /?wp_scrape_key=69bc0240ef4b9c32a05dbef9783729bb&wp_scrape_nonce=1760469273 HTTP/1.1" 200 23187 "-" "WordPress/6.8.3; https://batconpakistan.org"
162.0.235.240 - - [14/Oct/2025:15:14:41 -0400] "GET /wp-content/plugins/contact-form-7-style/admin/predefined-templates.json HTTP/1.1" 200 1323 "-" "WordPress/6.8.3; https://batconpakistan.org"
162.0.235.240 - - [14/Oct/2025:15:14:40 -0400] "GET /?wp_scrape_key=441ad8c6777bb1346cdbaf5179f7dac2&wp_scrape_nonce=1760469278 HTTP/1.1" 200 23190 "-" "WordPress/6.8.3; https://batconpakistan.org"
162.0.235.240 - - [14/Oct/2025:15:14:43 -0400] "POST /wp-admin/admin-ajax.php?action=wp_1_wc_privacy_cleanup&nonce=bf38485a05 HTTP/1.1" 200 0 "-" "WordPress/6.8.3; https://batconpakistan.org"
162.0.235.240 - - [14/Oct/2025:15:14:44 -0400] "GET /wp-content/plugins/contact-form-7-style/admin/predefined-templates.json HTTP/1.1" 200 1323 "-" "WordPress/6.8.3; https://batconpakistan.org"
162.0.235.240 - - [14/Oct/2025:15:17:59 -0400] "GET /wp-content/plugins/contact-form-7-style/admin/predefined-templates.json HTTP/1.1" 200 1323 "-" "WordPress/6.8.3; https://batconpakistan.org"
162.0.235.240 - - [14/Oct/2025:15:18:00 -0400] "POST /wp-cron.php?doing_wp_cron=1760469480.1839070320129394531250 HTTP/1.1" 200 0 "-" "WordPress/6.8.3; https://batconpakistan.org"
34.148.31.255 - - [14/Oct/2025:15:17:56 -0400] "GET /robots.txt HTTP/1.1" 200 183 "-" "ZoominfoBot (zoominfobot at zoominfo dot com)"
162.0.235.240 - - [14/Oct/2025:15:18:00 -0400] "GET /wp-content/plugins/contact-form-7-style/admin/predefined-templates.json HTTP/1.1" 200 1323 "-" "WordPress/6.8.3; https://batconpakistan.org"
162.0.235.240 - - [14/Oct/2025:15:18:00 -0400] "GET /wp-content/plugins/contact-form-7-style/admin/predefined-templates.json HTTP/1.1" 200 1323 "-" "WordPress/6.8.3; https://batconpakistan.org"
34.148.31.255 - - [14/Oct/2025:15:18:00 -0400] "GET /2021/09/05/project-completion/ HTTP/1.1" 200 21540 "-" "ZoominfoBot (zoominfobot at zoominfo dot com)"
162.0.235.240 - - [14/Oct/2025:15:22:02 -0400] "GET /wp-content/plugins/contact-form-7-style/admin/predefined-templates.json HTTP/1.1" 200 1323 "-" "WordPress/6.8.3; https://batconpakistan.org"
162.0.235.240 - - [14/Oct/2025:15:22:03 -0400] "POST /wp-cron.php?doing_wp_cron=1760469723.3633570671081542968750 HTTP/1.1" 200 0 "-" "WordPress/6.8.3; https://batconpakistan.org"
34.148.31.255 - - [14/Oct/2025:15:21:59 -0400] "GET /2023/01/12/indian-flying-fox-thermoregulatory-behaviors-visual-guide/ HTTP/1.1" 200 18385 "-" "ZoominfoBot (zoominfobot at zoominfo dot com)"
162.0.235.240 - - [14/Oct/2025:15:22:03 -0400] "GET /wp-content/plugins/contact-form-7-style/admin/predefined-templates.json HTTP/1.1" 200 1323 "-" "WordPress/6.8.3; https://batconpakistan.org"
162.0.235.240 - - [14/Oct/2025:15:25:36 -0400] "GET /wp-content/plugins/contact-form-7-style/admin/predefined-templates.json HTTP/1.1" 200 1323 "-" "WordPress/6.8.3; https://batconpakistan.org"
162.0.235.240 - - [14/Oct/2025:15:25:36 -0400] "POST /wp-cron.php?doing_wp_cron=1760469936.7482481002807617187500 HTTP/1.1" 200 0 "-" "WordPress/6.8.3; https://batconpakistan.org"
34.148.31.255 - - [14/Oct/2025:15:25:32 -0400] "GET /contact-us/ HTTP/1.1" 200 17316 "-" "ZoominfoBot (zoominfobot at zoominfo dot com)"
162.0.235.240 - - [14/Oct/2025:15:25:37 -0400] "GET /wp-content/plugins/contact-form-7-style/admin/predefined-templates.json HTTP/1.1" 200 1323 "-" "WordPress/6.8.3; https://batconpakistan.org"
162.0.235.240 - - [14/Oct/2025:15:25:38 -0400] "GET /wp-content/plugins/contact-form-7-style/admin/predefined-templates.json HTTP/1.1" 200 1323 "-" "WordPress/6.8.3; https://batconpakistan.org"
195.177.217.131 - - [14/Oct/2025:15:25:38 -0400] "GET /wp-login.php HTTP/1.1" 200 1885 "-" "Mozilla/5.0 (Windows NT 10.0; WOW64; rv:60.0) Gecko/20100101 Firefox/60.0"
162.0.235.240 - - [14/Oct/2025:15:25:43 -0400] "GET /wp-content/plugins/contact-form-7-style/admin/predefined-templates.json HTTP/1.1" 200 1323 "-" "WordPress/6.8.3; https://batconpakistan.org"
162.0.235.240 - - [14/Oct/2025:15:25:44 -0400] "POST /wp-cron.php?doing_wp_cron=1760469943.9747350215911865234375 HTTP/1.1" 200 0 "-" "WordPress/6.8.3; https://batconpakistan.org"
195.177.217.131 - - [14/Oct/2025:15:25:43 -0400] "POST /wp-login.php HTTP/1.1" 200 2045 "https://batconpakistan.org/wp-login.php" "Mozilla/5.0 (Windows NT 10.0; WOW64; rv:60.0) Gecko/20100101 Firefox/60.0"
162.0.235.240 - - [14/Oct/2025:15:25:44 -0400] "GET /wp-content/plugins/contact-form-7-style/admin/predefined-templates.json HTTP/1.1" 200 1323 "-" "WordPress/6.8.3; https://batconpakistan.org"
162.0.235.240 - - [14/Oct/2025:15:27:31 -0400] "GET /wp-content/plugins/contact-form-7-style/admin/predefined-templates.json HTTP/1.1" 200 1323 "-" "WordPress/6.8.3; https://batconpakistan.org"
162.0.235.240 - - [14/Oct/2025:15:27:32 -0400] "POST /wp-cron.php?doing_wp_cron=1760470052.3175721168518066406250 HTTP/1.1" 200 0 "-" "WordPress/6.8.3; https://batconpakistan.org"
162.0.235.240 - - [14/Oct/2025:15:27:32 -0400] "GET /wp-content/plugins/contact-form-7-style/admin/predefined-templates.json HTTP/1.1" 200 1323 "-" "WordPress/6.8.3; https://batconpakistan.org"
34.148.31.255 - - [14/Oct/2025:15:27:28 -0400] "GET /campaigns/ HTTP/1.1" 200 19946 "-" "ZoominfoBot (zoominfobot at zoominfo dot com)"
162.0.235.240 - - [14/Oct/2025:15:31:30 -0400] "GET /wp-content/plugins/contact-form-7-style/admin/predefined-templates.json HTTP/1.1" 200 1323 "-" "WordPress/6.8.3; https://batconpakistan.org"
162.0.235.240 - - [14/Oct/2025:15:31:30 -0400] "POST /wp-cron.php?doing_wp_cron=1760470290.6752400398254394531250 HTTP/1.1" 200 0 "-" "WordPress/6.8.3; https://batconpakistan.org"
162.0.235.240 - - [14/Oct/2025:15:31:31 -0400] "GET /wp-content/plugins/contact-form-7-style/admin/predefined-templates.json HTTP/1.1" 200 1323 "-" "WordPress/6.8.3; https://batconpakistan.org"
34.148.31.255 - - [14/Oct/2025:15:31:26 -0400] "GET /author/admin/ HTTP/1.1" 200 40215 "-" "ZoominfoBot (zoominfobot at zoominfo dot com)"
162.0.235.240 - - [14/Oct/2025:15:35:45 -0400] "GET /wp-content/plugins/contact-form-7-style/admin/predefined-templates.json HTTP/1.1" 200 1323 "-" "WordPress/6.8.3; https://batconpakistan.org"
162.0.235.240 - - [14/Oct/2025:15:35:45 -0400] "POST /wp-cron.php?doing_wp_cron=1760470545.8577589988708496093750 HTTP/1.1" 200 0 "-" "WordPress/6.8.3; https://batconpakistan.org"
40.81.227.89 - - [14/Oct/2025:15:35:42 -0400] "POST /wp-login.php HTTP/1.1" 200 2041 "-" "Mozilla/5.0"
162.0.235.240 - - [14/Oct/2025:15:35:46 -0400] "GET /wp-content/plugins/contact-form-7-style/admin/predefined-templates.json HTTP/1.1" 200 1323 "-" "WordPress/6.8.3; https://batconpakistan.org"
54.37.96.153 - - [14/Oct/2025:15:36:00 -0400] "GET /wp-login.php HTTP/1.1" 200 1885 "-" "Mozilla/5.0 (Macintosh; Intel Mac OS X 10_10_5) AppleWebKit/600.8.9 (KHTML, like Gecko) Version/10.1.2 Safari/603.3.8"
162.0.235.240 - - [14/Oct/2025:15:36:05 -0400] "GET /wp-content/plugins/contact-form-7-style/admin/predefined-templates.json HTTP/1.1" 200 1323 "-" "WordPress/6.8.3; https://batconpakistan.org"
162.0.235.240 - - [14/Oct/2025:15:36:05 -0400] "POST /wp-cron.php?doing_wp_cron=1760470565.4683868885040283203125 HTTP/1.1" 200 0 "-" "WordPress/6.8.3; https://batconpakistan.org"
54.37.96.153 - - [14/Oct/2025:15:36:04 -0400] "POST /wp-login.php HTTP/1.1" 200 2045 "https://batconpakistan.org/wp-login.php" "Mozilla/5.0 (Macintosh; Intel Mac OS X 10_10_5) AppleWebKit/600.8.9 (KHTML, like Gecko) Version/10.1.2 Safari/603.3.8"
162.0.235.240 - - [14/Oct/2025:15:36:05 -0400] "GET /wp-content/plugins/contact-form-7-style/admin/predefined-templates.json HTTP/1.1" 200 1323 "-" "WordPress/6.8.3; https://batconpakistan.org"
162.0.235.240 - - [14/Oct/2025:15:39:34 -0400] "GET /wp-content/plugins/contact-form-7-style/admin/predefined-templates.json HTTP/1.1" 200 1323 "-" "WordPress/6.8.3; https://batconpakistan.org"
162.0.235.240 - - [14/Oct/2025:15:39:34 -0400] "POST /wp-cron.php?doing_wp_cron=1760470774.6871120929718017578125 HTTP/1.1" 200 0 "-" "WordPress/6.8.3; https://batconpakistan.org"
34.148.31.255 - - [14/Oct/2025:15:39:30 -0400] "GET /category/public-health-alert/ HTTP/1.1" 200 20010 "-" "ZoominfoBot (zoominfobot at zoominfo dot com)"
162.0.235.240 - - [14/Oct/2025:15:39:35 -0400] "GET /wp-content/plugins/contact-form-7-style/admin/predefined-templates.json HTTP/1.1" 200 1323 "-" "WordPress/6.8.3; https://batconpakistan.org"
162.0.235.240 - - [14/Oct/2025:15:39:40 -0400] "GET /wp-content/plugins/contact-form-7-style/admin/predefined-templates.json HTTP/1.1" 200 1323 "-" "WordPress/6.8.3; https://batconpakistan.org"
162.0.235.240 - - [14/Oct/2025:15:39:40 -0400] "POST /wp-cron.php?doing_wp_cron=1760470780.3818199634552001953125 HTTP/1.1" 200 0 "-" "WordPress/6.8.3; https://batconpakistan.org"
162.0.235.240 - - [14/Oct/2025:15:39:40 -0400] "GET /wp-content/plugins/contact-form-7-style/admin/predefined-templates.json HTTP/1.1" 200 1323 "-" "WordPress/6.8.3; https://batconpakistan.org"
34.148.31.255 - - [14/Oct/2025:15:39:39 -0400] "GET /board-members/ HTTP/1.1" 200 21589 "-" "ZoominfoBot (zoominfobot at zoominfo dot com)"
162.0.235.240 - - [14/Oct/2025:15:41:46 -0400] "GET /wp-content/plugins/contact-form-7-style/admin/predefined-templates.json HTTP/1.1" 200 1323 "-" "WordPress/6.8.3; https://batconpakistan.org"
162.0.235.240 - - [14/Oct/2025:15:41:46 -0400] "POST /wp-cron.php?doing_wp_cron=1760470906.8966839313507080078125 HTTP/1.1" 200 0 "-" "WordPress/6.8.3; https://batconpakistan.org"
162.0.235.240 - - [14/Oct/2025:15:41:47 -0400] "GET /wp-content/plugins/contact-form-7-style/admin/predefined-templates.json HTTP/1.1" 200 1323 "-" "WordPress/6.8.3; https://batconpakistan.org"
2a03:2880:f800:3e:: - - [14/Oct/2025:15:41:43 -0400] "GET /bat-convervation-pakistan/ HTTP/1.1" 200 20200 "-" "meta-externalagent/1.1 (+https://developers.facebook.com/docs/sharing/webmasters/crawler)"
162.0.235.240 - - [14/Oct/2025:15:46:41 -0400] "GET /wp-content/plugins/contact-form-7-style/admin/predefined-templates.json HTTP/1.1" 200 1323 "-" "WordPress/6.8.3; https://batconpakistan.org"
162.0.235.240 - - [14/Oct/2025:15:46:42 -0400] "POST /wp-cron.php?doing_wp_cron=1760471202.4014260768890380859375 HTTP/1.1" 200 0 "-" "WordPress/6.8.3; https://batconpakistan.org"
213.180.203.144 - - [14/Oct/2025:15:46:38 -0400] "GET /2021/02/07/a-new-research-project-will-explore-how-extreme-heat-events-impact-indian-flying-foxes-in-pakistan/href HTTP/1.1" 404 15664 "-" "Mozilla/5.0 (compatible; YandexFavicons/1.0; +http://yandex.com/bots)"
162.0.235.240 - - [14/Oct/2025:15:46:43 -0400] "GET /wp-content/plugins/contact-form-7-style/admin/predefined-templates.json HTTP/1.1" 200 1323 "-" "WordPress/6.8.3; https://batconpakistan.org"
162.0.235.240 - - [14/Oct/2025:15:49:06 -0400] "GET /wp-content/plugins/contact-form-7-style/admin/predefined-templates.json HTTP/1.1" 200 1323 "-" "WordPress/6.8.3; https://batconpakistan.org"
162.0.235.240 - - [14/Oct/2025:15:49:07 -0400] "POST /wp-cron.php?doing_wp_cron=1760471347.3209669589996337890625 HTTP/1.1" 200 0 "-" "WordPress/6.8.3; https://batconpakistan.org"
162.0.235.240 - - [14/Oct/2025:15:49:07 -0400] "GET /wp-content/plugins/contact-form-7-style/admin/predefined-templates.json HTTP/1.1" 200 1323 "-" "WordPress/6.8.3; https://batconpakistan.org"
54.91.122.193 - - [14/Oct/2025:15:49:03 -0400] "GET /media-coverage/ HTTP/1.1" 200 18148 "-" "Mozilla/5.0 AppleWebKit/537.36 (KHTML, like Gecko; compatible; Amazonbot/0.1; +https://developer.amazon.com/support/amazonbot) Chrome/119.0.6045.214 Safari/537.36"
162.0.235.240 - - [14/Oct/2025:15:49:30 -0400] "GET /wp-content/plugins/contact-form-7-style/admin/predefined-templates.json HTTP/1.1" 200 1323 "-" "WordPress/6.8.3; https://batconpakistan.org"
44.251.186.64 - - [14/Oct/2025:15:49:30 -0400] "GET /robots.txt HTTP/1.1" 301 0 "-" "Mozilla/5.0 (compatible; wpbot/1.3; +https://forms.gle/ajBaxygz9jSR8p8G9)"
44.251.186.64 - - [14/Oct/2025:15:49:31 -0400] "GET /robots.txt HTTP/1.1" 200 183 "-" "Mozilla/5.0 (compatible; wpbot/1.3; +https://forms.gle/ajBaxygz9jSR8p8G9)"
162.0.235.240 - - [14/Oct/2025:15:49:31 -0400] "GET /wp-content/plugins/contact-form-7-style/admin/predefined-templates.json HTTP/1.1" 200 1323 "-" "WordPress/6.8.3; https://batconpakistan.org"
44.251.186.64 - - [14/Oct/2025:15:49:31 -0400] "GET / HTTP/1.1" 200 23132 "-" "Mozilla/5.0 (compatible; wpbot/1.3; +https://forms.gle/ajBaxygz9jSR8p8G9)"
35.231.115.86 - - [14/Oct/2025:15:57:16 -0400] "GET /2021/09/05/project-completion/ HTTP/1.1" 200 21540 "-" "ZoominfoBot (zoominfobot at zoominfo dot com)"
103.90.235.93 - - [14/Oct/2025:15:58:52 -0400] "GET /wp-login.php HTTP/1.1" 200 1885 "-" "Mozilla/4.0 (compatible; MSIE 7.0; Windows NT 6.2; Trident/7.0; .NET4.0E; .NET4.0C; .NET CLR 3.5.30729; .NET CLR 2.0.50727; .NET CLR 3.0.30729)"
162.0.235.240 - - [14/Oct/2025:15:59:00 -0400] "GET /wp-content/plugins/contact-form-7-style/admin/predefined-templates.json HTTP/1.1" 200 1323 "-" "WordPress/6.8.3; https://batconpakistan.org"
162.0.235.240 - - [14/Oct/2025:15:59:01 -0400] "POST /wp-cron.php?doing_wp_cron=1760471941.3495969772338867187500 HTTP/1.1" 200 0 "-" "WordPress/6.8.3; https://batconpakistan.org"
103.90.235.93 - - [14/Oct/2025:15:58:57 -0400] "POST /wp-login.php HTTP/1.1" 200 2045 "https://batconpakistan.org/wp-login.php" "Mozilla/4.0 (compatible; MSIE 7.0; Windows NT 6.2; Trident/7.0; .NET4.0E; .NET4.0C; .NET CLR 3.5.30729; .NET CLR 2.0.50727; .NET CLR 3.0.30729)"
162.0.235.240 - - [14/Oct/2025:15:59:01 -0400] "GET /wp-content/plugins/contact-form-7-style/admin/predefined-templates.json HTTP/1.1" 200 1323 "-" "WordPress/6.8.3; https://batconpakistan.org"
35.231.115.86 - - [14/Oct/2025:16:01:14 -0400] "GET /2023/01/12/indian-flying-fox-thermoregulatory-behaviors-visual-guide/ HTTP/1.1" 200 18385 "-" "ZoominfoBot (zoominfobot at zoominfo dot com)"
162.0.235.240 - - [14/Oct/2025:16:02:48 -0400] "GET /wp-content/plugins/contact-form-7-style/admin/predefined-templates.json HTTP/1.1" 200 1323 "-" "WordPress/6.8.3; https://batconpakistan.org"
162.0.235.240 - - [14/Oct/2025:16:02:48 -0400] "POST /wp-cron.php?doing_wp_cron=1760472168.9103829860687255859375 HTTP/1.1" 200 0 "-" "WordPress/6.8.3; https://batconpakistan.org"
85.208.96.211 - - [14/Oct/2025:16:02:45 -0400] "GET /event_registrants/imi-themes-3/ HTTP/1.1" 200 16431 "-" "Mozilla/5.0 (compatible; SemrushBot/7~bl; +http://www.semrush.com/bot.html)"
162.0.235.240 - - [14/Oct/2025:16:02:49 -0400] "GET /wp-content/plugins/contact-form-7-style/admin/predefined-templates.json HTTP/1.1" 200 1323 "-" "WordPress/6.8.3; https://batconpakistan.org"
103.82.38.57 - - [14/Oct/2025:16:03:13 -0400] "GET /wp-login.php HTTP/1.1" 200 1885 "-" "Mozilla/5.0 (Windows NT 10.0; Win64; x64) AppleWebKit/537.36 (KHTML, like Gecko) Chrome/65.0.3325.146 Safari/537.36"
162.0.235.240 - - [14/Oct/2025:16:03:15 -0400] "GET /wp-content/plugins/contact-form-7-style/admin/predefined-templates.json HTTP/1.1" 200 1323 "-" "WordPress/6.8.3; https://batconpakistan.org"
162.0.235.240 - - [14/Oct/2025:16:03:16 -0400] "POST /wp-cron.php?doing_wp_cron=1760472196.0673549175262451171875 HTTP/1.1" 200 0 "-" "WordPress/6.8.3; https://batconpakistan.org"
103.82.38.57 - - [14/Oct/2025:16:03:15 -0400] "POST /wp-login.php HTTP/1.1" 200 2045 "https://batconpakistan.org/wp-login.php" "Mozilla/5.0 (Windows NT 10.0; Win64; x64) AppleWebKit/537.36 (KHTML, like Gecko) Chrome/65.0.3325.146 Safari/537.36"
162.0.235.240 - - [14/Oct/2025:16:03:16 -0400] "GET /wp-content/plugins/contact-form-7-style/admin/predefined-templates.json HTTP/1.1" 200 1323 "-" "WordPress/6.8.3; https://batconpakistan.org"
162.0.235.240 - - [14/Oct/2025:16:03:27 -0400] "GET /wp-content/plugins/contact-form-7-style/admin/predefined-templates.json HTTP/1.1" 200 1323 "-" "WordPress/6.8.3; https://batconpakistan.org"
157.55.39.10 - - [14/Oct/2025:16:03:26 -0400] "GET /Cutting-Tools-Solid-Carbide-Drill-Internal-Coolant-mm-Hole-Depth-mm-39362-Combination-Drill-&-Taps/ HTTP/1.1" 301 0 "-" "Mozilla/5.0 AppleWebKit/537.36 (KHTML, like Gecko; compatible; bingbot/2.0; +http://www.bing.com/bingbot.htm) Chrome/116.0.1938.76 Safari/537.36"
35.231.115.86 - - [14/Oct/2025:16:04:44 -0400] "GET /contact-us/ HTTP/1.1" 200 17316 "-" "ZoominfoBot (zoominfobot at zoominfo dot com)"
35.231.115.86 - - [14/Oct/2025:16:06:38 -0400] "GET /campaigns/ HTTP/1.1" 200 19946 "-" "ZoominfoBot (zoominfobot at zoominfo dot com)"
162.0.235.240 - - [14/Oct/2025:16:08:39 -0400] "GET /wp-content/plugins/contact-form-7-style/admin/predefined-templates.json HTTP/1.1" 200 1323 "-" "WordPress/6.8.3; https://batconpakistan.org"
162.0.235.240 - - [14/Oct/2025:16:08:39 -0400] "POST /wp-cron.php?doing_wp_cron=1760472519.8888099193572998046875 HTTP/1.1" 200 0 "-" "WordPress/6.8.3; https://batconpakistan.org"
207.46.13.116 - - [14/Oct/2025:16:08:35 -0400] "GET /Industrial-Electrical-50Ohm-Pin-SMD-TR-Stability-Tol-271012-Oscillators/ HTTP/1.1" 404 15668 "-" "Mozilla/5.0 AppleWebKit/537.36 (KHTML, like Gecko; compatible; bingbot/2.0; +http://www.bing.com/bingbot.htm) Chrome/116.0.1938.76 Safari/537.36"
162.0.235.240 - - [14/Oct/2025:16:08:40 -0400] "GET /wp-content/plugins/contact-form-7-style/admin/predefined-templates.json HTTP/1.1" 200 1323 "-" "WordPress/6.8.3; https://batconpakistan.org"
35.231.115.86 - - [14/Oct/2025:16:10:28 -0400] "GET /author/admin/ HTTP/1.1" 200 40215 "-" "ZoominfoBot (zoominfobot at zoominfo dot com)"
94.23.188.195 - - [14/Oct/2025:16:11:06 -0400] "GET /robots.txt HTTP/1.1" 200 183 "-" "Mozilla/5.0 (compatible; AhrefsBot/7.0; +http://ahrefs.com/robot/)"
162.0.235.240 - - [14/Oct/2025:16:11:11 -0400] "GET /wp-content/plugins/contact-form-7-style/admin/predefined-templates.json HTTP/1.1" 200 1323 "-" "WordPress/6.8.3; https://batconpakistan.org"
162.0.235.240 - - [14/Oct/2025:16:11:11 -0400] "POST /wp-cron.php?doing_wp_cron=1760472671.7525379657745361328125 HTTP/1.1" 200 0 "-" "WordPress/6.8.3; https://batconpakistan.org"
54.38.147.19 - - [14/Oct/2025:16:11:08 -0400] "GET /campaigns/help-rebuild-nepal/ HTTP/1.1" 200 18315 "-" "Mozilla/5.0 (compatible; AhrefsBot/7.0; +http://ahrefs.com/robot/)"
162.0.235.240 - - [14/Oct/2025:16:11:12 -0400] "GET /wp-content/plugins/contact-form-7-style/admin/predefined-templates.json HTTP/1.1" 200 1323 "-" "WordPress/6.8.3; https://batconpakistan.org"
162.0.235.240 - - [14/Oct/2025:16:11:35 -0400] "GET /wp-content/plugins/contact-form-7-style/admin/predefined-templates.json HTTP/1.1" 200 1323 "-" "WordPress/6.8.3; https://batconpakistan.org"
40.81.227.89 - - [14/Oct/2025:16:11:35 -0400] "POST /wp-login.php HTTP/1.1" 200 2041 "-" "Mozilla/5.0"
162.0.235.240 - - [14/Oct/2025:16:11:37 -0400] "GET /wp-content/plugins/contact-form-7-style/admin/predefined-templates.json HTTP/1.1" 200 1323 "-" "WordPress/6.8.3; https://batconpakistan.org"
