162.0.235.240 - - [14/Oct/2025:22:44:58 -0400] "POST /wp-cron.php?doing_wp_cron=1760496298.8939800262451171875000 HTTP/1.1" 200 0 "-" "WordPress/6.8.3; https://batconpakistan.org"
51.195.183.153 - - [14/Oct/2025:22:44:58 -0400] "GET /campaign_tag-sitemap.xml HTTP/1.1" 200 413 "-" "Mozilla/5.0 (compatible; AhrefsBot/7.0; +http://ahrefs.com/robot/)"
162.0.235.240 - - [14/Oct/2025:22:44:59 -0400] "GET /wp-content/plugins/contact-form-7-style/admin/predefined-templates.json HTTP/1.1" 200 1323 "-" "WordPress/6.8.3; https://batconpakistan.org"
162.0.235.240 - - [14/Oct/2025:22:45:06 -0400] "GET /wp-content/plugins/contact-form-7-style/admin/predefined-templates.json HTTP/1.1" 200 1323 "-" "WordPress/6.8.3; https://batconpakistan.org"
162.0.235.240 - - [14/Oct/2025:22:45:07 -0400] "POST /wp-cron.php?doing_wp_cron=1760496307.2075479030609130859375 HTTP/1.1" 200 0 "-" "WordPress/6.8.3; https://batconpakistan.org"
51.89.129.110 - - [14/Oct/2025:22:45:06 -0400] "GET /registrant-event-sitemap.xml HTTP/1.1" 200 364 "-" "Mozilla/5.0 (compatible; AhrefsBot/7.0; +http://ahrefs.com/robot/)"
162.0.235.240 - - [14/Oct/2025:22:45:07 -0400] "GET /wp-content/plugins/contact-form-7-style/admin/predefined-templates.json HTTP/1.1" 200 1323 "-" "WordPress/6.8.3; https://batconpakistan.org"
162.0.235.240 - - [14/Oct/2025:22:45:09 -0400] "GET /wp-content/plugins/contact-form-7-style/admin/predefined-templates.json HTTP/1.1" 200 1323 "-" "WordPress/6.8.3; https://batconpakistan.org"
51.195.244.90 - - [14/Oct/2025:22:45:08 -0400] "GET /style_category-sitemap.xml HTTP/1.1" 200 384 "-" "Mozilla/5.0 (compatible; AhrefsBot/7.0; +http://ahrefs.com/robot/)"
162.0.235.240 - - [14/Oct/2025:22:45:11 -0400] "GET /wp-content/plugins/contact-form-7-style/admin/predefined-templates.json HTTP/1.1" 200 1323 "-" "WordPress/6.8.3; https://batconpakistan.org"
54.38.147.136 - - [14/Oct/2025:22:45:11 -0400] "GET /author-sitemap.xml HTTP/1.1" 200 341 "-" "Mozilla/5.0 (compatible; AhrefsBot/7.0; +http://ahrefs.com/robot/)"
162.0.235.240 - - [14/Oct/2025:22:50:08 -0400] "GET /wp-content/plugins/contact-form-7-style/admin/predefined-templates.json HTTP/1.1" 200 1323 "-" "WordPress/6.8.3; https://batconpakistan.org"
162.0.235.240 - - [14/Oct/2025:22:50:09 -0400] "POST /wp-cron.php?doing_wp_cron=1760496608.9524209499359130859375 HTTP/1.1" 200 0 "-" "WordPress/6.8.3; https://batconpakistan.org"
40.77.167.48 - - [14/Oct/2025:22:50:04 -0400] "GET /Cutting-Tools-Nf-Fractional-38788-Combination-Drill-&-Taps/ HTTP/1.1" 301 0 "-" "Mozilla/5.0 AppleWebKit/537.36 (KHTML, like Gecko; compatible; bingbot/2.0; +http://www.bing.com/bingbot.htm) Chrome/116.0.1938.76 Safari/537.36"
162.0.235.240 - - [14/Oct/2025:22:50:09 -0400] "GET /wp-content/plugins/contact-form-7-style/admin/predefined-templates.json HTTP/1.1" 200 1323 "-" "WordPress/6.8.3; https://batconpakistan.org"
185.163.211.100 - - [14/Oct/2025:22:53:47 -0400] "GET /wp-content/uploads/2023/02/bat-infographic-urdu.jpeg HTTP/1.1" 200 667348 "-" "Mozilla/5.0 (Macintosh; Intel Mac OS X 10_12_4) AppleWebKit/537.36 (KHTML, like Gecko) Chrome/60.0.3083.0 Safari/537.36"
185.163.211.100 - - [14/Oct/2025:22:53:53 -0400] "GET /wp-content/uploads/2023/10/F1.large_-600x400.jpg HTTP/1.1" 200 32996 "-" "Mozilla/5.0 (Macintosh; Intel Mac OS X 10_10_1) AppleWebKit/537.36 (KHTML, like Gecko) Chrome/59.0.3071.115 Safari/537.36"
45.131.155.101 - - [14/Oct/2025:22:53:57 -0400] "GET / HTTP/1.1" 200 23132 "-" "Mozilla/5.0 (Windows NT 10.0; Win64; x64) AppleWebKit/537.36 (KHTML, like Gecko) Chrome/137.0.0.0 Safari/537.36 OPR/121.0.0.0"
45.89.70.30 - - [14/Oct/2025:22:58:21 -0400] "GET / HTTP/1.1" 200 23132 "https://batconpakistan.org/" "Mozilla/5.0 (Windows NT 10.0; Win64; x64) AppleWebKit/537.36 (KHTML, like Gecko) Chrome/131.0.0.0 Safari/537.36 Avast/131.0.0.0"
45.89.70.30 - - [14/Oct/2025:22:58:21 -0400] "GET /contact-us/ HTTP/1.1" 200 17316 "https://batconpakistan.org/contact-us/" "Mozilla/5.0 (Windows NT 10.0; Win64; x64) AppleWebKit/537.36 (KHTML, like Gecko) Chrome/131.0.0.0 Safari/537.36 Avast/131.0.0.0"
162.0.235.240 - - [14/Oct/2025:22:58:25 -0400] "GET /wp-content/plugins/contact-form-7-style/admin/predefined-templates.json HTTP/1.1" 200 1323 "-" "WordPress/6.8.3; https://batconpakistan.org"
162.0.235.240 - - [14/Oct/2025:22:58:25 -0400] "POST /wp-cron.php?doing_wp_cron=1760497105.7843298912048339843750 HTTP/1.1" 200 0 "-" "WordPress/6.8.3; https://batconpakistan.org"
162.0.235.240 - - [14/Oct/2025:22:58:26 -0400] "GET /wp-content/plugins/contact-form-7-style/admin/predefined-templates.json HTTP/1.1" 200 1323 "-" "WordPress/6.8.3; https://batconpakistan.org"
45.89.70.30 - - [14/Oct/2025:22:58:22 -0400] "POST /contact-us/ HTTP/1.1" 200 17393 "https://batconpakistan.org/contact-us/" "Mozilla/5.0 (Windows NT 10.0; Win64; x64) AppleWebKit/537.36 (KHTML, like Gecko) Chrome/131.0.0.0 Safari/537.36 Avast/131.0.0.0"
83.99.151.65 - - [14/Oct/2025:22:58:53 -0400] "GET /robots.txt HTTP/1.1" 200 183 "-" "Mozilla/5.0 (X11; Linux x86_64) AppleWebKit/537.36 (KHTML, like Gecko; GeedoProductSearch; +https://geedo.com/product-search.html) Chrome/134.0.0.0 Safari/537.36"
83.99.151.65 - - [14/Oct/2025:22:58:54 -0400] "GET / HTTP/1.1" 200 23132 "-" "Mozilla/5.0 (X11; Linux x86_64) AppleWebKit/537.36 (KHTML, like Gecko; GeedoProductSearch; +https://geedo.com/product-search.html) Chrome/134.0.0.0 Safari/537.36"
83.99.151.67 - - [14/Oct/2025:22:59:04 -0400] "GET /contact-us/ HTTP/1.1" 200 17316 "-" "Mozilla/5.0 (X11; Linux x86_64) AppleWebKit/537.36 (KHTML, like Gecko; GeedoProductSearch; +https://geedo.com/product-search.html) Chrome/134.0.0.0 Safari/537.36"
162.0.235.240 - - [14/Oct/2025:22:59:15 -0400] "GET /wp-content/plugins/contact-form-7-style/admin/predefined-templates.json HTTP/1.1" 200 1323 "-" "WordPress/6.8.3; https://batconpakistan.org"
162.0.235.240 - - [14/Oct/2025:22:59:16 -0400] "POST /wp-cron.php?doing_wp_cron=1760497156.0279850959777832031250 HTTP/1.1" 200 0 "-" "WordPress/6.8.3; https://batconpakistan.org"
83.99.151.64 - - [14/Oct/2025:22:59:15 -0400] "GET /sitemap_index.xml HTTP/1.1" 200 512 "-" "Mozilla/5.0 (X11; Linux x86_64) AppleWebKit/537.36 (KHTML, like Gecko; GeedoProductSearch; +https://geedo.com/product-search.html) Chrome/134.0.0.0 Safari/537.36"
162.0.235.240 - - [14/Oct/2025:22:59:16 -0400] "GET /wp-content/plugins/contact-form-7-style/admin/predefined-templates.json HTTP/1.1" 200 1323 "-" "WordPress/6.8.3; https://batconpakistan.org"
162.0.235.240 - - [14/Oct/2025:22:59:26 -0400] "GET /wp-content/plugins/contact-form-7-style/admin/predefined-templates.json HTTP/1.1" 200 1323 "-" "WordPress/6.8.3; https://batconpakistan.org"
83.99.151.64 - - [14/Oct/2025:22:59:26 -0400] "GET /post-sitemap.xml HTTP/1.1" 200 976 "-" "Mozilla/5.0 (X11; Linux x86_64) AppleWebKit/537.36 (KHTML, like Gecko; GeedoProductSearch; +https://geedo.com/product-search.html) Chrome/134.0.0.0 Safari/537.36"
162.0.235.240 - - [14/Oct/2025:22:59:37 -0400] "GET /wp-content/plugins/contact-form-7-style/admin/predefined-templates.json HTTP/1.1" 200 1323 "-" "WordPress/6.8.3; https://batconpakistan.org"
83.99.151.64 - - [14/Oct/2025:22:59:37 -0400] "GET /page-sitemap.xml HTTP/1.1" 200 1544 "-" "Mozilla/5.0 (X11; Linux x86_64) AppleWebKit/537.36 (KHTML, like Gecko; GeedoProductSearch; +https://geedo.com/product-search.html) Chrome/134.0.0.0 Safari/537.36"
162.0.235.240 - - [14/Oct/2025:22:59:48 -0400] "GET /wp-content/plugins/contact-form-7-style/admin/predefined-templates.json HTTP/1.1" 200 1323 "-" "WordPress/6.8.3; https://batconpakistan.org"
162.0.235.240 - - [14/Oct/2025:22:59:48 -0400] "POST /wp-cron.php?doing_wp_cron=1760497188.6562509536743164062500 HTTP/1.1" 200 0 "-" "WordPress/6.8.3; https://batconpakistan.org"
83.99.151.64 - - [14/Oct/2025:22:59:48 -0400] "GET /testimonial-sitemap.xml HTTP/1.1" 200 391 "-" "Mozilla/5.0 (X11; Linux x86_64) AppleWebKit/537.36 (KHTML, like Gecko; GeedoProductSearch; +https://geedo.com/product-search.html) Chrome/134.0.0.0 Safari/537.36"
162.0.235.240 - - [14/Oct/2025:22:59:49 -0400] "GET /wp-content/plugins/contact-form-7-style/admin/predefined-templates.json HTTP/1.1" 200 1323 "-" "WordPress/6.8.3; https://batconpakistan.org"
162.240.238.172 - - [14/Oct/2025:22:59:50 -0400] "GET /wp-login.php HTTP/1.1" 200 1885 "-" "Mozilla/5.0 (X11; CrOS armv7l 10323.67.0) AppleWebKit/537.36 (KHTML, like Gecko) Chrome/65.0.3325.209 Safari/537.36"
162.0.235.240 - - [14/Oct/2025:22:59:51 -0400] "GET /wp-content/plugins/contact-form-7-style/admin/predefined-templates.json HTTP/1.1" 200 1323 "-" "WordPress/6.8.3; https://batconpakistan.org"
162.240.238.172 - - [14/Oct/2025:22:59:51 -0400] "POST /wp-login.php HTTP/1.1" 200 2045 "https://batconpakistan.org/wp-login.php" "Mozilla/5.0 (X11; CrOS armv7l 10323.67.0) AppleWebKit/537.36 (KHTML, like Gecko) Chrome/65.0.3325.209 Safari/537.36"
162.0.235.240 - - [14/Oct/2025:22:59:59 -0400] "GET /wp-content/plugins/contact-form-7-style/admin/predefined-templates.json HTTP/1.1" 200 1323 "-" "WordPress/6.8.3; https://batconpakistan.org"
162.0.235.240 - - [14/Oct/2025:22:59:59 -0400] "POST /wp-cron.php?doing_wp_cron=1760497199.5917100906372070312500 HTTP/1.1" 200 0 "-" "WordPress/6.8.3; https://batconpakistan.org"
83.99.151.64 - - [14/Oct/2025:22:59:58 -0400] "GET /gallery-sitemap.xml HTTP/1.1" 200 560 "-" "Mozilla/5.0 (X11; Linux x86_64) AppleWebKit/537.36 (KHTML, like Gecko; GeedoProductSearch; +https://geedo.com/product-search.html) Chrome/134.0.0.0 Safari/537.36"
162.0.235.240 - - [14/Oct/2025:23:00:00 -0400] "GET /wp-content/plugins/contact-form-7-style/admin/predefined-templates.json HTTP/1.1" 200 1323 "-" "WordPress/6.8.3; https://batconpakistan.org"
162.0.235.240 - - [14/Oct/2025:23:00:10 -0400] "GET /wp-content/plugins/contact-form-7-style/admin/predefined-templates.json HTTP/1.1" 200 1323 "-" "WordPress/6.8.3; https://batconpakistan.org"
162.0.235.240 - - [14/Oct/2025:23:00:10 -0400] "POST /wp-cron.php?doing_wp_cron=1760497210.6136410236358642578125 HTTP/1.1" 200 0 "-" "WordPress/6.8.3; https://batconpakistan.org"
83.99.151.64 - - [14/Oct/2025:23:00:09 -0400] "GET /event-sitemap.xml HTTP/1.1" 200 452 "-" "Mozilla/5.0 (X11; Linux x86_64) AppleWebKit/537.36 (KHTML, like Gecko; GeedoProductSearch; +https://geedo.com/product-search.html) Chrome/134.0.0.0 Safari/537.36"
162.0.235.240 - - [14/Oct/2025:23:00:11 -0400] "GET /wp-content/plugins/contact-form-7-style/admin/predefined-templates.json HTTP/1.1" 200 1323 "-" "WordPress/6.8.3; https://batconpakistan.org"
162.0.235.240 - - [14/Oct/2025:23:00:21 -0400] "GET /wp-content/plugins/contact-form-7-style/admin/predefined-templates.json HTTP/1.1" 200 1323 "-" "WordPress/6.8.3; https://batconpakistan.org"
83.99.151.64 - - [14/Oct/2025:23:00:20 -0400] "GET /team-sitemap.xml HTTP/1.1" 200 818 "-" "Mozilla/5.0 (X11; Linux x86_64) AppleWebKit/537.36 (KHTML, like Gecko; GeedoProductSearch; +https://geedo.com/product-search.html) Chrome/134.0.0.0 Safari/537.36"
162.0.235.240 - - [14/Oct/2025:23:00:32 -0400] "GET /wp-content/plugins/contact-form-7-style/admin/predefined-templates.json HTTP/1.1" 200 1323 "-" "WordPress/6.8.3; https://batconpakistan.org"
83.99.151.64 - - [14/Oct/2025:23:00:31 -0400] "GET /product-sitemap.xml HTTP/1.1" 200 532 "-" "Mozilla/5.0 (X11; Linux x86_64) AppleWebKit/537.36 (KHTML, like Gecko; GeedoProductSearch; +https://geedo.com/product-search.html) Chrome/134.0.0.0 Safari/537.36"
162.0.235.240 - - [14/Oct/2025:23:00:42 -0400] "GET /wp-content/plugins/contact-form-7-style/admin/predefined-templates.json HTTP/1.1" 200 1323 "-" "WordPress/6.8.3; https://batconpakistan.org"
162.0.235.240 - - [14/Oct/2025:23:00:43 -0400] "POST /wp-cron.php?doing_wp_cron=1760497243.1381630897521972656250 HTTP/1.1" 200 0 "-" "WordPress/6.8.3; https://batconpakistan.org"
83.99.151.64 - - [14/Oct/2025:23:00:42 -0400] "GET /campaign-sitemap.xml HTTP/1.1" 200 478 "-" "Mozilla/5.0 (X11; Linux x86_64) AppleWebKit/537.36 (KHTML, like Gecko; GeedoProductSearch; +https://geedo.com/product-search.html) Chrome/134.0.0.0 Safari/537.36"
162.0.235.240 - - [14/Oct/2025:23:00:43 -0400] "GET /wp-content/plugins/contact-form-7-style/admin/predefined-templates.json HTTP/1.1" 200 1323 "-" "WordPress/6.8.3; https://batconpakistan.org"
162.0.235.240 - - [14/Oct/2025:23:00:53 -0400] "GET /wp-content/plugins/contact-form-7-style/admin/predefined-templates.json HTTP/1.1" 200 1323 "-" "WordPress/6.8.3; https://batconpakistan.org"
162.0.235.240 - - [14/Oct/2025:23:00:54 -0400] "POST /wp-cron.php?doing_wp_cron=1760497254.1019659042358398437500 HTTP/1.1" 200 0 "-" "WordPress/6.8.3; https://batconpakistan.org"
83.99.151.64 - - [14/Oct/2025:23:00:53 -0400] "GET /event_registrants-sitemap.xml HTTP/1.1" 200 379 "-" "Mozilla/5.0 (X11; Linux x86_64) AppleWebKit/537.36 (KHTML, like Gecko; GeedoProductSearch; +https://geedo.com/product-search.html) Chrome/134.0.0.0 Safari/537.36"
162.0.235.240 - - [14/Oct/2025:23:00:54 -0400] "GET /wp-content/plugins/contact-form-7-style/admin/predefined-templates.json HTTP/1.1" 200 1323 "-" "WordPress/6.8.3; https://batconpakistan.org"
162.0.235.240 - - [14/Oct/2025:23:01:04 -0400] "GET /wp-content/plugins/contact-form-7-style/admin/predefined-templates.json HTTP/1.1" 200 1323 "-" "WordPress/6.8.3; https://batconpakistan.org"
162.0.235.240 - - [14/Oct/2025:23:01:05 -0400] "POST /wp-cron.php?doing_wp_cron=1760497264.9589910507202148437500 HTTP/1.1" 200 0 "-" "WordPress/6.8.3; https://batconpakistan.org"
83.99.151.64 - - [14/Oct/2025:23:01:04 -0400] "GET /category-sitemap.xml HTTP/1.1" 200 393 "-" "Mozilla/5.0 (X11; Linux x86_64) AppleWebKit/537.36 (KHTML, like Gecko; GeedoProductSearch; +https://geedo.com/product-search.html) Chrome/134.0.0.0 Safari/537.36"
162.0.235.240 - - [14/Oct/2025:23:01:05 -0400] "GET /wp-content/plugins/contact-form-7-style/admin/predefined-templates.json HTTP/1.1" 200 1323 "-" "WordPress/6.8.3; https://batconpakistan.org"
162.0.235.240 - - [14/Oct/2025:23:01:15 -0400] "GET /wp-content/plugins/contact-form-7-style/admin/predefined-templates.json HTTP/1.1" 200 1323 "-" "WordPress/6.8.3; https://batconpakistan.org"
83.99.151.64 - - [14/Oct/2025:23:01:15 -0400] "GET /post_tag-sitemap.xml HTTP/1.1" 200 450 "-" "Mozilla/5.0 (X11; Linux x86_64) AppleWebKit/537.36 (KHTML, like Gecko; GeedoProductSearch; +https://geedo.com/product-search.html) Chrome/134.0.0.0 Safari/537.36"
162.0.235.240 - - [14/Oct/2025:23:01:26 -0400] "GET /wp-content/plugins/contact-form-7-style/admin/predefined-templates.json HTTP/1.1" 200 1323 "-" "WordPress/6.8.3; https://batconpakistan.org"
83.99.151.64 - - [14/Oct/2025:23:01:26 -0400] "GET /gallery-category-sitemap.xml HTTP/1.1" 200 393 "-" "Mozilla/5.0 (X11; Linux x86_64) AppleWebKit/537.36 (KHTML, like Gecko; GeedoProductSearch; +https://geedo.com/product-search.html) Chrome/134.0.0.0 Safari/537.36"
162.0.235.240 - - [14/Oct/2025:23:01:37 -0400] "GET /wp-content/plugins/contact-form-7-style/admin/predefined-templates.json HTTP/1.1" 200 1323 "-" "WordPress/6.8.3; https://batconpakistan.org"
83.99.151.64 - - [14/Oct/2025:23:01:37 -0400] "GET /event-category-sitemap.xml HTTP/1.1" 200 378 "-" "Mozilla/5.0 (X11; Linux x86_64) AppleWebKit/537.36 (KHTML, like Gecko; GeedoProductSearch; +https://geedo.com/product-search.html) Chrome/134.0.0.0 Safari/537.36"
162.0.235.240 - - [14/Oct/2025:23:01:48 -0400] "GET /wp-content/plugins/contact-form-7-style/admin/predefined-templates.json HTTP/1.1" 200 1323 "-" "WordPress/6.8.3; https://batconpakistan.org"
162.0.235.240 - - [14/Oct/2025:23:01:48 -0400] "POST /wp-cron.php?doing_wp_cron=1760497308.2681670188903808593750 HTTP/1.1" 200 0 "-" "WordPress/6.8.3; https://batconpakistan.org"
83.99.151.64 - - [14/Oct/2025:23:01:47 -0400] "GET /event-tag-sitemap.xml HTTP/1.1" 200 372 "-" "Mozilla/5.0 (X11; Linux x86_64) AppleWebKit/537.36 (KHTML, like Gecko; GeedoProductSearch; +https://geedo.com/product-search.html) Chrome/134.0.0.0 Safari/537.36"
162.0.235.240 - - [14/Oct/2025:23:01:48 -0400] "GET /wp-content/plugins/contact-form-7-style/admin/predefined-templates.json HTTP/1.1" 200 1323 "-" "WordPress/6.8.3; https://batconpakistan.org"
162.0.235.240 - - [14/Oct/2025:23:01:58 -0400] "GET /wp-content/plugins/contact-form-7-style/admin/predefined-templates.json HTTP/1.1" 200 1323 "-" "WordPress/6.8.3; https://batconpakistan.org"
162.0.235.240 - - [14/Oct/2025:23:01:59 -0400] "POST /wp-cron.php?doing_wp_cron=1760497319.0939140319824218750000 HTTP/1.1" 200 0 "-" "WordPress/6.8.3; https://batconpakistan.org"
83.99.151.64 - - [14/Oct/2025:23:01:58 -0400] "GET /team-category-sitemap.xml HTTP/1.1" 200 499 "-" "Mozilla/5.0 (X11; Linux x86_64) AppleWebKit/537.36 (KHTML, like Gecko; GeedoProductSearch; +https://geedo.com/product-search.html) Chrome/134.0.0.0 Safari/537.36"
162.0.235.240 - - [14/Oct/2025:23:01:59 -0400] "GET /wp-content/plugins/contact-form-7-style/admin/predefined-templates.json HTTP/1.1" 200 1323 "-" "WordPress/6.8.3; https://batconpakistan.org"
162.0.235.240 - - [14/Oct/2025:23:02:09 -0400] "GET /wp-content/plugins/contact-form-7-style/admin/predefined-templates.json HTTP/1.1" 200 1323 "-" "WordPress/6.8.3; https://batconpakistan.org"
162.0.235.240 - - [14/Oct/2025:23:02:10 -0400] "POST /wp-cron.php?doing_wp_cron=1760497329.9699409008026123046875 HTTP/1.1" 200 0 "-" "WordPress/6.8.3; https://batconpakistan.org"
83.99.151.64 - - [14/Oct/2025:23:02:09 -0400] "GET /product_cat-sitemap.xml HTTP/1.1" 200 381 "-" "Mozilla/5.0 (X11; Linux x86_64) AppleWebKit/537.36 (KHTML, like Gecko; GeedoProductSearch; +https://geedo.com/product-search.html) Chrome/134.0.0.0 Safari/537.36"
162.0.235.240 - - [14/Oct/2025:23:02:10 -0400] "GET /wp-content/plugins/contact-form-7-style/admin/predefined-templates.json HTTP/1.1" 200 1323 "-" "WordPress/6.8.3; https://batconpakistan.org"
162.0.235.240 - - [14/Oct/2025:23:02:20 -0400] "GET /wp-content/plugins/contact-form-7-style/admin/predefined-templates.json HTTP/1.1" 200 1323 "-" "WordPress/6.8.3; https://batconpakistan.org"
83.99.151.64 - - [14/Oct/2025:23:02:20 -0400] "GET /campaign_category-sitemap.xml HTTP/1.1" 200 425 "-" "Mozilla/5.0 (X11; Linux x86_64) AppleWebKit/537.36 (KHTML, like Gecko; GeedoProductSearch; +https://geedo.com/product-search.html) Chrome/134.0.0.0 Safari/537.36"
162.0.235.240 - - [14/Oct/2025:23:02:31 -0400] "GET /wp-content/plugins/contact-form-7-style/admin/predefined-templates.json HTTP/1.1" 200 1323 "-" "WordPress/6.8.3; https://batconpakistan.org"
83.99.151.64 - - [14/Oct/2025:23:02:31 -0400] "GET /campaign_tag-sitemap.xml HTTP/1.1" 200 413 "-" "Mozilla/5.0 (X11; Linux x86_64) AppleWebKit/537.36 (KHTML, like Gecko; GeedoProductSearch; +https://geedo.com/product-search.html) Chrome/134.0.0.0 Safari/537.36"
162.0.235.240 - - [14/Oct/2025:23:02:42 -0400] "GET /wp-content/plugins/contact-form-7-style/admin/predefined-templates.json HTTP/1.1" 200 1323 "-" "WordPress/6.8.3; https://batconpakistan.org"
162.0.235.240 - - [14/Oct/2025:23:02:42 -0400] "POST /wp-cron.php?doing_wp_cron=1760497362.3961009979248046875000 HTTP/1.1" 200 0 "-" "WordPress/6.8.3; https://batconpakistan.org"
83.99.151.64 - - [14/Oct/2025:23:02:41 -0400] "GET /registrant-event-sitemap.xml HTTP/1.1" 200 364 "-" "Mozilla/5.0 (X11; Linux x86_64) AppleWebKit/537.36 (KHTML, like Gecko; GeedoProductSearch; +https://geedo.com/product-search.html) Chrome/134.0.0.0 Safari/537.36"
162.0.235.240 - - [14/Oct/2025:23:02:42 -0400] "GET /wp-content/plugins/contact-form-7-style/admin/predefined-templates.json HTTP/1.1" 200 1323 "-" "WordPress/6.8.3; https://batconpakistan.org"
162.0.235.240 - - [14/Oct/2025:23:02:53 -0400] "GET /wp-content/plugins/contact-form-7-style/admin/predefined-templates.json HTTP/1.1" 200 1323 "-" "WordPress/6.8.3; https://batconpakistan.org"
162.0.235.240 - - [14/Oct/2025:23:02:53 -0400] "POST /wp-cron.php?doing_wp_cron=1760497373.3059930801391601562500 HTTP/1.1" 200 0 "-" "WordPress/6.8.3; https://batconpakistan.org"
83.99.151.64 - - [14/Oct/2025:23:02:52 -0400] "GET /style_category-sitemap.xml HTTP/1.1" 200 384 "-" "Mozilla/5.0 (X11; Linux x86_64) AppleWebKit/537.36 (KHTML, like Gecko; GeedoProductSearch; +https://geedo.com/product-search.html) Chrome/134.0.0.0 Safari/537.36"
162.0.235.240 - - [14/Oct/2025:23:02:53 -0400] "GET /wp-content/plugins/contact-form-7-style/admin/predefined-templates.json HTTP/1.1" 200 1323 "-" "WordPress/6.8.3; https://batconpakistan.org"
162.0.235.240 - - [14/Oct/2025:23:03:04 -0400] "GET /wp-content/plugins/contact-form-7-style/admin/predefined-templates.json HTTP/1.1" 200 1323 "-" "WordPress/6.8.3; https://batconpakistan.org"
162.0.235.240 - - [14/Oct/2025:23:03:04 -0400] "POST /wp-cron.php?doing_wp_cron=1760497384.1990289688110351562500 HTTP/1.1" 200 0 "-" "WordPress/6.8.3; https://batconpakistan.org"
83.99.151.64 - - [14/Oct/2025:23:03:03 -0400] "GET /author-sitemap.xml HTTP/1.1" 200 341 "-" "Mozilla/5.0 (X11; Linux x86_64) AppleWebKit/537.36 (KHTML, like Gecko; GeedoProductSearch; +https://geedo.com/product-search.html) Chrome/134.0.0.0 Safari/537.36"
162.0.235.240 - - [14/Oct/2025:23:03:04 -0400] "GET /wp-content/plugins/contact-form-7-style/admin/predefined-templates.json HTTP/1.1" 200 1323 "-" "WordPress/6.8.3; https://batconpakistan.org"
83.99.151.67 - - [14/Oct/2025:23:04:32 -0400] "GET /event_registrants/imi-themes-3/ HTTP/1.1" 200 16431 "-" "Mozilla/5.0 (X11; Linux x86_64) AppleWebKit/537.36 (KHTML, like Gecko; GeedoProductSearch; +https://geedo.com/product-search.html) Chrome/134.0.0.0 Safari/537.36"
162.0.235.240 - - [14/Oct/2025:23:04:43 -0400] "GET /wp-content/plugins/contact-form-7-style/admin/predefined-templates.json HTTP/1.1" 200 1323 "-" "WordPress/6.8.3; https://batconpakistan.org"
162.0.235.240 - - [14/Oct/2025:23:04:44 -0400] "POST /wp-cron.php?doing_wp_cron=1760497484.4205610752105712890625 HTTP/1.1" 200 0 "-" "WordPress/6.8.3; https://batconpakistan.org"
83.99.151.67 - - [14/Oct/2025:23:04:41 -0400] "GET /typography/ HTTP/1.1" 200 17791 "-" "Mozilla/5.0 (X11; Linux x86_64) AppleWebKit/537.36 (KHTML, like Gecko; GeedoProductSearch; +https://geedo.com/product-search.html) Chrome/134.0.0.0 Safari/537.36"
162.0.235.240 - - [14/Oct/2025:23:04:44 -0400] "GET /wp-content/plugins/contact-form-7-style/admin/predefined-templates.json HTTP/1.1" 200 1323 "-" "WordPress/6.8.3; https://batconpakistan.org"
83.99.151.67 - - [14/Oct/2025:23:04:51 -0400] "GET /team/dr-muhammad-farooq-tahir/ HTTP/1.1" 200 18062 "-" "Mozilla/5.0 (X11; Linux x86_64) AppleWebKit/537.36 (KHTML, like Gecko; GeedoProductSearch; +https://geedo.com/product-search.html) Chrome/134.0.0.0 Safari/537.36"
83.99.151.70 - - [14/Oct/2025:23:05:00 -0400] "GET /2021/07/27/over-400-indian-flying-foxes-pteropus-medius-were-mercilessly-killed-in-nawab-shah-sindh-pakistan-these-bats-were-believed-to-be-a-serious-pest-for-fruits-trees-of-mango-and-banana-in-these-areas/ HTTP/1.1" 200 20673 "-" "Mozilla/5.0 (X11; Linux x86_64) AppleWebKit/537.36 (KHTML, like Gecko; GeedoProductSearch; +https://geedo.com/product-search.html) Chrome/134.0.0.0 Safari/537.36"
2a03:2880:f800:13:: - - [14/Oct/2025:23:05:09 -0400] "GET /wp-content/uploads/2021/01/133157-Flying-Bats.jpg HTTP/1.1" 200 31020 "-" "meta-externalagent/1.1 (+https://developers.facebook.com/docs/sharing/webmasters/crawler)"
162.0.235.240 - - [14/Oct/2025:23:05:09 -0400] "GET /wp-content/plugins/contact-form-7-style/admin/predefined-templates.json HTTP/1.1" 200 1323 "-" "WordPress/6.8.3; https://batconpakistan.org"
162.0.235.240 - - [14/Oct/2025:23:05:10 -0400] "POST /wp-cron.php?doing_wp_cron=1760497510.0748600959777832031250 HTTP/1.1" 200 0 "-" "WordPress/6.8.3; https://batconpakistan.org"
83.99.151.67 - - [14/Oct/2025:23:05:09 -0400] "GET /style_category/christmas-style/ HTTP/1.1" 200 15732 "-" "Mozilla/5.0 (X11; Linux x86_64) AppleWebKit/537.36 (KHTML, like Gecko; GeedoProductSearch; +https://geedo.com/product-search.html) Chrome/134.0.0.0 Safari/537.36"
162.0.235.240 - - [14/Oct/2025:23:05:10 -0400] "GET /wp-content/plugins/contact-form-7-style/admin/predefined-templates.json HTTP/1.1" 200 1323 "-" "WordPress/6.8.3; https://batconpakistan.org"
162.0.235.240 - - [14/Oct/2025:23:05:21 -0400] "GET /wp-content/plugins/contact-form-7-style/admin/predefined-templates.json HTTP/1.1" 200 1323 "-" "WordPress/6.8.3; https://batconpakistan.org"
83.99.151.67 - - [14/Oct/2025:23:05:20 -0400] "GET /event/featured-links/ HTTP/1.1" 200 18216 "-" "Mozilla/5.0 (X11; Linux x86_64) AppleWebKit/537.36 (KHTML, like Gecko; GeedoProductSearch; +https://geedo.com/product-search.html) Chrome/134.0.0.0 Safari/537.36"
83.99.151.68 - - [14/Oct/2025:23:05:44 -0400] "GET /career-opportunities/ HTTP/1.1" 200 18579 "-" "Mozilla/5.0 (X11; Linux x86_64) AppleWebKit/537.36 (KHTML, like Gecko; GeedoProductSearch; +https://geedo.com/product-search.html) Chrome/134.0.0.0 Safari/537.36"
162.0.235.240 - - [14/Oct/2025:23:05:52 -0400] "GET /wp-content/plugins/contact-form-7-style/admin/predefined-templates.json HTTP/1.1" 200 1323 "-" "WordPress/6.8.3; https://batconpakistan.org"
162.0.235.240 - - [14/Oct/2025:23:05:52 -0400] "POST /wp-cron.php?doing_wp_cron=1760497552.9170479774475097656250 HTTP/1.1" 200 0 "-" "WordPress/6.8.3; https://batconpakistan.org"
83.99.151.69 - - [14/Oct/2025:23:05:52 -0400] "GET /?team-category=regional-director HTTP/1.1" 200 16174 "-" "Mozilla/5.0 (X11; Linux x86_64) AppleWebKit/537.36 (KHTML, like Gecko; GeedoProductSearch; +https://geedo.com/product-search.html) Chrome/134.0.0.0 Safari/537.36"
162.0.235.240 - - [14/Oct/2025:23:05:53 -0400] "GET /wp-content/plugins/contact-form-7-style/admin/predefined-templates.json HTTP/1.1" 200 1323 "-" "WordPress/6.8.3; https://batconpakistan.org"
162.0.235.240 - - [14/Oct/2025:23:06:02 -0400] "GET /wp-content/plugins/contact-form-7-style/admin/predefined-templates.json HTTP/1.1" 200 1323 "-" "WordPress/6.8.3; https://batconpakistan.org"
162.0.235.240 - - [14/Oct/2025:23:06:02 -0400] "POST /wp-cron.php?doing_wp_cron=1760497562.7746241092681884765625 HTTP/1.1" 200 0 "-" "WordPress/6.8.3; https://batconpakistan.org"
83.99.151.69 - - [14/Oct/2025:23:06:02 -0400] "GET /team/prof-tigga-kingston/ HTTP/1.1" 200 17444 "-" "Mozilla/5.0 (X11; Linux x86_64) AppleWebKit/537.36 (KHTML, like Gecko; GeedoProductSearch; +https://geedo.com/product-search.html) Chrome/134.0.0.0 Safari/537.36"
162.0.235.240 - - [14/Oct/2025:23:06:03 -0400] "GET /wp-content/plugins/contact-form-7-style/admin/predefined-templates.json HTTP/1.1" 200 1323 "-" "WordPress/6.8.3; https://batconpakistan.org"
162.0.235.240 - - [14/Oct/2025:23:06:11 -0400] "GET /wp-content/plugins/contact-form-7-style/admin/predefined-templates.json HTTP/1.1" 200 1323 "-" "WordPress/6.8.3; https://batconpakistan.org"
162.0.235.240 - - [14/Oct/2025:23:06:12 -0400] "POST /wp-cron.php?doing_wp_cron=1760497572.1549720764160156250000 HTTP/1.1" 200 0 "-" "WordPress/6.8.3; https://batconpakistan.org"
83.99.151.69 - - [14/Oct/2025:23:06:11 -0400] "GET /product/happy-ninja-2/ HTTP/1.1" 200 19323 "-" "Mozilla/5.0 (X11; Linux x86_64) AppleWebKit/537.36 (KHTML, like Gecko; GeedoProductSearch; +https://geedo.com/product-search.html) Chrome/134.0.0.0 Safari/537.36"
162.0.235.240 - - [14/Oct/2025:23:06:12 -0400] "GET /wp-content/plugins/contact-form-7-style/admin/predefined-templates.json HTTP/1.1" 200 1323 "-" "WordPress/6.8.3; https://batconpakistan.org"
162.0.235.240 - - [14/Oct/2025:23:06:22 -0400] "GET /wp-content/plugins/contact-form-7-style/admin/predefined-templates.json HTTP/1.1" 200 1323 "-" "WordPress/6.8.3; https://batconpakistan.org"
83.99.151.69 - - [14/Oct/2025:23:06:22 -0400] "GET /charitable-login/ HTTP/1.1" 200 16648 "-" "Mozilla/5.0 (X11; Linux x86_64) AppleWebKit/537.36 (KHTML, like Gecko; GeedoProductSearch; +https://geedo.com/product-search.html) Chrome/134.0.0.0 Safari/537.36"
162.0.235.240 - - [14/Oct/2025:23:06:33 -0400] "GET /wp-content/plugins/contact-form-7-style/admin/predefined-templates.json HTTP/1.1" 200 1323 "-" "WordPress/6.8.3; https://batconpakistan.org"
83.99.151.67 - - [14/Oct/2025:23:06:33 -0400] "GET /cart-2/ HTTP/1.1" 200 38004 "-" "Mozilla/5.0 (X11; Linux x86_64) AppleWebKit/537.36 (KHTML, like Gecko; GeedoProductSearch; +https://geedo.com/product-search.html) Chrome/134.0.0.0 Safari/537.36"
83.99.151.68 - - [14/Oct/2025:23:07:06 -0400] "GET /tag/flying-foxes/ HTTP/1.1" 200 18457 "-" "Mozilla/5.0 (X11; Linux x86_64) AppleWebKit/537.36 (KHTML, like Gecko; GeedoProductSearch; +https://geedo.com/product-search.html) Chrome/134.0.0.0 Safari/537.36"
162.0.235.240 - - [14/Oct/2025:23:07:17 -0400] "GET /wp-content/plugins/contact-form-7-style/admin/predefined-templates.json HTTP/1.1" 200 1323 "-" "WordPress/6.8.3; https://batconpakistan.org"
162.0.235.240 - - [14/Oct/2025:23:07:17 -0400] "POST /wp-cron.php?doing_wp_cron=1760497637.6202349662780761718750 HTTP/1.1" 200 0 "-" "WordPress/6.8.3; https://batconpakistan.org"
83.99.151.69 - - [14/Oct/2025:23:07:16 -0400] "GET /home3/ HTTP/1.1" 200 18193 "-" "Mozilla/5.0 (X11; Linux x86_64) AppleWebKit/537.36 (KHTML, like Gecko; GeedoProductSearch; +https://geedo.com/product-search.html) Chrome/134.0.0.0 Safari/537.36"
162.0.235.240 - - [14/Oct/2025:23:07:18 -0400] "GET /wp-content/plugins/contact-form-7-style/admin/predefined-templates.json HTTP/1.1" 200 1323 "-" "WordPress/6.8.3; https://batconpakistan.org"
83.99.151.68 - - [14/Oct/2025:23:07:26 -0400] "GET /campaigns/help-relocate-the-refugees/ HTTP/1.1" 200 18108 "-" "Mozilla/5.0 (X11; Linux x86_64) AppleWebKit/537.36 (KHTML, like Gecko; GeedoProductSearch; +https://geedo.com/product-search.html) Chrome/134.0.0.0 Safari/537.36"
162.0.235.240 - - [14/Oct/2025:23:07:37 -0400] "GET /wp-content/plugins/contact-form-7-style/admin/predefined-templates.json HTTP/1.1" 200 1323 "-" "WordPress/6.8.3; https://batconpakistan.org"
83.99.151.68 - - [14/Oct/2025:23:07:36 -0400] "GET /?gallery-category=sliders HTTP/1.1" 200 15985 "-" "Mozilla/5.0 (X11; Linux x86_64) AppleWebKit/537.36 (KHTML, like Gecko; GeedoProductSearch; +https://geedo.com/product-search.html) Chrome/134.0.0.0 Safari/537.36"
83.99.151.68 - - [14/Oct/2025:23:07:46 -0400] "GET /team/dr-hamid-irshad/ HTTP/1.1" 200 17591 "-" "Mozilla/5.0 (X11; Linux x86_64) AppleWebKit/537.36 (KHTML, like Gecko; GeedoProductSearch; +https://geedo.com/product-search.html) Chrome/134.0.0.0 Safari/537.36"
162.0.235.240 - - [14/Oct/2025:23:07:57 -0400] "GET /wp-content/plugins/contact-form-7-style/admin/predefined-templates.json HTTP/1.1" 200 1323 "-" "WordPress/6.8.3; https://batconpakistan.org"
162.0.235.240 - - [14/Oct/2025:23:07:57 -0400] "POST /wp-cron.php?doing_wp_cron=1760497677.3772840499877929687500 HTTP/1.1" 200 0 "-" "WordPress/6.8.3; https://batconpakistan.org"
83.99.151.68 - - [14/Oct/2025:23:07:56 -0400] "GET /events-grid/ HTTP/1.1" 200 16493 "-" "Mozilla/5.0 (X11; Linux x86_64) AppleWebKit/537.36 (KHTML, like Gecko; GeedoProductSearch; +https://geedo.com/product-search.html) Chrome/134.0.0.0 Safari/537.36"
162.0.235.240 - - [14/Oct/2025:23:07:57 -0400] "GET /wp-content/plugins/contact-form-7-style/admin/predefined-templates.json HTTP/1.1" 200 1323 "-" "WordPress/6.8.3; https://batconpakistan.org"
2602:80d:1006::6a - - [14/Oct/2025:23:08:18 -0400] "GET / HTTP/1.1" 200 23132 "-" "Mozilla/5.0 (compatible; CensysInspect/1.1; +https://about.censys.io/)"
2602:80d:1006::6a - - [14/Oct/2025:23:08:20 -0400] "GET /favicon.ico HTTP/1.1" 404 1251 "-" "Mozilla/5.0 (compatible; CensysInspect/1.1; +https://about.censys.io/)"
162.0.235.240 - - [14/Oct/2025:23:08:20 -0400] "GET /wp-content/plugins/contact-form-7-style/admin/predefined-templates.json HTTP/1.1" 200 1323 "-" "WordPress/6.8.3; https://batconpakistan.org"
162.0.235.240 - - [14/Oct/2025:23:08:20 -0400] "POST /wp-cron.php?doing_wp_cron=1760497700.3974308967590332031250 HTTP/1.1" 200 0 "-" "WordPress/6.8.3; https://batconpakistan.org"
83.99.151.67 - - [14/Oct/2025:23:08:19 -0400] "GET /?team-category=assistant-professor HTTP/1.1" 200 16389 "-" "Mozilla/5.0 (X11; Linux x86_64) AppleWebKit/537.36 (KHTML, like Gecko; GeedoProductSearch; +https://geedo.com/product-search.html) Chrome/134.0.0.0 Safari/537.36"
162.0.235.240 - - [14/Oct/2025:23:08:20 -0400] "GET /wp-content/plugins/contact-form-7-style/admin/predefined-templates.json HTTP/1.1" 200 1323 "-" "WordPress/6.8.3; https://batconpakistan.org"
162.0.235.240 - - [14/Oct/2025:23:08:29 -0400] "GET /wp-content/plugins/contact-form-7-style/admin/predefined-templates.json HTTP/1.1" 200 1323 "-" "WordPress/6.8.3; https://batconpakistan.org"
83.99.151.67 - - [14/Oct/2025:23:08:29 -0400] "GET /product/patient-ninja/ HTTP/1.1" 200 19236 "-" "Mozilla/5.0 (X11; Linux x86_64) AppleWebKit/537.36 (KHTML, like Gecko; GeedoProductSearch; +https://geedo.com/product-search.html) Chrome/134.0.0.0 Safari/537.36"
162.0.235.240 - - [14/Oct/2025:23:08:39 -0400] "GET /wp-content/plugins/contact-form-7-style/admin/predefined-templates.json HTTP/1.1" 200 1323 "-" "WordPress/6.8.3; https://batconpakistan.org"
162.0.235.240 - - [14/Oct/2025:23:08:40 -0400] "POST /wp-cron.php?doing_wp_cron=1760497720.1621348857879638671875 HTTP/1.1" 200 0 "-" "WordPress/6.8.3; https://batconpakistan.org"
83.99.151.67 - - [14/Oct/2025:23:08:39 -0400] "GET /campaign_category/human-rights/ HTTP/1.1" 200 15784 "-" "Mozilla/5.0 (X11; Linux x86_64) AppleWebKit/537.36 (KHTML, like Gecko; GeedoProductSearch; +https://geedo.com/product-search.html) Chrome/134.0.0.0 Safari/537.36"
162.0.235.240 - - [14/Oct/2025:23:08:40 -0400] "GET /wp-content/plugins/contact-form-7-style/admin/predefined-templates.json HTTP/1.1" 200 1323 "-" "WordPress/6.8.3; https://batconpakistan.org"
162.0.235.240 - - [14/Oct/2025:23:08:50 -0400] "GET /wp-content/plugins/contact-form-7-style/admin/predefined-templates.json HTTP/1.1" 200 1323 "-" "WordPress/6.8.3; https://batconpakistan.org"
162.0.235.240 - - [14/Oct/2025:23:08:50 -0400] "POST /wp-cron.php?doing_wp_cron=1760497730.6520318984985351562500 HTTP/1.1" 200 0 "-" "WordPress/6.8.3; https://batconpakistan.org"
83.99.151.67 - - [14/Oct/2025:23:08:50 -0400] "GET /product/ship-your-idea/ HTTP/1.1" 200 20174 "-" "Mozilla/5.0 (X11; Linux x86_64) AppleWebKit/537.36 (KHTML, like Gecko; GeedoProductSearch; +https://geedo.com/product-search.html) Chrome/134.0.0.0 Safari/537.36"
162.0.235.240 - - [14/Oct/2025:23:08:51 -0400] "GET /wp-content/plugins/contact-form-7-style/admin/predefined-templates.json HTTP/1.1" 200 1323 "-" "WordPress/6.8.3; https://batconpakistan.org"
162.0.235.240 - - [14/Oct/2025:23:09:00 -0400] "GET /wp-content/plugins/contact-form-7-style/admin/predefined-templates.json HTTP/1.1" 200 1323 "-" "WordPress/6.8.3; https://batconpakistan.org"
162.0.235.240 - - [14/Oct/2025:23:09:01 -0400] "POST /wp-cron.php?doing_wp_cron=1760497740.9786710739135742187500 HTTP/1.1" 200 0 "-" "WordPress/6.8.3; https://batconpakistan.org"
83.99.151.65 - - [14/Oct/2025:23:09:00 -0400] "GET /shortcodes/ HTTP/1.1" 200 19466 "-" "Mozilla/5.0 (X11; Linux x86_64) AppleWebKit/537.36 (KHTML, like Gecko; GeedoProductSearch; +https://geedo.com/product-search.html) Chrome/134.0.0.0 Safari/537.36"
162.0.235.240 - - [14/Oct/2025:23:09:01 -0400] "GET /wp-content/plugins/contact-form-7-style/admin/predefined-templates.json HTTP/1.1" 200 1323 "-" "WordPress/6.8.3; https://batconpakistan.org"
162.0.235.240 - - [14/Oct/2025:23:09:10 -0400] "GET /wp-content/plugins/contact-form-7-style/admin/predefined-templates.json HTTP/1.1" 200 1323 "-" "WordPress/6.8.3; https://batconpakistan.org"
162.0.235.240 - - [14/Oct/2025:23:09:10 -0400] "POST /wp-cron.php?doing_wp_cron=1760497750.8220400810241699218750 HTTP/1.1" 200 0 "-" "WordPress/6.8.3; https://batconpakistan.org"
83.99.151.67 - - [14/Oct/2025:23:09:10 -0400] "GET /product/happy-ninja/ HTTP/1.1" 200 19274 "-" "Mozilla/5.0 (X11; Linux x86_64) AppleWebKit/537.36 (KHTML, like Gecko; GeedoProductSearch; +https://geedo.com/product-search.html) Chrome/134.0.0.0 Safari/537.36"
162.0.235.240 - - [14/Oct/2025:23:09:11 -0400] "GET /wp-content/plugins/contact-form-7-style/admin/predefined-templates.json HTTP/1.1" 200 1323 "-" "WordPress/6.8.3; https://batconpakistan.org"
162.0.235.240 - - [14/Oct/2025:23:09:41 -0400] "GET /wp-content/plugins/contact-form-7-style/admin/predefined-templates.json HTTP/1.1" 200 1323 "-" "WordPress/6.8.3; https://batconpakistan.org"
162.0.235.240 - - [14/Oct/2025:23:09:41 -0400] "POST /wp-cron.php?doing_wp_cron=1760497781.3699700832366943359375 HTTP/1.1" 200 0 "-" "WordPress/6.8.3; https://batconpakistan.org"
83.99.151.66 - - [14/Oct/2025:23:09:40 -0400] "GET /product/woo-logo/ HTTP/1.1" 200 19560 "-" "Mozilla/5.0 (X11; Linux x86_64) AppleWebKit/537.36 (KHTML, like Gecko; GeedoProductSearch; +https://geedo.com/product-search.html) Chrome/134.0.0.0 Safari/537.36"
162.0.235.240 - - [14/Oct/2025:23:09:41 -0400] "GET /wp-content/plugins/contact-form-7-style/admin/predefined-templates.json HTTP/1.1" 200 1323 "-" "WordPress/6.8.3; https://batconpakistan.org"
162.0.235.240 - - [14/Oct/2025:23:09:50 -0400] "GET /wp-content/plugins/contact-form-7-style/admin/predefined-templates.json HTTP/1.1" 200 1323 "-" "WordPress/6.8.3; https://batconpakistan.org"
162.0.235.240 - - [14/Oct/2025:23:09:50 -0400] "POST /wp-cron.php?doing_wp_cron=1760497790.7259540557861328125000 HTTP/1.1" 200 0 "-" "WordPress/6.8.3; https://batconpakistan.org"
83.99.151.66 - - [14/Oct/2025:23:09:50 -0400] "GET /causes-grid/ HTTP/1.1" 200 16322 "-" "Mozilla/5.0 (X11; Linux x86_64) AppleWebKit/537.36 (KHTML, like Gecko; GeedoProductSearch; +https://geedo.com/product-search.html) Chrome/134.0.0.0 Safari/537.36"
162.0.235.240 - - [14/Oct/2025:23:09:51 -0400] "GET /wp-content/plugins/contact-form-7-style/admin/predefined-templates.json HTTP/1.1" 200 1323 "-" "WordPress/6.8.3; https://batconpakistan.org"
83.99.151.66 - - [14/Oct/2025:23:10:00 -0400] "GET /2023/10/03/nipah-virus-alert-heightened-risks-and-precautionary-measures-in-pakistan/ HTTP/1.1" 200 23131 "-" "Mozilla/5.0 (X11; Linux x86_64) AppleWebKit/537.36 (KHTML, like Gecko; GeedoProductSearch; +https://geedo.com/product-search.html) Chrome/134.0.0.0 Safari/537.36"
162.0.235.240 - - [14/Oct/2025:23:10:11 -0400] "GET /wp-content/plugins/contact-form-7-style/admin/predefined-templates.json HTTP/1.1" 200 1323 "-" "WordPress/6.8.3; https://batconpakistan.org"
162.0.235.240 - - [14/Oct/2025:23:10:11 -0400] "POST /wp-cron.php?doing_wp_cron=1760497811.5613949298858642578125 HTTP/1.1" 200 0 "-" "WordPress/6.8.3; https://batconpakistan.org"
83.99.151.71 - - [14/Oct/2025:23:10:10 -0400] "GET /?gallery-category=images HTTP/1.1" 200 16100 "-" "Mozilla/5.0 (X11; Linux x86_64) AppleWebKit/537.36 (KHTML, like Gecko; GeedoProductSearch; +https://geedo.com/product-search.html) Chrome/134.0.0.0 Safari/537.36"
162.0.235.240 - - [14/Oct/2025:23:10:12 -0400] "GET /wp-content/plugins/contact-form-7-style/admin/predefined-templates.json HTTP/1.1" 200 1323 "-" "WordPress/6.8.3; https://batconpakistan.org"
162.0.235.240 - - [14/Oct/2025:23:10:20 -0400] "GET /wp-content/plugins/contact-form-7-style/admin/predefined-templates.json HTTP/1.1" 200 1323 "-" "WordPress/6.8.3; https://batconpakistan.org"
83.99.151.66 - - [14/Oct/2025:23:10:20 -0400] "GET /product/woo-ninja/ HTTP/1.1" 200 19276 "-" "Mozilla/5.0 (X11; Linux x86_64) AppleWebKit/537.36 (KHTML, like Gecko; GeedoProductSearch; +https://geedo.com/product-search.html) Chrome/134.0.0.0 Safari/537.36"
162.0.235.240 - - [14/Oct/2025:23:10:31 -0400] "GET /wp-content/plugins/contact-form-7-style/admin/predefined-templates.json HTTP/1.1" 200 1323 "-" "WordPress/6.8.3; https://batconpakistan.org"
83.99.151.66 - - [14/Oct/2025:23:10:30 -0400] "GET /shop/ HTTP/1.1" 200 17773 "-" "Mozilla/5.0 (X11; Linux x86_64) AppleWebKit/537.36 (KHTML, like Gecko; GeedoProductSearch; +https://geedo.com/product-search.html) Chrome/134.0.0.0 Safari/537.36"
83.99.151.65 - - [14/Oct/2025:23:10:57 -0400] "GET /2021/09/05/project-completion/ HTTP/1.1" 200 21540 "-" "Mozilla/5.0 (X11; Linux x86_64) AppleWebKit/537.36 (KHTML, like Gecko; GeedoProductSearch; +https://geedo.com/product-search.html) Chrome/134.0.0.0 Safari/537.36"
83.99.151.67 - - [14/Oct/2025:23:11:06 -0400] "GET /team/dr-arshad-javid/ HTTP/1.1" 200 16870 "-" "Mozilla/5.0 (X11; Linux x86_64) AppleWebKit/537.36 (KHTML, like Gecko; GeedoProductSearch; +https://geedo.com/product-search.html) Chrome/134.0.0.0 Safari/537.36"
162.0.235.240 - - [14/Oct/2025:23:11:17 -0400] "GET /wp-content/plugins/contact-form-7-style/admin/predefined-templates.json HTTP/1.1" 200 1323 "-" "WordPress/6.8.3; https://batconpakistan.org"
162.0.235.240 - - [14/Oct/2025:23:11:17 -0400] "POST /wp-cron.php?doing_wp_cron=1760497877.7536559104919433593750 HTTP/1.1" 200 0 "-" "WordPress/6.8.3; https://batconpakistan.org"
83.99.151.67 - - [14/Oct/2025:23:11:16 -0400] "GET /campaign_category/small-business/ HTTP/1.1" 200 15807 "-" "Mozilla/5.0 (X11; Linux x86_64) AppleWebKit/537.36 (KHTML, like Gecko; GeedoProductSearch; +https://geedo.com/product-search.html) Chrome/134.0.0.0 Safari/537.36"
162.0.235.240 - - [14/Oct/2025:23:11:18 -0400] "GET /wp-content/plugins/contact-form-7-style/admin/predefined-templates.json HTTP/1.1" 200 1323 "-" "WordPress/6.8.3; https://batconpakistan.org"
162.0.235.240 - - [14/Oct/2025:23:11:27 -0400] "GET /wp-content/plugins/contact-form-7-style/admin/predefined-templates.json HTTP/1.1" 200 1323 "-" "WordPress/6.8.3; https://batconpakistan.org"
83.99.151.69 - - [14/Oct/2025:23:11:26 -0400] "GET /team/ HTTP/1.1" 200 20021 "-" "Mozilla/5.0 (X11; Linux x86_64) AppleWebKit/537.36 (KHTML, like Gecko; GeedoProductSearch; +https://geedo.com/product-search.html) Chrome/134.0.0.0 Safari/537.36"
162.0.235.240 - - [14/Oct/2025:23:11:37 -0400] "GET /wp-content/plugins/contact-form-7-style/admin/predefined-templates.json HTTP/1.1" 200 1323 "-" "WordPress/6.8.3; https://batconpakistan.org"
83.99.151.67 - - [14/Oct/2025:23:11:36 -0400] "GET /my-account-2/ HTTP/1.1" 200 16663 "-" "Mozilla/5.0 (X11; Linux x86_64) AppleWebKit/537.36 (KHTML, like Gecko; GeedoProductSearch; +https://geedo.com/product-search.html) Chrome/134.0.0.0 Safari/537.36"
162.0.235.240 - - [14/Oct/2025:23:11:46 -0400] "GET /wp-content/plugins/contact-form-7-style/admin/predefined-templates.json HTTP/1.1" 200 1323 "-" "WordPress/6.8.3; https://batconpakistan.org"
162.0.235.240 - - [14/Oct/2025:23:11:46 -0400] "POST /wp-cron.php?doing_wp_cron=1760497906.8924069404602050781250 HTTP/1.1" 200 0 "-" "WordPress/6.8.3; https://batconpakistan.org"
83.99.151.67 - - [14/Oct/2025:23:11:46 -0400] "GET /community-outreach/ HTTP/1.1" 200 17161 "-" "Mozilla/5.0 (X11; Linux x86_64) AppleWebKit/537.36 (KHTML, like Gecko; GeedoProductSearch; +https://geedo.com/product-search.html) Chrome/134.0.0.0 Safari/537.36"
162.0.235.240 - - [14/Oct/2025:23:11:47 -0400] "GET /wp-content/plugins/contact-form-7-style/admin/predefined-templates.json HTTP/1.1" 200 1323 "-" "WordPress/6.8.3; https://batconpakistan.org"
162.0.235.240 - - [14/Oct/2025:23:12:12 -0400] "GET /wp-content/plugins/contact-form-7-style/admin/predefined-templates.json HTTP/1.1" 200 1323 "-" "WordPress/6.8.3; https://batconpakistan.org"
162.0.235.240 - - [14/Oct/2025:23:12:13 -0400] "POST /wp-cron.php?doing_wp_cron=1760497933.1601700782775878906250 HTTP/1.1" 200 0 "-" "WordPress/6.8.3; https://batconpakistan.org"
83.99.151.65 - - [14/Oct/2025:23:12:12 -0400] "GET /home4/ HTTP/1.1" 200 19766 "-" "Mozilla/5.0 (X11; Linux x86_64) AppleWebKit/537.36 (KHTML, like Gecko; GeedoProductSearch; +https://geedo.com/product-search.html) Chrome/134.0.0.0 Safari/537.36"
162.0.235.240 - - [14/Oct/2025:23:12:13 -0400] "GET /wp-content/plugins/contact-form-7-style/admin/predefined-templates.json HTTP/1.1" 200 1323 "-" "WordPress/6.8.3; https://batconpakistan.org"
162.0.235.240 - - [14/Oct/2025:23:12:21 -0400] "GET /wp-content/plugins/contact-form-7-style/admin/predefined-templates.json HTTP/1.1" 200 1323 "-" "WordPress/6.8.3; https://batconpakistan.org"
83.99.151.65 - - [14/Oct/2025:23:12:21 -0400] "GET /sample-page/ HTTP/1.1" 200 16879 "-" "Mozilla/5.0 (X11; Linux x86_64) AppleWebKit/537.36 (KHTML, like Gecko; GeedoProductSearch; +https://geedo.com/product-search.html) Chrome/134.0.0.0 Safari/537.36"
162.0.235.240 - - [14/Oct/2025:23:12:32 -0400] "GET /wp-content/plugins/contact-form-7-style/admin/predefined-templates.json HTTP/1.1" 200 1323 "-" "WordPress/6.8.3; https://batconpakistan.org"
83.99.151.66 - - [14/Oct/2025:23:12:32 -0400] "GET /team/page/2/ HTTP/1.1" 200 16823 "-" "Mozilla/5.0 (X11; Linux x86_64) AppleWebKit/537.36 (KHTML, like Gecko; GeedoProductSearch; +https://geedo.com/product-search.html) Chrome/134.0.0.0 Safari/537.36"
162.0.235.240 - - [14/Oct/2025:23:12:43 -0400] "GET /wp-content/plugins/contact-form-7-style/admin/predefined-templates.json HTTP/1.1" 200 1323 "-" "WordPress/6.8.3; https://batconpakistan.org"
162.0.235.240 - - [14/Oct/2025:23:12:43 -0400] "POST /wp-cron.php?doing_wp_cron=1760497963.2112529277801513671875 HTTP/1.1" 200 0 "-" "WordPress/6.8.3; https://batconpakistan.org"
83.99.151.65 - - [14/Oct/2025:23:12:42 -0400] "GET /event_registrants/imi-themes-2/ HTTP/1.1" 200 16432 "-" "Mozilla/5.0 (X11; Linux x86_64) AppleWebKit/537.36 (KHTML, like Gecko; GeedoProductSearch; +https://geedo.com/product-search.html) Chrome/134.0.0.0 Safari/537.36"
162.0.235.240 - - [14/Oct/2025:23:12:43 -0400] "GET /wp-content/plugins/contact-form-7-style/admin/predefined-templates.json HTTP/1.1" 200 1323 "-" "WordPress/6.8.3; https://batconpakistan.org"
162.0.235.240 - - [14/Oct/2025:23:12:52 -0400] "GET /wp-content/plugins/contact-form-7-style/admin/predefined-templates.json HTTP/1.1" 200 1323 "-" "WordPress/6.8.3; https://batconpakistan.org"
162.0.235.240 - - [14/Oct/2025:23:12:52 -0400] "POST /wp-cron.php?doing_wp_cron=1760497972.3676939010620117187500 HTTP/1.1" 200 0 "-" "WordPress/6.8.3; https://batconpakistan.org"
83.99.151.69 - - [14/Oct/2025:23:12:51 -0400] "GET /campaigns/save-tigers-from-poachers/ HTTP/1.1" 200 18058 "-" "Mozilla/5.0 (X11; Linux x86_64) AppleWebKit/537.36 (KHTML, like Gecko; GeedoProductSearch; +https://geedo.com/product-search.html) Chrome/134.0.0.0 Safari/537.36"
162.0.235.240 - - [14/Oct/2025:23:12:52 -0400] "GET /wp-content/plugins/contact-form-7-style/admin/predefined-templates.json HTTP/1.1" 200 1323 "-" "WordPress/6.8.3; https://batconpakistan.org"
162.0.235.240 - - [14/Oct/2025:23:13:02 -0400] "GET /wp-content/plugins/contact-form-7-style/admin/predefined-templates.json HTTP/1.1" 200 1323 "-" "WordPress/6.8.3; https://batconpakistan.org"
162.0.235.240 - - [14/Oct/2025:23:13:02 -0400] "POST /wp-cron.php?doing_wp_cron=1760497982.6407558917999267578125 HTTP/1.1" 200 0 "-" "WordPress/6.8.3; https://batconpakistan.org"
83.99.151.65 - - [14/Oct/2025:23:13:01 -0400] "GET /campaign_tag/help/ HTTP/1.1" 200 17321 "-" "Mozilla/5.0 (X11; Linux x86_64) AppleWebKit/537.36 (KHTML, like Gecko; GeedoProductSearch; +https://geedo.com/product-search.html) Chrome/134.0.0.0 Safari/537.36"
162.0.235.240 - - [14/Oct/2025:23:13:03 -0400] "GET /wp-content/plugins/contact-form-7-style/admin/predefined-templates.json HTTP/1.1" 200 1323 "-" "WordPress/6.8.3; https://batconpakistan.org"
162.0.235.240 - - [14/Oct/2025:23:13:29 -0400] "GET /wp-content/plugins/contact-form-7-style/admin/predefined-templates.json HTTP/1.1" 200 1323 "-" "WordPress/6.8.3; https://batconpakistan.org"
162.0.235.240 - - [14/Oct/2025:23:13:29 -0400] "POST /wp-cron.php?doing_wp_cron=1760498009.6720390319824218750000 HTTP/1.1" 200 0 "-" "WordPress/6.8.3; https://batconpakistan.org"
83.99.151.65 - - [14/Oct/2025:23:13:28 -0400] "GET /2021/01/03/south-asian-scientists-and-conservationists-bust-myths-about-bats-and-covid-19/ HTTP/1.1" 200 28459 "-" "Mozilla/5.0 (X11; Linux x86_64) AppleWebKit/537.36 (KHTML, like Gecko; GeedoProductSearch; +https://geedo.com/product-search.html) Chrome/134.0.0.0 Safari/537.36"
162.0.235.240 - - [14/Oct/2025:23:13:30 -0400] "GET /wp-content/plugins/contact-form-7-style/admin/predefined-templates.json HTTP/1.1" 200 1323 "-" "WordPress/6.8.3; https://batconpakistan.org"
83.99.151.65 - - [14/Oct/2025:23:13:38 -0400] "GET /2023/01/12/indian-flying-fox-thermoregulatory-behaviors-visual-guide/ HTTP/1.1" 200 18385 "-" "Mozilla/5.0 (X11; Linux x86_64) AppleWebKit/537.36 (KHTML, like Gecko; GeedoProductSearch; +https://geedo.com/product-search.html) Chrome/134.0.0.0 Safari/537.36"
162.0.235.240 - - [14/Oct/2025:23:13:49 -0400] "GET /wp-content/plugins/contact-form-7-style/admin/predefined-templates.json HTTP/1.1" 200 1323 "-" "WordPress/6.8.3; https://batconpakistan.org"
162.0.235.240 - - [14/Oct/2025:23:13:49 -0400] "POST /wp-cron.php?doing_wp_cron=1760498029.5927178859710693359375 HTTP/1.1" 200 0 "-" "WordPress/6.8.3; https://batconpakistan.org"
83.99.151.65 - - [14/Oct/2025:23:13:48 -0400] "GET /2021/07/ HTTP/1.1" 200 18096 "-" "Mozilla/5.0 (X11; Linux x86_64) AppleWebKit/537.36 (KHTML, like Gecko; GeedoProductSearch; +https://geedo.com/product-search.html) Chrome/134.0.0.0 Safari/537.36"
162.0.235.240 - - [14/Oct/2025:23:13:50 -0400] "GET /wp-content/plugins/contact-form-7-style/admin/predefined-templates.json HTTP/1.1" 200 1323 "-" "WordPress/6.8.3; https://batconpakistan.org"
83.99.151.66 - - [14/Oct/2025:23:13:58 -0400] "GET /our-apps/ HTTP/1.1" 403 1242 "-" "Mozilla/5.0 (X11; Linux x86_64) AppleWebKit/537.36 (KHTML, like Gecko; GeedoProductSearch; +https://geedo.com/product-search.html) Chrome/134.0.0.0 Safari/537.36"
162.0.235.240 - - [14/Oct/2025:23:14:09 -0400] "GET /wp-content/plugins/contact-form-7-style/admin/predefined-templates.json HTTP/1.1" 200 1323 "-" "WordPress/6.8.3; https://batconpakistan.org"
162.0.235.240 - - [14/Oct/2025:23:14:09 -0400] "POST /wp-cron.php?doing_wp_cron=1760498049.3009209632873535156250 HTTP/1.1" 200 0 "-" "WordPress/6.8.3; https://batconpakistan.org"
83.99.151.65 - - [14/Oct/2025:23:14:08 -0400] "GET /2023/10/ HTTP/1.1" 200 19902 "-" "Mozilla/5.0 (X11; Linux x86_64) AppleWebKit/537.36 (KHTML, like Gecko; GeedoProductSearch; +https://geedo.com/product-search.html) Chrome/134.0.0.0 Safari/537.36"
