83.99.151.70 - - [14/Oct/2025:23:26:12 -0400] "GET /event/campaign-green-environment/ HTTP/1.1" 200 18250 "-" "Mozilla/5.0 (X11; Linux x86_64) AppleWebKit/537.36 (KHTML, like Gecko; GeedoProductSearch; +https://geedo.com/product-search.html) Chrome/134.0.0.0 Safari/537.36"
162.0.235.240 - - [14/Oct/2025:23:26:13 -0400] "GET /wp-content/plugins/contact-form-7-style/admin/predefined-templates.json HTTP/1.1" 200 1323 "-" "WordPress/6.8.3; https://batconpakistan.org"
162.0.235.240 - - [14/Oct/2025:23:26:21 -0400] "GET /wp-content/plugins/contact-form-7-style/admin/predefined-templates.json HTTP/1.1" 200 1323 "-" "WordPress/6.8.3; https://batconpakistan.org"
83.99.151.69 - - [14/Oct/2025:23:26:21 -0400] "GET /tag/public-health/ HTTP/1.1" 200 20054 "-" "Mozilla/5.0 (X11; Linux x86_64) AppleWebKit/537.36 (KHTML, like Gecko; GeedoProductSearch; +https://geedo.com/product-search.html) Chrome/134.0.0.0 Safari/537.36"
162.0.235.240 - - [14/Oct/2025:23:26:25 -0400] "GET /wp-content/plugins/contact-form-7-style/admin/predefined-templates.json HTTP/1.1" 200 1323 "-" "WordPress/6.8.3; https://batconpakistan.org"
196.251.86.13 - - [14/Oct/2025:23:26:25 -0400] "GET /sites/all/libraries/plupload/examples/upload.php HTTP/1.1" 404 15666 "-" "ALittle Client"
162.0.235.240 - - [14/Oct/2025:23:26:32 -0400] "GET /wp-content/plugins/contact-form-7-style/admin/predefined-templates.json HTTP/1.1" 200 1323 "-" "WordPress/6.8.3; https://batconpakistan.org"
83.99.151.69 - - [14/Oct/2025:23:26:31 -0400] "GET /campaign_category/environment/ HTTP/1.1" 200 15790 "-" "Mozilla/5.0 (X11; Linux x86_64) AppleWebKit/537.36 (KHTML, like Gecko; GeedoProductSearch; +https://geedo.com/product-search.html) Chrome/134.0.0.0 Safari/537.36"
162.0.235.240 - - [14/Oct/2025:23:26:42 -0400] "GET /wp-content/plugins/contact-form-7-style/admin/predefined-templates.json HTTP/1.1" 200 1323 "-" "WordPress/6.8.3; https://batconpakistan.org"
162.0.235.240 - - [14/Oct/2025:23:26:42 -0400] "POST /wp-cron.php?doing_wp_cron=1760498802.4834170341491699218750 HTTP/1.1" 200 0 "-" "WordPress/6.8.3; https://batconpakistan.org"
83.99.151.69 - - [14/Oct/2025:23:26:41 -0400] "GET /tag/zoonoses/ HTTP/1.1" 200 20016 "-" "Mozilla/5.0 (X11; Linux x86_64) AppleWebKit/537.36 (KHTML, like Gecko; GeedoProductSearch; +https://geedo.com/product-search.html) Chrome/134.0.0.0 Safari/537.36"
162.0.235.240 - - [14/Oct/2025:23:26:42 -0400] "GET /wp-content/plugins/contact-form-7-style/admin/predefined-templates.json HTTP/1.1" 200 1323 "-" "WordPress/6.8.3; https://batconpakistan.org"
162.0.235.240 - - [14/Oct/2025:23:26:51 -0400] "GET /wp-content/plugins/contact-form-7-style/admin/predefined-templates.json HTTP/1.1" 200 1323 "-" "WordPress/6.8.3; https://batconpakistan.org"
162.0.235.240 - - [14/Oct/2025:23:26:51 -0400] "POST /wp-cron.php?doing_wp_cron=1760498811.7318599224090576171875 HTTP/1.1" 200 0 "-" "WordPress/6.8.3; https://batconpakistan.org"
83.99.151.69 - - [14/Oct/2025:23:26:51 -0400] "GET /team/dr-ali-zohaib/ HTTP/1.1" 200 17035 "-" "Mozilla/5.0 (X11; Linux x86_64) AppleWebKit/537.36 (KHTML, like Gecko; GeedoProductSearch; +https://geedo.com/product-search.html) Chrome/134.0.0.0 Safari/537.36"
162.0.235.240 - - [14/Oct/2025:23:26:52 -0400] "GET /wp-content/plugins/contact-form-7-style/admin/predefined-templates.json HTTP/1.1" 200 1323 "-" "WordPress/6.8.3; https://batconpakistan.org"
162.0.235.240 - - [14/Oct/2025:23:27:01 -0400] "GET /wp-content/plugins/contact-form-7-style/admin/predefined-templates.json HTTP/1.1" 200 1323 "-" "WordPress/6.8.3; https://batconpakistan.org"
162.0.235.240 - - [14/Oct/2025:23:27:02 -0400] "POST /wp-cron.php?doing_wp_cron=1760498822.0290191173553466796875 HTTP/1.1" 200 0 "-" "WordPress/6.8.3; https://batconpakistan.org"
83.99.151.65 - - [14/Oct/2025:23:27:01 -0400] "GET /create-campaign/ HTTP/1.1" 200 16646 "-" "Mozilla/5.0 (X11; Linux x86_64) AppleWebKit/537.36 (KHTML, like Gecko; GeedoProductSearch; +https://geedo.com/product-search.html) Chrome/134.0.0.0 Safari/537.36"
162.0.235.240 - - [14/Oct/2025:23:27:02 -0400] "GET /wp-content/plugins/contact-form-7-style/admin/predefined-templates.json HTTP/1.1" 200 1323 "-" "WordPress/6.8.3; https://batconpakistan.org"
148.72.211.168 - - [14/Oct/2025:23:27:20 -0400] "GET /wp-login.php HTTP/1.1" 200 1885 "-" "Mozilla/5.0 (Windows NT 6.1; WOW64; Trident/7.0; rv:11.0)"
162.0.235.240 - - [14/Oct/2025:23:27:23 -0400] "GET /wp-content/plugins/contact-form-7-style/admin/predefined-templates.json HTTP/1.1" 200 1323 "-" "WordPress/6.8.3; https://batconpakistan.org"
162.0.235.240 - - [14/Oct/2025:23:27:23 -0400] "POST /wp-cron.php?doing_wp_cron=1760498843.9200770854949951171875 HTTP/1.1" 200 0 "-" "WordPress/6.8.3; https://batconpakistan.org"
148.72.211.168 - - [14/Oct/2025:23:27:23 -0400] "POST /wp-login.php HTTP/1.1" 200 2045 "https://batconpakistan.org/wp-login.php" "Mozilla/5.0 (Windows NT 6.1; WOW64; Trident/7.0; rv:11.0)"
162.0.235.240 - - [14/Oct/2025:23:27:24 -0400] "GET /wp-content/plugins/contact-form-7-style/admin/predefined-templates.json HTTP/1.1" 200 1323 "-" "WordPress/6.8.3; https://batconpakistan.org"
162.0.235.240 - - [14/Oct/2025:23:27:28 -0400] "GET /wp-content/plugins/contact-form-7-style/admin/predefined-templates.json HTTP/1.1" 200 1323 "-" "WordPress/6.8.3; https://batconpakistan.org"
83.99.151.66 - - [14/Oct/2025:23:27:28 -0400] "GET /product/ship-your-idea-2/ HTTP/1.1" 200 20655 "-" "Mozilla/5.0 (X11; Linux x86_64) AppleWebKit/537.36 (KHTML, like Gecko; GeedoProductSearch; +https://geedo.com/product-search.html) Chrome/134.0.0.0 Safari/537.36"
162.0.235.240 - - [14/Oct/2025:23:27:37 -0400] "GET /wp-content/plugins/contact-form-7-style/admin/predefined-templates.json HTTP/1.1" 200 1323 "-" "WordPress/6.8.3; https://batconpakistan.org"
83.99.151.67 - - [14/Oct/2025:23:27:37 -0400] "GET /campaign_category/water/ HTTP/1.1" 200 15779 "-" "Mozilla/5.0 (X11; Linux x86_64) AppleWebKit/537.36 (KHTML, like Gecko; GeedoProductSearch; +https://geedo.com/product-search.html) Chrome/134.0.0.0 Safari/537.36"
83.99.151.67 - - [14/Oct/2025:23:27:47 -0400] "GET /team/dr-sajida-noreen/ HTTP/1.1" 200 16594 "-" "Mozilla/5.0 (X11; Linux x86_64) AppleWebKit/537.36 (KHTML, like Gecko; GeedoProductSearch; +https://geedo.com/product-search.html) Chrome/134.0.0.0 Safari/537.36"
162.0.235.240 - - [14/Oct/2025:23:27:58 -0400] "GET /wp-content/plugins/contact-form-7-style/admin/predefined-templates.json HTTP/1.1" 200 1323 "-" "WordPress/6.8.3; https://batconpakistan.org"
162.0.235.240 - - [14/Oct/2025:23:27:58 -0400] "POST /wp-cron.php?doing_wp_cron=1760498878.5178020000457763671875 HTTP/1.1" 200 0 "-" "WordPress/6.8.3; https://batconpakistan.org"
83.99.151.67 - - [14/Oct/2025:23:27:57 -0400] "GET /event/campaign-medical-checkup-camp/ HTTP/1.1" 200 18256 "-" "Mozilla/5.0 (X11; Linux x86_64) AppleWebKit/537.36 (KHTML, like Gecko; GeedoProductSearch; +https://geedo.com/product-search.html) Chrome/134.0.0.0 Safari/537.36"
162.0.235.240 - - [14/Oct/2025:23:27:58 -0400] "GET /wp-content/plugins/contact-form-7-style/admin/predefined-templates.json HTTP/1.1" 200 1323 "-" "WordPress/6.8.3; https://batconpakistan.org"
83.99.151.67 - - [14/Oct/2025:23:28:07 -0400] "GET /category/touseef-ahmed/ HTTP/1.1" 200 28026 "-" "Mozilla/5.0 (X11; Linux x86_64) AppleWebKit/537.36 (KHTML, like Gecko; GeedoProductSearch; +https://geedo.com/product-search.html) Chrome/134.0.0.0 Safari/537.36"
162.0.235.240 - - [14/Oct/2025:23:28:18 -0400] "GET /wp-content/plugins/contact-form-7-style/admin/predefined-templates.json HTTP/1.1" 200 1323 "-" "WordPress/6.8.3; https://batconpakistan.org"
162.0.235.240 - - [14/Oct/2025:23:28:18 -0400] "POST /wp-cron.php?doing_wp_cron=1760498898.3415141105651855468750 HTTP/1.1" 200 0 "-" "WordPress/6.8.3; https://batconpakistan.org"
83.99.151.70 - - [14/Oct/2025:23:28:17 -0400] "GET /testimonial/ HTTP/1.1" 200 16357 "-" "Mozilla/5.0 (X11; Linux x86_64) AppleWebKit/537.36 (KHTML, like Gecko; GeedoProductSearch; +https://geedo.com/product-search.html) Chrome/134.0.0.0 Safari/537.36"
162.0.235.240 - - [14/Oct/2025:23:28:18 -0400] "GET /wp-content/plugins/contact-form-7-style/admin/predefined-templates.json HTTP/1.1" 200 1323 "-" "WordPress/6.8.3; https://batconpakistan.org"
83.99.151.67 - - [14/Oct/2025:23:28:46 -0400] "GET /board-members/ HTTP/1.1" 200 21589 "-" "Mozilla/5.0 (X11; Linux x86_64) AppleWebKit/537.36 (KHTML, like Gecko; GeedoProductSearch; +https://geedo.com/product-search.html) Chrome/134.0.0.0 Safari/537.36"
162.0.235.240 - - [14/Oct/2025:23:28:56 -0400] "GET /wp-content/plugins/contact-form-7-style/admin/predefined-templates.json HTTP/1.1" 200 1323 "-" "WordPress/6.8.3; https://batconpakistan.org"
162.0.235.240 - - [14/Oct/2025:23:28:56 -0400] "POST /wp-cron.php?doing_wp_cron=1760498936.4609770774841308593750 HTTP/1.1" 200 0 "-" "WordPress/6.8.3; https://batconpakistan.org"
83.99.151.69 - - [14/Oct/2025:23:28:55 -0400] "GET /our-impact/ HTTP/1.1" 200 17772 "-" "Mozilla/5.0 (X11; Linux x86_64) AppleWebKit/537.36 (KHTML, like Gecko; GeedoProductSearch; +https://geedo.com/product-search.html) Chrome/134.0.0.0 Safari/537.36"
162.0.235.240 - - [14/Oct/2025:23:28:56 -0400] "GET /wp-content/plugins/contact-form-7-style/admin/predefined-templates.json HTTP/1.1" 200 1323 "-" "WordPress/6.8.3; https://batconpakistan.org"
162.0.235.240 - - [14/Oct/2025:23:29:05 -0400] "GET /wp-content/plugins/contact-form-7-style/admin/predefined-templates.json HTTP/1.1" 200 1323 "-" "WordPress/6.8.3; https://batconpakistan.org"
162.0.235.240 - - [14/Oct/2025:23:29:05 -0400] "POST /wp-cron.php?doing_wp_cron=1760498945.7954490184783935546875 HTTP/1.1" 200 0 "-" "WordPress/6.8.3; https://batconpakistan.org"
83.99.151.67 - - [14/Oct/2025:23:29:05 -0400] "GET /home2/ HTTP/1.1" 200 20493 "-" "Mozilla/5.0 (X11; Linux x86_64) AppleWebKit/537.36 (KHTML, like Gecko; GeedoProductSearch; +https://geedo.com/product-search.html) Chrome/134.0.0.0 Safari/537.36"
162.0.235.240 - - [14/Oct/2025:23:29:06 -0400] "GET /wp-content/plugins/contact-form-7-style/admin/predefined-templates.json HTTP/1.1" 200 1323 "-" "WordPress/6.8.3; https://batconpakistan.org"
162.0.235.240 - - [14/Oct/2025:23:29:16 -0400] "GET /wp-content/plugins/contact-form-7-style/admin/predefined-templates.json HTTP/1.1" 200 1323 "-" "WordPress/6.8.3; https://batconpakistan.org"
83.99.151.67 - - [14/Oct/2025:23:29:15 -0400] "GET /campaign_category/wildlife/ HTTP/1.1" 200 15817 "-" "Mozilla/5.0 (X11; Linux x86_64) AppleWebKit/537.36 (KHTML, like Gecko; GeedoProductSearch; +https://geedo.com/product-search.html) Chrome/134.0.0.0 Safari/537.36"
162.0.235.240 - - [14/Oct/2025:23:29:26 -0400] "GET /wp-content/plugins/contact-form-7-style/admin/predefined-templates.json HTTP/1.1" 200 1323 "-" "WordPress/6.8.3; https://batconpakistan.org"
83.99.151.67 - - [14/Oct/2025:23:29:25 -0400] "GET /2021/02/07/a-new-research-project-will-explore-how-extreme-heat-events-impact-indian-flying-foxes-in-pakistan/ HTTP/1.1" 200 23107 "-" "Mozilla/5.0 (X11; Linux x86_64) AppleWebKit/537.36 (KHTML, like Gecko; GeedoProductSearch; +https://geedo.com/product-search.html) Chrome/134.0.0.0 Safari/537.36"
162.0.235.240 - - [14/Oct/2025:23:29:35 -0400] "GET /wp-content/plugins/contact-form-7-style/admin/predefined-templates.json HTTP/1.1" 200 1323 "-" "WordPress/6.8.3; https://batconpakistan.org"
83.99.151.67 - - [14/Oct/2025:23:29:35 -0400] "GET /campaigns/save-water-initiative/ HTTP/1.1" 200 18031 "-" "Mozilla/5.0 (X11; Linux x86_64) AppleWebKit/537.36 (KHTML, like Gecko; GeedoProductSearch; +https://geedo.com/product-search.html) Chrome/134.0.0.0 Safari/537.36"
162.0.235.240 - - [14/Oct/2025:23:29:54 -0400] "GET /wp-content/plugins/contact-form-7-style/admin/predefined-templates.json HTTP/1.1" 200 1323 "-" "WordPress/6.8.3; https://batconpakistan.org"
162.0.235.240 - - [14/Oct/2025:23:29:54 -0400] "POST /wp-cron.php?doing_wp_cron=1760498994.8232629299163818359375 HTTP/1.1" 200 0 "-" "WordPress/6.8.3; https://batconpakistan.org"
157.55.39.204 - - [14/Oct/2025:23:29:54 -0400] "GET /Hydraulics-Pneumatics-&-Plumbing-Panel-Mount-Terminal-Port-156622-Microbore-Tubing-Connectors/ HTTP/1.1" 404 15667 "-" "Mozilla/5.0 AppleWebKit/537.36 (KHTML, like Gecko; compatible; bingbot/2.0; +http://www.bing.com/bingbot.htm) Chrome/116.0.1938.76 Safari/537.36"
162.0.235.240 - - [14/Oct/2025:23:29:55 -0400] "GET /wp-content/plugins/contact-form-7-style/admin/predefined-templates.json HTTP/1.1" 200 1323 "-" "WordPress/6.8.3; https://batconpakistan.org"
83.99.151.70 - - [14/Oct/2025:23:30:03 -0400] "GET /category/uncategorized/ HTTP/1.1" 200 24791 "-" "Mozilla/5.0 (X11; Linux x86_64) AppleWebKit/537.36 (KHTML, like Gecko; GeedoProductSearch; +https://geedo.com/product-search.html) Chrome/134.0.0.0 Safari/537.36"
162.0.235.240 - - [14/Oct/2025:23:30:13 -0400] "GET /wp-content/plugins/contact-form-7-style/admin/predefined-templates.json HTTP/1.1" 200 1323 "-" "WordPress/6.8.3; https://batconpakistan.org"
162.0.235.240 - - [14/Oct/2025:23:30:13 -0400] "POST /wp-cron.php?doing_wp_cron=1760499013.7863619327545166015625 HTTP/1.1" 200 0 "-" "WordPress/6.8.3; https://batconpakistan.org"
83.99.151.70 - - [14/Oct/2025:23:30:12 -0400] "GET /campaign_tag/water/ HTTP/1.1" 200 16885 "-" "Mozilla/5.0 (X11; Linux x86_64) AppleWebKit/537.36 (KHTML, like Gecko; GeedoProductSearch; +https://geedo.com/product-search.html) Chrome/134.0.0.0 Safari/537.36"
162.0.235.240 - - [14/Oct/2025:23:30:14 -0400] "GET /wp-content/plugins/contact-form-7-style/admin/predefined-templates.json HTTP/1.1" 200 1323 "-" "WordPress/6.8.3; https://batconpakistan.org"
83.99.151.66 - - [14/Oct/2025:23:30:22 -0400] "GET /our-approach/ HTTP/1.1" 200 19463 "-" "Mozilla/5.0 (X11; Linux x86_64) AppleWebKit/537.36 (KHTML, like Gecko; GeedoProductSearch; +https://geedo.com/product-search.html) Chrome/134.0.0.0 Safari/537.36"
162.0.235.240 - - [14/Oct/2025:23:30:33 -0400] "GET /wp-content/plugins/contact-form-7-style/admin/predefined-templates.json HTTP/1.1" 200 1323 "-" "WordPress/6.8.3; https://batconpakistan.org"
83.99.151.70 - - [14/Oct/2025:23:30:32 -0400] "GET /product/ninja-silhouette/ HTTP/1.1" 200 19339 "-" "Mozilla/5.0 (X11; Linux x86_64) AppleWebKit/537.36 (KHTML, like Gecko; GeedoProductSearch; +https://geedo.com/product-search.html) Chrome/134.0.0.0 Safari/537.36"
83.99.151.70 - - [14/Oct/2025:23:30:42 -0400] "GET /2023/01/ HTTP/1.1" 200 16704 "-" "Mozilla/5.0 (X11; Linux x86_64) AppleWebKit/537.36 (KHTML, like Gecko; GeedoProductSearch; +https://geedo.com/product-search.html) Chrome/134.0.0.0 Safari/537.36"
162.0.235.240 - - [14/Oct/2025:23:30:53 -0400] "GET /wp-content/plugins/contact-form-7-style/admin/predefined-templates.json HTTP/1.1" 200 1323 "-" "WordPress/6.8.3; https://batconpakistan.org"
162.0.235.240 - - [14/Oct/2025:23:30:53 -0400] "POST /wp-cron.php?doing_wp_cron=1760499053.5587739944458007812500 HTTP/1.1" 200 0 "-" "WordPress/6.8.3; https://batconpakistan.org"
83.99.151.66 - - [14/Oct/2025:23:30:52 -0400] "GET /event/campaign-fundraising-for-meals/ HTTP/1.1" 200 18239 "-" "Mozilla/5.0 (X11; Linux x86_64) AppleWebKit/537.36 (KHTML, like Gecko; GeedoProductSearch; +https://geedo.com/product-search.html) Chrome/134.0.0.0 Safari/537.36"
162.0.235.240 - - [14/Oct/2025:23:30:54 -0400] "GET /wp-content/plugins/contact-form-7-style/admin/predefined-templates.json HTTP/1.1" 200 1323 "-" "WordPress/6.8.3; https://batconpakistan.org"
162.0.235.240 - - [14/Oct/2025:23:31:19 -0400] "GET /wp-content/plugins/contact-form-7-style/admin/predefined-templates.json HTTP/1.1" 200 1323 "-" "WordPress/6.8.3; https://batconpakistan.org"
162.0.235.240 - - [14/Oct/2025:23:31:20 -0400] "POST /wp-cron.php?doing_wp_cron=1760499080.1108260154724121093750 HTTP/1.1" 200 0 "-" "WordPress/6.8.3; https://batconpakistan.org"
83.99.151.70 - - [14/Oct/2025:23:31:19 -0400] "GET /careers-with-us/ HTTP/1.1" 200 17767 "-" "Mozilla/5.0 (X11; Linux x86_64) AppleWebKit/537.36 (KHTML, like Gecko; GeedoProductSearch; +https://geedo.com/product-search.html) Chrome/134.0.0.0 Safari/537.36"
162.0.235.240 - - [14/Oct/2025:23:31:20 -0400] "GET /wp-content/plugins/contact-form-7-style/admin/predefined-templates.json HTTP/1.1" 200 1323 "-" "WordPress/6.8.3; https://batconpakistan.org"
162.0.235.240 - - [14/Oct/2025:23:31:29 -0400] "GET /wp-content/plugins/contact-form-7-style/admin/predefined-templates.json HTTP/1.1" 200 1323 "-" "WordPress/6.8.3; https://batconpakistan.org"
83.99.151.70 - - [14/Oct/2025:23:31:28 -0400] "GET /gallery/maybe-one-day-ill-be-able-to-fly-2/ HTTP/1.1" 200 16635 "-" "Mozilla/5.0 (X11; Linux x86_64) AppleWebKit/537.36 (KHTML, like Gecko; GeedoProductSearch; +https://geedo.com/product-search.html) Chrome/134.0.0.0 Safari/537.36"
162.0.235.240 - - [14/Oct/2025:23:31:38 -0400] "GET /wp-content/plugins/contact-form-7-style/admin/predefined-templates.json HTTP/1.1" 200 1323 "-" "WordPress/6.8.3; https://batconpakistan.org"
83.99.151.70 - - [14/Oct/2025:23:31:38 -0400] "GET /checkout-2/ HTTP/1.1" 200 38049 "-" "Mozilla/5.0 (X11; Linux x86_64) AppleWebKit/537.36 (KHTML, like Gecko; GeedoProductSearch; +https://geedo.com/product-search.html) Chrome/134.0.0.0 Safari/537.36"
83.99.151.70 - - [14/Oct/2025:23:31:48 -0400] "GET /gallery-with-caption-4-columns/ HTTP/1.1" 200 17159 "-" "Mozilla/5.0 (X11; Linux x86_64) AppleWebKit/537.36 (KHTML, like Gecko; GeedoProductSearch; +https://geedo.com/product-search.html) Chrome/134.0.0.0 Safari/537.36"
196.251.83.129 - - [14/Oct/2025:23:31:50 -0400] "GET / HTTP/1.1" 200 23132 "-" "-"
162.0.235.240 - - [14/Oct/2025:23:31:50 -0400] "POST /wp-cron.php?doing_wp_cron=1760499110.8778250217437744140625 HTTP/1.1" 200 0 "-" "WordPress/6.8.3; https://batconpakistan.org"
196.251.83.129 - - [14/Oct/2025:23:31:50 -0400] "GET /wp-admin/install.php HTTP/1.1" 200 438 "-" "-"
196.251.83.129 - - [14/Oct/2025:23:31:51 -0400] "GET /wp-admin/setup-config.php HTTP/1.1" 403 1242 "-" "-"
162.0.235.240 - - [14/Oct/2025:23:31:51 -0400] "GET /wp-content/plugins/contact-form-7-style/admin/predefined-templates.json HTTP/1.1" 200 1323 "-" "WordPress/6.8.3; https://batconpakistan.org"
162.0.235.240 - - [14/Oct/2025:23:31:59 -0400] "GET /wp-content/plugins/contact-form-7-style/admin/predefined-templates.json HTTP/1.1" 200 1323 "-" "WordPress/6.8.3; https://batconpakistan.org"
162.0.235.240 - - [14/Oct/2025:23:31:59 -0400] "POST /wp-cron.php?doing_wp_cron=1760499119.3469390869140625000000 HTTP/1.1" 200 0 "-" "WordPress/6.8.3; https://batconpakistan.org"
83.99.151.71 - - [14/Oct/2025:23:31:58 -0400] "GET /?team-category=associate-professor-chairman HTTP/1.1" 200 16174 "-" "Mozilla/5.0 (X11; Linux x86_64) AppleWebKit/537.36 (KHTML, like Gecko; GeedoProductSearch; +https://geedo.com/product-search.html) Chrome/134.0.0.0 Safari/537.36"
162.0.235.240 - - [14/Oct/2025:23:31:59 -0400] "GET /wp-content/plugins/contact-form-7-style/admin/predefined-templates.json HTTP/1.1" 200 1323 "-" "WordPress/6.8.3; https://batconpakistan.org"
83.99.151.70 - - [14/Oct/2025:23:32:09 -0400] "GET /our-activities/ HTTP/1.1" 200 17325 "-" "Mozilla/5.0 (X11; Linux x86_64) AppleWebKit/537.36 (KHTML, like Gecko; GeedoProductSearch; +https://geedo.com/product-search.html) Chrome/134.0.0.0 Safari/537.36"
162.0.235.240 - - [14/Oct/2025:23:32:35 -0400] "GET /wp-content/plugins/contact-form-7-style/admin/predefined-templates.json HTTP/1.1" 200 1323 "-" "WordPress/6.8.3; https://batconpakistan.org"
162.0.235.240 - - [14/Oct/2025:23:32:35 -0400] "POST /wp-cron.php?doing_wp_cron=1760499155.3652999401092529296875 HTTP/1.1" 200 0 "-" "WordPress/6.8.3; https://batconpakistan.org"
83.99.151.69 - - [14/Oct/2025:23:32:34 -0400] "GET /campaigns/education-for-everyone/ HTTP/1.1" 200 18076 "-" "Mozilla/5.0 (X11; Linux x86_64) AppleWebKit/537.36 (KHTML, like Gecko; GeedoProductSearch; +https://geedo.com/product-search.html) Chrome/134.0.0.0 Safari/537.36"
162.0.235.240 - - [14/Oct/2025:23:32:35 -0400] "GET /wp-content/plugins/contact-form-7-style/admin/predefined-templates.json HTTP/1.1" 200 1323 "-" "WordPress/6.8.3; https://batconpakistan.org"
162.0.235.240 - - [14/Oct/2025:23:32:44 -0400] "GET /wp-content/plugins/contact-form-7-style/admin/predefined-templates.json HTTP/1.1" 200 1323 "-" "WordPress/6.8.3; https://batconpakistan.org"
162.0.235.240 - - [14/Oct/2025:23:32:45 -0400] "POST /wp-cron.php?doing_wp_cron=1760499165.1270699501037597656250 HTTP/1.1" 200 0 "-" "WordPress/6.8.3; https://batconpakistan.org"
83.99.151.69 - - [14/Oct/2025:23:32:44 -0400] "GET /refund-policy/ HTTP/1.1" 200 16872 "-" "Mozilla/5.0 (X11; Linux x86_64) AppleWebKit/537.36 (KHTML, like Gecko; GeedoProductSearch; +https://geedo.com/product-search.html) Chrome/134.0.0.0 Safari/537.36"
162.0.235.240 - - [14/Oct/2025:23:32:45 -0400] "GET /wp-content/plugins/contact-form-7-style/admin/predefined-templates.json HTTP/1.1" 200 1323 "-" "WordPress/6.8.3; https://batconpakistan.org"
83.99.151.69 - - [14/Oct/2025:23:32:54 -0400] "GET /publish/ HTTP/1.1" 200 16837 "-" "Mozilla/5.0 (X11; Linux x86_64) AppleWebKit/537.36 (KHTML, like Gecko; GeedoProductSearch; +https://geedo.com/product-search.html) Chrome/134.0.0.0 Safari/537.36"
83.99.151.67 - - [14/Oct/2025:23:33:04 -0400] "GET / HTTP/1.1" 200 23132 "-" "Mozilla/5.0 (X11; Linux x86_64) AppleWebKit/537.36 (KHTML, like Gecko; GeedoProductSearch; +https://geedo.com/product-search.html) Chrome/134.0.0.0 Safari/537.36"
162.0.235.240 - - [14/Oct/2025:23:33:15 -0400] "GET /wp-content/plugins/contact-form-7-style/admin/predefined-templates.json HTTP/1.1" 200 1323 "-" "WordPress/6.8.3; https://batconpakistan.org"
162.0.235.240 - - [14/Oct/2025:23:33:16 -0400] "POST /wp-cron.php?doing_wp_cron=1760499196.0797660350799560546875 HTTP/1.1" 200 0 "-" "WordPress/6.8.3; https://batconpakistan.org"
83.99.151.69 - - [14/Oct/2025:23:33:15 -0400] "GET /gallery/this-gallery-item-is-linked-to-a-vimeo-video/ HTTP/1.1" 200 16599 "-" "Mozilla/5.0 (X11; Linux x86_64) AppleWebKit/537.36 (KHTML, like Gecko; GeedoProductSearch; +https://geedo.com/product-search.html) Chrome/134.0.0.0 Safari/537.36"
162.0.235.240 - - [14/Oct/2025:23:33:16 -0400] "GET /wp-content/plugins/contact-form-7-style/admin/predefined-templates.json HTTP/1.1" 200 1323 "-" "WordPress/6.8.3; https://batconpakistan.org"
162.0.235.240 - - [14/Oct/2025:23:33:25 -0400] "GET /wp-content/plugins/contact-form-7-style/admin/predefined-templates.json HTTP/1.1" 200 1323 "-" "WordPress/6.8.3; https://batconpakistan.org"
83.99.151.64 - - [14/Oct/2025:23:33:25 -0400] "GET /?team-category=chair-person HTTP/1.1" 200 16345 "-" "Mozilla/5.0 (X11; Linux x86_64) AppleWebKit/537.36 (KHTML, like Gecko; GeedoProductSearch; +https://geedo.com/product-search.html) Chrome/134.0.0.0 Safari/537.36"
162.0.235.240 - - [14/Oct/2025:23:33:52 -0400] "GET /wp-content/plugins/contact-form-7-style/admin/predefined-templates.json HTTP/1.1" 200 1323 "-" "WordPress/6.8.3; https://batconpakistan.org"
162.0.235.240 - - [14/Oct/2025:23:33:52 -0400] "POST /wp-cron.php?doing_wp_cron=1760499232.6331849098205566406250 HTTP/1.1" 200 0 "-" "WordPress/6.8.3; https://batconpakistan.org"
83.99.151.69 - - [14/Oct/2025:23:33:52 -0400] "GET /shop-2/ HTTP/1.1" 200 16238 "-" "Mozilla/5.0 (X11; Linux x86_64) AppleWebKit/537.36 (KHTML, like Gecko; GeedoProductSearch; +https://geedo.com/product-search.html) Chrome/134.0.0.0 Safari/537.36"
162.0.235.240 - - [14/Oct/2025:23:33:53 -0400] "GET /wp-content/plugins/contact-form-7-style/admin/predefined-templates.json HTTP/1.1" 200 1323 "-" "WordPress/6.8.3; https://batconpakistan.org"
162.0.235.240 - - [14/Oct/2025:23:34:01 -0400] "GET /wp-content/plugins/contact-form-7-style/admin/predefined-templates.json HTTP/1.1" 200 1323 "-" "WordPress/6.8.3; https://batconpakistan.org"
162.0.235.240 - - [14/Oct/2025:23:34:02 -0400] "POST /wp-cron.php?doing_wp_cron=1760499242.0830130577087402343750 HTTP/1.1" 200 0 "-" "WordPress/6.8.3; https://batconpakistan.org"
83.99.151.69 - - [14/Oct/2025:23:34:01 -0400] "GET /event/tips-rain-water-harvesting/ HTTP/1.1" 200 18674 "-" "Mozilla/5.0 (X11; Linux x86_64) AppleWebKit/537.36 (KHTML, like Gecko; GeedoProductSearch; +https://geedo.com/product-search.html) Chrome/134.0.0.0 Safari/537.36"
162.0.235.240 - - [14/Oct/2025:23:34:02 -0400] "GET /wp-content/plugins/contact-form-7-style/admin/predefined-templates.json HTTP/1.1" 200 1323 "-" "WordPress/6.8.3; https://batconpakistan.org"
162.0.235.240 - - [14/Oct/2025:23:34:12 -0400] "GET /wp-content/plugins/contact-form-7-style/admin/predefined-templates.json HTTP/1.1" 200 1323 "-" "WordPress/6.8.3; https://batconpakistan.org"
162.0.235.240 - - [14/Oct/2025:23:34:12 -0400] "POST /wp-cron.php?doing_wp_cron=1760499252.4639799594879150390625 HTTP/1.1" 200 0 "-" "WordPress/6.8.3; https://batconpakistan.org"
83.99.151.69 - - [14/Oct/2025:23:34:11 -0400] "GET /gallery/this-gallery-item-is-linked-to-google-com-website/ HTTP/1.1" 200 16542 "-" "Mozilla/5.0 (X11; Linux x86_64) AppleWebKit/537.36 (KHTML, like Gecko; GeedoProductSearch; +https://geedo.com/product-search.html) Chrome/134.0.0.0 Safari/537.36"
162.0.235.240 - - [14/Oct/2025:23:34:12 -0400] "GET /wp-content/plugins/contact-form-7-style/admin/predefined-templates.json HTTP/1.1" 200 1323 "-" "WordPress/6.8.3; https://batconpakistan.org"
162.0.235.240 - - [14/Oct/2025:23:34:21 -0400] "GET /wp-content/plugins/contact-form-7-style/admin/predefined-templates.json HTTP/1.1" 200 1323 "-" "WordPress/6.8.3; https://batconpakistan.org"
83.99.151.69 - - [14/Oct/2025:23:34:21 -0400] "GET /2021/09/ HTTP/1.1" 200 18400 "-" "Mozilla/5.0 (X11; Linux x86_64) AppleWebKit/537.36 (KHTML, like Gecko; GeedoProductSearch; +https://geedo.com/product-search.html) Chrome/134.0.0.0 Safari/537.36"
162.0.235.240 - - [14/Oct/2025:23:34:31 -0400] "GET /wp-content/plugins/contact-form-7-style/admin/predefined-templates.json HTTP/1.1" 200 1323 "-" "WordPress/6.8.3; https://batconpakistan.org"
83.99.151.69 - - [14/Oct/2025:23:34:31 -0400] "GET /team/dr-ubaid-ur-rehman-zia/ HTTP/1.1" 200 16836 "-" "Mozilla/5.0 (X11; Linux x86_64) AppleWebKit/537.36 (KHTML, like Gecko; GeedoProductSearch; +https://geedo.com/product-search.html) Chrome/134.0.0.0 Safari/537.36"
162.0.235.240 - - [14/Oct/2025:23:34:41 -0400] "GET /wp-content/plugins/contact-form-7-style/admin/predefined-templates.json HTTP/1.1" 200 1323 "-" "WordPress/6.8.3; https://batconpakistan.org"
162.0.235.240 - - [14/Oct/2025:23:34:42 -0400] "POST /wp-cron.php?doing_wp_cron=1760499282.0875930786132812500000 HTTP/1.1" 200 0 "-" "WordPress/6.8.3; https://batconpakistan.org"
83.99.151.69 - - [14/Oct/2025:23:34:41 -0400] "GET /2021/01/ HTTP/1.1" 200 27158 "-" "Mozilla/5.0 (X11; Linux x86_64) AppleWebKit/537.36 (KHTML, like Gecko; GeedoProductSearch; +https://geedo.com/product-search.html) Chrome/134.0.0.0 Safari/537.36"
162.0.235.240 - - [14/Oct/2025:23:34:42 -0400] "GET /wp-content/plugins/contact-form-7-style/admin/predefined-templates.json HTTP/1.1" 200 1323 "-" "WordPress/6.8.3; https://batconpakistan.org"
162.0.235.240 - - [14/Oct/2025:23:35:09 -0400] "GET /wp-content/plugins/contact-form-7-style/admin/predefined-templates.json HTTP/1.1" 200 1323 "-" "WordPress/6.8.3; https://batconpakistan.org"
162.0.235.240 - - [14/Oct/2025:23:35:10 -0400] "POST /wp-cron.php?doing_wp_cron=1760499310.0613191127777099609375 HTTP/1.1" 200 0 "-" "WordPress/6.8.3; https://batconpakistan.org"
83.99.151.66 - - [14/Oct/2025:23:35:09 -0400] "GET /campaign_tag/education/ HTTP/1.1" 200 16978 "-" "Mozilla/5.0 (X11; Linux x86_64) AppleWebKit/537.36 (KHTML, like Gecko; GeedoProductSearch; +https://geedo.com/product-search.html) Chrome/134.0.0.0 Safari/537.36"
162.0.235.240 - - [14/Oct/2025:23:35:10 -0400] "GET /wp-content/plugins/contact-form-7-style/admin/predefined-templates.json HTTP/1.1" 200 1323 "-" "WordPress/6.8.3; https://batconpakistan.org"
162.0.235.240 - - [14/Oct/2025:23:35:19 -0400] "GET /wp-content/plugins/contact-form-7-style/admin/predefined-templates.json HTTP/1.1" 200 1323 "-" "WordPress/6.8.3; https://batconpakistan.org"
83.99.151.70 - - [14/Oct/2025:23:35:18 -0400] "GET /product/premium-quality/ HTTP/1.1" 200 19316 "-" "Mozilla/5.0 (X11; Linux x86_64) AppleWebKit/537.36 (KHTML, like Gecko; GeedoProductSearch; +https://geedo.com/product-search.html) Chrome/134.0.0.0 Safari/537.36"
83.99.151.67 - - [14/Oct/2025:23:35:29 -0400] "GET /campaigns/ HTTP/1.1" 200 19946 "-" "Mozilla/5.0 (X11; Linux x86_64) AppleWebKit/537.36 (KHTML, like Gecko; GeedoProductSearch; +https://geedo.com/product-search.html) Chrome/134.0.0.0 Safari/537.36"
162.0.235.240 - - [14/Oct/2025:23:35:38 -0400] "GET /wp-content/plugins/contact-form-7-style/admin/predefined-templates.json HTTP/1.1" 200 1323 "-" "WordPress/6.8.3; https://batconpakistan.org"
83.99.151.70 - - [14/Oct/2025:23:35:38 -0400] "GET /gallery-2-columns/ HTTP/1.1" 200 17145 "-" "Mozilla/5.0 (X11; Linux x86_64) AppleWebKit/537.36 (KHTML, like Gecko; GeedoProductSearch; +https://geedo.com/product-search.html) Chrome/134.0.0.0 Safari/537.36"
162.0.235.240 - - [14/Oct/2025:23:35:49 -0400] "GET /wp-content/plugins/contact-form-7-style/admin/predefined-templates.json HTTP/1.1" 200 1323 "-" "WordPress/6.8.3; https://batconpakistan.org"
162.0.235.240 - - [14/Oct/2025:23:35:49 -0400] "POST /wp-cron.php?doing_wp_cron=1760499349.5989289283752441406250 HTTP/1.1" 200 0 "-" "WordPress/6.8.3; https://batconpakistan.org"
83.99.151.70 - - [14/Oct/2025:23:35:49 -0400] "GET /campaign_tag/human-rights/ HTTP/1.1" 200 17285 "-" "Mozilla/5.0 (X11; Linux x86_64) AppleWebKit/537.36 (KHTML, like Gecko; GeedoProductSearch; +https://geedo.com/product-search.html) Chrome/134.0.0.0 Safari/537.36"
162.0.235.240 - - [14/Oct/2025:23:35:50 -0400] "GET /wp-content/plugins/contact-form-7-style/admin/predefined-templates.json HTTP/1.1" 200 1323 "-" "WordPress/6.8.3; https://batconpakistan.org"
162.0.235.240 - - [14/Oct/2025:23:35:58 -0400] "GET /wp-content/plugins/contact-form-7-style/admin/predefined-templates.json HTTP/1.1" 200 1323 "-" "WordPress/6.8.3; https://batconpakistan.org"
162.0.235.240 - - [14/Oct/2025:23:35:58 -0400] "POST /wp-cron.php?doing_wp_cron=1760499358.8949589729309082031250 HTTP/1.1" 200 0 "-" "WordPress/6.8.3; https://batconpakistan.org"
83.99.151.70 - - [14/Oct/2025:23:35:58 -0400] "GET /product/woo-ninja-2/ HTTP/1.1" 200 19227 "-" "Mozilla/5.0 (X11; Linux x86_64) AppleWebKit/537.36 (KHTML, like Gecko; GeedoProductSearch; +https://geedo.com/product-search.html) Chrome/134.0.0.0 Safari/537.36"
162.0.235.240 - - [14/Oct/2025:23:35:59 -0400] "GET /wp-content/plugins/contact-form-7-style/admin/predefined-templates.json HTTP/1.1" 200 1323 "-" "WordPress/6.8.3; https://batconpakistan.org"
162.0.235.240 - - [14/Oct/2025:23:36:26 -0400] "GET /wp-content/plugins/contact-form-7-style/admin/predefined-templates.json HTTP/1.1" 200 1323 "-" "WordPress/6.8.3; https://batconpakistan.org"
162.0.235.240 - - [14/Oct/2025:23:36:27 -0400] "POST /wp-cron.php?doing_wp_cron=1760499387.0395379066467285156250 HTTP/1.1" 200 0 "-" "WordPress/6.8.3; https://batconpakistan.org"
83.99.151.67 - - [14/Oct/2025:23:36:26 -0400] "GET /campaign_tag/wild/ HTTP/1.1" 200 16960 "-" "Mozilla/5.0 (X11; Linux x86_64) AppleWebKit/537.36 (KHTML, like Gecko; GeedoProductSearch; +https://geedo.com/product-search.html) Chrome/134.0.0.0 Safari/537.36"
162.0.235.240 - - [14/Oct/2025:23:36:27 -0400] "GET /wp-content/plugins/contact-form-7-style/admin/predefined-templates.json HTTP/1.1" 200 1323 "-" "WordPress/6.8.3; https://batconpakistan.org"
162.0.235.240 - - [14/Oct/2025:23:36:37 -0400] "GET /wp-content/plugins/contact-form-7-style/admin/predefined-templates.json HTTP/1.1" 200 1323 "-" "WordPress/6.8.3; https://batconpakistan.org"
83.99.151.67 - - [14/Oct/2025:23:36:36 -0400] "GET /?gallery-category=videos HTTP/1.1" 200 16100 "-" "Mozilla/5.0 (X11; Linux x86_64) AppleWebKit/537.36 (KHTML, like Gecko; GeedoProductSearch; +https://geedo.com/product-search.html) Chrome/134.0.0.0 Safari/537.36"
162.0.235.240 - - [14/Oct/2025:23:36:46 -0400] "GET /wp-content/plugins/contact-form-7-style/admin/predefined-templates.json HTTP/1.1" 200 1323 "-" "WordPress/6.8.3; https://batconpakistan.org"
162.0.235.240 - - [14/Oct/2025:23:36:46 -0400] "POST /wp-cron.php?doing_wp_cron=1760499406.7130351066589355468750 HTTP/1.1" 200 0 "-" "WordPress/6.8.3; https://batconpakistan.org"
83.99.151.67 - - [14/Oct/2025:23:36:46 -0400] "GET /?team-category=technical-advisor HTTP/1.1" 200 16844 "-" "Mozilla/5.0 (X11; Linux x86_64) AppleWebKit/537.36 (KHTML, like Gecko; GeedoProductSearch; +https://geedo.com/product-search.html) Chrome/134.0.0.0 Safari/537.36"
162.0.235.240 - - [14/Oct/2025:23:36:47 -0400] "GET /wp-content/plugins/contact-form-7-style/admin/predefined-templates.json HTTP/1.1" 200 1323 "-" "WordPress/6.8.3; https://batconpakistan.org"
162.0.235.240 - - [14/Oct/2025:23:36:57 -0400] "GET /wp-content/plugins/contact-form-7-style/admin/predefined-templates.json HTTP/1.1" 200 1323 "-" "WordPress/6.8.3; https://batconpakistan.org"
162.0.235.240 - - [14/Oct/2025:23:36:58 -0400] "POST /wp-cron.php?doing_wp_cron=1760499418.0768089294433593750000 HTTP/1.1" 200 0 "-" "WordPress/6.8.3; https://batconpakistan.org"
83.99.151.67 - - [14/Oct/2025:23:36:57 -0400] "GET /gallery-4-columns/ HTTP/1.1" 200 17050 "-" "Mozilla/5.0 (X11; Linux x86_64) AppleWebKit/537.36 (KHTML, like Gecko; GeedoProductSearch; +https://geedo.com/product-search.html) Chrome/134.0.0.0 Safari/537.36"
162.0.235.240 - - [14/Oct/2025:23:36:58 -0400] "GET /wp-content/plugins/contact-form-7-style/admin/predefined-templates.json HTTP/1.1" 200 1323 "-" "WordPress/6.8.3; https://batconpakistan.org"
162.0.235.240 - - [14/Oct/2025:23:37:06 -0400] "GET /wp-content/plugins/contact-form-7-style/admin/predefined-templates.json HTTP/1.1" 200 1323 "-" "WordPress/6.8.3; https://batconpakistan.org"
162.0.235.240 - - [14/Oct/2025:23:37:07 -0400] "POST /wp-cron.php?doing_wp_cron=1760499426.9775090217590332031250 HTTP/1.1" 200 0 "-" "WordPress/6.8.3; https://batconpakistan.org"
83.99.151.67 - - [14/Oct/2025:23:37:06 -0400] "GET /our-causes/ HTTP/1.1" 200 16574 "-" "Mozilla/5.0 (X11; Linux x86_64) AppleWebKit/537.36 (KHTML, like Gecko; GeedoProductSearch; +https://geedo.com/product-search.html) Chrome/134.0.0.0 Safari/537.36"
162.0.235.240 - - [14/Oct/2025:23:37:07 -0400] "GET /wp-content/plugins/contact-form-7-style/admin/predefined-templates.json HTTP/1.1" 200 1323 "-" "WordPress/6.8.3; https://batconpakistan.org"
162.0.235.240 - - [14/Oct/2025:23:37:16 -0400] "GET /wp-content/plugins/contact-form-7-style/admin/predefined-templates.json HTTP/1.1" 200 1323 "-" "WordPress/6.8.3; https://batconpakistan.org"
83.99.151.67 - - [14/Oct/2025:23:37:16 -0400] "GET /payment-terms/ HTTP/1.1" 200 16766 "-" "Mozilla/5.0 (X11; Linux x86_64) AppleWebKit/537.36 (KHTML, like Gecko; GeedoProductSearch; +https://geedo.com/product-search.html) Chrome/134.0.0.0 Safari/537.36"
162.0.235.240 - - [14/Oct/2025:23:37:46 -0400] "GET /wp-content/plugins/contact-form-7-style/admin/predefined-templates.json HTTP/1.1" 200 1323 "-" "WordPress/6.8.3; https://batconpakistan.org"
162.0.235.240 - - [14/Oct/2025:23:37:47 -0400] "POST /wp-cron.php?doing_wp_cron=1760499466.9852991104125976562500 HTTP/1.1" 200 0 "-" "WordPress/6.8.3; https://batconpakistan.org"
83.99.151.69 - - [14/Oct/2025:23:37:46 -0400] "GET /events-calendar/ HTTP/1.1" 200 16265 "-" "Mozilla/5.0 (X11; Linux x86_64) AppleWebKit/537.36 (KHTML, like Gecko; GeedoProductSearch; +https://geedo.com/product-search.html) Chrome/134.0.0.0 Safari/537.36"
162.0.235.240 - - [14/Oct/2025:23:37:47 -0400] "GET /wp-content/plugins/contact-form-7-style/admin/predefined-templates.json HTTP/1.1" 200 1323 "-" "WordPress/6.8.3; https://batconpakistan.org"
83.99.151.69 - - [14/Oct/2025:23:37:55 -0400] "GET /bat-convervation-pakistan/ HTTP/1.1" 200 20201 "-" "Mozilla/5.0 (X11; Linux x86_64) AppleWebKit/537.36 (KHTML, like Gecko; GeedoProductSearch; +https://geedo.com/product-search.html) Chrome/134.0.0.0 Safari/537.36"
162.0.235.240 - - [14/Oct/2025:23:38:05 -0400] "GET /wp-content/plugins/contact-form-7-style/admin/predefined-templates.json HTTP/1.1" 200 1323 "-" "WordPress/6.8.3; https://batconpakistan.org"
162.0.235.240 - - [14/Oct/2025:23:38:05 -0400] "POST /wp-cron.php?doing_wp_cron=1760499485.9190170764923095703125 HTTP/1.1" 200 0 "-" "WordPress/6.8.3; https://batconpakistan.org"
83.99.151.69 - - [14/Oct/2025:23:38:05 -0400] "GET /?team-category=researcher HTTP/1.1" 200 16397 "-" "Mozilla/5.0 (X11; Linux x86_64) AppleWebKit/537.36 (KHTML, like Gecko; GeedoProductSearch; +https://geedo.com/product-search.html) Chrome/134.0.0.0 Safari/537.36"
162.0.235.240 - - [14/Oct/2025:23:38:06 -0400] "GET /wp-content/plugins/contact-form-7-style/admin/predefined-templates.json HTTP/1.1" 200 1323 "-" "WordPress/6.8.3; https://batconpakistan.org"
162.0.235.240 - - [14/Oct/2025:23:38:16 -0400] "GET /wp-content/plugins/contact-form-7-style/admin/predefined-templates.json HTTP/1.1" 200 1323 "-" "WordPress/6.8.3; https://batconpakistan.org"
83.99.151.69 - - [14/Oct/2025:23:38:16 -0400] "GET /privacy-policy-2/ HTTP/1.1" 200 16756 "-" "Mozilla/5.0 (X11; Linux x86_64) AppleWebKit/537.36 (KHTML, like Gecko; GeedoProductSearch; +https://geedo.com/product-search.html) Chrome/134.0.0.0 Safari/537.36"
162.0.235.240 - - [14/Oct/2025:23:38:27 -0400] "GET /wp-content/plugins/contact-form-7-style/admin/predefined-templates.json HTTP/1.1" 200 1323 "-" "WordPress/6.8.3; https://batconpakistan.org"
83.99.151.69 - - [14/Oct/2025:23:38:26 -0400] "GET /?event-category=water HTTP/1.1" 200 15835 "-" "Mozilla/5.0 (X11; Linux x86_64) AppleWebKit/537.36 (KHTML, like Gecko; GeedoProductSearch; +https://geedo.com/product-search.html) Chrome/134.0.0.0 Safari/537.36"
162.0.235.240 - - [14/Oct/2025:23:38:36 -0400] "GET /wp-content/plugins/contact-form-7-style/admin/predefined-templates.json HTTP/1.1" 200 1323 "-" "WordPress/6.8.3; https://batconpakistan.org"
83.99.151.69 - - [14/Oct/2025:23:38:35 -0400] "GET /gallery/link-format-gallery/ HTTP/1.1" 200 16528 "-" "Mozilla/5.0 (X11; Linux x86_64) AppleWebKit/537.36 (KHTML, like Gecko; GeedoProductSearch; +https://geedo.com/product-search.html) Chrome/134.0.0.0 Safari/537.36"
162.0.235.240 - - [14/Oct/2025:23:39:06 -0400] "GET /wp-content/plugins/contact-form-7-style/admin/predefined-templates.json HTTP/1.1" 200 1323 "-" "WordPress/6.8.3; https://batconpakistan.org"
162.0.235.240 - - [14/Oct/2025:23:39:06 -0400] "POST /wp-cron.php?doing_wp_cron=1760499546.2094380855560302734375 HTTP/1.1" 200 0 "-" "WordPress/6.8.3; https://batconpakistan.org"
83.99.151.68 - - [14/Oct/2025:23:39:05 -0400] "GET /product-category/clothing/t-shirts/ HTTP/1.1" 200 17336 "-" "Mozilla/5.0 (X11; Linux x86_64) AppleWebKit/537.36 (KHTML, like Gecko; GeedoProductSearch; +https://geedo.com/product-search.html) Chrome/134.0.0.0 Safari/537.36"
162.0.235.240 - - [14/Oct/2025:23:39:06 -0400] "GET /wp-content/plugins/contact-form-7-style/admin/predefined-templates.json HTTP/1.1" 200 1323 "-" "WordPress/6.8.3; https://batconpakistan.org"
143.198.87.186 - - [14/Oct/2025:23:39:16 -0400] "GET /wp-login.php HTTP/1.1" 200 1885 "-" "Mozilla/5.0 (Windows NT 10.0; Win64; x64) AppleWebKit/537.36 (KHTML, like Gecko) Chrome/52.0.2743.116 Safari/537.36 Edge/15.15063"
162.0.235.240 - - [14/Oct/2025:23:39:16 -0400] "GET /wp-content/plugins/contact-form-7-style/admin/predefined-templates.json HTTP/1.1" 200 1323 "-" "WordPress/6.8.3; https://batconpakistan.org"
83.99.151.68 - - [14/Oct/2025:23:39:15 -0400] "GET /gallery-with-caption-3-columns/ HTTP/1.1" 200 17163 "-" "Mozilla/5.0 (X11; Linux x86_64) AppleWebKit/537.36 (KHTML, like Gecko; GeedoProductSearch; +https://geedo.com/product-search.html) Chrome/134.0.0.0 Safari/537.36"
162.0.235.240 - - [14/Oct/2025:23:39:19 -0400] "GET /wp-content/plugins/contact-form-7-style/admin/predefined-templates.json HTTP/1.1" 200 1323 "-" "WordPress/6.8.3; https://batconpakistan.org"
143.198.87.186 - - [14/Oct/2025:23:39:18 -0400] "POST /wp-login.php HTTP/1.1" 200 2045 "https://batconpakistan.org/wp-login.php" "Mozilla/5.0 (Windows NT 10.0; Win64; x64) AppleWebKit/537.36 (KHTML, like Gecko) Chrome/52.0.2743.116 Safari/537.36 Edge/15.15063"
162.0.235.240 - - [14/Oct/2025:23:39:25 -0400] "GET /wp-content/plugins/contact-form-7-style/admin/predefined-templates.json HTTP/1.1" 200 1323 "-" "WordPress/6.8.3; https://batconpakistan.org"
83.99.151.68 - - [14/Oct/2025:23:39:25 -0400] "GET /?team-category=lecturer HTTP/1.1" 200 16412 "-" "Mozilla/5.0 (X11; Linux x86_64) AppleWebKit/537.36 (KHTML, like Gecko; GeedoProductSearch; +https://geedo.com/product-search.html) Chrome/134.0.0.0 Safari/537.36"
216.73.216.20 - - [14/Oct/2025:23:40:06 -0400] "GET /robots.txt HTTP/1.1" 200 183 "-" "Mozilla/5.0 AppleWebKit/537.36 (KHTML, like Gecko; compatible; ClaudeBot/1.0; +claudebot@anthropic.com)"
162.0.235.240 - - [14/Oct/2025:23:40:07 -0400] "GET /wp-content/plugins/contact-form-7-style/admin/predefined-templates.json HTTP/1.1" 200 1323 "-" "WordPress/6.8.3; https://batconpakistan.org"
162.0.235.240 - - [14/Oct/2025:23:40:07 -0400] "POST /wp-cron.php?doing_wp_cron=1760499607.2268180847167968750000 HTTP/1.1" 200 0 "-" "WordPress/6.8.3; https://batconpakistan.org"
216.73.216.20 - - [14/Oct/2025:23:40:06 -0400] "GET /2023/01/12/indian-flying-fox-thermoregulatory-behaviors-visual-guide HTTP/1.1" 301 0 "-" "Mozilla/5.0 AppleWebKit/537.36 (KHTML, like Gecko; compatible; ClaudeBot/1.0; +claudebot@anthropic.com)"
216.73.216.20 - - [14/Oct/2025:23:40:07 -0400] "GET /2023/01/12/indian-flying-fox-thermoregulatory-behaviors-visual-guide/ HTTP/1.1" 200 18385 "https://batconpakistan.org/2023/01/12/indian-flying-fox-thermoregulatory-behaviors-visual-guide" "Mozilla/5.0 AppleWebKit/537.36 (KHTML, like Gecko; compatible; ClaudeBot/1.0; +claudebot@anthropic.com)"
162.0.235.240 - - [14/Oct/2025:23:40:07 -0400] "GET /wp-content/plugins/contact-form-7-style/admin/predefined-templates.json HTTP/1.1" 200 1323 "-" "WordPress/6.8.3; https://batconpakistan.org"
139.59.88.54 - - [14/Oct/2025:23:45:36 -0400] "GET /wp-login.php HTTP/1.1" 200 1885 "-" "Mozilla/5.0 (Windows NT 6.1; Win64; x64; Trident/7.0; rv:11.0) like Gecko"
162.0.235.240 - - [14/Oct/2025:23:45:43 -0400] "GET /wp-content/plugins/contact-form-7-style/admin/predefined-templates.json HTTP/1.1" 200 1323 "-" "WordPress/6.8.3; https://batconpakistan.org"
162.0.235.240 - - [14/Oct/2025:23:45:44 -0400] "POST /wp-cron.php?doing_wp_cron=1760499944.4374170303344726562500 HTTP/1.1" 200 0 "-" "WordPress/6.8.3; https://batconpakistan.org"
139.59.88.54 - - [14/Oct/2025:23:45:40 -0400] "POST /wp-login.php HTTP/1.1" 200 2045 "https://batconpakistan.org/wp-login.php" "Mozilla/5.0 (Windows NT 6.1; Win64; x64; Trident/7.0; rv:11.0) like Gecko"
162.0.235.240 - - [14/Oct/2025:23:45:45 -0400] "GET /wp-content/plugins/contact-form-7-style/admin/predefined-templates.json HTTP/1.1" 200 1323 "-" "WordPress/6.8.3; https://batconpakistan.org"
192.53.165.202 - - [14/Oct/2025:23:47:57 -0400] "GET / HTTP/1.1" 200 23132 "http://batconpakistan.org" "Mozilla/5.0 (compatible; Example3/1.0; +https://www.example3.com/domain/batconpakistan.org)"
40.77.167.6 - - [14/Oct/2025:23:48:20 -0400] "GET /gallery-with-caption-3-columns/ HTTP/1.1" 200 17163 "-" "Mozilla/5.0 AppleWebKit/537.36 (KHTML, like Gecko; compatible; bingbot/2.0; +http://www.bing.com/bingbot.htm) Chrome/116.0.1938.76 Safari/537.36"
185.191.171.12 - - [14/Oct/2025:23:51:45 -0400] "GET /robots.txt HTTP/1.1" 304 0 "-" "Mozilla/5.0 (compatible; SemrushBot/7~bl; +http://www.semrush.com/bot.html)"
185.191.171.2 - - [14/Oct/2025:23:51:45 -0400] "GET /campaigns/help-small-shopkeepers-of-sunyani/ HTTP/1.1" 200 18000 "-" "Mozilla/5.0 (compatible; SemrushBot/7~bl; +http://www.semrush.com/bot.html)"
195.26.225.209 - - [14/Oct/2025:23:54:21 -0400] "GET / HTTP/1.1" 200 23132 "http://BATCONPAKISTAN.ORG" "Mozilla/5.0 (Windows NT 10.0; Win64; x64) AppleWebKit/537.36 (KHTML, like Gecko) Chrome/120.0.0.0 Safari/537.36"
162.0.235.240 - - [14/Oct/2025:23:54:46 -0400] "GET /wp-content/plugins/contact-form-7-style/admin/predefined-templates.json HTTP/1.1" 200 1323 "-" "WordPress/6.8.3; https://batconpakistan.org"
162.0.235.240 - - [14/Oct/2025:23:54:46 -0400] "POST /wp-cron.php?doing_wp_cron=1760500486.6871631145477294921875 HTTP/1.1" 200 0 "-" "WordPress/6.8.3; https://batconpakistan.org"
52.167.144.197 - - [14/Oct/2025:23:54:43 -0400] "GET /Retail-Store-Fixtures-&-Equipment-Feather-Flag-Sign-Pack-of-757846-Store-Signs/ HTTP/1.1" 404 15667 "-" "Mozilla/5.0 AppleWebKit/537.36 (KHTML, like Gecko; compatible; bingbot/2.0; +http://www.bing.com/bingbot.htm) Chrome/116.0.1938.76 Safari/537.36"
162.0.235.240 - - [14/Oct/2025:23:54:47 -0400] "GET /wp-content/plugins/contact-form-7-style/admin/predefined-templates.json HTTP/1.1" 200 1323 "-" "WordPress/6.8.3; https://batconpakistan.org"
43.165.65.180 - - [14/Oct/2025:23:55:13 -0400] "GET / HTTP/1.1" 200 23132 "http://batconpakistan.org" "Mozilla/5.0 (iPhone; CPU iPhone OS 13_2_3 like Mac OS X) AppleWebKit/605.1.15 (KHTML, like Gecko) Version/13.0.3 Mobile/15E148 Safari/604.1"
4.213.143.69 - - [14/Oct/2025:23:57:27 -0400] "GET /wp-login.php HTTP/1.1" 200 1885 "-" "Mozilla/5.0 (Windows NT 6.3; Win64; x64; rv:60.0) Gecko/20100101 Firefox/60.0"
162.0.235.240 - - [14/Oct/2025:23:57:31 -0400] "GET /wp-content/plugins/contact-form-7-style/admin/predefined-templates.json HTTP/1.1" 200 1323 "-" "WordPress/6.8.3; https://batconpakistan.org"
162.0.235.240 - - [14/Oct/2025:23:57:31 -0400] "POST /wp-cron.php?doing_wp_cron=1760500651.8640859127044677734375 HTTP/1.1" 200 0 "-" "WordPress/6.8.3; https://batconpakistan.org"
4.213.143.69 - - [14/Oct/2025:23:57:28 -0400] "POST /wp-login.php HTTP/1.1" 200 2045 "https://batconpakistan.org/wp-login.php" "Mozilla/5.0 (Windows NT 6.3; Win64; x64; rv:60.0) Gecko/20100101 Firefox/60.0"
162.0.235.240 - - [14/Oct/2025:23:57:32 -0400] "GET /wp-content/plugins/contact-form-7-style/admin/predefined-templates.json HTTP/1.1" 200 1323 "-" "WordPress/6.8.3; https://batconpakistan.org"
62.60.131.151 - - [15/Oct/2025:00:01:01 -0400] "GET / HTTP/1.1" 200 23132 "http://batconpakistan.org" "Go-http-client/2.0"
44.205.180.155 - - [15/Oct/2025:00:03:31 -0400] "GET /campaign_category/wildlife/ HTTP/1.1" 200 15817 "-" "Mozilla/5.0 AppleWebKit/537.36 (KHTML, like Gecko; compatible; Amazonbot/0.1; +https://developer.amazon.com/support/amazonbot) Chrome/119.0.6045.214 Safari/537.36"
162.0.235.240 - - [15/Oct/2025:00:07:15 -0400] "GET /wp-content/plugins/contact-form-7-style/admin/predefined-templates.json HTTP/1.1" 200 1323 "-" "WordPress/6.8.3; https://batconpakistan.org"
162.0.235.240 - - [15/Oct/2025:00:07:16 -0400] "POST /wp-cron.php?doing_wp_cron=1760501236.2035529613494873046875 HTTP/1.1" 200 0 "-" "WordPress/6.8.3; https://batconpakistan.org"
45.141.215.250 - - [15/Oct/2025:00:07:12 -0400] "GET /style.php HTTP/1.1" 404 15667 "http://batconpakistan.org/style.php" "Go-http-client/2.0"
162.0.235.240 - - [15/Oct/2025:00:07:16 -0400] "GET /wp-content/plugins/contact-form-7-style/admin/predefined-templates.json HTTP/1.1" 200 1323 "-" "WordPress/6.8.3; https://batconpakistan.org"
162.0.235.240 - - [15/Oct/2025:00:07:17 -0400] "GET /wp-content/plugins/contact-form-7-style/admin/predefined-templates.json HTTP/1.1" 200 1323 "-" "WordPress/6.8.3; https://batconpakistan.org"
45.141.215.250 - - [15/Oct/2025:00:07:17 -0400] "GET /wp-content/style.php HTTP/1.1" 404 15667 "http://batconpakistan.org/wp-content/style.php" "Go-http-client/2.0"
162.0.235.240 - - [15/Oct/2025:00:07:18 -0400] "GET /wp-content/plugins/contact-form-7-style/admin/predefined-templates.json HTTP/1.1" 200 1323 "-" "WordPress/6.8.3; https://batconpakistan.org"
45.141.215.250 - - [15/Oct/2025:00:07:18 -0400] "GET /wp-content/themes/style.php HTTP/1.1" 404 15667 "http://batconpakistan.org/wp-content/themes/style.php" "Go-http-client/2.0"
162.0.235.240 - - [15/Oct/2025:00:07:19 -0400] "GET /wp-content/plugins/contact-form-7-style/admin/predefined-templates.json HTTP/1.1" 200 1323 "-" "WordPress/6.8.3; https://batconpakistan.org"
45.141.215.250 - - [15/Oct/2025:00:07:19 -0400] "GET /wp-admin/style.php HTTP/1.1" 404 15668 "http://batconpakistan.org/wp-admin/style.php" "Go-http-client/2.0"
162.0.235.240 - - [15/Oct/2025:00:07:20 -0400] "GET /wp-content/plugins/contact-form-7-style/admin/predefined-templates.json HTTP/1.1" 200 1323 "-" "WordPress/6.8.3; https://batconpakistan.org"
45.141.215.250 - - [15/Oct/2025:00:07:20 -0400] "GET /wp-includes/style.php HTTP/1.1" 404 15664 "http://batconpakistan.org/wp-includes/style.php" "Go-http-client/2.0"
162.0.235.240 - - [15/Oct/2025:00:07:21 -0400] "GET /wp-content/plugins/contact-form-7-style/admin/predefined-templates.json HTTP/1.1" 200 1323 "-" "WordPress/6.8.3; https://batconpakistan.org"
45.141.215.250 - - [15/Oct/2025:00:07:21 -0400] "GET /chosen.php?p= HTTP/1.1" 301 0 "http://batconpakistan.org/chosen.php?p=" "Go-http-client/2.0"
162.0.235.240 - - [15/Oct/2025:00:07:22 -0400] "GET /wp-content/plugins/contact-form-7-style/admin/predefined-templates.json HTTP/1.1" 200 1323 "-" "WordPress/6.8.3; https://batconpakistan.org"
45.141.215.250 - - [15/Oct/2025:00:07:22 -0400] "GET /chosen.php HTTP/1.1" 404 15665 "https://batconpakistan.org/chosen.php?p=" "Go-http-client/2.0"
162.0.235.240 - - [15/Oct/2025:00:07:23 -0400] "GET /wp-content/plugins/contact-form-7-style/admin/predefined-templates.json HTTP/1.1" 200 1323 "-" "WordPress/6.8.3; https://batconpakistan.org"
45.141.215.250 - - [15/Oct/2025:00:07:23 -0400] "GET /file.php HTTP/1.1" 404 15666 "http://batconpakistan.org/file.php" "Go-http-client/2.0"
162.0.235.240 - - [15/Oct/2025:00:07:24 -0400] "GET /wp-content/plugins/contact-form-7-style/admin/predefined-templates.json HTTP/1.1" 200 1323 "-" "WordPress/6.8.3; https://batconpakistan.org"
45.141.215.250 - - [15/Oct/2025:00:07:24 -0400] "GET /flower.php HTTP/1.1" 404 15667 "http://batconpakistan.org/flower.php" "Go-http-client/2.0"
162.0.235.240 - - [15/Oct/2025:00:07:25 -0400] "GET /wp-content/plugins/contact-form-7-style/admin/predefined-templates.json HTTP/1.1" 200 1323 "-" "WordPress/6.8.3; https://batconpakistan.org"
