162.0.235.240 - - [14/Oct/2025:23:14:09 -0400] "GET /wp-content/plugins/contact-form-7-style/admin/predefined-templates.json HTTP/1.1" 200 1323 "-" "WordPress/6.8.3; https://batconpakistan.org"
162.0.235.240 - - [14/Oct/2025:23:14:19 -0400] "GET /wp-content/plugins/contact-form-7-style/admin/predefined-templates.json HTTP/1.1" 200 1323 "-" "WordPress/6.8.3; https://batconpakistan.org"
83.99.151.65 - - [14/Oct/2025:23:14:19 -0400] "GET /team/dr-muhammad-naeem-awan/ HTTP/1.1" 200 16862 "-" "Mozilla/5.0 (X11; Linux x86_64) AppleWebKit/537.36 (KHTML, like Gecko; GeedoProductSearch; +https://geedo.com/product-search.html) Chrome/134.0.0.0 Safari/537.36"
162.0.235.240 - - [14/Oct/2025:23:14:46 -0400] "GET /wp-content/plugins/contact-form-7-style/admin/predefined-templates.json HTTP/1.1" 200 1323 "-" "WordPress/6.8.3; https://batconpakistan.org"
162.0.235.240 - - [14/Oct/2025:23:14:46 -0400] "POST /wp-cron.php?doing_wp_cron=1760498086.6852810382843017578125 HTTP/1.1" 200 0 "-" "WordPress/6.8.3; https://batconpakistan.org"
83.99.151.68 - - [14/Oct/2025:23:14:45 -0400] "GET /2021/01/03/frequently-asked-questions-and-answers-on-bats-and-covid-19/ HTTP/1.1" 200 21292 "-" "Mozilla/5.0 (X11; Linux x86_64) AppleWebKit/537.36 (KHTML, like Gecko; GeedoProductSearch; +https://geedo.com/product-search.html) Chrome/134.0.0.0 Safari/537.36"
162.0.235.240 - - [14/Oct/2025:23:14:47 -0400] "GET /wp-content/plugins/contact-form-7-style/admin/predefined-templates.json HTTP/1.1" 200 1323 "-" "WordPress/6.8.3; https://batconpakistan.org"
83.99.151.68 - - [14/Oct/2025:23:14:55 -0400] "GET /partners/ HTTP/1.1" 200 16978 "-" "Mozilla/5.0 (X11; Linux x86_64) AppleWebKit/537.36 (KHTML, like Gecko; GeedoProductSearch; +https://geedo.com/product-search.html) Chrome/134.0.0.0 Safari/537.36"
162.0.235.240 - - [14/Oct/2025:23:15:06 -0400] "GET /wp-content/plugins/contact-form-7-style/admin/predefined-templates.json HTTP/1.1" 200 1323 "-" "WordPress/6.8.3; https://batconpakistan.org"
162.0.235.240 - - [14/Oct/2025:23:15:06 -0400] "POST /wp-cron.php?doing_wp_cron=1760498106.8926930427551269531250 HTTP/1.1" 200 0 "-" "WordPress/6.8.3; https://batconpakistan.org"
83.99.151.69 - - [14/Oct/2025:23:15:05 -0400] "GET /2021/02/20/earthday-org-and-batcon-pakistan-join-hands/ HTTP/1.1" 200 20459 "-" "Mozilla/5.0 (X11; Linux x86_64) AppleWebKit/537.36 (KHTML, like Gecko; GeedoProductSearch; +https://geedo.com/product-search.html) Chrome/134.0.0.0 Safari/537.36"
162.0.235.240 - - [14/Oct/2025:23:15:07 -0400] "GET /wp-content/plugins/contact-form-7-style/admin/predefined-templates.json HTTP/1.1" 200 1323 "-" "WordPress/6.8.3; https://batconpakistan.org"
162.0.235.240 - - [14/Oct/2025:23:15:16 -0400] "GET /wp-content/plugins/contact-form-7-style/admin/predefined-templates.json HTTP/1.1" 200 1323 "-" "WordPress/6.8.3; https://batconpakistan.org"
83.99.151.68 - - [14/Oct/2025:23:15:15 -0400] "GET /testimonial/everyday-food-for-mumbai-children/ HTTP/1.1" 200 16774 "-" "Mozilla/5.0 (X11; Linux x86_64) AppleWebKit/537.36 (KHTML, like Gecko; GeedoProductSearch; +https://geedo.com/product-search.html) Chrome/134.0.0.0 Safari/537.36"
162.0.235.240 - - [14/Oct/2025:23:15:26 -0400] "GET /wp-content/plugins/contact-form-7-style/admin/predefined-templates.json HTTP/1.1" 200 1323 "-" "WordPress/6.8.3; https://batconpakistan.org"
83.99.151.65 - - [14/Oct/2025:23:15:26 -0400] "GET /team/dr-aitezaz-ahsan/ HTTP/1.1" 200 17316 "-" "Mozilla/5.0 (X11; Linux x86_64) AppleWebKit/537.36 (KHTML, like Gecko; GeedoProductSearch; +https://geedo.com/product-search.html) Chrome/134.0.0.0 Safari/537.36"
207.230.104.41 - - [14/Oct/2025:23:15:30 -0400] "GET / HTTP/1.1" 200 23132 "-" "\"Mozilla/5.0 (Macintosh; Intel Mac OS X 10_15_7) AppleWebKit/537.36 (KHTML, like Gecko) Chrome/140.0.0.0 Safari/537.36\""
207.230.104.41 - - [14/Oct/2025:23:15:31 -0400] "GET /bat-convervation-pakistan/ HTTP/1.1" 200 20201 "-" "\"Mozilla/5.0 (Macintosh; Intel Mac OS X 10_15_7) AppleWebKit/537.36 (KHTML, like Gecko) Chrome/140.0.0.0 Safari/537.36\""
207.230.104.41 - - [14/Oct/2025:23:15:31 -0400] "GET /our-approach/ HTTP/1.1" 200 19463 "-" "\"Mozilla/5.0 (Macintosh; Intel Mac OS X 10_15_7) AppleWebKit/537.36 (KHTML, like Gecko) Chrome/140.0.0.0 Safari/537.36\""
207.230.104.41 - - [14/Oct/2025:23:15:31 -0400] "GET /publish/ HTTP/1.1" 200 16837 "-" "\"Mozilla/5.0 (Macintosh; Intel Mac OS X 10_15_7) AppleWebKit/537.36 (KHTML, like Gecko) Chrome/140.0.0.0 Safari/537.36\""
207.230.104.41 - - [14/Oct/2025:23:15:31 -0400] "GET /board-members/ HTTP/1.1" 200 21589 "-" "\"Mozilla/5.0 (Macintosh; Intel Mac OS X 10_15_7) AppleWebKit/537.36 (KHTML, like Gecko) Chrome/140.0.0.0 Safari/537.36\""
207.230.104.41 - - [14/Oct/2025:23:15:31 -0400] "GET /media-coverage/ HTTP/1.1" 200 18148 "-" "\"Mozilla/5.0 (Macintosh; Intel Mac OS X 10_15_7) AppleWebKit/537.36 (KHTML, like Gecko) Chrome/140.0.0.0 Safari/537.36\""
207.230.104.41 - - [14/Oct/2025:23:15:31 -0400] "GET /our-activities/ HTTP/1.1" 200 17325 "-" "\"Mozilla/5.0 (Macintosh; Intel Mac OS X 10_15_7) AppleWebKit/537.36 (KHTML, like Gecko) Chrome/140.0.0.0 Safari/537.36\""
207.230.104.41 - - [14/Oct/2025:23:15:31 -0400] "GET /campaigns/ HTTP/1.1" 200 19946 "-" "\"Mozilla/5.0 (Macintosh; Intel Mac OS X 10_15_7) AppleWebKit/537.36 (KHTML, like Gecko) Chrome/140.0.0.0 Safari/537.36\""
207.230.104.41 - - [14/Oct/2025:23:15:31 -0400] "GET /career-opportunities/ HTTP/1.1" 200 18579 "-" "\"Mozilla/5.0 (Macintosh; Intel Mac OS X 10_15_7) AppleWebKit/537.36 (KHTML, like Gecko) Chrome/140.0.0.0 Safari/537.36\""
207.230.104.41 - - [14/Oct/2025:23:15:31 -0400] "GET /contact-us/ HTTP/1.1" 200 17316 "-" "\"Mozilla/5.0 (Macintosh; Intel Mac OS X 10_15_7) AppleWebKit/537.36 (KHTML, like Gecko) Chrome/140.0.0.0 Safari/537.36\""
207.230.104.41 - - [14/Oct/2025:23:15:32 -0400] "GET /partners/ HTTP/1.1" 200 16978 "-" "\"Mozilla/5.0 (Macintosh; Intel Mac OS X 10_15_7) AppleWebKit/537.36 (KHTML, like Gecko) Chrome/140.0.0.0 Safari/537.36\""
207.230.104.41 - - [14/Oct/2025:23:15:32 -0400] "GET /vision-mission/ HTTP/1.1" 200 17645 "-" "\"Mozilla/5.0 (Macintosh; Intel Mac OS X 10_15_7) AppleWebKit/537.36 (KHTML, like Gecko) Chrome/140.0.0.0 Safari/537.36\""
207.230.104.41 - - [14/Oct/2025:23:15:32 -0400] "GET /blog-grid/ HTTP/1.1" 200 19194 "-" "\"Mozilla/5.0 (Macintosh; Intel Mac OS X 10_15_7) AppleWebKit/537.36 (KHTML, like Gecko) Chrome/140.0.0.0 Safari/537.36\""
162.0.235.240 - - [14/Oct/2025:23:15:32 -0400] "GET /wp-content/plugins/contact-form-7-style/admin/predefined-templates.json HTTP/1.1" 200 1323 "-" "WordPress/6.8.3; https://batconpakistan.org"
162.0.235.240 - - [14/Oct/2025:23:15:32 -0400] "GET /wp-content/plugins/contact-form-7-style/admin/predefined-templates.json HTTP/1.1" 200 1323 "-" "WordPress/6.8.3; https://batconpakistan.org"
162.0.235.240 - - [14/Oct/2025:23:15:33 -0400] "GET /wp-content/plugins/contact-form-7-style/admin/predefined-templates.json HTTP/1.1" 200 1323 "-" "WordPress/6.8.3; https://batconpakistan.org"
207.230.104.41 - - [14/Oct/2025:23:15:32 -0400] "GET /board-members HTTP/1.1" 301 0 "-" "\"Mozilla/5.0 (Macintosh; Intel Mac OS X 10_15_7) AppleWebKit/537.36 (KHTML, like Gecko) Chrome/140.0.0.0 Safari/537.36\""
162.0.235.240 - - [14/Oct/2025:23:15:33 -0400] "GET /wp-content/plugins/contact-form-7-style/admin/predefined-templates.json HTTP/1.1" 200 1323 "-" "WordPress/6.8.3; https://batconpakistan.org"
207.230.104.41 - - [14/Oct/2025:23:15:32 -0400] "GET /publish HTTP/1.1" 301 0 "-" "\"Mozilla/5.0 (Macintosh; Intel Mac OS X 10_15_7) AppleWebKit/537.36 (KHTML, like Gecko) Chrome/140.0.0.0 Safari/537.36\""
162.0.235.240 - - [14/Oct/2025:23:15:33 -0400] "GET /wp-content/plugins/contact-form-7-style/admin/predefined-templates.json HTTP/1.1" 200 1323 "-" "WordPress/6.8.3; https://batconpakistan.org"
207.230.104.41 - - [14/Oct/2025:23:15:33 -0400] "GET /board-members/ HTTP/1.1" 200 21589 "https://batconpakistan.org/board-members" "\"Mozilla/5.0 (Macintosh; Intel Mac OS X 10_15_7) AppleWebKit/537.36 (KHTML, like Gecko) Chrome/140.0.0.0 Safari/537.36\""
207.230.104.41 - - [14/Oct/2025:23:15:32 -0400] "GET /media-coverage HTTP/1.1" 301 0 "-" "\"Mozilla/5.0 (Macintosh; Intel Mac OS X 10_15_7) AppleWebKit/537.36 (KHTML, like Gecko) Chrome/140.0.0.0 Safari/537.36\""
207.230.104.41 - - [14/Oct/2025:23:15:33 -0400] "GET /publish/ HTTP/1.1" 200 16837 "https://batconpakistan.org/publish" "\"Mozilla/5.0 (Macintosh; Intel Mac OS X 10_15_7) AppleWebKit/537.36 (KHTML, like Gecko) Chrome/140.0.0.0 Safari/537.36\""
207.230.104.41 - - [14/Oct/2025:23:15:32 -0400] "GET /bat-convervation-pakistan HTTP/1.1" 301 0 "-" "\"Mozilla/5.0 (Macintosh; Intel Mac OS X 10_15_7) AppleWebKit/537.36 (KHTML, like Gecko) Chrome/140.0.0.0 Safari/537.36\""
207.230.104.41 - - [14/Oct/2025:23:15:33 -0400] "GET /media-coverage/ HTTP/1.1" 200 18148 "https://batconpakistan.org/media-coverage" "\"Mozilla/5.0 (Macintosh; Intel Mac OS X 10_15_7) AppleWebKit/537.36 (KHTML, like Gecko) Chrome/140.0.0.0 Safari/537.36\""
207.230.104.41 - - [14/Oct/2025:23:15:32 -0400] "GET /vision-mission HTTP/1.1" 301 0 "-" "\"Mozilla/5.0 (Macintosh; Intel Mac OS X 10_15_7) AppleWebKit/537.36 (KHTML, like Gecko) Chrome/140.0.0.0 Safari/537.36\""
207.230.104.41 - - [14/Oct/2025:23:15:33 -0400] "GET /bat-convervation-pakistan/ HTTP/1.1" 200 20201 "https://batconpakistan.org/bat-convervation-pakistan" "\"Mozilla/5.0 (Macintosh; Intel Mac OS X 10_15_7) AppleWebKit/537.36 (KHTML, like Gecko) Chrome/140.0.0.0 Safari/537.36\""
207.230.104.41 - - [14/Oct/2025:23:15:33 -0400] "GET /vision-mission/ HTTP/1.1" 200 17645 "https://batconpakistan.org/vision-mission" "\"Mozilla/5.0 (Macintosh; Intel Mac OS X 10_15_7) AppleWebKit/537.36 (KHTML, like Gecko) Chrome/140.0.0.0 Safari/537.36\""
162.0.235.240 - - [14/Oct/2025:23:15:34 -0400] "GET /wp-content/plugins/contact-form-7-style/admin/predefined-templates.json HTTP/1.1" 200 1323 "-" "WordPress/6.8.3; https://batconpakistan.org"
162.0.235.240 - - [14/Oct/2025:23:15:34 -0400] "GET /wp-content/plugins/contact-form-7-style/admin/predefined-templates.json HTTP/1.1" 200 1323 "-" "WordPress/6.8.3; https://batconpakistan.org"
207.230.104.41 - - [14/Oct/2025:23:15:33 -0400] "GET /partners HTTP/1.1" 301 0 "-" "\"Mozilla/5.0 (Macintosh; Intel Mac OS X 10_15_7) AppleWebKit/537.36 (KHTML, like Gecko) Chrome/140.0.0.0 Safari/537.36\""
162.0.235.240 - - [14/Oct/2025:23:15:34 -0400] "GET /wp-content/plugins/contact-form-7-style/admin/predefined-templates.json HTTP/1.1" 200 1323 "-" "WordPress/6.8.3; https://batconpakistan.org"
162.0.235.240 - - [14/Oct/2025:23:15:34 -0400] "GET /wp-content/plugins/contact-form-7-style/admin/predefined-templates.json HTTP/1.1" 200 1323 "-" "WordPress/6.8.3; https://batconpakistan.org"
207.230.104.41 - - [14/Oct/2025:23:15:34 -0400] "GET /partners/ HTTP/1.1" 200 16978 "https://batconpakistan.org/partners" "\"Mozilla/5.0 (Macintosh; Intel Mac OS X 10_15_7) AppleWebKit/537.36 (KHTML, like Gecko) Chrome/140.0.0.0 Safari/537.36\""
207.230.104.41 - - [14/Oct/2025:23:15:33 -0400] "GET /our-activities HTTP/1.1" 301 0 "-" "\"Mozilla/5.0 (Macintosh; Intel Mac OS X 10_15_7) AppleWebKit/537.36 (KHTML, like Gecko) Chrome/140.0.0.0 Safari/537.36\""
162.0.235.240 - - [14/Oct/2025:23:15:34 -0400] "GET /wp-content/plugins/contact-form-7-style/admin/predefined-templates.json HTTP/1.1" 200 1323 "-" "WordPress/6.8.3; https://batconpakistan.org"
207.230.104.41 - - [14/Oct/2025:23:15:33 -0400] "GET /campaigns HTTP/1.1" 301 0 "-" "\"Mozilla/5.0 (Macintosh; Intel Mac OS X 10_15_7) AppleWebKit/537.36 (KHTML, like Gecko) Chrome/140.0.0.0 Safari/537.36\""
207.230.104.41 - - [14/Oct/2025:23:15:33 -0400] "GET /our-approach HTTP/1.1" 301 0 "-" "\"Mozilla/5.0 (Macintosh; Intel Mac OS X 10_15_7) AppleWebKit/537.36 (KHTML, like Gecko) Chrome/140.0.0.0 Safari/537.36\""
207.230.104.41 - - [14/Oct/2025:23:15:34 -0400] "GET /our-activities/ HTTP/1.1" 200 17325 "https://batconpakistan.org/our-activities" "\"Mozilla/5.0 (Macintosh; Intel Mac OS X 10_15_7) AppleWebKit/537.36 (KHTML, like Gecko) Chrome/140.0.0.0 Safari/537.36\""
207.230.104.41 - - [14/Oct/2025:23:15:34 -0400] "GET /contact-us HTTP/1.1" 301 0 "-" "\"Mozilla/5.0 (Macintosh; Intel Mac OS X 10_15_7) AppleWebKit/537.36 (KHTML, like Gecko) Chrome/140.0.0.0 Safari/537.36\""
207.230.104.41 - - [14/Oct/2025:23:15:34 -0400] "GET /campaigns/ HTTP/1.1" 200 19946 "https://batconpakistan.org/campaigns" "\"Mozilla/5.0 (Macintosh; Intel Mac OS X 10_15_7) AppleWebKit/537.36 (KHTML, like Gecko) Chrome/140.0.0.0 Safari/537.36\""
207.230.104.41 - - [14/Oct/2025:23:15:35 -0400] "GET /our-approach/ HTTP/1.1" 200 19463 "https://batconpakistan.org/our-approach" "\"Mozilla/5.0 (Macintosh; Intel Mac OS X 10_15_7) AppleWebKit/537.36 (KHTML, like Gecko) Chrome/140.0.0.0 Safari/537.36\""
207.230.104.41 - - [14/Oct/2025:23:15:35 -0400] "GET /contact-us/ HTTP/1.1" 200 17316 "https://batconpakistan.org/contact-us" "\"Mozilla/5.0 (Macintosh; Intel Mac OS X 10_15_7) AppleWebKit/537.36 (KHTML, like Gecko) Chrome/140.0.0.0 Safari/537.36\""
162.0.235.240 - - [14/Oct/2025:23:15:35 -0400] "GET /wp-content/plugins/contact-form-7-style/admin/predefined-templates.json HTTP/1.1" 200 1323 "-" "WordPress/6.8.3; https://batconpakistan.org"
162.0.235.240 - - [14/Oct/2025:23:15:35 -0400] "GET /wp-content/plugins/contact-form-7-style/admin/predefined-templates.json HTTP/1.1" 200 1323 "-" "WordPress/6.8.3; https://batconpakistan.org"
207.230.104.41 - - [14/Oct/2025:23:15:35 -0400] "GET /blog-grid HTTP/1.1" 301 0 "-" "\"Mozilla/5.0 (Macintosh; Intel Mac OS X 10_15_7) AppleWebKit/537.36 (KHTML, like Gecko) Chrome/140.0.0.0 Safari/537.36\""
207.230.104.41 - - [14/Oct/2025:23:15:35 -0400] "GET /career-opportunities HTTP/1.1" 301 0 "-" "\"Mozilla/5.0 (Macintosh; Intel Mac OS X 10_15_7) AppleWebKit/537.36 (KHTML, like Gecko) Chrome/140.0.0.0 Safari/537.36\""
207.230.104.41 - - [14/Oct/2025:23:15:35 -0400] "GET /blog-grid/ HTTP/1.1" 200 19194 "https://batconpakistan.org/blog-grid" "\"Mozilla/5.0 (Macintosh; Intel Mac OS X 10_15_7) AppleWebKit/537.36 (KHTML, like Gecko) Chrome/140.0.0.0 Safari/537.36\""
162.0.235.240 - - [14/Oct/2025:23:15:35 -0400] "GET /wp-content/plugins/contact-form-7-style/admin/predefined-templates.json HTTP/1.1" 200 1323 "-" "WordPress/6.8.3; https://batconpakistan.org"
207.230.104.41 - - [14/Oct/2025:23:15:35 -0400] "GET /career-opportunities/ HTTP/1.1" 200 18579 "https://batconpakistan.org/career-opportunities" "\"Mozilla/5.0 (Macintosh; Intel Mac OS X 10_15_7) AppleWebKit/537.36 (KHTML, like Gecko) Chrome/140.0.0.0 Safari/537.36\""
83.99.151.68 - - [14/Oct/2025:23:15:35 -0400] "GET /style_category/simple-pattern-style/ HTTP/1.1" 200 15697 "-" "Mozilla/5.0 (X11; Linux x86_64) AppleWebKit/537.36 (KHTML, like Gecko; GeedoProductSearch; +https://geedo.com/product-search.html) Chrome/134.0.0.0 Safari/537.36"
45.251.114.217 - - [14/Oct/2025:23:15:43 -0400] "GET /wp-login.php HTTP/1.1" 200 1885 "-" "Mozilla/5.0 (Macintosh; Intel Mac OS X 10_12_6) AppleWebKit/537.36 (KHTML, like Gecko) Chrome/67.0.3396.62 Safari/537.36"
162.0.235.240 - - [14/Oct/2025:23:15:45 -0400] "GET /wp-content/plugins/contact-form-7-style/admin/predefined-templates.json HTTP/1.1" 200 1323 "-" "WordPress/6.8.3; https://batconpakistan.org"
162.0.235.240 - - [14/Oct/2025:23:15:45 -0400] "POST /wp-cron.php?doing_wp_cron=1760498145.4395608901977539062500 HTTP/1.1" 200 0 "-" "WordPress/6.8.3; https://batconpakistan.org"
45.251.114.217 - - [14/Oct/2025:23:15:44 -0400] "POST /wp-login.php HTTP/1.1" 200 2045 "https://batconpakistan.org/wp-login.php" "Mozilla/5.0 (Macintosh; Intel Mac OS X 10_12_6) AppleWebKit/537.36 (KHTML, like Gecko) Chrome/67.0.3396.62 Safari/537.36"
162.0.235.240 - - [14/Oct/2025:23:15:45 -0400] "GET /wp-content/plugins/contact-form-7-style/admin/predefined-templates.json HTTP/1.1" 200 1323 "-" "WordPress/6.8.3; https://batconpakistan.org"
162.0.235.240 - - [14/Oct/2025:23:16:03 -0400] "GET /wp-content/plugins/contact-form-7-style/admin/predefined-templates.json HTTP/1.1" 200 1323 "-" "WordPress/6.8.3; https://batconpakistan.org"
162.0.235.240 - - [14/Oct/2025:23:16:04 -0400] "POST /wp-cron.php?doing_wp_cron=1760498164.1277189254760742187500 HTTP/1.1" 200 0 "-" "WordPress/6.8.3; https://batconpakistan.org"
83.99.151.65 - - [14/Oct/2025:23:16:03 -0400] "GET /charitable-register/ HTTP/1.1" 200 16716 "-" "Mozilla/5.0 (X11; Linux x86_64) AppleWebKit/537.36 (KHTML, like Gecko; GeedoProductSearch; +https://geedo.com/product-search.html) Chrome/134.0.0.0 Safari/537.36"
162.0.235.240 - - [14/Oct/2025:23:16:04 -0400] "GET /wp-content/plugins/contact-form-7-style/admin/predefined-templates.json HTTP/1.1" 200 1323 "-" "WordPress/6.8.3; https://batconpakistan.org"
162.0.235.240 - - [14/Oct/2025:23:16:13 -0400] "GET /wp-content/plugins/contact-form-7-style/admin/predefined-templates.json HTTP/1.1" 200 1323 "-" "WordPress/6.8.3; https://batconpakistan.org"
162.0.235.240 - - [14/Oct/2025:23:16:14 -0400] "POST /wp-cron.php?doing_wp_cron=1760498174.0130419731140136718750 HTTP/1.1" 200 0 "-" "WordPress/6.8.3; https://batconpakistan.org"
83.99.151.65 - - [14/Oct/2025:23:16:13 -0400] "GET /tag/mass-killing/ HTTP/1.1" 200 18244 "-" "Mozilla/5.0 (X11; Linux x86_64) AppleWebKit/537.36 (KHTML, like Gecko; GeedoProductSearch; +https://geedo.com/product-search.html) Chrome/134.0.0.0 Safari/537.36"
162.0.235.240 - - [14/Oct/2025:23:16:14 -0400] "GET /wp-content/plugins/contact-form-7-style/admin/predefined-templates.json HTTP/1.1" 200 1323 "-" "WordPress/6.8.3; https://batconpakistan.org"
162.0.235.240 - - [14/Oct/2025:23:16:23 -0400] "GET /wp-content/plugins/contact-form-7-style/admin/predefined-templates.json HTTP/1.1" 200 1323 "-" "WordPress/6.8.3; https://batconpakistan.org"
83.99.151.65 - - [14/Oct/2025:23:16:23 -0400] "GET /testimonial/lori-now-study-with-her-friends/ HTTP/1.1" 200 16831 "-" "Mozilla/5.0 (X11; Linux x86_64) AppleWebKit/537.36 (KHTML, like Gecko; GeedoProductSearch; +https://geedo.com/product-search.html) Chrome/134.0.0.0 Safari/537.36"
83.99.151.65 - - [14/Oct/2025:23:16:34 -0400] "GET /campaigns/help-rebuild-nepal/ HTTP/1.1" 200 18315 "-" "Mozilla/5.0 (X11; Linux x86_64) AppleWebKit/537.36 (KHTML, like Gecko; GeedoProductSearch; +https://geedo.com/product-search.html) Chrome/134.0.0.0 Safari/537.36"
162.0.235.240 - - [14/Oct/2025:23:16:44 -0400] "GET /wp-content/plugins/contact-form-7-style/admin/predefined-templates.json HTTP/1.1" 200 1323 "-" "WordPress/6.8.3; https://batconpakistan.org"
162.0.235.240 - - [14/Oct/2025:23:16:44 -0400] "POST /wp-cron.php?doing_wp_cron=1760498204.7200129032135009765625 HTTP/1.1" 200 0 "-" "WordPress/6.8.3; https://batconpakistan.org"
83.99.151.65 - - [14/Oct/2025:23:16:44 -0400] "GET /gallery/gallery-video-format/ HTTP/1.1" 200 16555 "-" "Mozilla/5.0 (X11; Linux x86_64) AppleWebKit/537.36 (KHTML, like Gecko; GeedoProductSearch; +https://geedo.com/product-search.html) Chrome/134.0.0.0 Safari/537.36"
162.0.235.240 - - [14/Oct/2025:23:16:45 -0400] "GET /wp-content/plugins/contact-form-7-style/admin/predefined-templates.json HTTP/1.1" 200 1323 "-" "WordPress/6.8.3; https://batconpakistan.org"
162.0.235.240 - - [14/Oct/2025:23:16:53 -0400] "GET /wp-content/plugins/contact-form-7-style/admin/predefined-templates.json HTTP/1.1" 200 1323 "-" "WordPress/6.8.3; https://batconpakistan.org"
162.0.235.240 - - [14/Oct/2025:23:16:54 -0400] "POST /wp-cron.php?doing_wp_cron=1760498214.0530140399932861328125 HTTP/1.1" 200 0 "-" "WordPress/6.8.3; https://batconpakistan.org"
83.99.151.65 - - [14/Oct/2025:23:16:53 -0400] "GET /?event-tag=environment HTTP/1.1" 200 15779 "-" "Mozilla/5.0 (X11; Linux x86_64) AppleWebKit/537.36 (KHTML, like Gecko; GeedoProductSearch; +https://geedo.com/product-search.html) Chrome/134.0.0.0 Safari/537.36"
162.0.235.240 - - [14/Oct/2025:23:16:54 -0400] "GET /wp-content/plugins/contact-form-7-style/admin/predefined-templates.json HTTP/1.1" 200 1323 "-" "WordPress/6.8.3; https://batconpakistan.org"
162.0.235.240 - - [14/Oct/2025:23:17:18 -0400] "GET /wp-content/plugins/contact-form-7-style/admin/predefined-templates.json HTTP/1.1" 200 1323 "-" "WordPress/6.8.3; https://batconpakistan.org"
162.0.235.240 - - [14/Oct/2025:23:17:19 -0400] "POST /wp-cron.php?doing_wp_cron=1760498239.1166379451751708984375 HTTP/1.1" 200 0 "-" "WordPress/6.8.3; https://batconpakistan.org"
83.99.151.64 - - [14/Oct/2025:23:17:18 -0400] "GET /tag/nipah-virus-alert/ HTTP/1.1" 200 20030 "-" "Mozilla/5.0 (X11; Linux x86_64) AppleWebKit/537.36 (KHTML, like Gecko; GeedoProductSearch; +https://geedo.com/product-search.html) Chrome/134.0.0.0 Safari/537.36"
162.0.235.240 - - [14/Oct/2025:23:17:19 -0400] "GET /wp-content/plugins/contact-form-7-style/admin/predefined-templates.json HTTP/1.1" 200 1323 "-" "WordPress/6.8.3; https://batconpakistan.org"
162.0.235.240 - - [14/Oct/2025:23:17:28 -0400] "GET /wp-content/plugins/contact-form-7-style/admin/predefined-templates.json HTTP/1.1" 200 1323 "-" "WordPress/6.8.3; https://batconpakistan.org"
83.99.151.69 - - [14/Oct/2025:23:17:27 -0400] "GET /gallery-3-columns/ HTTP/1.1" 200 17051 "-" "Mozilla/5.0 (X11; Linux x86_64) AppleWebKit/537.36 (KHTML, like Gecko; GeedoProductSearch; +https://geedo.com/product-search.html) Chrome/134.0.0.0 Safari/537.36"
162.0.235.240 - - [14/Oct/2025:23:17:38 -0400] "GET /wp-content/plugins/contact-form-7-style/admin/predefined-templates.json HTTP/1.1" 200 1323 "-" "WordPress/6.8.3; https://batconpakistan.org"
83.99.151.69 - - [14/Oct/2025:23:17:38 -0400] "GET /event/ HTTP/1.1" 200 16925 "-" "Mozilla/5.0 (X11; Linux x86_64) AppleWebKit/537.36 (KHTML, like Gecko; GeedoProductSearch; +https://geedo.com/product-search.html) Chrome/134.0.0.0 Safari/537.36"
162.0.235.240 - - [14/Oct/2025:23:17:47 -0400] "GET /wp-content/plugins/contact-form-7-style/admin/predefined-templates.json HTTP/1.1" 200 1323 "-" "WordPress/6.8.3; https://batconpakistan.org"
162.0.235.240 - - [14/Oct/2025:23:17:47 -0400] "POST /wp-cron.php?doing_wp_cron=1760498267.7370879650115966796875 HTTP/1.1" 200 0 "-" "WordPress/6.8.3; https://batconpakistan.org"
110.249.202.166 - - [14/Oct/2025:23:17:48 -0400] "GET /robots.txt HTTP/1.1" 200 183 "-" "Mozilla/5.0 (Linux; Android 5.0) AppleWebKit/537.36 (KHTML, like Gecko) Mobile Safari/537.36 (compatible; Bytespider; https://zhanzhang.toutiao.com/)"
83.99.151.69 - - [14/Oct/2025:23:17:47 -0400] "GET /?event-category=environment HTTP/1.1" 200 15802 "-" "Mozilla/5.0 (X11; Linux x86_64) AppleWebKit/537.36 (KHTML, like Gecko; GeedoProductSearch; +https://geedo.com/product-search.html) Chrome/134.0.0.0 Safari/537.36"
162.0.235.240 - - [14/Oct/2025:23:17:48 -0400] "GET /wp-content/plugins/contact-form-7-style/admin/predefined-templates.json HTTP/1.1" 200 1323 "-" "WordPress/6.8.3; https://batconpakistan.org"
162.0.235.240 - - [14/Oct/2025:23:17:57 -0400] "GET /wp-content/plugins/contact-form-7-style/admin/predefined-templates.json HTTP/1.1" 200 1323 "-" "WordPress/6.8.3; https://batconpakistan.org"
162.0.235.240 - - [14/Oct/2025:23:17:58 -0400] "POST /wp-cron.php?doing_wp_cron=1760498278.0446040630340576171875 HTTP/1.1" 200 0 "-" "WordPress/6.8.3; https://batconpakistan.org"
83.99.151.69 - - [14/Oct/2025:23:17:57 -0400] "GET /event_registrants/ HTTP/1.1" 200 15958 "-" "Mozilla/5.0 (X11; Linux x86_64) AppleWebKit/537.36 (KHTML, like Gecko; GeedoProductSearch; +https://geedo.com/product-search.html) Chrome/134.0.0.0 Safari/537.36"
162.0.235.240 - - [14/Oct/2025:23:17:58 -0400] "GET /wp-content/plugins/contact-form-7-style/admin/predefined-templates.json HTTP/1.1" 200 1323 "-" "WordPress/6.8.3; https://batconpakistan.org"
162.0.235.240 - - [14/Oct/2025:23:18:08 -0400] "GET /wp-content/plugins/contact-form-7-style/admin/predefined-templates.json HTTP/1.1" 200 1323 "-" "WordPress/6.8.3; https://batconpakistan.org"
162.0.235.240 - - [14/Oct/2025:23:18:08 -0400] "POST /wp-cron.php?doing_wp_cron=1760498288.3892619609832763671875 HTTP/1.1" 200 0 "-" "WordPress/6.8.3; https://batconpakistan.org"
83.99.151.69 - - [14/Oct/2025:23:18:07 -0400] "GET /?team-category=founder HTTP/1.1" 200 16379 "-" "Mozilla/5.0 (X11; Linux x86_64) AppleWebKit/537.36 (KHTML, like Gecko; GeedoProductSearch; +https://geedo.com/product-search.html) Chrome/134.0.0.0 Safari/537.36"
162.0.235.240 - - [14/Oct/2025:23:18:08 -0400] "GET /wp-content/plugins/contact-form-7-style/admin/predefined-templates.json HTTP/1.1" 200 1323 "-" "WordPress/6.8.3; https://batconpakistan.org"
162.0.235.240 - - [14/Oct/2025:23:18:36 -0400] "GET /wp-content/plugins/contact-form-7-style/admin/predefined-templates.json HTTP/1.1" 200 1323 "-" "WordPress/6.8.3; https://batconpakistan.org"
83.99.151.68 - - [14/Oct/2025:23:18:36 -0400] "GET /campaign_tag/wildlife/ HTTP/1.1" 200 16927 "-" "Mozilla/5.0 (X11; Linux x86_64) AppleWebKit/537.36 (KHTML, like Gecko; GeedoProductSearch; +https://geedo.com/product-search.html) Chrome/134.0.0.0 Safari/537.36"
162.0.235.240 - - [14/Oct/2025:23:18:46 -0400] "GET /wp-content/plugins/contact-form-7-style/admin/predefined-templates.json HTTP/1.1" 200 1323 "-" "WordPress/6.8.3; https://batconpakistan.org"
162.0.235.240 - - [14/Oct/2025:23:18:46 -0400] "POST /wp-cron.php?doing_wp_cron=1760498326.3146810531616210937500 HTTP/1.1" 200 0 "-" "WordPress/6.8.3; https://batconpakistan.org"
83.99.151.68 - - [14/Oct/2025:23:18:45 -0400] "GET /upcoming-events/ HTTP/1.1" 200 16671 "-" "Mozilla/5.0 (X11; Linux x86_64) AppleWebKit/537.36 (KHTML, like Gecko; GeedoProductSearch; +https://geedo.com/product-search.html) Chrome/134.0.0.0 Safari/537.36"
162.0.235.240 - - [14/Oct/2025:23:18:46 -0400] "GET /wp-content/plugins/contact-form-7-style/admin/predefined-templates.json HTTP/1.1" 200 1323 "-" "WordPress/6.8.3; https://batconpakistan.org"
162.0.235.240 - - [14/Oct/2025:23:18:56 -0400] "GET /wp-content/plugins/contact-form-7-style/admin/predefined-templates.json HTTP/1.1" 200 1323 "-" "WordPress/6.8.3; https://batconpakistan.org"
162.0.235.240 - - [14/Oct/2025:23:18:56 -0400] "POST /wp-cron.php?doing_wp_cron=1760498336.6333589553833007812500 HTTP/1.1" 200 0 "-" "WordPress/6.8.3; https://batconpakistan.org"
83.99.151.67 - - [14/Oct/2025:23:18:55 -0400] "GET /gallery/ HTTP/1.1" 200 16465 "-" "Mozilla/5.0 (X11; Linux x86_64) AppleWebKit/537.36 (KHTML, like Gecko; GeedoProductSearch; +https://geedo.com/product-search.html) Chrome/134.0.0.0 Safari/537.36"
162.0.235.240 - - [14/Oct/2025:23:18:57 -0400] "GET /wp-content/plugins/contact-form-7-style/admin/predefined-templates.json HTTP/1.1" 200 1323 "-" "WordPress/6.8.3; https://batconpakistan.org"
162.0.235.240 - - [14/Oct/2025:23:19:05 -0400] "GET /wp-content/plugins/contact-form-7-style/admin/predefined-templates.json HTTP/1.1" 200 1323 "-" "WordPress/6.8.3; https://batconpakistan.org"
162.0.235.240 - - [14/Oct/2025:23:19:05 -0400] "POST /wp-cron.php?doing_wp_cron=1760498345.8520910739898681640625 HTTP/1.1" 200 0 "-" "WordPress/6.8.3; https://batconpakistan.org"
83.99.151.68 - - [14/Oct/2025:23:19:05 -0400] "GET /?event-category=education HTTP/1.1" 200 15805 "-" "Mozilla/5.0 (X11; Linux x86_64) AppleWebKit/537.36 (KHTML, like Gecko; GeedoProductSearch; +https://geedo.com/product-search.html) Chrome/134.0.0.0 Safari/537.36"
162.0.235.240 - - [14/Oct/2025:23:19:06 -0400] "GET /wp-content/plugins/contact-form-7-style/admin/predefined-templates.json HTTP/1.1" 200 1323 "-" "WordPress/6.8.3; https://batconpakistan.org"
162.0.235.240 - - [14/Oct/2025:23:19:16 -0400] "GET /wp-content/plugins/contact-form-7-style/admin/predefined-templates.json HTTP/1.1" 200 1323 "-" "WordPress/6.8.3; https://batconpakistan.org"
83.99.151.68 - - [14/Oct/2025:23:19:15 -0400] "GET /?gallery-category=links HTTP/1.1" 200 16086 "-" "Mozilla/5.0 (X11; Linux x86_64) AppleWebKit/537.36 (KHTML, like Gecko; GeedoProductSearch; +https://geedo.com/product-search.html) Chrome/134.0.0.0 Safari/537.36"
83.99.151.68 - - [14/Oct/2025:23:19:25 -0400] "GET /bat-convervation-pakistan/our-team/ HTTP/1.1" 200 24043 "-" "Mozilla/5.0 (X11; Linux x86_64) AppleWebKit/537.36 (KHTML, like Gecko; GeedoProductSearch; +https://geedo.com/product-search.html) Chrome/134.0.0.0 Safari/537.36"
162.0.235.240 - - [14/Oct/2025:23:19:52 -0400] "GET /wp-content/plugins/contact-form-7-style/admin/predefined-templates.json HTTP/1.1" 200 1323 "-" "WordPress/6.8.3; https://batconpakistan.org"
162.0.235.240 - - [14/Oct/2025:23:19:52 -0400] "POST /wp-cron.php?doing_wp_cron=1760498392.5947229862213134765625 HTTP/1.1" 200 0 "-" "WordPress/6.8.3; https://batconpakistan.org"
83.99.151.65 - - [14/Oct/2025:23:19:52 -0400] "GET /tag/pakistan/ HTTP/1.1" 200 20885 "-" "Mozilla/5.0 (X11; Linux x86_64) AppleWebKit/537.36 (KHTML, like Gecko; GeedoProductSearch; +https://geedo.com/product-search.html) Chrome/134.0.0.0 Safari/537.36"
162.0.235.240 - - [14/Oct/2025:23:19:53 -0400] "GET /wp-content/plugins/contact-form-7-style/admin/predefined-templates.json HTTP/1.1" 200 1323 "-" "WordPress/6.8.3; https://batconpakistan.org"
83.99.151.65 - - [14/Oct/2025:23:20:01 -0400] "GET /vision-mission/ HTTP/1.1" 200 17645 "-" "Mozilla/5.0 (X11; Linux x86_64) AppleWebKit/537.36 (KHTML, like Gecko; GeedoProductSearch; +https://geedo.com/product-search.html) Chrome/134.0.0.0 Safari/537.36"
162.0.235.240 - - [14/Oct/2025:23:20:12 -0400] "GET /wp-content/plugins/contact-form-7-style/admin/predefined-templates.json HTTP/1.1" 200 1323 "-" "WordPress/6.8.3; https://batconpakistan.org"
162.0.235.240 - - [14/Oct/2025:23:20:12 -0400] "POST /wp-cron.php?doing_wp_cron=1760498412.3873589038848876953125 HTTP/1.1" 200 0 "-" "WordPress/6.8.3; https://batconpakistan.org"
83.99.151.65 - - [14/Oct/2025:23:20:11 -0400] "GET /?event-category=global-warming HTTP/1.1" 200 15884 "-" "Mozilla/5.0 (X11; Linux x86_64) AppleWebKit/537.36 (KHTML, like Gecko; GeedoProductSearch; +https://geedo.com/product-search.html) Chrome/134.0.0.0 Safari/537.36"
162.0.235.240 - - [14/Oct/2025:23:20:12 -0400] "GET /wp-content/plugins/contact-form-7-style/admin/predefined-templates.json HTTP/1.1" 200 1323 "-" "WordPress/6.8.3; https://batconpakistan.org"
83.99.151.65 - - [14/Oct/2025:23:20:21 -0400] "GET /tag/bats/ HTTP/1.1" 200 21338 "-" "Mozilla/5.0 (X11; Linux x86_64) AppleWebKit/537.36 (KHTML, like Gecko; GeedoProductSearch; +https://geedo.com/product-search.html) Chrome/134.0.0.0 Safari/537.36"
162.0.235.240 - - [14/Oct/2025:23:20:32 -0400] "GET /wp-content/plugins/contact-form-7-style/admin/predefined-templates.json HTTP/1.1" 200 1323 "-" "WordPress/6.8.3; https://batconpakistan.org"
83.99.151.64 - - [14/Oct/2025:23:20:32 -0400] "GET /gallery-with-caption-2-columns/ HTTP/1.1" 200 17160 "-" "Mozilla/5.0 (X11; Linux x86_64) AppleWebKit/537.36 (KHTML, like Gecko; GeedoProductSearch; +https://geedo.com/product-search.html) Chrome/134.0.0.0 Safari/537.36"
162.0.235.240 - - [14/Oct/2025:23:20:41 -0400] "GET /wp-content/plugins/contact-form-7-style/admin/predefined-templates.json HTTP/1.1" 200 1323 "-" "WordPress/6.8.3; https://batconpakistan.org"
162.0.235.240 - - [14/Oct/2025:23:20:42 -0400] "POST /wp-cron.php?doing_wp_cron=1760498442.0978050231933593750000 HTTP/1.1" 200 0 "-" "WordPress/6.8.3; https://batconpakistan.org"
83.99.151.65 - - [14/Oct/2025:23:20:41 -0400] "GET /gallery/young-students-presenting-their-country-with-flags/ HTTP/1.1" 200 16569 "-" "Mozilla/5.0 (X11; Linux x86_64) AppleWebKit/537.36 (KHTML, like Gecko; GeedoProductSearch; +https://geedo.com/product-search.html) Chrome/134.0.0.0 Safari/537.36"
162.0.235.240 - - [14/Oct/2025:23:20:42 -0400] "GET /wp-content/plugins/contact-form-7-style/admin/predefined-templates.json HTTP/1.1" 200 1323 "-" "WordPress/6.8.3; https://batconpakistan.org"
162.0.235.240 - - [14/Oct/2025:23:21:09 -0400] "GET /wp-content/plugins/contact-form-7-style/admin/predefined-templates.json HTTP/1.1" 200 1323 "-" "WordPress/6.8.3; https://batconpakistan.org"
162.0.235.240 - - [14/Oct/2025:23:21:10 -0400] "POST /wp-cron.php?doing_wp_cron=1760498469.9828369617462158203125 HTTP/1.1" 200 0 "-" "WordPress/6.8.3; https://batconpakistan.org"
83.99.151.68 - - [14/Oct/2025:23:21:09 -0400] "GET /tag/extreme-heat/ HTTP/1.1" 200 16824 "-" "Mozilla/5.0 (X11; Linux x86_64) AppleWebKit/537.36 (KHTML, like Gecko; GeedoProductSearch; +https://geedo.com/product-search.html) Chrome/134.0.0.0 Safari/537.36"
162.0.235.240 - - [14/Oct/2025:23:21:10 -0400] "GET /wp-content/plugins/contact-form-7-style/admin/predefined-templates.json HTTP/1.1" 200 1323 "-" "WordPress/6.8.3; https://batconpakistan.org"
83.99.151.68 - - [14/Oct/2025:23:21:18 -0400] "GET /category/public-health-alert/ HTTP/1.1" 200 20010 "-" "Mozilla/5.0 (X11; Linux x86_64) AppleWebKit/537.36 (KHTML, like Gecko; GeedoProductSearch; +https://geedo.com/product-search.html) Chrome/134.0.0.0 Safari/537.36"
162.0.235.240 - - [14/Oct/2025:23:21:28 -0400] "GET /wp-content/plugins/contact-form-7-style/admin/predefined-templates.json HTTP/1.1" 200 1323 "-" "WordPress/6.8.3; https://batconpakistan.org"
83.99.151.65 - - [14/Oct/2025:23:21:28 -0400] "GET /user-profile/ HTTP/1.1" 200 16659 "-" "Mozilla/5.0 (X11; Linux x86_64) AppleWebKit/537.36 (KHTML, like Gecko; GeedoProductSearch; +https://geedo.com/product-search.html) Chrome/134.0.0.0 Safari/537.36"
162.0.235.240 - - [14/Oct/2025:23:21:38 -0400] "GET /wp-content/plugins/contact-form-7-style/admin/predefined-templates.json HTTP/1.1" 200 1323 "-" "WordPress/6.8.3; https://batconpakistan.org"
83.99.151.68 - - [14/Oct/2025:23:21:38 -0400] "GET /?event-tag=education HTTP/1.1" 200 15843 "-" "Mozilla/5.0 (X11; Linux x86_64) AppleWebKit/537.36 (KHTML, like Gecko; GeedoProductSearch; +https://geedo.com/product-search.html) Chrome/134.0.0.0 Safari/537.36"
162.0.235.240 - - [14/Oct/2025:23:21:49 -0400] "GET /wp-content/plugins/contact-form-7-style/admin/predefined-templates.json HTTP/1.1" 200 1323 "-" "WordPress/6.8.3; https://batconpakistan.org"
162.0.235.240 - - [14/Oct/2025:23:21:49 -0400] "POST /wp-cron.php?doing_wp_cron=1760498509.2408370971679687500000 HTTP/1.1" 200 0 "-" "WordPress/6.8.3; https://batconpakistan.org"
83.99.151.68 - - [14/Oct/2025:23:21:48 -0400] "GET /gallery/batcon-pakistan-gallery/ HTTP/1.1" 200 16431 "-" "Mozilla/5.0 (X11; Linux x86_64) AppleWebKit/537.36 (KHTML, like Gecko; GeedoProductSearch; +https://geedo.com/product-search.html) Chrome/134.0.0.0 Safari/537.36"
162.0.235.240 - - [14/Oct/2025:23:21:49 -0400] "GET /wp-content/plugins/contact-form-7-style/admin/predefined-templates.json HTTP/1.1" 200 1323 "-" "WordPress/6.8.3; https://batconpakistan.org"
108.141.61.37 - - [14/Oct/2025:23:21:52 -0400] "GET /wp-login.php HTTP/1.1" 200 1885 "-" "Mozilla/5.0 (Macintosh; Intel Mac OS X 10_13_5) AppleWebKit/605.1.15 (KHTML, like Gecko) Version/11.1.1 Safari/605.1.15"
162.0.235.240 - - [14/Oct/2025:23:21:54 -0400] "GET /wp-content/plugins/contact-form-7-style/admin/predefined-templates.json HTTP/1.1" 200 1323 "-" "WordPress/6.8.3; https://batconpakistan.org"
108.141.61.37 - - [14/Oct/2025:23:21:54 -0400] "POST /wp-login.php HTTP/1.1" 200 2045 "https://batconpakistan.org/wp-login.php" "Mozilla/5.0 (Macintosh; Intel Mac OS X 10_13_5) AppleWebKit/605.1.15 (KHTML, like Gecko) Version/11.1.1 Safari/605.1.15"
162.0.235.240 - - [14/Oct/2025:23:21:59 -0400] "GET /wp-content/plugins/contact-form-7-style/admin/predefined-templates.json HTTP/1.1" 200 1323 "-" "WordPress/6.8.3; https://batconpakistan.org"
162.0.235.240 - - [14/Oct/2025:23:21:59 -0400] "POST /wp-cron.php?doing_wp_cron=1760498519.5693728923797607421875 HTTP/1.1" 200 0 "-" "WordPress/6.8.3; https://batconpakistan.org"
34.222.216.143 - - [14/Oct/2025:23:21:59 -0400] "GET / HTTP/1.1" 200 23132 "http://batconpakistan.org" "Mozilla/5.0 (Macintosh; Intel Mac OS X 10_15_7) AppleWebKit/537.36 (KHTML, like Gecko) Chrome/113.0.0.0 Safari/537.36"
83.99.151.68 - - [14/Oct/2025:23:21:58 -0400] "GET /gallery/child-labour-is-the-worst-thing-in-the-world/ HTTP/1.1" 200 16640 "-" "Mozilla/5.0 (X11; Linux x86_64) AppleWebKit/537.36 (KHTML, like Gecko; GeedoProductSearch; +https://geedo.com/product-search.html) Chrome/134.0.0.0 Safari/537.36"
162.0.235.240 - - [14/Oct/2025:23:21:59 -0400] "GET /wp-content/plugins/contact-form-7-style/admin/predefined-templates.json HTTP/1.1" 200 1323 "-" "WordPress/6.8.3; https://batconpakistan.org"
162.0.235.240 - - [14/Oct/2025:23:22:25 -0400] "GET /wp-content/plugins/contact-form-7-style/admin/predefined-templates.json HTTP/1.1" 200 1323 "-" "WordPress/6.8.3; https://batconpakistan.org"
162.0.235.240 - - [14/Oct/2025:23:22:25 -0400] "POST /wp-cron.php?doing_wp_cron=1760498545.5070710182189941406250 HTTP/1.1" 200 0 "-" "WordPress/6.8.3; https://batconpakistan.org"
83.99.151.67 - - [14/Oct/2025:23:22:24 -0400] "GET /team/dr-touseef-ahmed-awan/ HTTP/1.1" 200 17452 "-" "Mozilla/5.0 (X11; Linux x86_64) AppleWebKit/537.36 (KHTML, like Gecko; GeedoProductSearch; +https://geedo.com/product-search.html) Chrome/134.0.0.0 Safari/537.36"
162.0.235.240 - - [14/Oct/2025:23:22:25 -0400] "GET /wp-content/plugins/contact-form-7-style/admin/predefined-templates.json HTTP/1.1" 200 1323 "-" "WordPress/6.8.3; https://batconpakistan.org"
162.0.235.240 - - [14/Oct/2025:23:22:34 -0400] "GET /wp-content/plugins/contact-form-7-style/admin/predefined-templates.json HTTP/1.1" 200 1323 "-" "WordPress/6.8.3; https://batconpakistan.org"
83.99.151.67 - - [14/Oct/2025:23:22:34 -0400] "GET /event_registrants/imi-themes/ HTTP/1.1" 200 16481 "-" "Mozilla/5.0 (X11; Linux x86_64) AppleWebKit/537.36 (KHTML, like Gecko; GeedoProductSearch; +https://geedo.com/product-search.html) Chrome/134.0.0.0 Safari/537.36"
162.0.235.240 - - [14/Oct/2025:23:22:44 -0400] "GET /wp-content/plugins/contact-form-7-style/admin/predefined-templates.json HTTP/1.1" 200 1323 "-" "WordPress/6.8.3; https://batconpakistan.org"
162.0.235.240 - - [14/Oct/2025:23:22:44 -0400] "POST /wp-cron.php?doing_wp_cron=1760498564.8924610614776611328125 HTTP/1.1" 200 0 "-" "WordPress/6.8.3; https://batconpakistan.org"
83.99.151.67 - - [14/Oct/2025:23:22:44 -0400] "GET /campaign_tag/environment/ HTTP/1.1" 200 17408 "-" "Mozilla/5.0 (X11; Linux x86_64) AppleWebKit/537.36 (KHTML, like Gecko; GeedoProductSearch; +https://geedo.com/product-search.html) Chrome/134.0.0.0 Safari/537.36"
162.0.235.240 - - [14/Oct/2025:23:22:45 -0400] "GET /wp-content/plugins/contact-form-7-style/admin/predefined-templates.json HTTP/1.1" 200 1323 "-" "WordPress/6.8.3; https://batconpakistan.org"
162.0.235.240 - - [14/Oct/2025:23:22:55 -0400] "GET /wp-content/plugins/contact-form-7-style/admin/predefined-templates.json HTTP/1.1" 200 1323 "-" "WordPress/6.8.3; https://batconpakistan.org"
162.0.235.240 - - [14/Oct/2025:23:22:55 -0400] "POST /wp-cron.php?doing_wp_cron=1760498575.1895949840545654296875 HTTP/1.1" 200 0 "-" "WordPress/6.8.3; https://batconpakistan.org"
83.99.151.67 - - [14/Oct/2025:23:22:54 -0400] "GET /gallery/maybe-one-day-ill-be-able-to-fly/ HTTP/1.1" 200 16566 "-" "Mozilla/5.0 (X11; Linux x86_64) AppleWebKit/537.36 (KHTML, like Gecko; GeedoProductSearch; +https://geedo.com/product-search.html) Chrome/134.0.0.0 Safari/537.36"
162.0.235.240 - - [14/Oct/2025:23:22:55 -0400] "GET /wp-content/plugins/contact-form-7-style/admin/predefined-templates.json HTTP/1.1" 200 1323 "-" "WordPress/6.8.3; https://batconpakistan.org"
162.0.235.240 - - [14/Oct/2025:23:23:05 -0400] "GET /wp-content/plugins/contact-form-7-style/admin/predefined-templates.json HTTP/1.1" 200 1323 "-" "WordPress/6.8.3; https://batconpakistan.org"
162.0.235.240 - - [14/Oct/2025:23:23:05 -0400] "POST /wp-cron.php?doing_wp_cron=1760498585.5018320083618164062500 HTTP/1.1" 200 0 "-" "WordPress/6.8.3; https://batconpakistan.org"
83.99.151.67 - - [14/Oct/2025:23:23:04 -0400] "GET /campaign_tag/business/ HTTP/1.1" 200 16982 "-" "Mozilla/5.0 (X11; Linux x86_64) AppleWebKit/537.36 (KHTML, like Gecko; GeedoProductSearch; +https://geedo.com/product-search.html) Chrome/134.0.0.0 Safari/537.36"
162.0.235.240 - - [14/Oct/2025:23:23:05 -0400] "GET /wp-content/plugins/contact-form-7-style/admin/predefined-templates.json HTTP/1.1" 200 1323 "-" "WordPress/6.8.3; https://batconpakistan.org"
162.0.235.240 - - [14/Oct/2025:23:23:14 -0400] "GET /wp-content/plugins/contact-form-7-style/admin/predefined-templates.json HTTP/1.1" 200 1323 "-" "WordPress/6.8.3; https://batconpakistan.org"
83.99.151.67 - - [14/Oct/2025:23:23:14 -0400] "GET /product-category/clothing/hoodies/ HTTP/1.1" 200 17124 "-" "Mozilla/5.0 (X11; Linux x86_64) AppleWebKit/537.36 (KHTML, like Gecko; GeedoProductSearch; +https://geedo.com/product-search.html) Chrome/134.0.0.0 Safari/537.36"
162.0.235.240 - - [14/Oct/2025:23:23:36 -0400] "GET /wp-content/plugins/contact-form-7-style/admin/predefined-templates.json HTTP/1.1" 200 1323 "-" "WordPress/6.8.3; https://batconpakistan.org"
52.167.144.160 - - [14/Oct/2025:23:23:35 -0400] "GET /Science-Education-Educational-Rubber-and-EVA-773754-Early-Learning-Classroom-Supplies/ HTTP/1.1" 404 15667 "-" "Mozilla/5.0 AppleWebKit/537.36 (KHTML, like Gecko; compatible; bingbot/2.0; +http://www.bing.com/bingbot.htm) Chrome/116.0.1938.76 Safari/537.36"
162.0.235.240 - - [14/Oct/2025:23:23:41 -0400] "GET /wp-content/plugins/contact-form-7-style/admin/predefined-templates.json HTTP/1.1" 200 1323 "-" "WordPress/6.8.3; https://batconpakistan.org"
162.0.235.240 - - [14/Oct/2025:23:23:41 -0400] "POST /wp-cron.php?doing_wp_cron=1760498621.5214838981628417968750 HTTP/1.1" 200 0 "-" "WordPress/6.8.3; https://batconpakistan.org"
83.99.151.69 - - [14/Oct/2025:23:23:40 -0400] "GET /product-category/clothing/ HTTP/1.1" 200 17742 "-" "Mozilla/5.0 (X11; Linux x86_64) AppleWebKit/537.36 (KHTML, like Gecko; GeedoProductSearch; +https://geedo.com/product-search.html) Chrome/134.0.0.0 Safari/537.36"
162.0.235.240 - - [14/Oct/2025:23:23:41 -0400] "GET /wp-content/plugins/contact-form-7-style/admin/predefined-templates.json HTTP/1.1" 200 1323 "-" "WordPress/6.8.3; https://batconpakistan.org"
162.0.235.240 - - [14/Oct/2025:23:23:50 -0400] "GET /wp-content/plugins/contact-form-7-style/admin/predefined-templates.json HTTP/1.1" 200 1323 "-" "WordPress/6.8.3; https://batconpakistan.org"
162.0.235.240 - - [14/Oct/2025:23:23:50 -0400] "POST /wp-cron.php?doing_wp_cron=1760498630.7713019847869873046875 HTTP/1.1" 200 0 "-" "WordPress/6.8.3; https://batconpakistan.org"
83.99.151.69 - - [14/Oct/2025:23:23:50 -0400] "GET /tag/indian-flying-foxes/ HTTP/1.1" 200 19971 "-" "Mozilla/5.0 (X11; Linux x86_64) AppleWebKit/537.36 (KHTML, like Gecko; GeedoProductSearch; +https://geedo.com/product-search.html) Chrome/134.0.0.0 Safari/537.36"
162.0.235.240 - - [14/Oct/2025:23:23:51 -0400] "GET /wp-content/plugins/contact-form-7-style/admin/predefined-templates.json HTTP/1.1" 200 1323 "-" "WordPress/6.8.3; https://batconpakistan.org"
212.32.238.6 - - [14/Oct/2025:23:23:54 -0400] "GET / HTTP/1.1" 200 23132 "https://www.google.ca" "Mozilla/5.0 (Windows NT 10.0; Win64; x64) AppleWebKit/537.36 (KHTML, like Gecko) Chrome/112.0.5615.138 Safari/537.36 Edg/112.0.1722.68"
162.0.235.240 - - [14/Oct/2025:23:23:55 -0400] "GET /wp-content/plugins/contact-form-7-style/admin/predefined-templates.json HTTP/1.1" 200 1323 "-" "WordPress/6.8.3; https://batconpakistan.org"
212.32.238.6 - - [14/Oct/2025:23:23:55 -0400] "GET /index.php?rest_route=/wp/v2/users HTTP/1.1" 200 6905 "https://batconpakistan.org" "Mozilla/5.0 (Windows NT 10.0; Win64; x64) AppleWebKit/537.36 (KHTML, like Gecko) Chrome/112.0.5615.138 Safari/537.36 Edg/112.0.1722.68"
162.0.235.240 - - [14/Oct/2025:23:24:00 -0400] "GET /wp-content/plugins/contact-form-7-style/admin/predefined-templates.json HTTP/1.1" 200 1323 "-" "WordPress/6.8.3; https://batconpakistan.org"
162.0.235.240 - - [14/Oct/2025:23:24:01 -0400] "POST /wp-cron.php?doing_wp_cron=1760498641.0921208858489990234375 HTTP/1.1" 200 0 "-" "WordPress/6.8.3; https://batconpakistan.org"
83.99.151.68 - - [14/Oct/2025:23:24:00 -0400] "GET /?registrant-event=tips-rain-water-harvesting HTTP/1.1" 200 15973 "-" "Mozilla/5.0 (X11; Linux x86_64) AppleWebKit/537.36 (KHTML, like Gecko; GeedoProductSearch; +https://geedo.com/product-search.html) Chrome/134.0.0.0 Safari/537.36"
162.0.235.240 - - [14/Oct/2025:23:24:01 -0400] "GET /wp-content/plugins/contact-form-7-style/admin/predefined-templates.json HTTP/1.1" 200 1323 "-" "WordPress/6.8.3; https://batconpakistan.org"
162.0.235.240 - - [14/Oct/2025:23:24:11 -0400] "GET /wp-content/plugins/contact-form-7-style/admin/predefined-templates.json HTTP/1.1" 200 1323 "-" "WordPress/6.8.3; https://batconpakistan.org"
162.0.235.240 - - [14/Oct/2025:23:24:11 -0400] "POST /wp-cron.php?doing_wp_cron=1760498651.5042641162872314453125 HTTP/1.1" 200 0 "-" "WordPress/6.8.3; https://batconpakistan.org"
83.99.151.69 - - [14/Oct/2025:23:24:10 -0400] "GET /style_category/valentines-day-style/ HTTP/1.1" 200 15734 "-" "Mozilla/5.0 (X11; Linux x86_64) AppleWebKit/537.36 (KHTML, like Gecko; GeedoProductSearch; +https://geedo.com/product-search.html) Chrome/134.0.0.0 Safari/537.36"
162.0.235.240 - - [14/Oct/2025:23:24:12 -0400] "GET /wp-content/plugins/contact-form-7-style/admin/predefined-templates.json HTTP/1.1" 200 1323 "-" "WordPress/6.8.3; https://batconpakistan.org"
83.99.151.69 - - [14/Oct/2025:23:24:20 -0400] "GET /media-coverage/ HTTP/1.1" 200 18148 "-" "Mozilla/5.0 (X11; Linux x86_64) AppleWebKit/537.36 (KHTML, like Gecko; GeedoProductSearch; +https://geedo.com/product-search.html) Chrome/134.0.0.0 Safari/537.36"
162.0.235.240 - - [14/Oct/2025:23:24:30 -0400] "GET /wp-content/plugins/contact-form-7-style/admin/predefined-templates.json HTTP/1.1" 200 1323 "-" "WordPress/6.8.3; https://batconpakistan.org"
83.99.151.69 - - [14/Oct/2025:23:24:30 -0400] "GET /?event-tag=green HTTP/1.1" 200 15781 "-" "Mozilla/5.0 (X11; Linux x86_64) AppleWebKit/537.36 (KHTML, like Gecko; GeedoProductSearch; +https://geedo.com/product-search.html) Chrome/134.0.0.0 Safari/537.36"
162.0.235.240 - - [14/Oct/2025:23:24:57 -0400] "GET /wp-content/plugins/contact-form-7-style/admin/predefined-templates.json HTTP/1.1" 200 1323 "-" "WordPress/6.8.3; https://batconpakistan.org"
162.0.235.240 - - [14/Oct/2025:23:24:57 -0400] "POST /wp-cron.php?doing_wp_cron=1760498697.7584550380706787109375 HTTP/1.1" 200 0 "-" "WordPress/6.8.3; https://batconpakistan.org"
83.99.151.70 - - [14/Oct/2025:23:24:56 -0400] "GET /my-campaigns/ HTTP/1.1" 200 16615 "-" "Mozilla/5.0 (X11; Linux x86_64) AppleWebKit/537.36 (KHTML, like Gecko; GeedoProductSearch; +https://geedo.com/product-search.html) Chrome/134.0.0.0 Safari/537.36"
162.0.235.240 - - [14/Oct/2025:23:24:58 -0400] "GET /wp-content/plugins/contact-form-7-style/admin/predefined-templates.json HTTP/1.1" 200 1323 "-" "WordPress/6.8.3; https://batconpakistan.org"
162.0.235.240 - - [14/Oct/2025:23:25:07 -0400] "GET /wp-content/plugins/contact-form-7-style/admin/predefined-templates.json HTTP/1.1" 200 1323 "-" "WordPress/6.8.3; https://batconpakistan.org"
162.0.235.240 - - [14/Oct/2025:23:25:07 -0400] "POST /wp-cron.php?doing_wp_cron=1760498707.8398571014404296875000 HTTP/1.1" 200 0 "-" "WordPress/6.8.3; https://batconpakistan.org"
83.99.151.70 - - [14/Oct/2025:23:25:07 -0400] "GET /2021/02/ HTTP/1.1" 200 21055 "-" "Mozilla/5.0 (X11; Linux x86_64) AppleWebKit/537.36 (KHTML, like Gecko; GeedoProductSearch; +https://geedo.com/product-search.html) Chrome/134.0.0.0 Safari/537.36"
162.0.235.240 - - [14/Oct/2025:23:25:08 -0400] "GET /wp-content/plugins/contact-form-7-style/admin/predefined-templates.json HTTP/1.1" 200 1323 "-" "WordPress/6.8.3; https://batconpakistan.org"
162.0.235.240 - - [14/Oct/2025:23:25:17 -0400] "GET /wp-content/plugins/contact-form-7-style/admin/predefined-templates.json HTTP/1.1" 200 1323 "-" "WordPress/6.8.3; https://batconpakistan.org"
83.99.151.67 - - [14/Oct/2025:23:25:16 -0400] "GET /campaign_category/education/ HTTP/1.1" 200 15715 "-" "Mozilla/5.0 (X11; Linux x86_64) AppleWebKit/537.36 (KHTML, like Gecko; GeedoProductSearch; +https://geedo.com/product-search.html) Chrome/134.0.0.0 Safari/537.36"
162.0.235.240 - - [14/Oct/2025:23:25:27 -0400] "GET /wp-content/plugins/contact-form-7-style/admin/predefined-templates.json HTTP/1.1" 200 1323 "-" "WordPress/6.8.3; https://batconpakistan.org"
83.99.151.70 - - [14/Oct/2025:23:25:26 -0400] "GET /my-campaigns-donations/ HTTP/1.1" 200 16646 "-" "Mozilla/5.0 (X11; Linux x86_64) AppleWebKit/537.36 (KHTML, like Gecko; GeedoProductSearch; +https://geedo.com/product-search.html) Chrome/134.0.0.0 Safari/537.36"
83.99.151.70 - - [14/Oct/2025:23:25:37 -0400] "GET /team/dr-shafique-ahmed-awan/ HTTP/1.1" 200 16699 "-" "Mozilla/5.0 (X11; Linux x86_64) AppleWebKit/537.36 (KHTML, like Gecko; GeedoProductSearch; +https://geedo.com/product-search.html) Chrome/134.0.0.0 Safari/537.36"
162.0.235.240 - - [14/Oct/2025:23:25:46 -0400] "GET /wp-content/plugins/contact-form-7-style/admin/predefined-templates.json HTTP/1.1" 200 1323 "-" "WordPress/6.8.3; https://batconpakistan.org"
162.0.235.240 - - [14/Oct/2025:23:25:47 -0400] "POST /wp-cron.php?doing_wp_cron=1760498747.1925270557403564453125 HTTP/1.1" 200 0 "-" "WordPress/6.8.3; https://batconpakistan.org"
83.99.151.70 - - [14/Oct/2025:23:25:46 -0400] "GET /campaigns/help-small-shopkeepers-of-sunyani/ HTTP/1.1" 200 18000 "-" "Mozilla/5.0 (X11; Linux x86_64) AppleWebKit/537.36 (KHTML, like Gecko; GeedoProductSearch; +https://geedo.com/product-search.html) Chrome/134.0.0.0 Safari/537.36"
162.0.235.240 - - [14/Oct/2025:23:25:47 -0400] "GET /wp-content/plugins/contact-form-7-style/admin/predefined-templates.json HTTP/1.1" 200 1323 "-" "WordPress/6.8.3; https://batconpakistan.org"
162.0.235.240 - - [14/Oct/2025:23:26:12 -0400] "GET /wp-content/plugins/contact-form-7-style/admin/predefined-templates.json HTTP/1.1" 200 1323 "-" "WordPress/6.8.3; https://batconpakistan.org"
162.0.235.240 - - [14/Oct/2025:23:26:12 -0400] "POST /wp-cron.php?doing_wp_cron=1760498772.8764400482177734375000 HTTP/1.1" 200 0 "-" "WordPress/6.8.3; https://batconpakistan.org"
