54.187.104.178 - - [15/Oct/2025:00:44:09 -0400] "GET /wp-content/plugins/woocommerce/assets/js/frontend/order-attribution.min.js?ver=10.2.2 HTTP/1.1" 304 0 "https://batconpakistan.org/" "Mozilla/5.0 (Macintosh; Intel Mac OS X 10_15_7) AppleWebKit/537.36 (KHTML, like Gecko) Chrome/113.0.0.0 Safari/537.36"
54.187.104.178 - - [15/Oct/2025:00:44:09 -0400] "GET /wp-includes/js/jquery/jquery-migrate.min.js?ver=3.4.1 HTTP/1.1" 304 0 "https://batconpakistan.org/" "Mozilla/5.0 (Macintosh; Intel Mac OS X 10_15_7) AppleWebKit/537.36 (KHTML, like Gecko) Chrome/113.0.0.0 Safari/537.36"
54.187.104.178 - - [15/Oct/2025:00:44:09 -0400] "GET /wp-content/plugins/charitable/assets/js/charitable-frontend.min.js?ver=1.8.8.3 HTTP/1.1" 304 0 "https://batconpakistan.org/" "Mozilla/5.0 (Macintosh; Intel Mac OS X 10_15_7) AppleWebKit/537.36 (KHTML, like Gecko) Chrome/113.0.0.0 Safari/537.36"
54.187.104.178 - - [15/Oct/2025:00:44:09 -0400] "GET /wp-content/plugins/js_composer/assets/js/dist/js_composer_front.min.js?ver=6.5.0 HTTP/1.1" 304 0 "https://batconpakistan.org/" "Mozilla/5.0 (Macintosh; Intel Mac OS X 10_15_7) AppleWebKit/537.36 (KHTML, like Gecko) Chrome/113.0.0.0 Safari/537.36"
54.187.104.178 - - [15/Oct/2025:00:44:09 -0400] "GET /wp-includes/js/dist/hooks.min.js?ver=4d63a3d491d11ffd8ac6 HTTP/1.1" 304 0 "https://batconpakistan.org/" "Mozilla/5.0 (Macintosh; Intel Mac OS X 10_15_7) AppleWebKit/537.36 (KHTML, like Gecko) Chrome/113.0.0.0 Safari/537.36"
54.187.104.178 - - [15/Oct/2025:00:44:09 -0400] "GET /wp-content/cache/autoptimize/js/autoptimize_single_f5aea4f1174cb7d3dff10c987969b96c.js?ver=3.19.1 HTTP/1.1" 200 10689 "https://batconpakistan.org/" "Mozilla/5.0 (Macintosh; Intel Mac OS X 10_15_7) AppleWebKit/537.36 (KHTML, like Gecko) Chrome/113.0.0.0 Safari/537.36"
54.187.104.178 - - [15/Oct/2025:00:44:09 -0400] "GET /wp-content/themes/born-to-give/vendor/magnific/jquery.magnific-popup.min.js?ver=2.3.1.8 HTTP/1.1" 304 0 "https://batconpakistan.org/" "Mozilla/5.0 (Macintosh; Intel Mac OS X 10_15_7) AppleWebKit/537.36 (KHTML, like Gecko) Chrome/113.0.0.0 Safari/537.36"
54.187.104.178 - - [15/Oct/2025:00:44:09 -0400] "GET /wp-content/plugins/contact-form-7-style/js/frontend-min.js?ver=3.1.9 HTTP/1.1" 200 370 "https://batconpakistan.org/" "Mozilla/5.0 (Macintosh; Intel Mac OS X 10_15_7) AppleWebKit/537.36 (KHTML, like Gecko) Chrome/113.0.0.0 Safari/537.36"
54.187.104.178 - - [15/Oct/2025:00:44:09 -0400] "GET /wp-content/plugins/woocommerce/assets/js/jquery-blockui/jquery.blockUI.min.js?ver=2.7.0-wc.10.2.2 HTTP/1.1" 304 0 "https://batconpakistan.org/" "Mozilla/5.0 (Macintosh; Intel Mac OS X 10_15_7) AppleWebKit/537.36 (KHTML, like Gecko) Chrome/113.0.0.0 Safari/537.36"
54.187.104.178 - - [15/Oct/2025:00:44:09 -0400] "GET /wp-content/plugins/woocommerce/assets/js/frontend/add-to-cart.min.js?ver=10.2.2 HTTP/1.1" 200 1225 "https://batconpakistan.org/" "Mozilla/5.0 (Macintosh; Intel Mac OS X 10_15_7) AppleWebKit/537.36 (KHTML, like Gecko) Chrome/113.0.0.0 Safari/537.36"
54.187.104.178 - - [15/Oct/2025:00:44:09 -0400] "GET /wp-content/plugins/autoptimize/classes/external/js/lazysizes.min.js?ao_version=3.1.13 HTTP/1.1" 304 0 "https://batconpakistan.org/" "Mozilla/5.0 (Macintosh; Intel Mac OS X 10_15_7) AppleWebKit/537.36 (KHTML, like Gecko) Chrome/113.0.0.0 Safari/537.36"
54.187.104.178 - - [15/Oct/2025:00:44:09 -0400] "GET /wp-content/plugins/charitable/assets/js/charitable-session.min.js?ver=1.8.8.3 HTTP/1.1" 304 0 "https://batconpakistan.org/" "Mozilla/5.0 (Macintosh; Intel Mac OS X 10_15_7) AppleWebKit/537.36 (KHTML, like Gecko) Chrome/113.0.0.0 Safari/537.36"
54.187.104.178 - - [15/Oct/2025:00:44:09 -0400] "GET /wp-includes/js/jquery/jquery.min.js?ver=3.7.1 HTTP/1.1" 304 0 "https://batconpakistan.org/" "Mozilla/5.0 (Macintosh; Intel Mac OS X 10_15_7) AppleWebKit/537.36 (KHTML, like Gecko) Chrome/113.0.0.0 Safari/537.36"
54.187.104.178 - - [15/Oct/2025:00:44:09 -0400] "GET /wp-content/plugins/charitable/assets/js/libraries/js-cookie.min.js?ver=2.1.4 HTTP/1.1" 304 0 "https://batconpakistan.org/" "Mozilla/5.0 (Macintosh; Intel Mac OS X 10_15_7) AppleWebKit/537.36 (KHTML, like Gecko) Chrome/113.0.0.0 Safari/537.36"
54.187.104.178 - - [15/Oct/2025:00:44:13 -0400] "GET /wp-content/plugins/revslider/public/assets/js/extensions/revolution.extension.actions.min.js?version=5.3.1.4 HTTP/1.1" 304 0 "https://batconpakistan.org/" "Mozilla/5.0 (Macintosh; Intel Mac OS X 10_15_7) AppleWebKit/537.36 (KHTML, like Gecko) Chrome/113.0.0.0 Safari/537.36"
54.187.104.178 - - [15/Oct/2025:00:44:13 -0400] "GET /wp-content/plugins/revslider/public/assets/js/extensions/revolution.extension.slideanims.min.js?version=5.3.1.4 HTTP/1.1" 304 0 "https://batconpakistan.org/" "Mozilla/5.0 (Macintosh; Intel Mac OS X 10_15_7) AppleWebKit/537.36 (KHTML, like Gecko) Chrome/113.0.0.0 Safari/537.36"
54.187.104.178 - - [15/Oct/2025:00:44:13 -0400] "GET /wp-content/plugins/revslider/public/assets/js/extensions/revolution.extension.layeranimation.min.js?version=5.3.1.4 HTTP/1.1" 304 0 "https://batconpakistan.org/" "Mozilla/5.0 (Macintosh; Intel Mac OS X 10_15_7) AppleWebKit/537.36 (KHTML, like Gecko) Chrome/113.0.0.0 Safari/537.36"
54.187.104.178 - - [15/Oct/2025:00:44:13 -0400] "GET /wp-content/plugins/revslider/public/assets/js/extensions/revolution.extension.navigation.min.js?version=5.3.1.4 HTTP/1.1" 200 6722 "https://batconpakistan.org/" "Mozilla/5.0 (Macintosh; Intel Mac OS X 10_15_7) AppleWebKit/537.36 (KHTML, like Gecko) Chrome/113.0.0.0 Safari/537.36"
162.0.235.240 - - [15/Oct/2025:00:44:13 -0400] "GET /wp-content/plugins/contact-form-7-style/admin/predefined-templates.json HTTP/1.1" 200 1323 "-" "WordPress/6.8.3; https://batconpakistan.org"
162.0.235.240 - - [15/Oct/2025:00:44:14 -0400] "POST /wp-cron.php?doing_wp_cron=1760503453.9955708980560302734375 HTTP/1.1" 200 0 "-" "WordPress/6.8.3; https://batconpakistan.org"
198.244.168.230 - - [15/Oct/2025:00:44:13 -0400] "GET /testimonial-sitemap.xml HTTP/1.1" 200 391 "-" "Mozilla/5.0 (compatible; AhrefsBot/7.0; +http://ahrefs.com/robot/)"
162.0.235.240 - - [15/Oct/2025:00:44:14 -0400] "GET /wp-content/plugins/contact-form-7-style/admin/predefined-templates.json HTTP/1.1" 200 1323 "-" "WordPress/6.8.3; https://batconpakistan.org"
162.0.235.240 - - [15/Oct/2025:00:44:19 -0400] "GET /wp-content/plugins/contact-form-7-style/admin/predefined-templates.json HTTP/1.1" 200 1323 "-" "WordPress/6.8.3; https://batconpakistan.org"
54.38.147.206 - - [15/Oct/2025:00:44:19 -0400] "GET /gallery-sitemap.xml HTTP/1.1" 200 560 "-" "Mozilla/5.0 (compatible; AhrefsBot/7.0; +http://ahrefs.com/robot/)"
162.0.235.240 - - [15/Oct/2025:00:44:32 -0400] "GET /wp-content/plugins/contact-form-7-style/admin/predefined-templates.json HTTP/1.1" 200 1323 "-" "WordPress/6.8.3; https://batconpakistan.org"
51.89.129.183 - - [15/Oct/2025:00:44:30 -0400] "GET /event-sitemap.xml HTTP/1.1" 200 452 "-" "Mozilla/5.0 (compatible; AhrefsBot/7.0; +http://ahrefs.com/robot/)"
162.0.235.240 - - [15/Oct/2025:00:44:35 -0400] "GET /wp-content/plugins/contact-form-7-style/admin/predefined-templates.json HTTP/1.1" 200 1323 "-" "WordPress/6.8.3; https://batconpakistan.org"
198.244.226.161 - - [15/Oct/2025:00:44:34 -0400] "GET /team-sitemap.xml HTTP/1.1" 200 818 "-" "Mozilla/5.0 (compatible; AhrefsBot/7.0; +http://ahrefs.com/robot/)"
162.0.235.240 - - [15/Oct/2025:00:45:17 -0400] "GET /wp-content/plugins/contact-form-7-style/admin/predefined-templates.json HTTP/1.1" 200 1323 "-" "WordPress/6.8.3; https://batconpakistan.org"
162.0.235.240 - - [15/Oct/2025:00:45:17 -0400] "POST /wp-cron.php?doing_wp_cron=1760503517.4916520118713378906250 HTTP/1.1" 200 0 "-" "WordPress/6.8.3; https://batconpakistan.org"
198.244.240.143 - - [15/Oct/2025:00:45:16 -0400] "GET /product-sitemap.xml HTTP/1.1" 200 532 "-" "Mozilla/5.0 (compatible; AhrefsBot/7.0; +http://ahrefs.com/robot/)"
162.0.235.240 - - [15/Oct/2025:00:45:18 -0400] "GET /wp-content/plugins/contact-form-7-style/admin/predefined-templates.json HTTP/1.1" 200 1323 "-" "WordPress/6.8.3; https://batconpakistan.org"
40.77.167.41 - - [15/Oct/2025:00:45:18 -0400] "GET /cart-2/ HTTP/1.1" 200 38004 "-" "Mozilla/5.0 AppleWebKit/537.36 (KHTML, like Gecko; compatible; bingbot/2.0; +http://www.bing.com/bingbot.htm) Chrome/116.0.1938.76 Safari/537.36"
162.0.235.240 - - [15/Oct/2025:00:45:19 -0400] "GET /wp-content/plugins/contact-form-7-style/admin/predefined-templates.json HTTP/1.1" 200 1323 "-" "WordPress/6.8.3; https://batconpakistan.org"
198.244.226.239 - - [15/Oct/2025:00:45:18 -0400] "GET /campaign-sitemap.xml HTTP/1.1" 200 478 "-" "Mozilla/5.0 (compatible; AhrefsBot/7.0; +http://ahrefs.com/robot/)"
162.0.235.240 - - [15/Oct/2025:00:45:27 -0400] "GET /wp-content/plugins/contact-form-7-style/admin/predefined-templates.json HTTP/1.1" 200 1323 "-" "WordPress/6.8.3; https://batconpakistan.org"
198.244.226.15 - - [15/Oct/2025:00:45:27 -0400] "GET /event_registrants-sitemap.xml HTTP/1.1" 200 379 "-" "Mozilla/5.0 (compatible; AhrefsBot/7.0; +http://ahrefs.com/robot/)"
162.0.235.240 - - [15/Oct/2025:00:45:35 -0400] "GET /wp-content/plugins/contact-form-7-style/admin/predefined-templates.json HTTP/1.1" 200 1323 "-" "WordPress/6.8.3; https://batconpakistan.org"
51.89.129.237 - - [15/Oct/2025:00:45:35 -0400] "GET /category-sitemap.xml HTTP/1.1" 200 393 "-" "Mozilla/5.0 (compatible; AhrefsBot/7.0; +http://ahrefs.com/robot/)"
162.0.235.240 - - [15/Oct/2025:00:45:40 -0400] "GET /wp-content/plugins/contact-form-7-style/admin/predefined-templates.json HTTP/1.1" 200 1323 "-" "WordPress/6.8.3; https://batconpakistan.org"
162.0.235.240 - - [15/Oct/2025:00:45:40 -0400] "POST /wp-cron.php?doing_wp_cron=1760503540.5426878929138183593750 HTTP/1.1" 200 0 "-" "WordPress/6.8.3; https://batconpakistan.org"
51.195.244.128 - - [15/Oct/2025:00:45:39 -0400] "GET /post_tag-sitemap.xml HTTP/1.1" 200 450 "-" "Mozilla/5.0 (compatible; AhrefsBot/7.0; +http://ahrefs.com/robot/)"
162.0.235.240 - - [15/Oct/2025:00:45:41 -0400] "GET /wp-content/plugins/contact-form-7-style/admin/predefined-templates.json HTTP/1.1" 200 1323 "-" "WordPress/6.8.3; https://batconpakistan.org"
162.0.235.240 - - [15/Oct/2025:00:45:46 -0400] "GET /wp-content/plugins/contact-form-7-style/admin/predefined-templates.json HTTP/1.1" 200 1323 "-" "WordPress/6.8.3; https://batconpakistan.org"
198.244.242.149 - - [15/Oct/2025:00:45:46 -0400] "GET /gallery-category-sitemap.xml HTTP/1.1" 200 393 "-" "Mozilla/5.0 (compatible; AhrefsBot/7.0; +http://ahrefs.com/robot/)"
162.0.235.240 - - [15/Oct/2025:00:45:57 -0400] "GET /wp-content/plugins/contact-form-7-style/admin/predefined-templates.json HTTP/1.1" 200 1323 "-" "WordPress/6.8.3; https://batconpakistan.org"
162.0.235.240 - - [15/Oct/2025:00:45:57 -0400] "POST /wp-cron.php?doing_wp_cron=1760503557.4651279449462890625000 HTTP/1.1" 200 0 "-" "WordPress/6.8.3; https://batconpakistan.org"
51.195.215.90 - - [15/Oct/2025:00:45:56 -0400] "GET /event-category-sitemap.xml HTTP/1.1" 200 378 "-" "Mozilla/5.0 (compatible; AhrefsBot/7.0; +http://ahrefs.com/robot/)"
162.0.235.240 - - [15/Oct/2025:00:45:57 -0400] "GET /wp-content/plugins/contact-form-7-style/admin/predefined-templates.json HTTP/1.1" 200 1323 "-" "WordPress/6.8.3; https://batconpakistan.org"
162.0.235.240 - - [15/Oct/2025:00:46:01 -0400] "GET /wp-content/plugins/contact-form-7-style/admin/predefined-templates.json HTTP/1.1" 200 1323 "-" "WordPress/6.8.3; https://batconpakistan.org"
51.195.244.129 - - [15/Oct/2025:00:46:00 -0400] "GET /event-tag-sitemap.xml HTTP/1.1" 200 372 "-" "Mozilla/5.0 (compatible; AhrefsBot/7.0; +http://ahrefs.com/robot/)"
103.178.231.51 - - [15/Oct/2025:00:46:02 -0400] "GET /wp-login.php HTTP/1.1" 200 1885 "-" "Mozilla/5.0 (Windows NT 6.2; ARM; Trident/7.0; Touch; rv:11.0; WPDesktop; NOKIA; Lumia 530) like Gecko"
162.0.235.240 - - [15/Oct/2025:00:46:07 -0400] "GET /wp-content/plugins/contact-form-7-style/admin/predefined-templates.json HTTP/1.1" 200 1323 "-" "WordPress/6.8.3; https://batconpakistan.org"
162.0.235.240 - - [15/Oct/2025:00:46:07 -0400] "POST /wp-cron.php?doing_wp_cron=1760503567.2294299602508544921875 HTTP/1.1" 200 0 "-" "WordPress/6.8.3; https://batconpakistan.org"
103.178.231.51 - - [15/Oct/2025:00:46:06 -0400] "POST /wp-login.php HTTP/1.1" 200 2045 "https://batconpakistan.org/wp-login.php" "Mozilla/5.0 (Windows NT 6.2; ARM; Trident/7.0; Touch; rv:11.0; WPDesktop; NOKIA; Lumia 530) like Gecko"
162.0.235.240 - - [15/Oct/2025:00:46:07 -0400] "GET /wp-content/plugins/contact-form-7-style/admin/predefined-templates.json HTTP/1.1" 200 1323 "-" "WordPress/6.8.3; https://batconpakistan.org"
162.0.235.240 - - [15/Oct/2025:00:46:09 -0400] "GET /wp-content/plugins/contact-form-7-style/admin/predefined-templates.json HTTP/1.1" 200 1323 "-" "WordPress/6.8.3; https://batconpakistan.org"
198.244.240.224 - - [15/Oct/2025:00:46:09 -0400] "GET /team-category-sitemap.xml HTTP/1.1" 200 499 "-" "Mozilla/5.0 (compatible; AhrefsBot/7.0; +http://ahrefs.com/robot/)"
162.0.235.240 - - [15/Oct/2025:00:46:21 -0400] "GET /wp-content/plugins/contact-form-7-style/admin/predefined-templates.json HTTP/1.1" 200 1323 "-" "WordPress/6.8.3; https://batconpakistan.org"
198.244.242.226 - - [15/Oct/2025:00:46:21 -0400] "GET /product_cat-sitemap.xml HTTP/1.1" 200 381 "-" "Mozilla/5.0 (compatible; AhrefsBot/7.0; +http://ahrefs.com/robot/)"
162.0.235.240 - - [15/Oct/2025:00:46:23 -0400] "GET /wp-content/plugins/contact-form-7-style/admin/predefined-templates.json HTTP/1.1" 200 1323 "-" "WordPress/6.8.3; https://batconpakistan.org"
198.244.183.68 - - [15/Oct/2025:00:46:23 -0400] "GET /campaign_category-sitemap.xml HTTP/1.1" 200 425 "-" "Mozilla/5.0 (compatible; AhrefsBot/7.0; +http://ahrefs.com/robot/)"
162.0.235.240 - - [15/Oct/2025:00:46:26 -0400] "GET /wp-content/plugins/contact-form-7-style/admin/predefined-templates.json HTTP/1.1" 200 1323 "-" "WordPress/6.8.3; https://batconpakistan.org"
198.244.183.57 - - [15/Oct/2025:00:46:25 -0400] "GET /campaign_tag-sitemap.xml HTTP/1.1" 200 413 "-" "Mozilla/5.0 (compatible; AhrefsBot/7.0; +http://ahrefs.com/robot/)"
162.0.235.240 - - [15/Oct/2025:00:46:39 -0400] "GET /wp-content/plugins/contact-form-7-style/admin/predefined-templates.json HTTP/1.1" 200 1323 "-" "WordPress/6.8.3; https://batconpakistan.org"
51.89.129.124 - - [15/Oct/2025:00:46:38 -0400] "GET /registrant-event-sitemap.xml HTTP/1.1" 200 364 "-" "Mozilla/5.0 (compatible; AhrefsBot/7.0; +http://ahrefs.com/robot/)"
162.0.235.240 - - [15/Oct/2025:00:46:48 -0400] "GET /wp-content/plugins/contact-form-7-style/admin/predefined-templates.json HTTP/1.1" 200 1323 "-" "WordPress/6.8.3; https://batconpakistan.org"
162.0.235.240 - - [15/Oct/2025:00:46:48 -0400] "POST /wp-cron.php?doing_wp_cron=1760503608.6029629707336425781250 HTTP/1.1" 200 0 "-" "WordPress/6.8.3; https://batconpakistan.org"
198.244.226.156 - - [15/Oct/2025:00:46:47 -0400] "GET /style_category-sitemap.xml HTTP/1.1" 200 384 "-" "Mozilla/5.0 (compatible; AhrefsBot/7.0; +http://ahrefs.com/robot/)"
162.0.235.240 - - [15/Oct/2025:00:46:49 -0400] "GET /wp-content/plugins/contact-form-7-style/admin/predefined-templates.json HTTP/1.1" 200 1323 "-" "WordPress/6.8.3; https://batconpakistan.org"
162.0.235.240 - - [15/Oct/2025:00:47:00 -0400] "GET /wp-content/plugins/contact-form-7-style/admin/predefined-templates.json HTTP/1.1" 200 1323 "-" "WordPress/6.8.3; https://batconpakistan.org"
162.0.235.240 - - [15/Oct/2025:00:47:00 -0400] "POST /wp-cron.php?doing_wp_cron=1760503620.3458309173583984375000 HTTP/1.1" 200 0 "-" "WordPress/6.8.3; https://batconpakistan.org"
51.89.129.253 - - [15/Oct/2025:00:46:59 -0400] "GET /author-sitemap.xml HTTP/1.1" 200 341 "-" "Mozilla/5.0 (compatible; AhrefsBot/7.0; +http://ahrefs.com/robot/)"
162.0.235.240 - - [15/Oct/2025:00:47:00 -0400] "GET /wp-content/plugins/contact-form-7-style/admin/predefined-templates.json HTTP/1.1" 200 1323 "-" "WordPress/6.8.3; https://batconpakistan.org"
43.157.52.37 - - [15/Oct/2025:00:50:17 -0400] "GET /category/public-health-alert/ HTTP/1.1" 200 20010 "-" "Mozilla/5.0 (iPhone; CPU iPhone OS 13_2_3 like Mac OS X) AppleWebKit/605.1.15 (KHTML, like Gecko) Version/13.0.3 Mobile/15E148 Safari/604.1"
162.0.235.240 - - [15/Oct/2025:00:54:47 -0400] "GET /wp-content/plugins/contact-form-7-style/admin/predefined-templates.json HTTP/1.1" 200 1323 "-" "WordPress/6.8.3; https://batconpakistan.org"
162.0.235.240 - - [15/Oct/2025:00:54:48 -0400] "POST /wp-cron.php?doing_wp_cron=1760504088.4693279266357421875000 HTTP/1.1" 200 0 "-" "WordPress/6.8.3; https://batconpakistan.org"
198.186.130.214 - - [15/Oct/2025:00:54:44 -0400] "POST /wp-login.php HTTP/1.1" 200 1986 "https://batconpakistan.org" "Mozilla/5.0 (Windows NT 11.0; Win64; x64; rv:126.0) Gecko/20100101 Firefox/126.0"
162.0.235.240 - - [15/Oct/2025:00:54:48 -0400] "GET /wp-content/plugins/contact-form-7-style/admin/predefined-templates.json HTTP/1.1" 200 1323 "-" "WordPress/6.8.3; https://batconpakistan.org"
162.0.235.240 - - [15/Oct/2025:01:00:14 -0400] "GET /wp-content/plugins/contact-form-7-style/admin/predefined-templates.json HTTP/1.1" 200 1323 "-" "WordPress/6.8.3; https://batconpakistan.org"
162.0.235.240 - - [15/Oct/2025:01:00:15 -0400] "POST /wp-cron.php?doing_wp_cron=1760504415.1247630119323730468750 HTTP/1.1" 200 0 "-" "WordPress/6.8.3; https://batconpakistan.org"
209.42.16.52 - - [15/Oct/2025:01:00:10 -0400] "POST /wp-login.php HTTP/1.1" 200 1986 "https://batconpakistan.org" "Mozilla/5.0 (Macintosh; Intel Mac OS X 13_3) AppleWebKit/537.36 (KHTML, like Gecko) Chrome/126.0.0.0 Safari/537.36"
162.0.235.240 - - [15/Oct/2025:01:00:15 -0400] "GET /wp-content/plugins/contact-form-7-style/admin/predefined-templates.json HTTP/1.1" 200 1323 "-" "WordPress/6.8.3; https://batconpakistan.org"
45.131.193.88 - - [15/Oct/2025:01:01:58 -0400] "GET /contact-us/ HTTP/1.1" 200 17316 "-" "Mozilla/5.0 (Macintosh; Intel Mac OS X 12_5) AppleWebKit/537.36 (KHTML, like Gecko) Chrome/114.0.0.0 Safari/537.36 Vivaldi/5.3.2679.68"
162.0.235.240 - - [15/Oct/2025:01:02:06 -0400] "GET /wp-content/plugins/contact-form-7-style/admin/predefined-templates.json HTTP/1.1" 200 1323 "-" "WordPress/6.8.3; https://batconpakistan.org"
162.0.235.240 - - [15/Oct/2025:01:02:06 -0400] "POST /wp-cron.php?doing_wp_cron=1760504526.5467178821563720703125 HTTP/1.1" 200 0 "-" "WordPress/6.8.3; https://batconpakistan.org"
162.0.235.240 - - [15/Oct/2025:01:02:07 -0400] "GET /wp-content/plugins/contact-form-7-style/admin/predefined-templates.json HTTP/1.1" 200 1323 "-" "WordPress/6.8.3; https://batconpakistan.org"
45.131.193.105 - - [15/Oct/2025:01:02:02 -0400] "POST /wp-json/contact-form-7/v1/contact-forms/1324/feedback HTTP/1.1" 200 235 "https://batconpakistan.org/contact-us/" "Mozilla/5.0 (Macintosh; Intel Mac OS X 12_5) AppleWebKit/537.36 (KHTML, like Gecko) Chrome/114.0.0.0 Safari/537.36 Vivaldi/5.3.2679.68"
49.51.183.220 - - [15/Oct/2025:01:02:49 -0400] "GET /vision-mission/ HTTP/1.1" 200 17645 "-" "Mozilla/5.0 (iPhone; CPU iPhone OS 13_2_3 like Mac OS X) AppleWebKit/605.1.15 (KHTML, like Gecko) Version/13.0.3 Mobile/15E148 Safari/604.1"
103.98.152.195 - - [15/Oct/2025:01:03:01 -0400] "GET /wp-login.php HTTP/1.1" 200 1885 "-" "Mozilla/5.0 (Macintosh; Intel Mac OS X 10_11_6) AppleWebKit/603.1.30 (KHTML, like Gecko) Version/10.1 Safari/603.1.30"
162.0.235.240 - - [15/Oct/2025:01:03:13 -0400] "GET /wp-content/plugins/contact-form-7-style/admin/predefined-templates.json HTTP/1.1" 200 1323 "-" "WordPress/6.8.3; https://batconpakistan.org"
162.0.235.240 - - [15/Oct/2025:01:03:13 -0400] "POST /wp-cron.php?doing_wp_cron=1760504593.1985619068145751953125 HTTP/1.1" 200 0 "-" "WordPress/6.8.3; https://batconpakistan.org"
103.98.152.195 - - [15/Oct/2025:01:03:12 -0400] "POST /wp-login.php HTTP/1.1" 200 2045 "https://batconpakistan.org/wp-login.php" "Mozilla/5.0 (Macintosh; Intel Mac OS X 10_11_6) AppleWebKit/603.1.30 (KHTML, like Gecko) Version/10.1 Safari/603.1.30"
162.0.235.240 - - [15/Oct/2025:01:03:13 -0400] "GET /wp-content/plugins/contact-form-7-style/admin/predefined-templates.json HTTP/1.1" 200 1323 "-" "WordPress/6.8.3; https://batconpakistan.org"
162.0.235.240 - - [15/Oct/2025:01:03:38 -0400] "GET /wp-content/plugins/contact-form-7-style/admin/predefined-templates.json HTTP/1.1" 200 1323 "-" "WordPress/6.8.3; https://batconpakistan.org"
212.46.18.53 - - [15/Oct/2025:01:03:37 -0400] "GET /index.php?cperpage=%31 HTTP/1.1" 301 0 "-" "Mozilla/5.0 (X11; Linux x86_64; rv:142.0) Gecko/20100101 Firefox/142.0"
162.0.235.240 - - [15/Oct/2025:01:03:39 -0400] "GET /wp-content/plugins/contact-form-7-style/admin/predefined-templates.json HTTP/1.1" 200 1323 "-" "WordPress/6.8.3; https://batconpakistan.org"
212.46.18.53 - - [15/Oct/2025:01:03:38 -0400] "GET /?cperpage=1 HTTP/1.1" 200 23131 "-" "Mozilla/5.0 (X11; Linux x86_64; rv:142.0) Gecko/20100101 Firefox/142.0"
162.0.235.240 - - [15/Oct/2025:01:05:43 -0400] "GET /wp-content/plugins/contact-form-7-style/admin/predefined-templates.json HTTP/1.1" 200 1323 "-" "WordPress/6.8.3; https://batconpakistan.org"
162.0.235.240 - - [15/Oct/2025:01:05:44 -0400] "POST /wp-cron.php?doing_wp_cron=1760504743.9597280025482177734375 HTTP/1.1" 200 0 "-" "WordPress/6.8.3; https://batconpakistan.org"
2400:6ea0:0:1248::a4b5 - - [15/Oct/2025:01:05:40 -0400] "POST /wp-login.php HTTP/1.1" 200 1986 "https://batconpakistan.org" "Mozilla/5.0 (Windows NT 10.0; Win64; x64) AppleWebKit/537.36 (KHTML, like Gecko) Chrome/115.0.5790.171 Safari/537.36 Edg/115.0.1901.203"
162.0.235.240 - - [15/Oct/2025:01:05:44 -0400] "GET /wp-content/plugins/contact-form-7-style/admin/predefined-templates.json HTTP/1.1" 200 1323 "-" "WordPress/6.8.3; https://batconpakistan.org"
162.0.235.240 - - [15/Oct/2025:01:07:23 -0400] "GET /wp-content/plugins/contact-form-7-style/admin/predefined-templates.json HTTP/1.1" 200 1323 "-" "WordPress/6.8.3; https://batconpakistan.org"
162.0.235.240 - - [15/Oct/2025:01:07:23 -0400] "POST /wp-cron.php?doing_wp_cron=1760504843.6865661144256591796875 HTTP/1.1" 200 0 "-" "WordPress/6.8.3; https://batconpakistan.org"
114.116.119.143 - - [15/Oct/2025:01:07:20 -0400] "GET /Base/BaseHandler.ashx?type=uploadFileToIIS&uploadPath=../Files/ HTTP/1.1" 301 0 "-" "Mozilla/5.0 (Windows NT 10.0; Win64; x64)"
162.0.235.240 - - [15/Oct/2025:01:07:24 -0400] "GET /wp-content/plugins/contact-form-7-style/admin/predefined-templates.json HTTP/1.1" 200 1323 "-" "WordPress/6.8.3; https://batconpakistan.org"
162.0.235.240 - - [15/Oct/2025:01:07:25 -0400] "GET /wp-content/plugins/contact-form-7-style/admin/predefined-templates.json HTTP/1.1" 200 1323 "-" "WordPress/6.8.3; https://batconpakistan.org"
114.116.119.143 - - [15/Oct/2025:01:07:25 -0400] "GET /Base/BaseHandler.ashx?type=uploadFileToIIS&uploadPath=../Files/ HTTP/1.1" 404 15665 "-" "Mozilla/5.0 (Windows NT 10.0; Win64; x64)"
162.240.38.165 - - [15/Oct/2025:01:07:28 -0400] "GET /wp-login.php HTTP/1.1" 200 1885 "-" "Mozilla/5.0 (Windows NT 10.0; WOW64) AppleWebKit/537.36 (KHTML, like Gecko) Chrome/65.0.3325.181 Safari/537.36 OPR/52.0.2871.64"
162.0.235.240 - - [15/Oct/2025:01:07:31 -0400] "GET /wp-content/plugins/contact-form-7-style/admin/predefined-templates.json HTTP/1.1" 200 1323 "-" "WordPress/6.8.3; https://batconpakistan.org"
162.240.38.165 - - [15/Oct/2025:01:07:30 -0400] "POST /wp-login.php HTTP/1.1" 200 2045 "https://batconpakistan.org/wp-login.php" "Mozilla/5.0 (Windows NT 10.0; WOW64) AppleWebKit/537.36 (KHTML, like Gecko) Chrome/65.0.3325.181 Safari/537.36 OPR/52.0.2871.64"
162.0.235.240 - - [15/Oct/2025:01:09:10 -0400] "GET /wp-content/plugins/contact-form-7-style/admin/predefined-templates.json HTTP/1.1" 200 1323 "-" "WordPress/6.8.3; https://batconpakistan.org"
162.0.235.240 - - [15/Oct/2025:01:09:11 -0400] "POST /wp-cron.php?doing_wp_cron=1760504951.2532761096954345703125 HTTP/1.1" 200 0 "-" "WordPress/6.8.3; https://batconpakistan.org"
43.135.144.81 - - [15/Oct/2025:01:09:07 -0400] "GET /?p=119 HTTP/1.1" 301 0 "-" "Mozilla/5.0 (iPhone; CPU iPhone OS 13_2_3 like Mac OS X) AppleWebKit/605.1.15 (KHTML, like Gecko) Version/13.0.3 Mobile/15E148 Safari/604.1"
162.0.235.240 - - [15/Oct/2025:01:09:11 -0400] "GET /wp-content/plugins/contact-form-7-style/admin/predefined-templates.json HTTP/1.1" 200 1323 "-" "WordPress/6.8.3; https://batconpakistan.org"
43.135.144.81 - - [15/Oct/2025:01:09:14 -0400] "GET /bat-convervation-pakistan/our-team/ HTTP/1.1" 200 24043 "https://batconpakistan.org/?p=119" "Mozilla/5.0 (iPhone; CPU iPhone OS 13_2_3 like Mac OS X) AppleWebKit/605.1.15 (KHTML, like Gecko) Version/13.0.3 Mobile/15E148 Safari/604.1"
162.0.235.240 - - [15/Oct/2025:01:11:15 -0400] "GET /wp-content/plugins/contact-form-7-style/admin/predefined-templates.json HTTP/1.1" 200 1323 "-" "WordPress/6.8.3; https://batconpakistan.org"
162.0.235.240 - - [15/Oct/2025:01:11:16 -0400] "POST /wp-cron.php?doing_wp_cron=1760505076.5013380050659179687500 HTTP/1.1" 200 0 "-" "WordPress/6.8.3; https://batconpakistan.org"
2a13:adc0::9af2:b3ff:fee7:e38c - - [15/Oct/2025:01:11:12 -0400] "POST /wp-login.php HTTP/1.1" 200 1986 "https://batconpakistan.org" "Mozilla/5.0 (Macintosh; Intel Mac OS X 10_15_7; rv:125.0.1) Gecko/20100101 Firefox/125.0.1"
162.0.235.240 - - [15/Oct/2025:01:11:17 -0400] "GET /wp-content/plugins/contact-form-7-style/admin/predefined-templates.json HTTP/1.1" 200 1323 "-" "WordPress/6.8.3; https://batconpakistan.org"
35.75.251.209 - - [15/Oct/2025:01:11:49 -0400] "GET /wp-login.php HTTP/1.1" 200 1885 "-" "Mozilla/5.0 (Windows NT 10.0; Win64; x64) AppleWebKit/537.36 (KHTML, like Gecko) Chrome/65.0.3325.181 Safari/537.36 OPR/52.0.2871.99"
162.0.235.240 - - [15/Oct/2025:01:12:00 -0400] "GET /wp-content/plugins/contact-form-7-style/admin/predefined-templates.json HTTP/1.1" 200 1323 "-" "WordPress/6.8.3; https://batconpakistan.org"
162.0.235.240 - - [15/Oct/2025:01:12:01 -0400] "POST /wp-cron.php?doing_wp_cron=1760505121.1100959777832031250000 HTTP/1.1" 200 0 "-" "WordPress/6.8.3; https://batconpakistan.org"
35.75.251.209 - - [15/Oct/2025:01:12:00 -0400] "POST /wp-login.php HTTP/1.1" 200 2045 "https://batconpakistan.org/wp-login.php" "Mozilla/5.0 (Windows NT 10.0; Win64; x64) AppleWebKit/537.36 (KHTML, like Gecko) Chrome/65.0.3325.181 Safari/537.36 OPR/52.0.2871.99"
162.0.235.240 - - [15/Oct/2025:01:12:01 -0400] "GET /wp-content/plugins/contact-form-7-style/admin/predefined-templates.json HTTP/1.1" 200 1323 "-" "WordPress/6.8.3; https://batconpakistan.org"
162.0.235.240 - - [15/Oct/2025:01:13:11 -0400] "GET /wp-content/plugins/contact-form-7-style/admin/predefined-templates.json HTTP/1.1" 200 1323 "-" "WordPress/6.8.3; https://batconpakistan.org"
162.0.235.240 - - [15/Oct/2025:01:13:12 -0400] "POST /wp-cron.php?doing_wp_cron=1760505192.2321538925170898437500 HTTP/1.1" 200 0 "-" "WordPress/6.8.3; https://batconpakistan.org"
40.86.42.69 - - [15/Oct/2025:01:13:11 -0400] "GET /.well-known/ HTTP/1.1" 404 15656 "-" "-"
162.0.235.240 - - [15/Oct/2025:01:13:12 -0400] "GET /wp-content/plugins/contact-form-7-style/admin/predefined-templates.json HTTP/1.1" 200 1323 "-" "WordPress/6.8.3; https://batconpakistan.org"
162.0.235.240 - - [15/Oct/2025:01:13:13 -0400] "GET /wp-content/plugins/contact-form-7-style/admin/predefined-templates.json HTTP/1.1" 200 1323 "-" "WordPress/6.8.3; https://batconpakistan.org"
40.86.42.69 - - [15/Oct/2025:01:13:12 -0400] "GET /.well-known/gecko-litespeed.php HTTP/1.1" 404 15654 "-" "-"
162.0.235.240 - - [15/Oct/2025:01:13:14 -0400] "GET /wp-content/plugins/contact-form-7-style/admin/predefined-templates.json HTTP/1.1" 200 1323 "-" "WordPress/6.8.3; https://batconpakistan.org"
40.86.42.69 - - [15/Oct/2025:01:13:14 -0400] "GET /file.php HTTP/1.1" 404 15652 "-" "-"
162.0.235.240 - - [15/Oct/2025:01:13:15 -0400] "GET /wp-content/plugins/contact-form-7-style/admin/predefined-templates.json HTTP/1.1" 200 1323 "-" "WordPress/6.8.3; https://batconpakistan.org"
40.86.42.69 - - [15/Oct/2025:01:13:15 -0400] "GET /1.php HTTP/1.1" 404 15653 "-" "-"
162.0.235.240 - - [15/Oct/2025:01:13:16 -0400] "GET /wp-content/plugins/contact-form-7-style/admin/predefined-templates.json HTTP/1.1" 200 1323 "-" "WordPress/6.8.3; https://batconpakistan.org"
40.86.42.69 - - [15/Oct/2025:01:13:16 -0400] "GET /2.php HTTP/1.1" 404 15653 "-" "-"
162.0.235.240 - - [15/Oct/2025:01:13:17 -0400] "GET /wp-content/plugins/contact-form-7-style/admin/predefined-templates.json HTTP/1.1" 200 1323 "-" "WordPress/6.8.3; https://batconpakistan.org"
40.86.42.69 - - [15/Oct/2025:01:13:17 -0400] "GET /22.php HTTP/1.1" 404 15656 "-" "-"
162.0.235.240 - - [15/Oct/2025:01:13:18 -0400] "GET /wp-content/plugins/contact-form-7-style/admin/predefined-templates.json HTTP/1.1" 200 1323 "-" "WordPress/6.8.3; https://batconpakistan.org"
40.86.42.69 - - [15/Oct/2025:01:13:18 -0400] "GET /aa.php HTTP/1.1" 404 15656 "-" "-"
162.0.235.240 - - [15/Oct/2025:01:13:19 -0400] "GET /wp-content/plugins/contact-form-7-style/admin/predefined-templates.json HTTP/1.1" 200 1323 "-" "WordPress/6.8.3; https://batconpakistan.org"
40.86.42.69 - - [15/Oct/2025:01:13:19 -0400] "GET /aaa.php HTTP/1.1" 404 15654 "-" "-"
162.0.235.240 - - [15/Oct/2025:01:13:20 -0400] "GET /wp-content/plugins/contact-form-7-style/admin/predefined-templates.json HTTP/1.1" 200 1323 "-" "WordPress/6.8.3; https://batconpakistan.org"
40.86.42.69 - - [15/Oct/2025:01:13:20 -0400] "GET /abcd.php HTTP/1.1" 404 15655 "-" "-"
162.0.235.240 - - [15/Oct/2025:01:13:21 -0400] "GET /wp-content/plugins/contact-form-7-style/admin/predefined-templates.json HTTP/1.1" 200 1323 "-" "WordPress/6.8.3; https://batconpakistan.org"
40.86.42.69 - - [15/Oct/2025:01:13:21 -0400] "GET /about.php HTTP/1.1" 404 15654 "-" "-"
162.0.235.240 - - [15/Oct/2025:01:13:22 -0400] "GET /wp-content/plugins/contact-form-7-style/admin/predefined-templates.json HTTP/1.1" 200 1323 "-" "WordPress/6.8.3; https://batconpakistan.org"
40.86.42.69 - - [15/Oct/2025:01:13:22 -0400] "GET /about/function.php/aa.php HTTP/1.1" 404 15654 "-" "-"
162.0.235.240 - - [15/Oct/2025:01:13:23 -0400] "GET /wp-content/plugins/contact-form-7-style/admin/predefined-templates.json HTTP/1.1" 200 1323 "-" "WordPress/6.8.3; https://batconpakistan.org"
40.86.42.69 - - [15/Oct/2025:01:13:23 -0400] "GET /admin.php HTTP/1.1" 404 15656 "-" "-"
162.0.235.240 - - [15/Oct/2025:01:13:24 -0400] "GET /wp-content/plugins/contact-form-7-style/admin/predefined-templates.json HTTP/1.1" 200 1323 "-" "WordPress/6.8.3; https://batconpakistan.org"
40.86.42.69 - - [15/Oct/2025:01:13:24 -0400] "GET /akc.php HTTP/1.1" 404 15655 "-" "-"
162.0.235.240 - - [15/Oct/2025:01:13:25 -0400] "GET /wp-content/plugins/contact-form-7-style/admin/predefined-templates.json HTTP/1.1" 200 1323 "-" "WordPress/6.8.3; https://batconpakistan.org"
40.86.42.69 - - [15/Oct/2025:01:13:25 -0400] "GET /alfa-rex.php7 HTTP/1.1" 404 15656 "-" "-"
162.0.235.240 - - [15/Oct/2025:01:13:26 -0400] "GET /wp-content/plugins/contact-form-7-style/admin/predefined-templates.json HTTP/1.1" 200 1323 "-" "WordPress/6.8.3; https://batconpakistan.org"
40.86.42.69 - - [15/Oct/2025:01:13:26 -0400] "GET /alfa.php HTTP/1.1" 404 15656 "-" "-"
162.0.235.240 - - [15/Oct/2025:01:13:27 -0400] "GET /wp-content/plugins/contact-form-7-style/admin/predefined-templates.json HTTP/1.1" 200 1323 "-" "WordPress/6.8.3; https://batconpakistan.org"
40.86.42.69 - - [15/Oct/2025:01:13:27 -0400] "GET /asasx.php HTTP/1.1" 404 15655 "-" "-"
162.0.235.240 - - [15/Oct/2025:01:13:28 -0400] "GET /wp-content/plugins/contact-form-7-style/admin/predefined-templates.json HTTP/1.1" 200 1323 "-" "WordPress/6.8.3; https://batconpakistan.org"
40.86.42.69 - - [15/Oct/2025:01:13:28 -0400] "GET /atomlib.php HTTP/1.1" 404 15657 "-" "-"
162.0.235.240 - - [15/Oct/2025:01:13:29 -0400] "GET /wp-content/plugins/contact-form-7-style/admin/predefined-templates.json HTTP/1.1" 200 1323 "-" "WordPress/6.8.3; https://batconpakistan.org"
40.86.42.69 - - [15/Oct/2025:01:13:28 -0400] "GET /autoload_classmap.php HTTP/1.1" 404 15654 "-" "-"
162.0.235.240 - - [15/Oct/2025:01:13:30 -0400] "GET /wp-content/plugins/contact-form-7-style/admin/predefined-templates.json HTTP/1.1" 200 1323 "-" "WordPress/6.8.3; https://batconpakistan.org"
40.86.42.69 - - [15/Oct/2025:01:13:29 -0400] "GET /autoload_classmap/function.php HTTP/1.1" 404 15653 "-" "-"
162.0.235.240 - - [15/Oct/2025:01:13:31 -0400] "GET /wp-content/plugins/contact-form-7-style/admin/predefined-templates.json HTTP/1.1" 200 1323 "-" "WordPress/6.8.3; https://batconpakistan.org"
40.86.42.69 - - [15/Oct/2025:01:13:30 -0400] "GET /b.php HTTP/1.1" 404 15654 "-" "-"
40.86.42.69 - - [15/Oct/2025:01:13:32 -0400] "GET /cgi-bin/ HTTP/1.1" 403 1242 "-" "-"
162.0.235.240 - - [15/Oct/2025:01:13:32 -0400] "GET /wp-content/plugins/contact-form-7-style/admin/predefined-templates.json HTTP/1.1" 200 1323 "-" "WordPress/6.8.3; https://batconpakistan.org"
40.86.42.69 - - [15/Oct/2025:01:13:32 -0400] "GET /chosen.php HTTP/1.1" 404 15654 "-" "-"
162.0.235.240 - - [15/Oct/2025:01:13:33 -0400] "GET /wp-content/plugins/contact-form-7-style/admin/predefined-templates.json HTTP/1.1" 200 1323 "-" "WordPress/6.8.3; https://batconpakistan.org"
40.86.42.69 - - [15/Oct/2025:01:13:33 -0400] "GET /classwithtostring.php HTTP/1.1" 404 15654 "-" "-"
162.0.235.240 - - [15/Oct/2025:01:13:34 -0400] "GET /wp-content/plugins/contact-form-7-style/admin/predefined-templates.json HTTP/1.1" 200 1323 "-" "WordPress/6.8.3; https://batconpakistan.org"
40.86.42.69 - - [15/Oct/2025:01:13:34 -0400] "GET /config.php HTTP/1.1" 404 15654 "-" "-"
162.0.235.240 - - [15/Oct/2025:01:13:35 -0400] "GET /wp-content/plugins/contact-form-7-style/admin/predefined-templates.json HTTP/1.1" 200 1323 "-" "WordPress/6.8.3; https://batconpakistan.org"
40.86.42.69 - - [15/Oct/2025:01:13:35 -0400] "GET /config.php7 HTTP/1.1" 404 15654 "-" "-"
162.0.235.240 - - [15/Oct/2025:01:13:36 -0400] "GET /wp-content/plugins/contact-form-7-style/admin/predefined-templates.json HTTP/1.1" 200 1323 "-" "WordPress/6.8.3; https://batconpakistan.org"
40.86.42.69 - - [15/Oct/2025:01:13:36 -0400] "GET /cron.php HTTP/1.1" 404 15655 "-" "-"
162.0.235.240 - - [15/Oct/2025:01:13:37 -0400] "GET /wp-content/plugins/contact-form-7-style/admin/predefined-templates.json HTTP/1.1" 200 1323 "-" "WordPress/6.8.3; https://batconpakistan.org"
40.86.42.69 - - [15/Oct/2025:01:13:37 -0400] "GET /dropdown.php HTTP/1.1" 404 15655 "-" "-"
162.0.235.240 - - [15/Oct/2025:01:13:38 -0400] "GET /wp-content/plugins/contact-form-7-style/admin/predefined-templates.json HTTP/1.1" 200 1323 "-" "WordPress/6.8.3; https://batconpakistan.org"
40.86.42.69 - - [15/Oct/2025:01:13:37 -0400] "GET /edit.php HTTP/1.1" 404 15656 "-" "-"
40.86.42.69 - - [15/Oct/2025:01:13:38 -0400] "GET /file.php HTTP/1.1" 404 15652 "-" "-"
162.0.235.240 - - [15/Oct/2025:01:13:39 -0400] "GET /wp-content/plugins/contact-form-7-style/admin/predefined-templates.json HTTP/1.1" 200 1323 "-" "WordPress/6.8.3; https://batconpakistan.org"
40.86.42.69 - - [15/Oct/2025:01:13:38 -0400] "GET /files.php HTTP/1.1" 404 15656 "-" "-"
162.0.235.240 - - [15/Oct/2025:01:13:42 -0400] "GET /wp-content/plugins/contact-form-7-style/admin/predefined-templates.json HTTP/1.1" 200 1323 "-" "WordPress/6.8.3; https://batconpakistan.org"
162.0.235.240 - - [15/Oct/2025:01:13:42 -0400] "POST /wp-cron.php?doing_wp_cron=1760505222.2629239559173583984375 HTTP/1.1" 200 0 "-" "WordPress/6.8.3; https://batconpakistan.org"
40.86.42.69 - - [15/Oct/2025:01:13:40 -0400] "GET /flower.php HTTP/1.1" 404 15656 "-" "-"
162.0.235.240 - - [15/Oct/2025:01:13:42 -0400] "GET /wp-content/plugins/contact-form-7-style/admin/predefined-templates.json HTTP/1.1" 200 1323 "-" "WordPress/6.8.3; https://batconpakistan.org"
162.0.235.240 - - [15/Oct/2025:01:13:44 -0400] "GET /wp-content/plugins/contact-form-7-style/admin/predefined-templates.json HTTP/1.1" 200 1323 "-" "WordPress/6.8.3; https://batconpakistan.org"
40.86.42.69 - - [15/Oct/2025:01:13:42 -0400] "GET /gecko-new.php HTTP/1.1" 404 15656 "-" "-"
162.0.235.240 - - [15/Oct/2025:01:13:45 -0400] "GET /wp-content/plugins/contact-form-7-style/admin/predefined-templates.json HTTP/1.1" 200 1323 "-" "WordPress/6.8.3; https://batconpakistan.org"
40.86.42.69 - - [15/Oct/2025:01:13:44 -0400] "GET /gecko.php HTTP/1.1" 404 15656 "-" "-"
162.0.235.240 - - [15/Oct/2025:01:13:46 -0400] "GET /wp-content/plugins/contact-form-7-style/admin/predefined-templates.json HTTP/1.1" 200 1323 "-" "WordPress/6.8.3; https://batconpakistan.org"
40.86.42.69 - - [15/Oct/2025:01:13:45 -0400] "GET /goods.php HTTP/1.1" 404 15655 "-" "-"
162.0.235.240 - - [15/Oct/2025:01:13:47 -0400] "GET /wp-content/plugins/contact-form-7-style/admin/predefined-templates.json HTTP/1.1" 200 1323 "-" "WordPress/6.8.3; https://batconpakistan.org"
40.86.42.69 - - [15/Oct/2025:01:13:46 -0400] "GET /hehe.php HTTP/1.1" 404 15651 "-" "-"
40.86.42.69 - - [15/Oct/2025:01:13:47 -0400] "GET /index.php HTTP/1.1" 200 23181 "-" "-"
162.0.235.240 - - [15/Oct/2025:01:13:48 -0400] "GET /wp-content/plugins/contact-form-7-style/admin/predefined-templates.json HTTP/1.1" 200 1323 "-" "WordPress/6.8.3; https://batconpakistan.org"
162.0.235.240 - - [15/Oct/2025:01:13:48 -0400] "POST /wp-cron.php?doing_wp_cron=1760505228.3039391040802001953125 HTTP/1.1" 200 0 "-" "WordPress/6.8.3; https://batconpakistan.org"
40.86.42.69 - - [15/Oct/2025:01:13:47 -0400] "GET /info.php HTTP/1.1" 404 15653 "-" "-"
162.0.235.240 - - [15/Oct/2025:01:13:48 -0400] "GET /wp-content/plugins/contact-form-7-style/admin/predefined-templates.json HTTP/1.1" 200 1323 "-" "WordPress/6.8.3; https://batconpakistan.org"
162.0.235.240 - - [15/Oct/2025:01:13:49 -0400] "GET /wp-content/plugins/contact-form-7-style/admin/predefined-templates.json HTTP/1.1" 200 1323 "-" "WordPress/6.8.3; https://batconpakistan.org"
40.86.42.69 - - [15/Oct/2025:01:13:48 -0400] "GET /info.php/aa.php HTTP/1.1" 404 15654 "-" "-"
162.0.235.240 - - [15/Oct/2025:01:13:50 -0400] "GET /wp-content/plugins/contact-form-7-style/admin/predefined-templates.json HTTP/1.1" 200 1323 "-" "WordPress/6.8.3; https://batconpakistan.org"
40.86.42.69 - - [15/Oct/2025:01:13:49 -0400] "GET /inputs.php HTTP/1.1" 404 15655 "-" "-"
162.0.235.240 - - [15/Oct/2025:01:13:51 -0400] "GET /wp-content/plugins/contact-form-7-style/admin/predefined-templates.json HTTP/1.1" 200 1323 "-" "WordPress/6.8.3; https://batconpakistan.org"
40.86.42.69 - - [15/Oct/2025:01:13:50 -0400] "GET /install.php HTTP/1.1" 404 15654 "-" "-"
162.0.235.240 - - [15/Oct/2025:01:13:52 -0400] "GET /wp-content/plugins/contact-form-7-style/admin/predefined-templates.json HTTP/1.1" 200 1323 "-" "WordPress/6.8.3; https://batconpakistan.org"
40.86.42.69 - - [15/Oct/2025:01:13:51 -0400] "GET /ioxi-o.php HTTP/1.1" 404 15656 "-" "-"
162.0.235.240 - - [15/Oct/2025:01:13:53 -0400] "GET /wp-content/plugins/contact-form-7-style/admin/predefined-templates.json HTTP/1.1" 200 1323 "-" "WordPress/6.8.3; https://batconpakistan.org"
40.86.42.69 - - [15/Oct/2025:01:13:52 -0400] "GET /k.php HTTP/1.1" 404 15652 "-" "-"
162.0.235.240 - - [15/Oct/2025:01:13:54 -0400] "GET /wp-content/plugins/contact-form-7-style/admin/predefined-templates.json HTTP/1.1" 200 1323 "-" "WordPress/6.8.3; https://batconpakistan.org"
40.86.42.69 - - [15/Oct/2025:01:13:54 -0400] "GET /lock360.php HTTP/1.1" 404 15655 "-" "-"
162.0.235.240 - - [15/Oct/2025:01:13:55 -0400] "GET /wp-content/plugins/contact-form-7-style/admin/predefined-templates.json HTTP/1.1" 200 1323 "-" "WordPress/6.8.3; https://batconpakistan.org"
40.86.42.69 - - [15/Oct/2025:01:13:55 -0400] "GET /makeasmtp.php HTTP/1.1" 404 15654 "-" "-"
162.0.235.240 - - [15/Oct/2025:01:13:56 -0400] "GET /wp-content/plugins/contact-form-7-style/admin/predefined-templates.json HTTP/1.1" 200 1323 "-" "WordPress/6.8.3; https://batconpakistan.org"
40.86.42.69 - - [15/Oct/2025:01:13:55 -0400] "GET /manager.php HTTP/1.1" 404 15656 "-" "-"
162.0.235.240 - - [15/Oct/2025:01:13:57 -0400] "GET /wp-content/plugins/contact-form-7-style/admin/predefined-templates.json HTTP/1.1" 200 1323 "-" "WordPress/6.8.3; https://batconpakistan.org"
40.86.42.69 - - [15/Oct/2025:01:13:56 -0400] "GET /menu.php HTTP/1.1" 404 15655 "-" "-"
162.0.235.240 - - [15/Oct/2025:01:13:57 -0400] "GET /wp-content/plugins/contact-form-7-style/admin/predefined-templates.json HTTP/1.1" 200 1323 "-" "WordPress/6.8.3; https://batconpakistan.org"
162.0.235.240 - - [15/Oct/2025:01:13:58 -0400] "POST /wp-cron.php?doing_wp_cron=1760505238.1767549514770507812500 HTTP/1.1" 200 0 "-" "WordPress/6.8.3; https://batconpakistan.org"
40.86.42.69 - - [15/Oct/2025:01:13:57 -0400] "GET /meta.php HTTP/1.1" 404 15655 "-" "-"
162.0.235.240 - - [15/Oct/2025:01:13:58 -0400] "GET /wp-content/plugins/contact-form-7-style/admin/predefined-templates.json HTTP/1.1" 200 1323 "-" "WordPress/6.8.3; https://batconpakistan.org"
162.0.235.240 - - [15/Oct/2025:01:13:58 -0400] "GET /wp-content/plugins/contact-form-7-style/admin/predefined-templates.json HTTP/1.1" 200 1323 "-" "WordPress/6.8.3; https://batconpakistan.org"
40.86.42.69 - - [15/Oct/2025:01:13:58 -0400] "GET /moon.php HTTP/1.1" 404 15656 "-" "-"
162.0.235.240 - - [15/Oct/2025:01:13:59 -0400] "GET /wp-content/plugins/contact-form-7-style/admin/predefined-templates.json HTTP/1.1" 200 1323 "-" "WordPress/6.8.3; https://batconpakistan.org"
40.86.42.69 - - [15/Oct/2025:01:13:59 -0400] "GET /nc4.php HTTP/1.1" 404 15655 "-" "-"
162.0.235.240 - - [15/Oct/2025:01:14:00 -0400] "GET /wp-content/plugins/contact-form-7-style/admin/predefined-templates.json HTTP/1.1" 200 1323 "-" "WordPress/6.8.3; https://batconpakistan.org"
40.86.42.69 - - [15/Oct/2025:01:14:00 -0400] "GET /plugin.php HTTP/1.1" 404 15656 "-" "-"
162.0.235.240 - - [15/Oct/2025:01:14:01 -0400] "GET /wp-content/plugins/contact-form-7-style/admin/predefined-templates.json HTTP/1.1" 200 1323 "-" "WordPress/6.8.3; https://batconpakistan.org"
40.86.42.69 - - [15/Oct/2025:01:14:01 -0400] "GET /post.php HTTP/1.1" 404 15654 "-" "-"
162.0.235.240 - - [15/Oct/2025:01:14:02 -0400] "GET /wp-content/plugins/contact-form-7-style/admin/predefined-templates.json HTTP/1.1" 200 1323 "-" "WordPress/6.8.3; https://batconpakistan.org"
40.86.42.69 - - [15/Oct/2025:01:14:02 -0400] "GET /public/moon.php HTTP/1.1" 404 15654 "-" "-"
162.0.235.240 - - [15/Oct/2025:01:14:03 -0400] "GET /wp-content/plugins/contact-form-7-style/admin/predefined-templates.json HTTP/1.1" 200 1323 "-" "WordPress/6.8.3; https://batconpakistan.org"
40.86.42.69 - - [15/Oct/2025:01:14:03 -0400] "GET /radio.php HTTP/1.1" 404 15654 "-" "-"
162.0.235.240 - - [15/Oct/2025:01:14:04 -0400] "GET /wp-content/plugins/contact-form-7-style/admin/predefined-templates.json HTTP/1.1" 200 1323 "-" "WordPress/6.8.3; https://batconpakistan.org"
40.86.42.69 - - [15/Oct/2025:01:14:04 -0400] "GET /root.php HTTP/1.1" 404 15652 "-" "-"
162.0.235.240 - - [15/Oct/2025:01:14:05 -0400] "GET /wp-content/plugins/contact-form-7-style/admin/predefined-templates.json HTTP/1.1" 200 1323 "-" "WordPress/6.8.3; https://batconpakistan.org"
162.0.235.240 - - [15/Oct/2025:01:14:05 -0400] "POST /wp-cron.php?doing_wp_cron=1760505245.8313388824462890625000 HTTP/1.1" 200 0 "-" "WordPress/6.8.3; https://batconpakistan.org"
40.86.42.69 - - [15/Oct/2025:01:14:05 -0400] "GET /sim.php HTTP/1.1" 404 15655 "-" "-"
162.0.235.240 - - [15/Oct/2025:01:14:06 -0400] "GET /wp-content/plugins/contact-form-7-style/admin/predefined-templates.json HTTP/1.1" 200 1323 "-" "WordPress/6.8.3; https://batconpakistan.org"
162.0.235.240 - - [15/Oct/2025:01:14:06 -0400] "GET /wp-content/plugins/contact-form-7-style/admin/predefined-templates.json HTTP/1.1" 200 1323 "-" "WordPress/6.8.3; https://batconpakistan.org"
40.86.42.69 - - [15/Oct/2025:01:14:06 -0400] "GET /system.php HTTP/1.1" 404 15654 "-" "-"
162.0.235.240 - - [15/Oct/2025:01:14:07 -0400] "GET /wp-content/plugins/contact-form-7-style/admin/predefined-templates.json HTTP/1.1" 200 1323 "-" "WordPress/6.8.3; https://batconpakistan.org"
40.86.42.69 - - [15/Oct/2025:01:14:07 -0400] "GET /system_log.php HTTP/1.1" 404 15654 "-" "-"
162.0.235.240 - - [15/Oct/2025:01:14:08 -0400] "GET /wp-content/plugins/contact-form-7-style/admin/predefined-templates.json HTTP/1.1" 200 1323 "-" "WordPress/6.8.3; https://batconpakistan.org"
40.86.42.69 - - [15/Oct/2025:01:14:08 -0400] "GET /test1.php/aa.php HTTP/1.1" 404 15655 "-" "-"
162.0.235.240 - - [15/Oct/2025:01:14:09 -0400] "GET /wp-content/plugins/contact-form-7-style/admin/predefined-templates.json HTTP/1.1" 200 1323 "-" "WordPress/6.8.3; https://batconpakistan.org"
40.86.42.69 - - [15/Oct/2025:01:14:09 -0400] "GET /text.php HTTP/1.1" 404 15653 "-" "-"
162.0.235.240 - - [15/Oct/2025:01:14:10 -0400] "GET /wp-content/plugins/contact-form-7-style/admin/predefined-templates.json HTTP/1.1" 200 1323 "-" "WordPress/6.8.3; https://batconpakistan.org"
40.86.42.69 - - [15/Oct/2025:01:14:10 -0400] "GET /theme.php HTTP/1.1" 404 15654 "-" "-"
162.0.235.240 - - [15/Oct/2025:01:14:11 -0400] "GET /wp-content/plugins/contact-form-7-style/admin/predefined-templates.json HTTP/1.1" 200 1323 "-" "WordPress/6.8.3; https://batconpakistan.org"
40.86.42.69 - - [15/Oct/2025:01:14:11 -0400] "GET /update/ HTTP/1.1" 404 15656 "-" "-"
162.0.235.240 - - [15/Oct/2025:01:14:12 -0400] "GET /wp-content/plugins/contact-form-7-style/admin/predefined-templates.json HTTP/1.1" 200 1323 "-" "WordPress/6.8.3; https://batconpakistan.org"
40.86.42.69 - - [15/Oct/2025:01:14:12 -0400] "GET /user.php HTTP/1.1" 404 15656 "-" "-"
162.0.235.240 - - [15/Oct/2025:01:14:13 -0400] "GET /wp-content/plugins/contact-form-7-style/admin/predefined-templates.json HTTP/1.1" 200 1323 "-" "WordPress/6.8.3; https://batconpakistan.org"
40.86.42.69 - - [15/Oct/2025:01:14:13 -0400] "GET /wp-2019.php HTTP/1.1" 404 15657 "-" "-"
162.0.235.240 - - [15/Oct/2025:01:14:14 -0400] "GET /wp-content/plugins/contact-form-7-style/admin/predefined-templates.json HTTP/1.1" 200 1323 "-" "WordPress/6.8.3; https://batconpakistan.org"
40.86.42.69 - - [15/Oct/2025:01:14:13 -0400] "GET /wp-admin.php HTTP/1.1" 404 15655 "-" "-"
162.0.235.240 - - [15/Oct/2025:01:14:15 -0400] "GET /wp-content/plugins/contact-form-7-style/admin/predefined-templates.json HTTP/1.1" 200 1323 "-" "WordPress/6.8.3; https://batconpakistan.org"
40.86.42.69 - - [15/Oct/2025:01:14:14 -0400] "GET /wp-admin/ HTTP/1.1" 302 0 "-" "-"
162.0.235.240 - - [15/Oct/2025:01:14:16 -0400] "GET /wp-content/plugins/contact-form-7-style/admin/predefined-templates.json HTTP/1.1" 200 1323 "-" "WordPress/6.8.3; https://batconpakistan.org"
40.86.42.69 - - [15/Oct/2025:01:14:16 -0400] "GET /wp-login.php?redirect_to=https%3A%2F%2Fmail.batconpakistan.org%2Fwp-admin%2F&reauth=1 HTTP/1.1" 200 1890 "-" "-"
162.0.235.240 - - [15/Oct/2025:01:14:17 -0400] "GET /wp-content/plugins/contact-form-7-style/admin/predefined-templates.json HTTP/1.1" 200 1323 "-" "WordPress/6.8.3; https://batconpakistan.org"
40.86.42.69 - - [15/Oct/2025:01:14:17 -0400] "GET /wp-admin/index.php HTTP/1.1" 302 0 "-" "-"
162.0.235.240 - - [15/Oct/2025:01:14:18 -0400] "GET /wp-content/plugins/contact-form-7-style/admin/predefined-templates.json HTTP/1.1" 200 1323 "-" "WordPress/6.8.3; https://batconpakistan.org"
40.86.42.69 - - [15/Oct/2025:01:14:17 -0400] "GET /wp-login.php?redirect_to=https%3A%2F%2Fmail.batconpakistan.org%2Fwp-admin%2Findex.php&reauth=1 HTTP/1.1" 200 1893 "-" "-"
162.0.235.240 - - [15/Oct/2025:01:14:18 -0400] "GET /wp-content/plugins/contact-form-7-style/admin/predefined-templates.json HTTP/1.1" 200 1323 "-" "WordPress/6.8.3; https://batconpakistan.org"
40.86.42.69 - - [15/Oct/2025:01:14:18 -0400] "GET /wp-admin/wp-conflg.php HTTP/1.1" 404 15654 "-" "-"
162.0.235.240 - - [15/Oct/2025:01:14:19 -0400] "GET /wp-content/plugins/contact-form-7-style/admin/predefined-templates.json HTTP/1.1" 200 1323 "-" "WordPress/6.8.3; https://batconpakistan.org"
40.86.42.69 - - [15/Oct/2025:01:14:19 -0400] "GET /wp-content/file.php HTTP/1.1" 404 15656 "-" "-"
40.86.42.69 - - [15/Oct/2025:01:14:20 -0400] "GET /wp-content/index.php HTTP/1.1" 200 0 "-" "-"
40.86.42.69 - - [15/Oct/2025:01:14:20 -0400] "GET /wp-content/plugins/ HTTP/1.1" 200 0 "-" "-"
162.0.235.240 - - [15/Oct/2025:01:14:20 -0400] "GET /wp-content/plugins/contact-form-7-style/admin/predefined-templates.json HTTP/1.1" 200 1323 "-" "WordPress/6.8.3; https://batconpakistan.org"
40.86.42.69 - - [15/Oct/2025:01:14:20 -0400] "GET /wp-content/plugins/autoload_classmap.php HTTP/1.1" 404 15654 "-" "-"
162.0.235.240 - - [15/Oct/2025:01:14:21 -0400] "GET /wp-content/plugins/contact-form-7-style/admin/predefined-templates.json HTTP/1.1" 200 1323 "-" "WordPress/6.8.3; https://batconpakistan.org"
40.86.42.69 - - [15/Oct/2025:01:14:21 -0400] "GET /wp-content/uploads/admin.php HTTP/1.1" 404 15656 "-" "-"
162.0.235.240 - - [15/Oct/2025:01:14:22 -0400] "GET /wp-content/plugins/contact-form-7-style/admin/predefined-templates.json HTTP/1.1" 200 1323 "-" "WordPress/6.8.3; https://batconpakistan.org"
40.86.42.69 - - [15/Oct/2025:01:14:22 -0400] "GET /wp-content/uploads/index.php HTTP/1.1" 301 0 "-" "-"
40.86.42.69 - - [15/Oct/2025:01:14:22 -0400] "GET /wp-content/uploads/ HTTP/1.1" 403 1242 "-" "-"
162.0.235.240 - - [15/Oct/2025:01:14:23 -0400] "GET /wp-content/plugins/contact-form-7-style/admin/predefined-templates.json HTTP/1.1" 200 1323 "-" "WordPress/6.8.3; https://batconpakistan.org"
40.86.42.69 - - [15/Oct/2025:01:14:23 -0400] "GET /wp-error.php HTTP/1.1" 404 15653 "-" "-"
40.86.42.69 - - [15/Oct/2025:01:14:23 -0400] "GET /wp-includes/ID3/ HTTP/1.1" 403 1242 "-" "-"
162.0.235.240 - - [15/Oct/2025:01:14:24 -0400] "GET /wp-content/plugins/contact-form-7-style/admin/predefined-templates.json HTTP/1.1" 200 1323 "-" "WordPress/6.8.3; https://batconpakistan.org"
40.86.42.69 - - [15/Oct/2025:01:14:23 -0400] "GET /wp-includes/ID3/autoload_classmap.php HTTP/1.1" 404 15656 "-" "-"
162.0.235.240 - - [15/Oct/2025:01:14:25 -0400] "GET /wp-content/plugins/contact-form-7-style/admin/predefined-templates.json HTTP/1.1" 200 1323 "-" "WordPress/6.8.3; https://batconpakistan.org"
40.86.42.69 - - [15/Oct/2025:01:14:24 -0400] "GET /wp-includes/PHPMailer/wp-conflg.php HTTP/1.1" 404 15655 "-" "-"
