66.249.66.72 - - [14/Oct/2025:13:58:03 -0400] "GET /wp-content/cache/autoptimize/js/autoptimize_single_f5aea4f1174cb7d3dff10c987969b96c.js?ver=3.18.1 HTTP/1.1" 200 10689 "https://batconpakistan.org/board-members/" "Mozilla/5.0 AppleWebKit/537.36 (KHTML, like Gecko; compatible; GoogleOther) Chrome/140.0.7339.207 Safari/537.36"
66.249.66.70 - - [14/Oct/2025:13:58:04 -0400] "GET /wp-includes/js/jquery/jquery-migrate.min.js?ver=3.4.1 HTTP/1.1" 304 0 "https://batconpakistan.org/board-members/" "Mozilla/5.0 AppleWebKit/537.36 (KHTML, like Gecko; compatible; GoogleOther) Chrome/140.0.7339.207 Safari/537.36"
66.249.66.70 - - [14/Oct/2025:13:58:05 -0400] "GET /wp-content/uploads/2021/01/Batcon-Pakistan-Transparent-150-px.png HTTP/1.1" 200 6628 "https://batconpakistan.org/" "Mozilla/5.0 AppleWebKit/537.36 (KHTML, like Gecko; compatible; GoogleOther) Chrome/140.0.7339.207 Safari/537.36"
66.249.66.71 - - [14/Oct/2025:13:58:05 -0400] "GET /wp-content/cache/autoptimize/js/autoptimize_single_96e7dc3f0e8559e4a3f3ca40b17ab9c3.js?ver=6.1.1 HTTP/1.1" 200 3369 "https://batconpakistan.org/board-members/" "Mozilla/5.0 AppleWebKit/537.36 (KHTML, like Gecko; compatible; GoogleOther) Chrome/140.0.7339.207 Safari/537.36"
66.249.66.70 - - [14/Oct/2025:13:58:06 -0400] "GET /wp-content/themes/born-to-give/vendor/fullcalendar/fullcalendar.min.js?ver=2.3.1.8 HTTP/1.1" 304 0 "https://batconpakistan.org/board-members/" "Mozilla/5.0 AppleWebKit/537.36 (KHTML, like Gecko; compatible; GoogleOther) Chrome/140.0.7339.207 Safari/537.36"
66.249.66.71 - - [14/Oct/2025:13:58:08 -0400] "GET /wp-content/plugins/elementor/assets/js/webpack.runtime.min.js?ver=3.32.2 HTTP/1.1" 200 2320 "https://batconpakistan.org/board-members/" "Mozilla/5.0 AppleWebKit/537.36 (KHTML, like Gecko; compatible; GoogleOther) Chrome/140.0.7339.207 Safari/537.36"
66.249.66.71 - - [14/Oct/2025:13:58:09 -0400] "GET /wp-content/plugins/autoptimize/classes/external/js/lazysizes.min.js?ao_version=3.1.13 HTTP/1.1" 304 0 "https://batconpakistan.org/board-members/" "Mozilla/5.0 AppleWebKit/537.36 (KHTML, like Gecko; compatible; GoogleOther) Chrome/140.0.7339.207 Safari/537.36"
66.249.66.70 - - [14/Oct/2025:13:58:10 -0400] "GET /wp-content/cache/autoptimize/js/autoptimize_single_c5b5b2fa19bd66ff23211d9f844e0131.js?ver=2.3.1.8 HTTP/1.1" 200 9446 "https://batconpakistan.org/board-members/" "Mozilla/5.0 AppleWebKit/537.36 (KHTML, like Gecko; compatible; GoogleOther) Chrome/140.0.7339.207 Safari/537.36"
66.249.66.70 - - [14/Oct/2025:13:58:10 -0400] "GET /wp-content/plugins/woocommerce/assets/js/frontend/order-attribution.min.js?ver=10.2.1 HTTP/1.1" 200 998 "https://batconpakistan.org/board-members/" "Mozilla/5.0 AppleWebKit/537.36 (KHTML, like Gecko; compatible; GoogleOther) Chrome/140.0.7339.207 Safari/537.36"
66.249.66.70 - - [14/Oct/2025:13:58:11 -0400] "GET /wp-includes/js/jquery/ui/core.min.js?ver=1.13.3 HTTP/1.1" 200 6812 "https://batconpakistan.org/board-members/" "Mozilla/5.0 AppleWebKit/537.36 (KHTML, like Gecko; compatible; GoogleOther) Chrome/140.0.7339.207 Safari/537.36"
66.249.66.70 - - [14/Oct/2025:13:58:11 -0400] "GET /wp-content/cache/autoptimize/js/autoptimize_single_2912c657d0592cc532dff73d0d2ce7bb.js?ver=6.1.1 HTTP/1.1" 200 4008 "https://batconpakistan.org/board-members/" "Mozilla/5.0 AppleWebKit/537.36 (KHTML, like Gecko; compatible; GoogleOther) Chrome/140.0.7339.207 Safari/537.36"
66.249.66.70 - - [14/Oct/2025:13:58:12 -0400] "GET /wp-content/plugins/elementor/assets/js/frontend.min.js?ver=3.32.2 HTTP/1.1" 200 10164 "https://batconpakistan.org/board-members/" "Mozilla/5.0 AppleWebKit/537.36 (KHTML, like Gecko; compatible; GoogleOther) Chrome/140.0.7339.207 Safari/537.36"
66.249.66.70 - - [14/Oct/2025:13:58:13 -0400] "GET /wp-content/plugins/charitable/assets/js/charitable-frontend.min.js?ver=1.8.8 HTTP/1.1" 200 918 "https://batconpakistan.org/board-members/" "Mozilla/5.0 AppleWebKit/537.36 (KHTML, like Gecko; compatible; GoogleOther) Chrome/140.0.7339.207 Safari/537.36"
66.249.66.70 - - [14/Oct/2025:13:58:13 -0400] "GET /wp-includes/js/wp-emoji-release.min.js?ver=6.8.2 HTTP/1.1" 200 4769 "https://batconpakistan.org/board-members/" "Mozilla/5.0 AppleWebKit/537.36 (KHTML, like Gecko; compatible; GoogleOther) Chrome/140.0.7339.207 Safari/537.36"
163.44.192.252 - - [14/Oct/2025:13:59:16 -0400] "GET /wp-login.php HTTP/1.1" 200 1886 "-" "Mozilla/4.0 (compatible; MSIE 7.0; Windows NT 6.2; WOW64; Trident/7.0; .NET4.0E; .NET4.0C; .NET CLR 3.5.30729; .NET CLR 2.0.50727; .NET CLR 3.0.30729; InfoPath.3)"
162.0.235.240 - - [14/Oct/2025:13:59:22 -0400] "GET /wp-content/plugins/contact-form-7-style/admin/predefined-templates.json HTTP/1.1" 200 1323 "-" "WordPress/6.8.3; https://batconpakistan.org"
162.0.235.240 - - [14/Oct/2025:13:59:22 -0400] "POST /wp-cron.php?doing_wp_cron=1760464762.6103730201721191406250 HTTP/1.1" 200 0 "-" "WordPress/6.8.3; https://batconpakistan.org"
163.44.192.252 - - [14/Oct/2025:13:59:19 -0400] "POST /wp-login.php HTTP/1.1" 200 2045 "https://batconpakistan.org/wp-login.php" "Mozilla/4.0 (compatible; MSIE 7.0; Windows NT 6.2; WOW64; Trident/7.0; .NET4.0E; .NET4.0C; .NET CLR 3.5.30729; .NET CLR 2.0.50727; .NET CLR 3.0.30729; InfoPath.3)"
162.0.235.240 - - [14/Oct/2025:13:59:23 -0400] "GET /wp-content/plugins/contact-form-7-style/admin/predefined-templates.json HTTP/1.1" 200 1323 "-" "WordPress/6.8.3; https://batconpakistan.org"
4.213.143.69 - - [14/Oct/2025:14:04:39 -0400] "GET /wp-login.php HTTP/1.1" 200 1886 "-" "Mozilla/5.0 (Windows NT 6.3; WOW64; Trident/7.0; rv:11.0; i-Macros-Web-Automation) like Gecko"
162.0.235.240 - - [14/Oct/2025:14:04:46 -0400] "GET /wp-content/plugins/contact-form-7-style/admin/predefined-templates.json HTTP/1.1" 200 1323 "-" "WordPress/6.8.3; https://batconpakistan.org"
162.0.235.240 - - [14/Oct/2025:14:04:46 -0400] "POST /wp-cron.php?doing_wp_cron=1760465086.8768889904022216796875 HTTP/1.1" 200 0 "-" "WordPress/6.8.3; https://batconpakistan.org"
4.213.143.69 - - [14/Oct/2025:14:04:42 -0400] "POST /wp-login.php HTTP/1.1" 200 2045 "https://batconpakistan.org/wp-login.php" "Mozilla/5.0 (Windows NT 6.3; WOW64; Trident/7.0; rv:11.0; i-Macros-Web-Automation) like Gecko"
162.0.235.240 - - [14/Oct/2025:14:04:47 -0400] "GET /wp-content/plugins/contact-form-7-style/admin/predefined-templates.json HTTP/1.1" 200 1323 "-" "WordPress/6.8.3; https://batconpakistan.org"
34.148.143.151 - - [14/Oct/2025:14:05:21 -0400] "GET /2021/09/05/project-completion/ HTTP/1.1" 200 21530 "-" "ZoominfoBot (zoominfobot at zoominfo dot com)"
107.189.14.4 - - [14/Oct/2025:14:07:43 -0400] "GET / HTTP/1.1" 200 23130 "batconpakistan.org" "Mozilla/5.0 (Linux; Android 10; SM-G970W) AppleWebKit/537.36 (KHTML, like Gecko) Chrome/81.0.4044.138 Mobile Safari/537.36"
185.220.101.14 - - [14/Oct/2025:14:08:01 -0400] "GET / HTTP/1.1" 200 23130 "https://batconpakistan.org" "Mozilla/5.0 (Linux; Android 10; SM-G970W) AppleWebKit/537.36 (KHTML, like Gecko) Chrome/81.0.4044.138 Mobile Safari/537.36"
162.0.235.240 - - [14/Oct/2025:14:08:06 -0400] "GET /wp-content/plugins/contact-form-7-style/admin/predefined-templates.json HTTP/1.1" 200 1323 "-" "WordPress/6.8.3; https://batconpakistan.org"
162.0.235.240 - - [14/Oct/2025:14:08:06 -0400] "POST /wp-cron.php?doing_wp_cron=1760465286.9302210807800292968750 HTTP/1.1" 200 0 "-" "WordPress/6.8.3; https://batconpakistan.org"
185.220.101.14 - - [14/Oct/2025:14:08:03 -0400] "GET /2021/09/05/project-completion HTTP/1.1" 301 0 "https://batconpakistan.org/2021/09/05/project-completion" "Mozilla/5.0 (Linux; Android 10; SM-G970W) AppleWebKit/537.36 (KHTML, like Gecko) Chrome/81.0.4044.138 Mobile Safari/537.36"
162.0.235.240 - - [14/Oct/2025:14:08:07 -0400] "GET /wp-content/plugins/contact-form-7-style/admin/predefined-templates.json HTTP/1.1" 200 1323 "-" "WordPress/6.8.3; https://batconpakistan.org"
185.220.101.14 - - [14/Oct/2025:14:08:07 -0400] "GET /2021/09/05/project-completion/ HTTP/1.1" 200 21530 "https://batconpakistan.org/2021/09/05/project-completion" "Mozilla/5.0 (Linux; Android 10; SM-G970W) AppleWebKit/537.36 (KHTML, like Gecko) Chrome/81.0.4044.138 Mobile Safari/537.36"
162.0.235.240 - - [14/Oct/2025:14:08:10 -0400] "GET /wp-content/plugins/contact-form-7-style/admin/predefined-templates.json HTTP/1.1" 200 1323 "-" "WordPress/6.8.3; https://batconpakistan.org"
185.220.101.14 - - [14/Oct/2025:14:08:10 -0400] "POST /wp-comments-post.php HTTP/1.1" 302 0 "https://batconpakistan.org/wp-comments-post.php" "Mozilla/5.0 (Linux; Android 10; SM-G970W) AppleWebKit/537.36 (KHTML, like Gecko) Chrome/81.0.4044.138 Mobile Safari/537.36"
162.0.235.240 - - [14/Oct/2025:14:08:11 -0400] "GET /wp-content/plugins/contact-form-7-style/admin/predefined-templates.json HTTP/1.1" 200 1323 "-" "WordPress/6.8.3; https://batconpakistan.org"
185.220.101.14 - - [14/Oct/2025:14:08:11 -0400] "GET /2021/09/05/project-completion/?unapproved=664&moderation-hash=2a1b6763322c5c17c33061adee7b9467 HTTP/1.1" 200 21478 "https://batconpakistan.org/wp-comments-post.php" "Mozilla/5.0 (Linux; Android 10; SM-G970W) AppleWebKit/537.36 (KHTML, like Gecko) Chrome/81.0.4044.138 Mobile Safari/537.36"
162.0.235.240 - - [14/Oct/2025:14:08:43 -0400] "GET /wp-content/plugins/contact-form-7-style/admin/predefined-templates.json HTTP/1.1" 200 1323 "-" "WordPress/6.8.3; https://batconpakistan.org"
162.0.235.240 - - [14/Oct/2025:14:08:44 -0400] "POST /wp-cron.php?doing_wp_cron=1760465324.1221370697021484375000 HTTP/1.1" 200 0 "-" "WordPress/6.8.3; https://batconpakistan.org"
31.133.0.235 - - [14/Oct/2025:14:08:43 -0400] "GET /2023/10/03/nipah-virus-alert-heightened-risks-and-precautionary-measures-in-pakistan HTTP/1.1" 301 0 "https://batconpakistan.org/2023/10/03/nipah-virus-alert-heightened-risks-and-precautionary-measures-in-pakistan" "Mozilla/5.0 (Linux; Android 10; SM-G970W) AppleWebKit/537.36 (KHTML, like Gecko) Chrome/81.0.4044.138 Mobile Safari/537.36"
162.0.235.240 - - [14/Oct/2025:14:08:44 -0400] "GET /wp-content/plugins/contact-form-7-style/admin/predefined-templates.json HTTP/1.1" 200 1323 "-" "WordPress/6.8.3; https://batconpakistan.org"
31.133.0.235 - - [14/Oct/2025:14:08:44 -0400] "GET /2023/10/03/nipah-virus-alert-heightened-risks-and-precautionary-measures-in-pakistan/ HTTP/1.1" 200 23133 "https://batconpakistan.org/2023/10/03/nipah-virus-alert-heightened-risks-and-precautionary-measures-in-pakistan" "Mozilla/5.0 (Linux; Android 10; SM-G970W) AppleWebKit/537.36 (KHTML, like Gecko) Chrome/81.0.4044.138 Mobile Safari/537.36"
162.0.235.240 - - [14/Oct/2025:14:08:46 -0400] "GET /wp-content/plugins/contact-form-7-style/admin/predefined-templates.json HTTP/1.1" 200 1323 "-" "WordPress/6.8.3; https://batconpakistan.org"
31.133.0.235 - - [14/Oct/2025:14:08:46 -0400] "POST /wp-comments-post.php HTTP/1.1" 302 0 "https://batconpakistan.org/wp-comments-post.php" "Mozilla/5.0 (Linux; Android 10; SM-G970W) AppleWebKit/537.36 (KHTML, like Gecko) Chrome/81.0.4044.138 Mobile Safari/537.36"
162.0.235.240 - - [14/Oct/2025:14:08:47 -0400] "GET /wp-content/plugins/contact-form-7-style/admin/predefined-templates.json HTTP/1.1" 200 1323 "-" "WordPress/6.8.3; https://batconpakistan.org"
162.0.235.240 - - [14/Oct/2025:14:08:48 -0400] "POST /wp-cron.php?doing_wp_cron=1760465328.0018789768218994140625 HTTP/1.1" 200 0 "-" "WordPress/6.8.3; https://batconpakistan.org"
31.133.0.235 - - [14/Oct/2025:14:08:47 -0400] "GET /2023/10/03/nipah-virus-alert-heightened-risks-and-precautionary-measures-in-pakistan/?unapproved=665&moderation-hash=eff3b4da98c0a24485db18111bd423b9 HTTP/1.1" 200 23090 "https://batconpakistan.org/wp-comments-post.php" "Mozilla/5.0 (Linux; Android 10; SM-G970W) AppleWebKit/537.36 (KHTML, like Gecko) Chrome/81.0.4044.138 Mobile Safari/537.36"
162.0.235.240 - - [14/Oct/2025:14:08:48 -0400] "GET /wp-content/plugins/contact-form-7-style/admin/predefined-templates.json HTTP/1.1" 200 1323 "-" "WordPress/6.8.3; https://batconpakistan.org"
162.0.235.240 - - [14/Oct/2025:14:08:52 -0400] "GET /wp-content/plugins/contact-form-7-style/admin/predefined-templates.json HTTP/1.1" 200 1323 "-" "WordPress/6.8.3; https://batconpakistan.org"
31.133.0.235 - - [14/Oct/2025:14:08:51 -0400] "GET /author/admin HTTP/1.1" 301 0 "https://batconpakistan.org/author/admin" "Mozilla/5.0 (Linux; Android 10; SM-G970W) AppleWebKit/537.36 (KHTML, like Gecko) Chrome/81.0.4044.138 Mobile Safari/537.36"
162.0.235.240 - - [14/Oct/2025:14:08:53 -0400] "GET /wp-content/plugins/contact-form-7-style/admin/predefined-templates.json HTTP/1.1" 200 1323 "-" "WordPress/6.8.3; https://batconpakistan.org"
31.133.0.235 - - [14/Oct/2025:14:08:53 -0400] "GET /author/admin/ HTTP/1.1" 200 40217 "https://batconpakistan.org/author/admin" "Mozilla/5.0 (Linux; Android 10; SM-G970W) AppleWebKit/537.36 (KHTML, like Gecko) Chrome/81.0.4044.138 Mobile Safari/537.36"
162.0.235.240 - - [14/Oct/2025:14:09:01 -0400] "GET /wp-content/plugins/contact-form-7-style/admin/predefined-templates.json HTTP/1.1" 200 1323 "-" "WordPress/6.8.3; https://batconpakistan.org"
162.0.235.240 - - [14/Oct/2025:14:09:01 -0400] "POST /wp-cron.php?doing_wp_cron=1760465341.3513109683990478515625 HTTP/1.1" 200 0 "-" "WordPress/6.8.3; https://batconpakistan.org"
45.13.225.69 - - [14/Oct/2025:14:09:00 -0400] "GET /bat-convervation-pakistan HTTP/1.1" 301 0 "https://batconpakistan.org/bat-convervation-pakistan" "Mozilla/5.0 (Linux; Android 10; SM-G970W) AppleWebKit/537.36 (KHTML, like Gecko) Chrome/81.0.4044.138 Mobile Safari/537.36"
162.0.235.240 - - [14/Oct/2025:14:09:01 -0400] "GET /wp-content/plugins/contact-form-7-style/admin/predefined-templates.json HTTP/1.1" 200 1323 "-" "WordPress/6.8.3; https://batconpakistan.org"
45.13.225.69 - - [14/Oct/2025:14:09:01 -0400] "GET /bat-convervation-pakistan/ HTTP/1.1" 200 20198 "https://batconpakistan.org/bat-convervation-pakistan" "Mozilla/5.0 (Linux; Android 10; SM-G970W) AppleWebKit/537.36 (KHTML, like Gecko) Chrome/81.0.4044.138 Mobile Safari/537.36"
45.13.225.69 - - [14/Oct/2025:14:09:04 -0400] "GET /bat-convervation-pakistan/our-team HTTP/1.1" 301 0 "https://batconpakistan.org/bat-convervation-pakistan/our-team" "Mozilla/5.0 (Linux; Android 10; SM-G970W) AppleWebKit/537.36 (KHTML, like Gecko) Chrome/81.0.4044.138 Mobile Safari/537.36"
45.13.225.69 - - [14/Oct/2025:14:09:04 -0400] "GET /bat-convervation-pakistan/our-team/ HTTP/1.1" 200 24041 "https://batconpakistan.org/bat-convervation-pakistan/our-team" "Mozilla/5.0 (Linux; Android 10; SM-G970W) AppleWebKit/537.36 (KHTML, like Gecko) Chrome/81.0.4044.138 Mobile Safari/537.36"
162.0.235.240 - - [14/Oct/2025:14:09:07 -0400] "GET /wp-content/plugins/contact-form-7-style/admin/predefined-templates.json HTTP/1.1" 200 1323 "-" "WordPress/6.8.3; https://batconpakistan.org"
162.0.235.240 - - [14/Oct/2025:14:09:08 -0400] "POST /wp-cron.php?doing_wp_cron=1760465348.1067490577697753906250 HTTP/1.1" 200 0 "-" "WordPress/6.8.3; https://batconpakistan.org"
45.13.225.69 - - [14/Oct/2025:14:09:07 -0400] "GET /blog-grid HTTP/1.1" 301 0 "https://batconpakistan.org/blog-grid" "Mozilla/5.0 (Linux; Android 10; SM-G970W) AppleWebKit/537.36 (KHTML, like Gecko) Chrome/81.0.4044.138 Mobile Safari/537.36"
45.13.225.69 - - [14/Oct/2025:14:09:08 -0400] "GET /blog-grid/ HTTP/1.1" 200 19193 "https://batconpakistan.org/blog-grid" "Mozilla/5.0 (Linux; Android 10; SM-G970W) AppleWebKit/537.36 (KHTML, like Gecko) Chrome/81.0.4044.138 Mobile Safari/537.36"
162.0.235.240 - - [14/Oct/2025:14:09:08 -0400] "GET /wp-content/plugins/contact-form-7-style/admin/predefined-templates.json HTTP/1.1" 200 1323 "-" "WordPress/6.8.3; https://batconpakistan.org"
162.0.235.240 - - [14/Oct/2025:14:09:10 -0400] "GET /wp-content/plugins/contact-form-7-style/admin/predefined-templates.json HTTP/1.1" 200 1323 "-" "WordPress/6.8.3; https://batconpakistan.org"
45.13.225.69 - - [14/Oct/2025:14:09:10 -0400] "GET /board-members HTTP/1.1" 301 0 "https://batconpakistan.org/board-members" "Mozilla/5.0 (Linux; Android 10; SM-G970W) AppleWebKit/537.36 (KHTML, like Gecko) Chrome/81.0.4044.138 Mobile Safari/537.36"
45.13.225.69 - - [14/Oct/2025:14:09:11 -0400] "GET /board-members/ HTTP/1.1" 200 21590 "https://batconpakistan.org/board-members" "Mozilla/5.0 (Linux; Android 10; SM-G970W) AppleWebKit/537.36 (KHTML, like Gecko) Chrome/81.0.4044.138 Mobile Safari/537.36"
162.0.235.240 - - [14/Oct/2025:14:09:13 -0400] "GET /wp-content/plugins/contact-form-7-style/admin/predefined-templates.json HTTP/1.1" 200 1323 "-" "WordPress/6.8.3; https://batconpakistan.org"
192.76.153.253 - - [14/Oct/2025:14:09:13 -0400] "GET /campaigns HTTP/1.1" 301 0 "https://batconpakistan.org/campaigns" "Mozilla/5.0 (Linux; Android 10; SM-G970W) AppleWebKit/537.36 (KHTML, like Gecko) Chrome/81.0.4044.138 Mobile Safari/537.36"
162.0.235.240 - - [14/Oct/2025:14:09:15 -0400] "GET /wp-content/plugins/contact-form-7-style/admin/predefined-templates.json HTTP/1.1" 200 1323 "-" "WordPress/6.8.3; https://batconpakistan.org"
192.76.153.253 - - [14/Oct/2025:14:09:14 -0400] "GET /campaigns/ HTTP/1.1" 200 19940 "https://batconpakistan.org/campaigns" "Mozilla/5.0 (Linux; Android 10; SM-G970W) AppleWebKit/537.36 (KHTML, like Gecko) Chrome/81.0.4044.138 Mobile Safari/537.36"
162.0.235.240 - - [14/Oct/2025:14:09:17 -0400] "GET /wp-content/plugins/contact-form-7-style/admin/predefined-templates.json HTTP/1.1" 200 1323 "-" "WordPress/6.8.3; https://batconpakistan.org"
192.76.153.253 - - [14/Oct/2025:14:09:17 -0400] "GET /career-opportunities HTTP/1.1" 301 0 "https://batconpakistan.org/career-opportunities" "Mozilla/5.0 (Linux; Android 10; SM-G970W) AppleWebKit/537.36 (KHTML, like Gecko) Chrome/81.0.4044.138 Mobile Safari/537.36"
162.0.235.240 - - [14/Oct/2025:14:09:18 -0400] "GET /wp-content/plugins/contact-form-7-style/admin/predefined-templates.json HTTP/1.1" 200 1323 "-" "WordPress/6.8.3; https://batconpakistan.org"
192.76.153.253 - - [14/Oct/2025:14:09:18 -0400] "GET /career-opportunities/ HTTP/1.1" 200 18580 "https://batconpakistan.org/career-opportunities" "Mozilla/5.0 (Linux; Android 10; SM-G970W) AppleWebKit/537.36 (KHTML, like Gecko) Chrome/81.0.4044.138 Mobile Safari/537.36"
162.0.235.240 - - [14/Oct/2025:14:09:21 -0400] "GET /wp-content/plugins/contact-form-7-style/admin/predefined-templates.json HTTP/1.1" 200 1323 "-" "WordPress/6.8.3; https://batconpakistan.org"
192.76.153.253 - - [14/Oct/2025:14:09:21 -0400] "GET /category/public-health-alert HTTP/1.1" 301 0 "https://batconpakistan.org/category/public-health-alert" "Mozilla/5.0 (Linux; Android 10; SM-G970W) AppleWebKit/537.36 (KHTML, like Gecko) Chrome/81.0.4044.138 Mobile Safari/537.36"
162.0.235.240 - - [14/Oct/2025:14:09:22 -0400] "GET /wp-content/plugins/contact-form-7-style/admin/predefined-templates.json HTTP/1.1" 200 1323 "-" "WordPress/6.8.3; https://batconpakistan.org"
192.76.153.253 - - [14/Oct/2025:14:09:22 -0400] "GET /category/public-health-alert/ HTTP/1.1" 200 20009 "https://batconpakistan.org/category/public-health-alert" "Mozilla/5.0 (Linux; Android 10; SM-G970W) AppleWebKit/537.36 (KHTML, like Gecko) Chrome/81.0.4044.138 Mobile Safari/537.36"
162.0.235.240 - - [14/Oct/2025:14:09:25 -0400] "GET /wp-content/plugins/contact-form-7-style/admin/predefined-templates.json HTTP/1.1" 200 1323 "-" "WordPress/6.8.3; https://batconpakistan.org"
195.160.220.104 - - [14/Oct/2025:14:09:25 -0400] "GET /category/touseef-ahmed HTTP/1.1" 301 0 "https://batconpakistan.org/category/touseef-ahmed" "Mozilla/5.0 (Linux; Android 10; SM-G970W) AppleWebKit/537.36 (KHTML, like Gecko) Chrome/81.0.4044.138 Mobile Safari/537.36"
195.160.220.104 - - [14/Oct/2025:14:09:25 -0400] "GET /category/touseef-ahmed/ HTTP/1.1" 200 28026 "https://batconpakistan.org/category/touseef-ahmed" "Mozilla/5.0 (Linux; Android 10; SM-G970W) AppleWebKit/537.36 (KHTML, like Gecko) Chrome/81.0.4044.138 Mobile Safari/537.36"
162.0.235.240 - - [14/Oct/2025:14:09:31 -0400] "GET /wp-content/plugins/contact-form-7-style/admin/predefined-templates.json HTTP/1.1" 200 1323 "-" "WordPress/6.8.3; https://batconpakistan.org"
195.160.220.104 - - [14/Oct/2025:14:09:31 -0400] "GET /category/uncategorized HTTP/1.1" 301 0 "https://batconpakistan.org/category/uncategorized" "Mozilla/5.0 (Linux; Android 10; SM-G970W) AppleWebKit/537.36 (KHTML, like Gecko) Chrome/81.0.4044.138 Mobile Safari/537.36"
162.0.235.240 - - [14/Oct/2025:14:09:32 -0400] "GET /wp-content/plugins/contact-form-7-style/admin/predefined-templates.json HTTP/1.1" 200 1323 "-" "WordPress/6.8.3; https://batconpakistan.org"
195.160.220.104 - - [14/Oct/2025:14:09:32 -0400] "GET /category/uncategorized/ HTTP/1.1" 200 24790 "https://batconpakistan.org/category/uncategorized" "Mozilla/5.0 (Linux; Android 10; SM-G970W) AppleWebKit/537.36 (KHTML, like Gecko) Chrome/81.0.4044.138 Mobile Safari/537.36"
162.0.235.240 - - [14/Oct/2025:14:09:37 -0400] "GET /wp-content/plugins/contact-form-7-style/admin/predefined-templates.json HTTP/1.1" 200 1323 "-" "WordPress/6.8.3; https://batconpakistan.org"
107.189.8.181 - - [14/Oct/2025:14:09:37 -0400] "GET /comments/feed HTTP/1.1" 301 0 "https://batconpakistan.org/comments/feed" "Mozilla/5.0 (Linux; Android 10; SM-G970W) AppleWebKit/537.36 (KHTML, like Gecko) Chrome/81.0.4044.138 Mobile Safari/537.36"
162.0.235.240 - - [14/Oct/2025:14:09:38 -0400] "GET /wp-content/plugins/contact-form-7-style/admin/predefined-templates.json HTTP/1.1" 200 1323 "-" "WordPress/6.8.3; https://batconpakistan.org"
107.189.8.181 - - [14/Oct/2025:14:09:38 -0400] "GET /comments/feed/ HTTP/1.1" 200 691 "https://batconpakistan.org/comments/feed" "Mozilla/5.0 (Linux; Android 10; SM-G970W) AppleWebKit/537.36 (KHTML, like Gecko) Chrome/81.0.4044.138 Mobile Safari/537.36"
162.0.235.240 - - [14/Oct/2025:14:09:40 -0400] "GET /wp-content/plugins/contact-form-7-style/admin/predefined-templates.json HTTP/1.1" 200 1323 "-" "WordPress/6.8.3; https://batconpakistan.org"
162.0.235.240 - - [14/Oct/2025:14:09:40 -0400] "POST /wp-cron.php?doing_wp_cron=1760465380.9264259338378906250000 HTTP/1.1" 200 0 "-" "WordPress/6.8.3; https://batconpakistan.org"
185.220.101.27 - - [14/Oct/2025:14:09:40 -0400] "GET /contact-us HTTP/1.1" 301 0 "https://batconpakistan.org/contact-us" "Mozilla/5.0 (Linux; Android 10; SM-G970W) AppleWebKit/537.36 (KHTML, like Gecko) Chrome/81.0.4044.138 Mobile Safari/537.36"
162.0.235.240 - - [14/Oct/2025:14:09:41 -0400] "GET /wp-content/plugins/contact-form-7-style/admin/predefined-templates.json HTTP/1.1" 200 1323 "-" "WordPress/6.8.3; https://batconpakistan.org"
185.220.101.27 - - [14/Oct/2025:14:09:41 -0400] "GET /contact-us/ HTTP/1.1" 200 17306 "https://batconpakistan.org/contact-us" "Mozilla/5.0 (Linux; Android 10; SM-G970W) AppleWebKit/537.36 (KHTML, like Gecko) Chrome/81.0.4044.138 Mobile Safari/537.36"
162.0.235.240 - - [14/Oct/2025:14:09:44 -0400] "GET /wp-content/plugins/contact-form-7-style/admin/predefined-templates.json HTTP/1.1" 200 1323 "-" "WordPress/6.8.3; https://batconpakistan.org"
185.220.101.27 - - [14/Oct/2025:14:09:43 -0400] "POST /contact-us/ HTTP/1.1" 200 17508 "https://batconpakistan.org/contact-us/#wpcf7-f1324-p134-o1" "Mozilla/5.0 (Linux; Android 10; SM-G970W) AppleWebKit/537.36 (KHTML, like Gecko) Chrome/81.0.4044.138 Mobile Safari/537.36"
34.148.143.151 - - [14/Oct/2025:14:09:47 -0400] "GET /2023/01/12/indian-flying-fox-thermoregulatory-behaviors-visual-guide/ HTTP/1.1" 200 18385 "-" "ZoominfoBot (zoominfobot at zoominfo dot com)"
162.0.235.240 - - [14/Oct/2025:14:09:47 -0400] "GET /wp-content/plugins/contact-form-7-style/admin/predefined-templates.json HTTP/1.1" 200 1323 "-" "WordPress/6.8.3; https://batconpakistan.org"
185.220.101.27 - - [14/Oct/2025:14:09:47 -0400] "GET /feed HTTP/1.1" 301 0 "https://batconpakistan.org/feed" "Mozilla/5.0 (Linux; Android 10; SM-G970W) AppleWebKit/537.36 (KHTML, like Gecko) Chrome/81.0.4044.138 Mobile Safari/537.36"
162.0.235.240 - - [14/Oct/2025:14:09:48 -0400] "GET /wp-content/plugins/contact-form-7-style/admin/predefined-templates.json HTTP/1.1" 200 1323 "-" "WordPress/6.8.3; https://batconpakistan.org"
162.0.235.240 - - [14/Oct/2025:14:09:49 -0400] "POST /wp-cron.php?doing_wp_cron=1760465388.7729799747467041015625 HTTP/1.1" 200 0 "-" "WordPress/6.8.3; https://batconpakistan.org"
185.220.101.27 - - [14/Oct/2025:14:09:48 -0400] "GET /feed/ HTTP/1.1" 200 23257 "https://batconpakistan.org/feed" "Mozilla/5.0 (Linux; Android 10; SM-G970W) AppleWebKit/537.36 (KHTML, like Gecko) Chrome/81.0.4044.138 Mobile Safari/537.36"
162.0.235.240 - - [14/Oct/2025:14:09:49 -0400] "GET /wp-content/plugins/contact-form-7-style/admin/predefined-templates.json HTTP/1.1" 200 1323 "-" "WordPress/6.8.3; https://batconpakistan.org"
162.0.235.240 - - [14/Oct/2025:14:09:59 -0400] "GET /wp-content/plugins/contact-form-7-style/admin/predefined-templates.json HTTP/1.1" 200 1323 "-" "WordPress/6.8.3; https://batconpakistan.org"
162.0.235.240 - - [14/Oct/2025:14:10:00 -0400] "POST /wp-cron.php?doing_wp_cron=1760465400.0896270275115966796875 HTTP/1.1" 200 0 "-" "WordPress/6.8.3; https://batconpakistan.org"
104.244.73.193 - - [14/Oct/2025:14:09:59 -0400] "GET /home/feed HTTP/1.1" 301 0 "https://batconpakistan.org/home/feed" "Mozilla/5.0 (Linux; Android 10; SM-G970W) AppleWebKit/537.36 (KHTML, like Gecko) Chrome/81.0.4044.138 Mobile Safari/537.36"
162.0.235.240 - - [14/Oct/2025:14:10:00 -0400] "GET /wp-content/plugins/contact-form-7-style/admin/predefined-templates.json HTTP/1.1" 200 1323 "-" "WordPress/6.8.3; https://batconpakistan.org"
162.0.235.240 - - [14/Oct/2025:14:10:02 -0400] "GET /wp-content/plugins/contact-form-7-style/admin/predefined-templates.json HTTP/1.1" 200 1323 "-" "WordPress/6.8.3; https://batconpakistan.org"
104.244.73.193 - - [14/Oct/2025:14:10:01 -0400] "GET /home/feed/ HTTP/1.1" 200 394 "https://batconpakistan.org/home/feed" "Mozilla/5.0 (Linux; Android 10; SM-G970W) AppleWebKit/537.36 (KHTML, like Gecko) Chrome/81.0.4044.138 Mobile Safari/537.36"
162.0.235.240 - - [14/Oct/2025:14:10:08 -0400] "GET /wp-content/plugins/contact-form-7-style/admin/predefined-templates.json HTTP/1.1" 200 1323 "-" "WordPress/6.8.3; https://batconpakistan.org"
162.0.235.240 - - [14/Oct/2025:14:10:08 -0400] "POST /wp-cron.php?doing_wp_cron=1760465408.8552761077880859375000 HTTP/1.1" 200 0 "-" "WordPress/6.8.3; https://batconpakistan.org"
185.220.100.240 - - [14/Oct/2025:14:10:08 -0400] "GET /media-coverage HTTP/1.1" 301 0 "https://batconpakistan.org/media-coverage" "Mozilla/5.0 (Linux; Android 10; SM-G970W) AppleWebKit/537.36 (KHTML, like Gecko) Chrome/81.0.4044.138 Mobile Safari/537.36"
162.0.235.240 - - [14/Oct/2025:14:10:09 -0400] "GET /wp-content/plugins/contact-form-7-style/admin/predefined-templates.json HTTP/1.1" 200 1323 "-" "WordPress/6.8.3; https://batconpakistan.org"
185.220.100.240 - - [14/Oct/2025:14:10:10 -0400] "GET /media-coverage/ HTTP/1.1" 200 18149 "https://batconpakistan.org/media-coverage" "Mozilla/5.0 (Linux; Android 10; SM-G970W) AppleWebKit/537.36 (KHTML, like Gecko) Chrome/81.0.4044.138 Mobile Safari/537.36"
162.0.235.240 - - [14/Oct/2025:14:10:13 -0400] "GET /wp-content/plugins/contact-form-7-style/admin/predefined-templates.json HTTP/1.1" 200 1323 "-" "WordPress/6.8.3; https://batconpakistan.org"
162.220.14.78 - - [14/Oct/2025:14:10:13 -0400] "GET /our-activities HTTP/1.1" 301 0 "https://batconpakistan.org/our-activities" "Mozilla/5.0 (Linux; Android 10; SM-G970W) AppleWebKit/537.36 (KHTML, like Gecko) Chrome/81.0.4044.138 Mobile Safari/537.36"
162.0.235.240 - - [14/Oct/2025:14:10:14 -0400] "GET /wp-content/plugins/contact-form-7-style/admin/predefined-templates.json HTTP/1.1" 200 1323 "-" "WordPress/6.8.3; https://batconpakistan.org"
162.220.14.78 - - [14/Oct/2025:14:10:14 -0400] "GET /our-activities/ HTTP/1.1" 200 17323 "https://batconpakistan.org/our-activities" "Mozilla/5.0 (Linux; Android 10; SM-G970W) AppleWebKit/537.36 (KHTML, like Gecko) Chrome/81.0.4044.138 Mobile Safari/537.36"
162.0.235.240 - - [14/Oct/2025:14:10:19 -0400] "GET /wp-content/plugins/contact-form-7-style/admin/predefined-templates.json HTTP/1.1" 200 1323 "-" "WordPress/6.8.3; https://batconpakistan.org"
185.40.4.101 - - [14/Oct/2025:14:10:19 -0400] "GET /our-approach HTTP/1.1" 301 0 "https://batconpakistan.org/our-approach" "Mozilla/5.0 (Linux; Android 10; SM-G970W) AppleWebKit/537.36 (KHTML, like Gecko) Chrome/81.0.4044.138 Mobile Safari/537.36"
185.40.4.101 - - [14/Oct/2025:14:10:20 -0400] "GET /our-approach/ HTTP/1.1" 200 19464 "https://batconpakistan.org/our-approach" "Mozilla/5.0 (Linux; Android 10; SM-G970W) AppleWebKit/537.36 (KHTML, like Gecko) Chrome/81.0.4044.138 Mobile Safari/537.36"
162.0.235.240 - - [14/Oct/2025:14:10:23 -0400] "GET /wp-content/plugins/contact-form-7-style/admin/predefined-templates.json HTTP/1.1" 200 1323 "-" "WordPress/6.8.3; https://batconpakistan.org"
192.42.116.175 - - [14/Oct/2025:14:10:23 -0400] "GET /partners HTTP/1.1" 301 0 "https://batconpakistan.org/partners" "Mozilla/5.0 (Linux; Android 10; SM-G970W) AppleWebKit/537.36 (KHTML, like Gecko) Chrome/81.0.4044.138 Mobile Safari/537.36"
162.0.235.240 - - [14/Oct/2025:14:10:24 -0400] "GET /wp-content/plugins/contact-form-7-style/admin/predefined-templates.json HTTP/1.1" 200 1323 "-" "WordPress/6.8.3; https://batconpakistan.org"
192.42.116.175 - - [14/Oct/2025:14:10:24 -0400] "GET /partners/ HTTP/1.1" 200 16979 "https://batconpakistan.org/partners" "Mozilla/5.0 (Linux; Android 10; SM-G970W) AppleWebKit/537.36 (KHTML, like Gecko) Chrome/81.0.4044.138 Mobile Safari/537.36"
162.0.235.240 - - [14/Oct/2025:14:10:28 -0400] "GET /wp-content/plugins/contact-form-7-style/admin/predefined-templates.json HTTP/1.1" 200 1323 "-" "WordPress/6.8.3; https://batconpakistan.org"
192.42.116.175 - - [14/Oct/2025:14:10:28 -0400] "GET /publish HTTP/1.1" 301 0 "https://batconpakistan.org/publish" "Mozilla/5.0 (Linux; Android 10; SM-G970W) AppleWebKit/537.36 (KHTML, like Gecko) Chrome/81.0.4044.138 Mobile Safari/537.36"
162.0.235.240 - - [14/Oct/2025:14:10:29 -0400] "GET /wp-content/plugins/contact-form-7-style/admin/predefined-templates.json HTTP/1.1" 200 1323 "-" "WordPress/6.8.3; https://batconpakistan.org"
192.42.116.175 - - [14/Oct/2025:14:10:29 -0400] "GET /publish/ HTTP/1.1" 200 16840 "https://batconpakistan.org/publish" "Mozilla/5.0 (Linux; Android 10; SM-G970W) AppleWebKit/537.36 (KHTML, like Gecko) Chrome/81.0.4044.138 Mobile Safari/537.36"
162.0.235.240 - - [14/Oct/2025:14:10:32 -0400] "GET /wp-content/plugins/contact-form-7-style/admin/predefined-templates.json HTTP/1.1" 200 1323 "-" "WordPress/6.8.3; https://batconpakistan.org"
185.220.101.8 - - [14/Oct/2025:14:10:32 -0400] "GET /vision-mission HTTP/1.1" 301 0 "https://batconpakistan.org/vision-mission" "Mozilla/5.0 (Linux; Android 10; SM-G970W) AppleWebKit/537.36 (KHTML, like Gecko) Chrome/81.0.4044.138 Mobile Safari/537.36"
185.220.101.8 - - [14/Oct/2025:14:10:33 -0400] "GET /vision-mission/ HTTP/1.1" 200 17647 "https://batconpakistan.org/vision-mission" "Mozilla/5.0 (Linux; Android 10; SM-G970W) AppleWebKit/537.36 (KHTML, like Gecko) Chrome/81.0.4044.138 Mobile Safari/537.36"
162.0.235.240 - - [14/Oct/2025:14:10:35 -0400] "GET /wp-content/plugins/contact-form-7-style/admin/predefined-templates.json HTTP/1.1" 200 1323 "-" "WordPress/6.8.3; https://batconpakistan.org"
46.182.4.125 - - [14/Oct/2025:14:10:35 -0400] "GET /wp-login.php HTTP/1.1" 200 1886 "-" "Mozilla/5.0 (Windows NT 10.0; WOW64; Trident/7.0; Touch; rv:11.0) like Gecko"
185.220.101.8 - - [14/Oct/2025:14:10:35 -0400] "GET /wp-json HTTP/1.1" 200 1632167 "https://batconpakistan.org/wp-json" "Mozilla/5.0 (Linux; Android 10; SM-G970W) AppleWebKit/537.36 (KHTML, like Gecko) Chrome/81.0.4044.138 Mobile Safari/537.36"
162.0.235.240 - - [14/Oct/2025:14:10:38 -0400] "GET /wp-content/plugins/contact-form-7-style/admin/predefined-templates.json HTTP/1.1" 200 1323 "-" "WordPress/6.8.3; https://batconpakistan.org"
185.220.101.8 - - [14/Oct/2025:14:10:38 -0400] "GET /wp-json/oembed/1.0/embed?url=https%3A%2F%2Fbatconpakistan.org%2F HTTP/1.1" 200 5971 "https://batconpakistan.org/wp-json/oembed/1.0/embed?url=https%3A%2F%2Fbatconpakistan.org%2F" "Mozilla/5.0 (Linux; Android 10; SM-G970W) AppleWebKit/537.36 (KHTML, like Gecko) Chrome/81.0.4044.138 Mobile Safari/537.36"
162.0.235.240 - - [14/Oct/2025:14:10:39 -0400] "GET /wp-content/plugins/contact-form-7-style/admin/predefined-templates.json HTTP/1.1" 200 1323 "-" "WordPress/6.8.3; https://batconpakistan.org"
46.182.4.125 - - [14/Oct/2025:14:10:39 -0400] "POST /wp-login.php HTTP/1.1" 200 2045 "https://batconpakistan.org/wp-login.php" "Mozilla/5.0 (Windows NT 10.0; WOW64; Trident/7.0; Touch; rv:11.0) like Gecko"
162.0.235.240 - - [14/Oct/2025:14:10:40 -0400] "GET /wp-content/plugins/contact-form-7-style/admin/predefined-templates.json HTTP/1.1" 200 1323 "-" "WordPress/6.8.3; https://batconpakistan.org"
162.0.235.240 - - [14/Oct/2025:14:10:40 -0400] "POST /wp-cron.php?doing_wp_cron=1760465440.6383390426635742187500 HTTP/1.1" 200 0 "-" "WordPress/6.8.3; https://batconpakistan.org"
185.220.101.8 - - [14/Oct/2025:14:10:40 -0400] "GET /wp-json/oembed/1.0/embed?url=https%3A%2F%2Fbatconpakistan.org%2F&format=xml HTTP/1.1" 200 2357 "https://batconpakistan.org/wp-json/oembed/1.0/embed?url=https%3A%2F%2Fbatconpakistan.org%2F&format=xml" "Mozilla/5.0 (Linux; Android 10; SM-G970W) AppleWebKit/537.36 (KHTML, like Gecko) Chrome/81.0.4044.138 Mobile Safari/537.36"
162.0.235.240 - - [14/Oct/2025:14:10:41 -0400] "GET /wp-content/plugins/contact-form-7-style/admin/predefined-templates.json HTTP/1.1" 200 1323 "-" "WordPress/6.8.3; https://batconpakistan.org"
162.0.235.240 - - [14/Oct/2025:14:10:42 -0400] "GET /wp-content/plugins/contact-form-7-style/admin/predefined-templates.json HTTP/1.1" 200 1323 "-" "WordPress/6.8.3; https://batconpakistan.org"
185.220.101.8 - - [14/Oct/2025:14:10:41 -0400] "GET /wp-json/wp/v2/pages/462 HTTP/1.1" 200 32141 "https://batconpakistan.org/wp-json/wp/v2/pages/462" "Mozilla/5.0 (Linux; Android 10; SM-G970W) AppleWebKit/537.36 (KHTML, like Gecko) Chrome/81.0.4044.138 Mobile Safari/537.36"
196.251.69.116 - - [14/Oct/2025:14:10:43 -0400] "GET /xmlrpc.php HTTP/1.1" 403 1242 "https://batconpakistan.org/xmlrpc.php" "Mozilla/5.0 (Linux; Android 10; SM-G970W) AppleWebKit/537.36 (KHTML, like Gecko) Chrome/81.0.4044.138 Mobile Safari/537.36"
196.251.69.116 - - [14/Oct/2025:14:10:43 -0400] "GET /xmlrpc.php?rsd HTTP/1.1" 403 1242 "https://batconpakistan.org/xmlrpc.php?rsd" "Mozilla/5.0 (Linux; Android 10; SM-G970W) AppleWebKit/537.36 (KHTML, like Gecko) Chrome/81.0.4044.138 Mobile Safari/537.36"
162.0.235.240 - - [14/Oct/2025:14:13:15 -0400] "GET /wp-content/plugins/contact-form-7-style/admin/predefined-templates.json HTTP/1.1" 200 1323 "-" "WordPress/6.8.3; https://batconpakistan.org"
162.0.235.240 - - [14/Oct/2025:14:13:16 -0400] "POST /wp-cron.php?doing_wp_cron=1760465596.3923819065093994140625 HTTP/1.1" 200 0 "-" "WordPress/6.8.3; https://batconpakistan.org"
203.2.64.59 - - [14/Oct/2025:14:13:12 -0400] "GET / HTTP/1.1" 301 0 "http://www.batconpakistan.org" "Mozilla/5.0 (iPhone; CPU iPhone OS 13_2_3 like Mac OS X) AppleWebKit/605.1.15 (KHTML, like Gecko) Version/13.0.3 Mobile/15E148 Safari/604.1"
162.0.235.240 - - [14/Oct/2025:14:13:16 -0400] "GET /wp-content/plugins/contact-form-7-style/admin/predefined-templates.json HTTP/1.1" 200 1323 "-" "WordPress/6.8.3; https://batconpakistan.org"
203.2.64.59 - - [14/Oct/2025:14:13:22 -0400] "GET / HTTP/1.1" 200 23130 "https://www.batconpakistan.org/" "Mozilla/5.0 (iPhone; CPU iPhone OS 13_2_3 like Mac OS X) AppleWebKit/605.1.15 (KHTML, like Gecko) Version/13.0.3 Mobile/15E148 Safari/604.1"
34.148.143.151 - - [14/Oct/2025:14:13:37 -0400] "GET /contact-us/ HTTP/1.1" 200 17306 "-" "ZoominfoBot (zoominfobot at zoominfo dot com)"
62.146.234.58 - - [14/Oct/2025:14:13:47 -0400] "GET /wp-login.php HTTP/1.1" 200 1886 "-" "Mozilla/4.0 (compatible; MSIE 7.0; Windows NT 10.0; WOW64; Trident/7.0; .NET4.0C; .NET4.0E)"
162.0.235.240 - - [14/Oct/2025:14:13:51 -0400] "GET /wp-content/plugins/contact-form-7-style/admin/predefined-templates.json HTTP/1.1" 200 1323 "-" "WordPress/6.8.3; https://batconpakistan.org"
162.0.235.240 - - [14/Oct/2025:14:13:52 -0400] "POST /wp-cron.php?doing_wp_cron=1760465632.1430070400238037109375 HTTP/1.1" 200 0 "-" "WordPress/6.8.3; https://batconpakistan.org"
62.146.234.58 - - [14/Oct/2025:14:13:51 -0400] "POST /wp-login.php HTTP/1.1" 200 2045 "https://batconpakistan.org/wp-login.php" "Mozilla/4.0 (compatible; MSIE 7.0; Windows NT 10.0; WOW64; Trident/7.0; .NET4.0C; .NET4.0E)"
162.0.235.240 - - [14/Oct/2025:14:13:52 -0400] "GET /wp-content/plugins/contact-form-7-style/admin/predefined-templates.json HTTP/1.1" 200 1323 "-" "WordPress/6.8.3; https://batconpakistan.org"
59.173.135.219 - - [14/Oct/2025:14:14:46 -0400] "GET /favicon.ico HTTP/1.1" 404 1251 "-" "Mozilla/5.0 (Windows NT 10.0; Win64; x64) Chrome/120.0.0.0"
162.0.235.240 - - [14/Oct/2025:14:14:50 -0400] "GET /wp-content/plugins/contact-form-7-style/admin/predefined-templates.json HTTP/1.1" 200 1323 "-" "WordPress/6.8.3; https://batconpakistan.org"
162.0.235.240 - - [14/Oct/2025:14:14:50 -0400] "POST /wp-cron.php?doing_wp_cron=1760465690.2791349887847900390625 HTTP/1.1" 200 0 "-" "WordPress/6.8.3; https://batconpakistan.org"
59.173.135.219 - - [14/Oct/2025:14:14:49 -0400] "GET / HTTP/1.1" 301 0 "-" "Mozilla/5.0 (Windows NT 10.0; Win64; x64) Chrome/120.0.0.0"
162.0.235.240 - - [14/Oct/2025:14:14:50 -0400] "GET /wp-content/plugins/contact-form-7-style/admin/predefined-templates.json HTTP/1.1" 200 1323 "-" "WordPress/6.8.3; https://batconpakistan.org"
123.245.85.156 - - [14/Oct/2025:14:14:52 -0400] "GET / HTTP/1.1" 200 23130 "-" "Mozilla/5.0 (Windows NT 10.0; Win64; x64) Chrome/120.0.0.0"
59.173.135.219 - - [14/Oct/2025:14:14:53 -0400] "GET / HTTP/1.1" 301 0 "-" "Mozilla/5.0 (Windows NT 10.0; Win64; x64) Chrome/120.0.0.0"
8.218.63.200 - - [14/Oct/2025:14:14:53 -0400] "GET / HTTP/1.1" 301 0 "-" "Mozilla/5.0 (Windows NT 10.0; Win64; x64) Chrome/120.0.0.0"
123.245.85.156 - - [14/Oct/2025:14:14:53 -0400] "GET / HTTP/1.1" 200 23130 "-" "Mozilla/5.0 (Windows NT 10.0; Win64; x64) Chrome/120.0.0.0"
119.48.135.179 - - [14/Oct/2025:14:14:54 -0400] "GET / HTTP/1.1" 200 23130 "-" "Mozilla/5.0 (Windows NT 10.0; Win64; x64) Chrome/120.0.0.0"
162.0.235.240 - - [14/Oct/2025:14:14:55 -0400] "GET /wp-content/plugins/contact-form-7-style/admin/predefined-templates.json HTTP/1.1" 200 1323 "-" "WordPress/6.8.3; https://batconpakistan.org"
8.218.63.200 - - [14/Oct/2025:14:14:54 -0400] "GET /aaabbbccc HTTP/1.1" 301 0 "-" "Mozilla/5.0 (Windows NT 10.0; Win64; x64) Chrome/120.0.0.0"
162.0.235.240 - - [14/Oct/2025:14:14:55 -0400] "GET /wp-content/plugins/contact-form-7-style/admin/predefined-templates.json HTTP/1.1" 200 1323 "-" "WordPress/6.8.3; https://batconpakistan.org"
59.173.135.219 - - [14/Oct/2025:14:14:55 -0400] "GET /1 HTTP/1.1" 301 0 "-" "Mozilla/5.0 (Windows NT 10.0; Win64; x64) Chrome/120.0.0.0"
162.0.235.240 - - [14/Oct/2025:14:14:55 -0400] "GET /wp-content/plugins/contact-form-7-style/admin/predefined-templates.json HTTP/1.1" 200 1323 "-" "WordPress/6.8.3; https://batconpakistan.org"
119.48.135.179 - - [14/Oct/2025:14:14:55 -0400] "GET /aaabbbccc HTTP/1.1" 404 15666 "-" "Mozilla/5.0 (Windows NT 10.0; Win64; x64) Chrome/120.0.0.0"
123.245.85.156 - - [14/Oct/2025:14:14:56 -0400] "GET /wp-content/uploads/2021/01/1.jpg HTTP/1.1" 200 50664 "-" "Mozilla/5.0 (Windows NT 10.0; Win64; x64) Chrome/120.0.0.0"
162.0.235.240 - - [14/Oct/2025:14:14:57 -0400] "GET /wp-content/plugins/contact-form-7-style/admin/predefined-templates.json HTTP/1.1" 200 1323 "-" "WordPress/6.8.3; https://batconpakistan.org"
59.173.135.219 - - [14/Oct/2025:14:14:56 -0400] "GET /fb HTTP/1.1" 301 0 "-" "Mozilla/5.0 (Windows NT 10.0; Win64; x64) Chrome/120.0.0.0"
162.0.235.240 - - [14/Oct/2025:14:14:58 -0400] "GET /wp-content/plugins/contact-form-7-style/admin/predefined-templates.json HTTP/1.1" 200 1323 "-" "WordPress/6.8.3; https://batconpakistan.org"
162.0.235.240 - - [14/Oct/2025:14:14:58 -0400] "POST /wp-cron.php?doing_wp_cron=1760465698.6158599853515625000000 HTTP/1.1" 200 0 "-" "WordPress/6.8.3; https://batconpakistan.org"
123.245.85.156 - - [14/Oct/2025:14:14:57 -0400] "GET /fb HTTP/1.1" 404 15665 "-" "Mozilla/5.0 (Windows NT 10.0; Win64; x64) Chrome/120.0.0.0"
162.0.235.240 - - [14/Oct/2025:14:14:58 -0400] "GET /wp-content/plugins/contact-form-7-style/admin/predefined-templates.json HTTP/1.1" 200 1323 "-" "WordPress/6.8.3; https://batconpakistan.org"
162.0.235.240 - - [14/Oct/2025:14:14:59 -0400] "GET /wp-content/plugins/contact-form-7-style/admin/predefined-templates.json HTTP/1.1" 200 1323 "-" "WordPress/6.8.3; https://batconpakistan.org"
162.0.235.240 - - [14/Oct/2025:14:14:59 -0400] "GET /wp-content/plugins/contact-form-7-style/admin/predefined-templates.json HTTP/1.1" 200 1323 "-" "WordPress/6.8.3; https://batconpakistan.org"
8.218.63.200 - - [14/Oct/2025:14:14:59 -0400] "GET /fzh HTTP/1.1" 301 0 "-" "Mozilla/5.0 (Windows NT 10.0; Win64; x64) Chrome/120.0.0.0"
59.173.135.219 - - [14/Oct/2025:14:14:59 -0400] "GET /fwc HTTP/1.1" 301 0 "-" "Mozilla/5.0 (Windows NT 10.0; Win64; x64) Chrome/120.0.0.0"
162.0.235.240 - - [14/Oct/2025:14:15:00 -0400] "GET /wp-content/plugins/contact-form-7-style/admin/predefined-templates.json HTTP/1.1" 200 1323 "-" "WordPress/6.8.3; https://batconpakistan.org"
162.0.235.240 - - [14/Oct/2025:14:15:00 -0400] "GET /wp-content/plugins/contact-form-7-style/admin/predefined-templates.json HTTP/1.1" 200 1323 "-" "WordPress/6.8.3; https://batconpakistan.org"
123.245.85.156 - - [14/Oct/2025:14:15:00 -0400] "GET /fzh HTTP/1.1" 404 15667 "-" "Mozilla/5.0 (Windows NT 10.0; Win64; x64) Chrome/120.0.0.0"
119.48.135.179 - - [14/Oct/2025:14:15:00 -0400] "GET /fwc HTTP/1.1" 404 15665 "-" "Mozilla/5.0 (Windows NT 10.0; Win64; x64) Chrome/120.0.0.0"
162.0.235.240 - - [14/Oct/2025:14:15:02 -0400] "GET /wp-content/plugins/contact-form-7-style/admin/predefined-templates.json HTTP/1.1" 200 1323 "-" "WordPress/6.8.3; https://batconpakistan.org"
162.0.235.240 - - [14/Oct/2025:14:15:02 -0400] "GET /wp-content/plugins/contact-form-7-style/admin/predefined-templates.json HTTP/1.1" 200 1323 "-" "WordPress/6.8.3; https://batconpakistan.org"
59.173.135.219 - - [14/Oct/2025:14:15:01 -0400] "GET /res/favicon.ico HTTP/1.1" 301 0 "-" "Mozilla/5.0 (Windows NT 10.0; Win64; x64) Chrome/120.0.0.0"
8.218.63.200 - - [14/Oct/2025:14:15:01 -0400] "GET /assets/favicon-aOK6_042.ico HTTP/1.1" 301 0 "-" "Mozilla/5.0 (Windows NT 10.0; Win64; x64) Chrome/120.0.0.0"
162.0.235.240 - - [14/Oct/2025:14:15:03 -0400] "GET /wp-content/plugins/contact-form-7-style/admin/predefined-templates.json HTTP/1.1" 200 1323 "-" "WordPress/6.8.3; https://batconpakistan.org"
162.0.235.240 - - [14/Oct/2025:14:15:04 -0400] "GET /wp-content/plugins/contact-form-7-style/admin/predefined-templates.json HTTP/1.1" 200 1323 "-" "WordPress/6.8.3; https://batconpakistan.org"
119.48.135.179 - - [14/Oct/2025:14:15:02 -0400] "GET /res/favicon.ico HTTP/1.1" 404 15667 "-" "Mozilla/5.0 (Windows NT 10.0; Win64; x64) Chrome/120.0.0.0"
123.245.85.156 - - [14/Oct/2025:14:15:03 -0400] "GET /assets/favicon-aOK6_042.ico HTTP/1.1" 404 15665 "-" "Mozilla/5.0 (Windows NT 10.0; Win64; x64) Chrome/120.0.0.0"
162.0.235.240 - - [14/Oct/2025:14:15:06 -0400] "GET /wp-content/plugins/contact-form-7-style/admin/predefined-templates.json HTTP/1.1" 200 1323 "-" "WordPress/6.8.3; https://batconpakistan.org"
162.0.235.240 - - [14/Oct/2025:14:15:06 -0400] "GET /wp-content/plugins/contact-form-7-style/admin/predefined-templates.json HTTP/1.1" 200 1323 "-" "WordPress/6.8.3; https://batconpakistan.org"
162.0.235.240 - - [14/Oct/2025:14:15:06 -0400] "POST /wp-cron.php?doing_wp_cron=1760465706.8818609714508056640625 HTTP/1.1" 200 0 "-" "WordPress/6.8.3; https://batconpakistan.org"
59.173.135.219 - - [14/Oct/2025:14:15:06 -0400] "GET /images/01.jpg HTTP/1.1" 301 0 "-" "Mozilla/5.0 (Windows NT 10.0; Win64; x64) Chrome/120.0.0.0"
8.218.63.200 - - [14/Oct/2025:14:15:06 -0400] "GET /wp-content/uploads/2020/10/official-logo-512x512.png HTTP/1.1" 301 0 "-" "Mozilla/5.0 (Windows NT 10.0; Win64; x64) Chrome/120.0.0.0"
162.0.235.240 - - [14/Oct/2025:14:15:07 -0400] "GET /wp-content/plugins/contact-form-7-style/admin/predefined-templates.json HTTP/1.1" 200 1323 "-" "WordPress/6.8.3; https://batconpakistan.org"
162.0.235.240 - - [14/Oct/2025:14:15:07 -0400] "GET /wp-content/plugins/contact-form-7-style/admin/predefined-templates.json HTTP/1.1" 200 1323 "-" "WordPress/6.8.3; https://batconpakistan.org"
162.0.235.240 - - [14/Oct/2025:14:15:08 -0400] "GET /wp-content/plugins/contact-form-7-style/admin/predefined-templates.json HTTP/1.1" 200 1323 "-" "WordPress/6.8.3; https://batconpakistan.org"
119.48.135.179 - - [14/Oct/2025:14:15:07 -0400] "GET /wp-content/uploads/2020/10/official-logo-512x512.png HTTP/1.1" 404 15664 "-" "Mozilla/5.0 (Windows NT 10.0; Win64; x64) Chrome/120.0.0.0"
123.245.85.156 - - [14/Oct/2025:14:15:07 -0400] "GET /images/01.jpg HTTP/1.1" 404 15667 "-" "Mozilla/5.0 (Windows NT 10.0; Win64; x64) Chrome/120.0.0.0"
59.173.135.219 - - [14/Oct/2025:14:15:12 -0400] "GET /favicon.ico HTTP/1.1" 404 1251 "-" "Mozilla/5.0 (Windows NT 10.0; Win64; x64) Chrome/120.0.0.0"
162.0.235.240 - - [14/Oct/2025:14:15:13 -0400] "GET /wp-content/plugins/contact-form-7-style/admin/predefined-templates.json HTTP/1.1" 200 1323 "-" "WordPress/6.8.3; https://batconpakistan.org"
8.218.63.200 - - [14/Oct/2025:14:15:12 -0400] "GET /wp-content/uploads/2023/02/1677572030-814390417fe413b.png HTTP/1.1" 301 0 "-" "Mozilla/5.0 (Windows NT 10.0; Win64; x64) Chrome/120.0.0.0"
162.0.235.240 - - [14/Oct/2025:14:15:14 -0400] "GET /wp-content/plugins/contact-form-7-style/admin/predefined-templates.json HTTP/1.1" 200 1323 "-" "WordPress/6.8.3; https://batconpakistan.org"
162.0.235.240 - - [14/Oct/2025:14:15:14 -0400] "GET /wp-content/plugins/contact-form-7-style/admin/predefined-templates.json HTTP/1.1" 200 1323 "-" "WordPress/6.8.3; https://batconpakistan.org"
59.173.135.219 - - [14/Oct/2025:14:15:13 -0400] "GET /icons/favicon.ico HTTP/1.1" 301 0 "-" "Mozilla/5.0 (Windows NT 10.0; Win64; x64) Chrome/120.0.0.0"
123.245.85.156 - - [14/Oct/2025:14:15:13 -0400] "GET /wp-content/uploads/2023/02/1677572030-814390417fe413b.png HTTP/1.1" 404 15666 "-" "Mozilla/5.0 (Windows NT 10.0; Win64; x64) Chrome/120.0.0.0"
162.0.235.240 - - [14/Oct/2025:14:15:15 -0400] "GET /wp-content/plugins/contact-form-7-style/admin/predefined-templates.json HTTP/1.1" 200 1323 "-" "WordPress/6.8.3; https://batconpakistan.org"
119.48.135.179 - - [14/Oct/2025:14:15:14 -0400] "GET /icons/favicon.ico HTTP/1.1" 404 15667 "-" "Mozilla/5.0 (Windows NT 10.0; Win64; x64) Chrome/120.0.0.0"
162.0.235.240 - - [14/Oct/2025:14:15:17 -0400] "GET /wp-content/plugins/contact-form-7-style/admin/predefined-templates.json HTTP/1.1" 200 1323 "-" "WordPress/6.8.3; https://batconpakistan.org"
162.0.235.240 - - [14/Oct/2025:14:15:17 -0400] "GET /wp-content/plugins/contact-form-7-style/admin/predefined-templates.json HTTP/1.1" 200 1323 "-" "WordPress/6.8.3; https://batconpakistan.org"
59.173.135.219 - - [14/Oct/2025:14:15:16 -0400] "GET /wp-content/uploads/2023/08/logo-gold.png HTTP/1.1" 301 0 "-" "Mozilla/5.0 (Windows NT 10.0; Win64; x64) Chrome/120.0.0.0"
8.218.63.200 - - [14/Oct/2025:14:15:17 -0400] "GET /favicon-32x32.png?v=e0e3ed8f59d769b053c145391db63c0d HTTP/1.1" 301 0 "-" "Mozilla/5.0 (Windows NT 10.0; Win64; x64) Chrome/120.0.0.0"
162.0.235.240 - - [14/Oct/2025:14:15:18 -0400] "GET /wp-content/plugins/contact-form-7-style/admin/predefined-templates.json HTTP/1.1" 200 1323 "-" "WordPress/6.8.3; https://batconpakistan.org"
119.48.135.179 - - [14/Oct/2025:14:15:17 -0400] "GET /favicon-32x32.png?v=e0e3ed8f59d769b053c145391db63c0d HTTP/1.1" 404 15665 "-" "Mozilla/5.0 (Windows NT 10.0; Win64; x64) Chrome/120.0.0.0"
162.0.235.240 - - [14/Oct/2025:14:15:18 -0400] "GET /wp-content/plugins/contact-form-7-style/admin/predefined-templates.json HTTP/1.1" 200 1323 "-" "WordPress/6.8.3; https://batconpakistan.org"
123.245.85.156 - - [14/Oct/2025:14:15:18 -0400] "GET /wp-content/uploads/2023/08/logo-gold.png HTTP/1.1" 404 15665 "-" "Mozilla/5.0 (Windows NT 10.0; Win64; x64) Chrome/120.0.0.0"
59.173.135.219 - - [14/Oct/2025:14:15:21 -0400] "GET / HTTP/1.1" 301 0 "-" "Mozilla/5.0 (Windows NT 10.0; Win64; x64) Chrome/120.0.0.0"
123.245.85.156 - - [14/Oct/2025:14:15:22 -0400] "GET / HTTP/1.1" 200 23130 "-" "Mozilla/5.0 (Windows NT 10.0; Win64; x64) Chrome/120.0.0.0"
202.102.220.5 - - [14/Oct/2025:14:15:27 -0400] "GET /favicon.ico HTTP/1.1" 404 1251 "-" "Mozilla/5.0 (Windows NT 10.0; Win64; x64) Chrome/120.0.0.0"
202.102.220.5 - - [14/Oct/2025:14:15:30 -0400] "GET / HTTP/1.1" 301 0 "-" "Mozilla/5.0 (Windows NT 10.0; Win64; x64) Chrome/120.0.0.0"
171.108.182.244 - - [14/Oct/2025:14:15:32 -0400] "GET / HTTP/1.1" 200 23130 "-" "Mozilla/5.0 (Windows NT 10.0; Win64; x64) Chrome/120.0.0.0"
202.102.220.5 - - [14/Oct/2025:14:15:33 -0400] "GET / HTTP/1.1" 301 0 "-" "Mozilla/5.0 (Windows NT 10.0; Win64; x64) Chrome/120.0.0.0"
171.108.182.244 - - [14/Oct/2025:14:15:33 -0400] "GET / HTTP/1.1" 200 23130 "-" "Mozilla/5.0 (Windows NT 10.0; Win64; x64) Chrome/120.0.0.0"
202.102.220.5 - - [14/Oct/2025:14:15:34 -0400] "GET / HTTP/1.1" 301 0 "-" "Mozilla/5.0 (Windows NT 10.0; Win64; x64) Chrome/120.0.0.0"
171.108.182.244 - - [14/Oct/2025:14:15:35 -0400] "GET / HTTP/1.1" 200 23130 "-" "Mozilla/5.0 (Windows NT 10.0; Win64; x64) Chrome/120.0.0.0"
202.102.220.5 - - [14/Oct/2025:14:15:36 -0400] "GET /aaabbbccc HTTP/1.1" 301 0 "-" "Mozilla/5.0 (Windows NT 10.0; Win64; x64) Chrome/120.0.0.0"
171.108.182.244 - - [14/Oct/2025:14:15:36 -0400] "GET /aaabbbccc HTTP/1.1" 404 15666 "-" "Mozilla/5.0 (Windows NT 10.0; Win64; x64) Chrome/120.0.0.0"
202.102.220.5 - - [14/Oct/2025:14:15:37 -0400] "GET /1 HTTP/1.1" 301 0 "-" "Mozilla/5.0 (Windows NT 10.0; Win64; x64) Chrome/120.0.0.0"
34.148.143.151 - - [14/Oct/2025:14:15:38 -0400] "GET /campaigns/ HTTP/1.1" 200 19940 "-" "ZoominfoBot (zoominfobot at zoominfo dot com)"
202.102.220.5 - - [14/Oct/2025:14:15:39 -0400] "GET /fwc HTTP/1.1" 301 0 "-" "Mozilla/5.0 (Windows NT 10.0; Win64; x64) Chrome/120.0.0.0"
