162.0.235.240 - - [14/Oct/2025:11:53:27 -0400] "GET /wp-content/plugins/contact-form-7-style/admin/predefined-templates.json HTTP/1.1" 200 1323 "-" "WordPress/6.8.3; https://batconpakistan.org"
162.0.235.240 - - [14/Oct/2025:11:53:28 -0400] "POST /wp-cron.php?doing_wp_cron=1760457208.1032979488372802734375 HTTP/1.1" 200 0 "-" "WordPress/6.8.3; https://batconpakistan.org"
3.20.61.90 - - [14/Oct/2025:11:53:27 -0400] "POST /wp-login.php HTTP/1.1" 200 2045 "https://batconpakistan.org/wp-login.php" "Mozilla/5.0 (Macintosh; Intel Mac OS X 10_12_6) AppleWebKit/603.3.8 (KHTML, like Gecko) Version/10.1.2 Safari/603.3.8"
162.0.235.240 - - [14/Oct/2025:11:53:28 -0400] "GET /wp-content/plugins/contact-form-7-style/admin/predefined-templates.json HTTP/1.1" 200 1323 "-" "WordPress/6.8.3; https://batconpakistan.org"
66.240.236.13 - - [14/Oct/2025:12:04:57 -0400] "GET /wp-login.php HTTP/1.1" 200 1886 "-" "Mozilla/5.0 (Windows NT 6.3; WOW64; Trident/7.0; ASU2JS; rv:11.0) like Gecko"
162.0.235.240 - - [14/Oct/2025:12:05:07 -0400] "GET /wp-content/plugins/contact-form-7-style/admin/predefined-templates.json HTTP/1.1" 200 1323 "-" "WordPress/6.8.3; https://batconpakistan.org"
162.0.235.240 - - [14/Oct/2025:12:05:09 -0400] "POST /wp-cron.php?doing_wp_cron=1760457909.5693008899688720703125 HTTP/1.1" 200 0 "-" "WordPress/6.8.3; https://batconpakistan.org"
66.240.236.13 - - [14/Oct/2025:12:05:01 -0400] "POST /wp-login.php HTTP/1.1" 200 2045 "https://batconpakistan.org/wp-login.php" "Mozilla/5.0 (Windows NT 6.3; WOW64; Trident/7.0; ASU2JS; rv:11.0) like Gecko"
162.0.235.240 - - [14/Oct/2025:12:05:11 -0400] "GET /wp-content/plugins/contact-form-7-style/admin/predefined-templates.json HTTP/1.1" 200 1323 "-" "WordPress/6.8.3; https://batconpakistan.org"
45.149.173.233 - - [14/Oct/2025:11:59:47 -0400] "GET / HTTP/1.1" 200 23130 "-" "Mozilla/5.0 (Windows NT 10.0; Win64; x64) AppleWebKit/537.36 (KHTML, like Gecko) Chrome/78.0.3904.108 Safari/537.36"
162.0.235.240 - - [14/Oct/2025:11:59:54 -0400] "GET /wp-content/plugins/contact-form-7-style/admin/predefined-templates.json HTTP/1.1" 200 1323 "-" "WordPress/6.8.3; https://batconpakistan.org"
162.0.235.240 - - [14/Oct/2025:11:59:55 -0400] "POST /wp-cron.php?doing_wp_cron=1760457595.3678989410400390625000 HTTP/1.1" 200 0 "-" "WordPress/6.8.3; https://batconpakistan.org"
45.149.173.233 - - [14/Oct/2025:11:59:48 -0400] "GET //wp-includes/wlwmanifest.xml HTTP/1.1" 301 0 "-" "Mozilla/5.0 (Windows NT 10.0; Win64; x64) AppleWebKit/537.36 (KHTML, like Gecko) Chrome/78.0.3904.108 Safari/537.36"
45.149.173.233 - - [14/Oct/2025:11:59:55 -0400] "GET //xmlrpc.php?rsd HTTP/1.1" 403 1242 "-" "Mozilla/5.0 (Windows NT 10.0; Win64; x64) AppleWebKit/537.36 (KHTML, like Gecko) Chrome/78.0.3904.108 Safari/537.36"
162.0.235.240 - - [14/Oct/2025:11:59:55 -0400] "GET /wp-content/plugins/contact-form-7-style/admin/predefined-templates.json HTTP/1.1" 200 1323 "-" "WordPress/6.8.3; https://batconpakistan.org"
45.149.173.233 - - [14/Oct/2025:11:59:55 -0400] "GET / HTTP/1.1" 200 23130 "-" "Mozilla/5.0 (Windows NT 10.0; Win64; x64) AppleWebKit/537.36 (KHTML, like Gecko) Chrome/78.0.3904.108 Safari/537.36"
45.149.173.233 - - [14/Oct/2025:11:59:55 -0400] "GET //?author=1 HTTP/1.1" 403 1242 "-" "Mozilla/5.0 (Windows NT 10.0; Win64; x64) AppleWebKit/537.36 (KHTML, like Gecko) Chrome/78.0.3904.108 Safari/537.36"
45.149.173.233 - - [14/Oct/2025:11:59:56 -0400] "GET //?author=2 HTTP/1.1" 403 1242 "-" "Mozilla/5.0 (Windows NT 10.0; Win64; x64) AppleWebKit/537.36 (KHTML, like Gecko) Chrome/78.0.3904.108 Safari/537.36"
45.149.173.233 - - [14/Oct/2025:11:59:56 -0400] "GET //wp-json/wp/v2/users/ HTTP/1.1" 403 1242 "-" "Mozilla/5.0 (Windows NT 10.0; Win64; x64) AppleWebKit/537.36 (KHTML, like Gecko) Chrome/78.0.3904.108 Safari/537.36"
45.149.173.233 - - [14/Oct/2025:11:59:56 -0400] "GET //wp-json/oembed/1.0/embed?url=https://batconpakistan.org/ HTTP/1.1" 200 5971 "-" "Mozilla/5.0 (Windows NT 10.0; Win64; x64) AppleWebKit/537.36 (KHTML, like Gecko) Chrome/78.0.3904.108 Safari/537.36"
162.0.235.240 - - [14/Oct/2025:11:59:56 -0400] "GET /wp-content/plugins/contact-form-7-style/admin/predefined-templates.json HTTP/1.1" 200 1323 "-" "WordPress/6.8.3; https://batconpakistan.org"
45.149.173.233 - - [14/Oct/2025:11:59:56 -0400] "POST //xmlrpc.php HTTP/1.1" 403 1242 "-" "Mozilla/5.0 (Windows NT 10.0; Win64; x64) AppleWebKit/537.36 (KHTML, like Gecko) Chrome/78.0.3904.108 Safari/537.36"
40.81.227.89 - - [14/Oct/2025:11:59:54 -0400] "POST /wp-login.php HTTP/1.1" 200 2041 "-" "Mozilla/5.0"
17.241.75.240 - - [14/Oct/2025:12:02:26 -0400] "GET /robots.txt HTTP/1.1" 304 0 "-" "Mozilla/5.0 (Macintosh; Intel Mac OS X 10_15_7) AppleWebKit/605.1.15 (KHTML, like Gecko) Version/17.4 Safari/605.1.15 (Applebot/0.1; +http://www.apple.com/go/applebot)"
17.241.75.240 - - [14/Oct/2025:12:02:26 -0400] "GET /wp-content/uploads/2021/01/image-1.jpeg HTTP/1.1" 200 329764 "-" "Mozilla/5.0 (Macintosh; Intel Mac OS X 10_15_7) AppleWebKit/605.1.15 (KHTML, like Gecko) Version/17.4 Safari/605.1.15 (Applebot/0.1; +http://www.apple.com/go/applebot)"
162.0.235.240 - - [14/Oct/2025:12:05:38 -0400] "GET /wp-content/plugins/contact-form-7-style/admin/predefined-templates.json HTTP/1.1" 200 1323 "-" "WordPress/6.8.3; https://batconpakistan.org"
40.77.167.61 - - [14/Oct/2025:12:05:37 -0400] "GET /Industrial-Electrical-HHKR40HAGHHKR40H-IDC-348584-Power-Cables/ HTTP/1.1" 301 0 "-" "Mozilla/5.0 AppleWebKit/537.36 (KHTML, like Gecko; compatible; bingbot/2.0; +http://www.bing.com/bingbot.htm) Chrome/116.0.1938.76 Safari/537.36"
162.0.235.240 - - [14/Oct/2025:12:05:42 -0400] "GET /wp-content/plugins/contact-form-7-style/admin/predefined-templates.json HTTP/1.1" 200 1323 "-" "WordPress/6.8.3; https://batconpakistan.org"
162.0.235.240 - - [14/Oct/2025:12:05:42 -0400] "POST /wp-cron.php?doing_wp_cron=1760457942.7985470294952392578125 HTTP/1.1" 200 0 "-" "WordPress/6.8.3; https://batconpakistan.org"
20.40.40.110 - - [14/Oct/2025:12:05:41 -0400] "POST /wp-login.php HTTP/1.1" 200 2041 "-" "Mozilla/5.0"
162.0.235.240 - - [14/Oct/2025:12:05:43 -0400] "GET /wp-content/plugins/contact-form-7-style/admin/predefined-templates.json HTTP/1.1" 200 1323 "-" "WordPress/6.8.3; https://batconpakistan.org"
91.84.99.6 - - [14/Oct/2025:12:06:39 -0400] "GET / HTTP/1.1" 200 23130 "http://BATCONPAKISTAN.ORG" "Mozilla/5.0 (Windows NT 10.0; Win64; x64) AppleWebKit/537.36 (KHTML, like Gecko) Chrome/120.0.0.0 Safari/537.36"
162.0.235.240 - - [14/Oct/2025:12:08:06 -0400] "GET /wp-content/plugins/contact-form-7-style/admin/predefined-templates.json HTTP/1.1" 200 1323 "-" "WordPress/6.8.3; https://batconpakistan.org"
162.0.235.240 - - [14/Oct/2025:12:08:07 -0400] "POST /wp-cron.php?doing_wp_cron=1760458087.3104319572448730468750 HTTP/1.1" 200 0 "-" "WordPress/6.8.3; https://batconpakistan.org"
185.113.36.212 - - [14/Oct/2025:12:08:02 -0400] "GET /index.php?cperpage=%31 HTTP/1.1" 301 0 "-" "Mozilla/5.0 (Windows NT 10.0; Win64; x64) AppleWebKit/537.36 (KHTML, like Gecko) Chrome/140.0.0.0 Safari/537.36"
162.0.235.240 - - [14/Oct/2025:12:08:08 -0400] "GET /wp-content/plugins/contact-form-7-style/admin/predefined-templates.json HTTP/1.1" 200 1323 "-" "WordPress/6.8.3; https://batconpakistan.org"
162.0.235.240 - - [14/Oct/2025:12:08:08 -0400] "GET /wp-content/plugins/contact-form-7-style/admin/predefined-templates.json HTTP/1.1" 200 1323 "-" "WordPress/6.8.3; https://batconpakistan.org"
185.113.36.212 - - [14/Oct/2025:12:08:07 -0400] "GET /?cperpage=1 HTTP/1.1" 200 23131 "-" "Mozilla/5.0 (Windows NT 10.0; Win64; x64) AppleWebKit/537.36 (KHTML, like Gecko) Chrome/140.0.0.0 Safari/537.36"
159.203.133.255 - - [14/Oct/2025:12:12:00 -0400] "GET /wp-login.php HTTP/1.1" 200 1886 "-" "Mozilla/4.0 (compatible; MSIE 7.0; Windows NT 6.1; WOW64; Trident/7.0; SLCC2; .NET CLR 2.0.50727; .NET CLR 3.5.30729; .NET CLR 3.0.30729; .NET4.0C; .NET4.0E; Media Center PC 6.0)"
162.0.235.240 - - [14/Oct/2025:12:12:04 -0400] "GET /wp-content/plugins/contact-form-7-style/admin/predefined-templates.json HTTP/1.1" 200 1323 "-" "WordPress/6.8.3; https://batconpakistan.org"
162.0.235.240 - - [14/Oct/2025:12:12:05 -0400] "POST /wp-cron.php?doing_wp_cron=1760458325.5477089881896972656250 HTTP/1.1" 200 0 "-" "WordPress/6.8.3; https://batconpakistan.org"
159.203.133.255 - - [14/Oct/2025:12:12:00 -0400] "POST /wp-login.php HTTP/1.1" 200 2045 "https://batconpakistan.org/wp-login.php" "Mozilla/4.0 (compatible; MSIE 7.0; Windows NT 6.1; WOW64; Trident/7.0; SLCC2; .NET CLR 2.0.50727; .NET CLR 3.5.30729; .NET CLR 3.0.30729; .NET4.0C; .NET4.0E; Media Center PC 6.0)"
162.0.235.240 - - [14/Oct/2025:12:12:06 -0400] "GET /wp-content/plugins/contact-form-7-style/admin/predefined-templates.json HTTP/1.1" 200 1323 "-" "WordPress/6.8.3; https://batconpakistan.org"
162.0.235.240 - - [14/Oct/2025:12:12:50 -0400] "GET /wp-content/plugins/contact-form-7-style/admin/predefined-templates.json HTTP/1.1" 200 1323 "-" "WordPress/6.8.3; https://batconpakistan.org"
162.0.235.240 - - [14/Oct/2025:12:12:51 -0400] "GET /wp-content/plugins/contact-form-7-style/admin/predefined-templates.json HTTP/1.1" 200 1323 "-" "WordPress/6.8.3; https://batconpakistan.org"
162.0.235.240 - - [14/Oct/2025:12:12:51 -0400] "GET /wp-content/plugins/contact-form-7-style/admin/predefined-templates.json HTTP/1.1" 200 1323 "-" "WordPress/6.8.3; https://batconpakistan.org"
162.0.235.240 - - [14/Oct/2025:12:12:51 -0400] "GET /wp-content/plugins/contact-form-7-style/admin/predefined-templates.json HTTP/1.1" 200 1323 "-" "WordPress/6.8.3; https://batconpakistan.org"
162.0.235.240 - - [14/Oct/2025:12:12:51 -0400] "GET /wp-content/plugins/contact-form-7-style/admin/predefined-templates.json HTTP/1.1" 200 1323 "-" "WordPress/6.8.3; https://batconpakistan.org"
162.0.235.240 - - [14/Oct/2025:12:12:51 -0400] "GET /wp-content/plugins/contact-form-7-style/admin/predefined-templates.json HTTP/1.1" 200 1323 "-" "WordPress/6.8.3; https://batconpakistan.org"
162.0.235.240 - - [14/Oct/2025:12:12:51 -0400] "GET /wp-content/plugins/contact-form-7-style/admin/predefined-templates.json HTTP/1.1" 200 1323 "-" "WordPress/6.8.3; https://batconpakistan.org"
162.0.235.240 - - [14/Oct/2025:12:12:51 -0400] "POST /wp-cron.php?doing_wp_cron=1760458371.3723559379577636718750 HTTP/1.1" 200 0 "-" "WordPress/6.8.3; https://batconpakistan.org"
162.0.235.240 - - [14/Oct/2025:12:12:51 -0400] "GET /wp-content/plugins/contact-form-7-style/admin/predefined-templates.json HTTP/1.1" 200 1323 "-" "WordPress/6.8.3; https://batconpakistan.org"
185.196.9.221 - - [14/Oct/2025:12:12:49 -0400] "GET /wp-content/plugins/smart-manager-for-wp-e-commerce/readme.txt HTTP/1.1" 404 15667 "127.0.0.1" "Mozilla/5.0 (Macintosh; Intel Mac OS X 10_15_7) AppleWebKit/605.1.15 (KHTML, like Gecko) Version/17.6.1 Safari/605.1.15"
185.196.9.221 - - [14/Oct/2025:12:12:49 -0400] "GET /?wc-api=payplus_gateway&status_code=true&more_info=(select*from(select(sleep(6)))a) HTTP/1.1" 400 6 "127.0.0.1" "Mozilla/5.0 (Knoppix; Linux x86_64) AppleWebKit/537.36 (KHTML, like Gecko) Chrome/129.0.0.0 Safari/537.36"
185.196.9.221 - - [14/Oct/2025:12:12:49 -0400] "GET /wp-content/uploads/pdf-invoices/ HTTP/1.1" 404 15667 "127.0.0.1" "Mozilla/5.0 (X11; CrOS x86_64 14541.0.0) AppleWebKit/537.36 (KHTML, like Gecko) Chrome/133.0.0.0 Safari/537.36"
185.196.9.221 - - [14/Oct/2025:12:12:52 -0400] "POST /wp-content/plugins/smart-manager-for-wp-e-commerce/sm/woo-json.php HTTP/1.1" 403 1242 "127.0.0.1" "Mozilla/5.0 (SS; Linux x86_64) AppleWebKit/537.36 (KHTML, like Gecko) Chrome/120.0.0.0 Safari/537.36"
185.196.9.221 - - [14/Oct/2025:12:12:49 -0400] "GET /my-account/?alg_wc_ev_verify_email=eyJpZCI6MSwiY29kZSI6MH0= HTTP/1.1" 200 16684 "127.0.0.1" "Mozilla/5.0 (Fedora; Linux i686; rv:133.0) Gecko/20100101 Firefox/133.0"
162.0.235.240 - - [14/Oct/2025:12:12:53 -0400] "GET /wp-content/plugins/contact-form-7-style/admin/predefined-templates.json HTTP/1.1" 200 1323 "-" "WordPress/6.8.3; https://batconpakistan.org"
185.196.9.221 - - [14/Oct/2025:12:12:49 -0400] "GET /?rest_route=/wc/store/products/collection-data&calculate_attribute_counts[0][query_type]=or&calculate_attribute_counts[0][taxonomy]=%252522%252529%252520union%252520all%252520select%2525201%25252Cconcat%252528id%25252C0x3a%25252c%252522sqli-test%252522%252529from%252520wp_users%252520where%252520%252549%252544%252520%252549%25254E%252520%2525281%252529%25253B%252500 HTTP/1.1" 200 113 "127.0.0.1" "Mozilla/5.0 (X11; Linux i686) AppleWebKit/537.36 (KHTML, like Gecko) Chrome/125.0.0.0 Safari/537.36"
185.196.9.221 - - [14/Oct/2025:12:12:49 -0400] "GET //wp-json/wc/store/products/collection-data?calculate_attribute_counts[0][query_type]=or&calculate_attribute_counts[0][taxonomy]=%252522%252529%252520union%252520all%252520select%2525201%25252Cconcat%252528id%25252C0x3a%25252c%252522sqli-test%252522%252529from%252520wp_users%252520where%252520%252549%252544%252520%252549%25254E%252520%2525281%252529%25253B%252500 HTTP/1.1" 200 113 "127.0.0.1" "Mozilla/5.0 (Macintosh; Intel Mac OS X 10_15_7) AppleWebKit/537.36 (KHTML, like Gecko) Chrome/122.0.0.0 Safari/537.36"
162.0.235.240 - - [14/Oct/2025:12:12:53 -0400] "GET /wp-content/plugins/contact-form-7-style/admin/predefined-templates.json HTTP/1.1" 200 1323 "-" "WordPress/6.8.3; https://batconpakistan.org"
185.196.9.221 - - [14/Oct/2025:12:12:49 -0400] "POST /wp-json/notificationx/v1/analytics HTTP/1.1" 404 114 "127.0.0.1" "Mozilla/5.0 (Windows NT 6.3; Win64; x64; rv:109.0) Gecko/20100101 Firefox/115.0"
185.196.9.221 - - [14/Oct/2025:12:12:49 -0400] "POST / HTTP/1.1" 401 116 "127.0.0.1" "Mozilla/5.0 (CentOS; Linux x86_64) AppleWebKit/537.36 (KHTML, like Gecko) Chrome/119.0.0.0 Safari/537.36"
162.0.235.240 - - [14/Oct/2025:12:12:54 -0400] "POST /wp-cron.php?doing_wp_cron=1760458373.9733779430389404296875 HTTP/1.1" 200 0 "-" "WordPress/6.8.3; https://batconpakistan.org"
162.0.235.240 - - [14/Oct/2025:12:12:54 -0400] "GET /wp-content/plugins/contact-form-7-style/admin/predefined-templates.json HTTP/1.1" 200 1323 "-" "WordPress/6.8.3; https://batconpakistan.org"
162.0.235.240 - - [14/Oct/2025:12:12:54 -0400] "GET /wp-content/plugins/contact-form-7-style/admin/predefined-templates.json HTTP/1.1" 200 1323 "-" "WordPress/6.8.3; https://batconpakistan.org"
185.196.9.221 - - [14/Oct/2025:12:12:53 -0400] "GET //?rest_route=/wc/store/products/collection-data&calculate_attribute_counts[0][query_type]=or&calculate_attribute_counts[0][taxonomy]=%252522%252529%252520union%252520all%252520select%2525201%25252Cconcat%252528id%25252C0x3a%25252c%252522sqli-test%252522%252529from%252520wp_users%252520where%252520%252549%252544%252520%252549%25254E%252520%2525281%252529%25253B%252500 HTTP/1.1" 200 113 "127.0.0.1" "Mozilla/5.0 (Macintosh; Intel Mac OS X 10_15_7) AppleWebKit/605.1.15 (KHTML, like Gecko) Version/18.0 Safari/605.1.15"
185.196.9.221 - - [14/Oct/2025:12:12:53 -0400] "GET /?alg_wc_ev_verify_email=eyJpZCI6MSwiY29kZSI6MH0= HTTP/1.1" 301 0 "127.0.0.1" "Mozilla/5.0 (Windows NT 10.0; Win64; x64; rv:96.0) Gecko/20100101 Firefox/96.0"
162.0.235.240 - - [14/Oct/2025:12:12:54 -0400] "GET /wp-content/plugins/contact-form-7-style/admin/predefined-templates.json HTTP/1.1" 200 1323 "-" "WordPress/6.8.3; https://batconpakistan.org"
185.196.9.221 - - [14/Oct/2025:12:12:49 -0400] "POST /wp-admin/admin-ajax.php HTTP/1.1" 400 5 "127.0.0.1" "Mozilla/5.0 (Macintosh; Intel Mac OS X 10_15_7) AppleWebKit/605.1.15 (KHTML, like Gecko) Version/18.0 Safari/605.1.15"
162.0.235.240 - - [14/Oct/2025:12:12:56 -0400] "GET /wp-content/plugins/contact-form-7-style/admin/predefined-templates.json HTTP/1.1" 200 1323 "-" "WordPress/6.8.3; https://batconpakistan.org"
162.0.235.240 - - [14/Oct/2025:12:12:56 -0400] "GET /wp-content/plugins/contact-form-7-style/admin/predefined-templates.json HTTP/1.1" 200 1323 "-" "WordPress/6.8.3; https://batconpakistan.org"
185.196.9.221 - - [14/Oct/2025:12:12:55 -0400] "POST /wp-admin/admin-ajax.php?template=../../../../../../../wp-config&value=a&min_symbols=1 HTTP/1.1" 400 5 "127.0.0.1" "Mozilla/5.0 (Macintosh; Intel Mac OS X 10_15_7) AppleWebKit/537.36 (KHTML, like Gecko) Chrome/126.0.0.0 Safari/537.36"
185.196.9.221 - - [14/Oct/2025:12:12:55 -0400] "GET /?p=1 HTTP/1.1" 404 15666 "127.0.0.1" "Mozilla/5.0 (Macintosh; Intel Mac OS X 10.15; rv:109.0) Gecko/20100101 Firefox/117.0"
162.0.235.240 - - [14/Oct/2025:12:12:58 -0400] "GET /wp-content/plugins/contact-form-7-style/admin/predefined-templates.json HTTP/1.1" 200 1323 "-" "WordPress/6.8.3; https://batconpakistan.org"
185.196.9.221 - - [14/Oct/2025:12:12:56 -0400] "GET /product-category/uncategorized/ HTTP/1.1" 200 15715 "127.0.0.1" "Mozilla/5.0 (Kubuntu; Linux i686; rv:133.0) Gecko/20100101 Firefox/133.0"
162.0.235.240 - - [14/Oct/2025:12:14:48 -0400] "GET /wp-content/plugins/contact-form-7-style/admin/predefined-templates.json HTTP/1.1" 200 1323 "-" "WordPress/6.8.3; https://batconpakistan.org"
162.0.235.240 - - [14/Oct/2025:12:14:48 -0400] "POST /wp-cron.php?doing_wp_cron=1760458488.7229840755462646484375 HTTP/1.1" 200 0 "-" "WordPress/6.8.3; https://batconpakistan.org"
51.195.183.187 - - [14/Oct/2025:12:14:44 -0400] "GET /tag/extreme-heat/ HTTP/1.1" 200 16831 "-" "Mozilla/5.0 (compatible; AhrefsBot/7.0; +http://ahrefs.com/robot/)"
162.0.235.240 - - [14/Oct/2025:12:14:49 -0400] "GET /wp-content/plugins/contact-form-7-style/admin/predefined-templates.json HTTP/1.1" 200 1323 "-" "WordPress/6.8.3; https://batconpakistan.org"
198.244.242.142 - - [14/Oct/2025:12:15:18 -0400] "GET /wp-content/uploads/dynamic-mobmenu.css?ver=2.8.8-820 HTTP/1.1" 302 771 "-" "Mozilla/5.0 (compatible; AhrefsBot/7.0; +http://ahrefs.com/robot/)"
2a03:2880:f800:1e:: - - [14/Oct/2025:12:17:47 -0400] "GET /tag/zoonoses/ HTTP/1.1" 200 20016 "-" "meta-externalagent/1.1 (+https://developers.facebook.com/docs/sharing/webmasters/crawler)"
162.0.235.240 - - [14/Oct/2025:12:18:19 -0400] "GET /wp-content/plugins/contact-form-7-style/admin/predefined-templates.json HTTP/1.1" 200 1323 "-" "WordPress/6.8.3; https://batconpakistan.org"
162.0.235.240 - - [14/Oct/2025:12:18:19 -0400] "POST /wp-cron.php?doing_wp_cron=1760458699.8683049678802490234375 HTTP/1.1" 200 0 "-" "WordPress/6.8.3; https://batconpakistan.org"
20.40.40.110 - - [14/Oct/2025:12:18:15 -0400] "POST /wp-login.php HTTP/1.1" 200 2041 "-" "Mozilla/5.0"
162.0.235.240 - - [14/Oct/2025:12:18:20 -0400] "GET /wp-content/plugins/contact-form-7-style/admin/predefined-templates.json HTTP/1.1" 200 1323 "-" "WordPress/6.8.3; https://batconpakistan.org"
163.44.192.252 - - [14/Oct/2025:12:19:07 -0400] "GET /wp-login.php HTTP/1.1" 200 1886 "-" "Mozilla/5.0 (compatible; MSIE 10.0; Windows NT 6.1; WOW64; Trident/7.0)"
162.0.235.240 - - [14/Oct/2025:12:19:09 -0400] "GET /wp-content/plugins/contact-form-7-style/admin/predefined-templates.json HTTP/1.1" 200 1323 "-" "WordPress/6.8.3; https://batconpakistan.org"
162.0.235.240 - - [14/Oct/2025:12:19:09 -0400] "POST /wp-cron.php?doing_wp_cron=1760458749.4967179298400878906250 HTTP/1.1" 200 0 "-" "WordPress/6.8.3; https://batconpakistan.org"
163.44.192.252 - - [14/Oct/2025:12:19:08 -0400] "POST /wp-login.php HTTP/1.1" 200 2045 "https://batconpakistan.org/wp-login.php" "Mozilla/5.0 (compatible; MSIE 10.0; Windows NT 6.1; WOW64; Trident/7.0)"
162.0.235.240 - - [14/Oct/2025:12:19:10 -0400] "GET /wp-content/plugins/contact-form-7-style/admin/predefined-templates.json HTTP/1.1" 200 1323 "-" "WordPress/6.8.3; https://batconpakistan.org"
162.0.235.240 - - [14/Oct/2025:12:30:56 -0400] "GET /wp-content/plugins/contact-form-7-style/admin/predefined-templates.json HTTP/1.1" 200 1323 "-" "WordPress/6.8.3; https://batconpakistan.org"
162.0.235.240 - - [14/Oct/2025:12:30:57 -0400] "POST /wp-cron.php?doing_wp_cron=1760459457.5959789752960205078125 HTTP/1.1" 200 0 "-" "WordPress/6.8.3; https://batconpakistan.org"
20.40.40.110 - - [14/Oct/2025:12:30:53 -0400] "POST /wp-login.php HTTP/1.1" 200 2041 "-" "Mozilla/5.0"
162.0.235.240 - - [14/Oct/2025:12:30:58 -0400] "GET /wp-content/plugins/contact-form-7-style/admin/predefined-templates.json HTTP/1.1" 200 1323 "-" "WordPress/6.8.3; https://batconpakistan.org"
148.113.197.67 - - [14/Oct/2025:12:35:09 -0400] "GET /wp-login.php HTTP/1.1" 200 1886 "-" "Mozilla/5.0 (Windows NT 6.1; WOW64; Trident/7.0; MAFSJS; rv:11.0) like Gecko"
162.0.235.240 - - [14/Oct/2025:12:35:16 -0400] "GET /wp-content/plugins/contact-form-7-style/admin/predefined-templates.json HTTP/1.1" 200 1323 "-" "WordPress/6.8.3; https://batconpakistan.org"
162.0.235.240 - - [14/Oct/2025:12:35:17 -0400] "POST /wp-cron.php?doing_wp_cron=1760459717.3266210556030273437500 HTTP/1.1" 200 0 "-" "WordPress/6.8.3; https://batconpakistan.org"
148.113.197.67 - - [14/Oct/2025:12:35:12 -0400] "POST /wp-login.php HTTP/1.1" 200 2045 "https://batconpakistan.org/wp-login.php" "Mozilla/5.0 (Windows NT 6.1; WOW64; Trident/7.0; MAFSJS; rv:11.0) like Gecko"
162.0.235.240 - - [14/Oct/2025:12:35:17 -0400] "GET /wp-content/plugins/contact-form-7-style/admin/predefined-templates.json HTTP/1.1" 200 1323 "-" "WordPress/6.8.3; https://batconpakistan.org"
162.0.235.240 - - [14/Oct/2025:12:36:17 -0400] "GET /wp-content/plugins/contact-form-7-style/admin/predefined-templates.json HTTP/1.1" 200 1323 "-" "WordPress/6.8.3; https://batconpakistan.org"
162.0.235.240 - - [14/Oct/2025:12:36:18 -0400] "POST /wp-cron.php?doing_wp_cron=1760459778.1004500389099121093750 HTTP/1.1" 200 0 "-" "WordPress/6.8.3; https://batconpakistan.org"
40.81.227.89 - - [14/Oct/2025:12:36:17 -0400] "POST /wp-login.php HTTP/1.1" 200 2041 "-" "Mozilla/5.0"
162.0.235.240 - - [14/Oct/2025:12:36:18 -0400] "GET /wp-content/plugins/contact-form-7-style/admin/predefined-templates.json HTTP/1.1" 200 1323 "-" "WordPress/6.8.3; https://batconpakistan.org"
162.0.235.240 - - [14/Oct/2025:12:43:28 -0400] "GET /wp-content/plugins/contact-form-7-style/admin/predefined-templates.json HTTP/1.1" 200 1323 "-" "WordPress/6.8.3; https://batconpakistan.org"
162.0.235.240 - - [14/Oct/2025:12:43:28 -0400] "POST /wp-cron.php?doing_wp_cron=1760460208.6485769748687744140625 HTTP/1.1" 200 0 "-" "WordPress/6.8.3; https://batconpakistan.org"
20.40.40.110 - - [14/Oct/2025:12:43:24 -0400] "POST /wp-login.php HTTP/1.1" 200 2041 "-" "Mozilla/5.0"
162.0.235.240 - - [14/Oct/2025:12:43:29 -0400] "GET /wp-content/plugins/contact-form-7-style/admin/predefined-templates.json HTTP/1.1" 200 1323 "-" "WordPress/6.8.3; https://batconpakistan.org"
162.0.235.240 - - [14/Oct/2025:12:46:38 -0400] "GET /wp-content/plugins/contact-form-7-style/admin/predefined-templates.json HTTP/1.1" 200 1323 "-" "WordPress/6.8.3; https://batconpakistan.org"
162.0.235.240 - - [14/Oct/2025:12:46:39 -0400] "POST /wp-cron.php?doing_wp_cron=1760460399.0156280994415283203125 HTTP/1.1" 200 0 "-" "WordPress/6.8.3; https://batconpakistan.org"
162.0.235.240 - - [14/Oct/2025:12:46:39 -0400] "GET /wp-content/plugins/contact-form-7-style/admin/predefined-templates.json HTTP/1.1" 200 1323 "-" "WordPress/6.8.3; https://batconpakistan.org"
20.194.1.13 - - [14/Oct/2025:12:46:35 -0400] "GET /bat-convervation-pakistan/ HTTP/1.1" 200 20198 "-" "Mozilla/5.0 AppleWebKit/537.36 (KHTML, like Gecko); compatible; ChatGPT-User/1.0; +https://openai.com/bot"
185.191.171.18 - - [14/Oct/2025:12:48:45 -0400] "GET /robots.txt HTTP/1.1" 304 0 "-" "Mozilla/5.0 (compatible; SemrushBot/7~bl; +http://www.semrush.com/bot.html)"
162.0.235.240 - - [14/Oct/2025:12:48:49 -0400] "GET /wp-content/plugins/contact-form-7-style/admin/predefined-templates.json HTTP/1.1" 200 1323 "-" "WordPress/6.8.3; https://batconpakistan.org"
162.0.235.240 - - [14/Oct/2025:12:48:50 -0400] "POST /wp-cron.php?doing_wp_cron=1760460529.9692370891571044921875 HTTP/1.1" 200 0 "-" "WordPress/6.8.3; https://batconpakistan.org"
85.208.96.200 - - [14/Oct/2025:12:48:46 -0400] "GET /shop-2/ HTTP/1.1" 200 16237 "-" "Mozilla/5.0 (compatible; SemrushBot/7~bl; +http://www.semrush.com/bot.html)"
162.0.235.240 - - [14/Oct/2025:12:48:50 -0400] "GET /wp-content/plugins/contact-form-7-style/admin/predefined-templates.json HTTP/1.1" 200 1323 "-" "WordPress/6.8.3; https://batconpakistan.org"
162.0.235.240 - - [14/Oct/2025:12:55:03 -0400] "GET /wp-content/plugins/contact-form-7-style/admin/predefined-templates.json HTTP/1.1" 200 1323 "-" "WordPress/6.8.3; https://batconpakistan.org"
162.0.235.240 - - [14/Oct/2025:12:55:04 -0400] "POST /wp-cron.php?doing_wp_cron=1760460904.7113320827484130859375 HTTP/1.1" 200 0 "-" "WordPress/6.8.3; https://batconpakistan.org"
52.167.144.137 - - [14/Oct/2025:12:54:59 -0400] "GET /Power-&-Hand-Tools-Adapter-Hex-Drill-Bit-uxcell-Magnetic-559652-Socket-Wrenches/ HTTP/1.1" 404 15667 "-" "Mozilla/5.0 AppleWebKit/537.36 (KHTML, like Gecko; compatible; bingbot/2.0; +http://www.bing.com/bingbot.htm) Chrome/116.0.1938.76 Safari/537.36"
162.0.235.240 - - [14/Oct/2025:12:55:05 -0400] "GET /wp-content/plugins/contact-form-7-style/admin/predefined-templates.json HTTP/1.1" 200 1323 "-" "WordPress/6.8.3; https://batconpakistan.org"
162.0.235.240 - - [14/Oct/2025:12:55:59 -0400] "GET /wp-content/plugins/contact-form-7-style/admin/predefined-templates.json HTTP/1.1" 200 1323 "-" "WordPress/6.8.3; https://batconpakistan.org"
162.0.235.240 - - [14/Oct/2025:12:55:59 -0400] "POST /wp-cron.php?doing_wp_cron=1760460959.6005449295043945312500 HTTP/1.1" 200 0 "-" "WordPress/6.8.3; https://batconpakistan.org"
20.40.40.110 - - [14/Oct/2025:12:55:59 -0400] "POST /wp-login.php HTTP/1.1" 200 2041 "-" "Mozilla/5.0"
162.0.235.240 - - [14/Oct/2025:12:56:00 -0400] "GET /wp-content/plugins/contact-form-7-style/admin/predefined-templates.json HTTP/1.1" 200 1323 "-" "WordPress/6.8.3; https://batconpakistan.org"
162.240.14.39 - - [14/Oct/2025:12:56:10 -0400] "GET /wp-login.php HTTP/1.1" 200 1886 "-" "Mozilla/5.0 (Windows NT 10.0; WOW64; Trident/7.0; Touch; rv:11.0) like Gecko"
162.0.235.240 - - [14/Oct/2025:12:56:13 -0400] "GET /wp-content/plugins/contact-form-7-style/admin/predefined-templates.json HTTP/1.1" 200 1323 "-" "WordPress/6.8.3; https://batconpakistan.org"
162.0.235.240 - - [14/Oct/2025:12:56:13 -0400] "POST /wp-cron.php?doing_wp_cron=1760460973.3073179721832275390625 HTTP/1.1" 200 0 "-" "WordPress/6.8.3; https://batconpakistan.org"
162.240.14.39 - - [14/Oct/2025:12:56:12 -0400] "POST /wp-login.php HTTP/1.1" 200 2045 "https://batconpakistan.org/wp-login.php" "Mozilla/5.0 (Windows NT 10.0; WOW64; Trident/7.0; Touch; rv:11.0) like Gecko"
162.0.235.240 - - [14/Oct/2025:12:56:13 -0400] "GET /wp-content/plugins/contact-form-7-style/admin/predefined-templates.json HTTP/1.1" 200 1323 "-" "WordPress/6.8.3; https://batconpakistan.org"
124.29.216.84 - - [14/Oct/2025:12:56:14 -0400] "GET /wp-content/uploads/2021/07/WhatsApp-Image-2021-07-10-at-9.51.16-AM-1-958x719.jpeg HTTP/1.1" 200 143713 "https://www.google.com/" "Mozilla/5.0 (Linux; Android 10; K) AppleWebKit/537.36 (KHTML, like Gecko) Chrome/141.0.0.0 Mobile Safari/537.36"
162.0.235.240 - - [14/Oct/2025:13:01:33 -0400] "GET /wp-content/plugins/contact-form-7-style/admin/predefined-templates.json HTTP/1.1" 200 1323 "-" "WordPress/6.8.3; https://batconpakistan.org"
162.0.235.240 - - [14/Oct/2025:13:01:33 -0400] "POST /wp-cron.php?doing_wp_cron=1760461293.6314830780029296875000 HTTP/1.1" 200 0 "-" "WordPress/6.8.3; https://batconpakistan.org"
216.73.216.20 - - [14/Oct/2025:13:01:29 -0400] "GET /sitemap_index.xml HTTP/1.1" 200 512 "-" "Mozilla/5.0 AppleWebKit/537.36 (KHTML, like Gecko; compatible; ClaudeBot/1.0; +claudebot@anthropic.com)"
162.0.235.240 - - [14/Oct/2025:13:01:34 -0400] "GET /wp-content/plugins/contact-form-7-style/admin/predefined-templates.json HTTP/1.1" 200 1323 "-" "WordPress/6.8.3; https://batconpakistan.org"
103.188.82.198 - - [14/Oct/2025:13:01:47 -0400] "GET /wp-login.php HTTP/1.1" 200 1886 "-" "Mozilla/5.0 (Windows NT 6.1; WOW64) AppleWebKit/537.36 (KHTML, like Gecko) Chrome/66.0.3359.181 Safari/537.36"
162.0.235.240 - - [14/Oct/2025:13:01:51 -0400] "GET /wp-content/plugins/contact-form-7-style/admin/predefined-templates.json HTTP/1.1" 200 1323 "-" "WordPress/6.8.3; https://batconpakistan.org"
162.0.235.240 - - [14/Oct/2025:13:01:51 -0400] "POST /wp-cron.php?doing_wp_cron=1760461311.3941130638122558593750 HTTP/1.1" 200 0 "-" "WordPress/6.8.3; https://batconpakistan.org"
103.188.82.198 - - [14/Oct/2025:13:01:50 -0400] "POST /wp-login.php HTTP/1.1" 200 2045 "https://batconpakistan.org/wp-login.php" "Mozilla/5.0 (Windows NT 6.1; WOW64) AppleWebKit/537.36 (KHTML, like Gecko) Chrome/66.0.3359.181 Safari/537.36"
162.0.235.240 - - [14/Oct/2025:13:01:52 -0400] "GET /wp-content/plugins/contact-form-7-style/admin/predefined-templates.json HTTP/1.1" 200 1323 "-" "WordPress/6.8.3; https://batconpakistan.org"
162.0.235.240 - - [14/Oct/2025:13:02:21 -0400] "GET /wp-content/plugins/contact-form-7-style/admin/predefined-templates.json HTTP/1.1" 200 1323 "-" "WordPress/6.8.3; https://batconpakistan.org"
162.0.235.240 - - [14/Oct/2025:13:02:21 -0400] "POST /wp-cron.php?doing_wp_cron=1760461341.5271921157836914062500 HTTP/1.1" 200 0 "-" "WordPress/6.8.3; https://batconpakistan.org"
185.191.171.3 - - [14/Oct/2025:13:02:20 -0400] "GET /event/featured-links/ HTTP/1.1" 200 18221 "-" "Mozilla/5.0 (compatible; SemrushBot/7~bl; +http://www.semrush.com/bot.html)"
162.0.235.240 - - [14/Oct/2025:13:02:22 -0400] "GET /wp-content/plugins/contact-form-7-style/admin/predefined-templates.json HTTP/1.1" 200 1323 "-" "WordPress/6.8.3; https://batconpakistan.org"
162.0.235.240 - - [14/Oct/2025:13:02:24 -0400] "GET /wp-content/plugins/contact-form-7-style/admin/predefined-templates.json HTTP/1.1" 200 1323 "-" "WordPress/6.8.3; https://batconpakistan.org"
2a03:2880:f800:2b:: - - [14/Oct/2025:13:02:24 -0400] "GET /tag/bats/ HTTP/1.1" 200 21338 "-" "meta-externalagent/1.1 (+https://developers.facebook.com/docs/sharing/webmasters/crawler)"
178.33.109.195 - - [14/Oct/2025:13:07:40 -0400] "GET /wp-login.php HTTP/1.1" 200 1886 "-" "Mozilla/4.0 (compatible; MSIE 7.0; Windows NT 6.2; Win64; x64; Trident/7.0; .NET4.0E; .NET4.0C; .NET CLR 3.5.30729; .NET CLR 2.0.50727; .NET CLR 3.0.30729)"
162.0.235.240 - - [14/Oct/2025:13:07:47 -0400] "GET /wp-content/plugins/contact-form-7-style/admin/predefined-templates.json HTTP/1.1" 200 1323 "-" "WordPress/6.8.3; https://batconpakistan.org"
162.0.235.240 - - [14/Oct/2025:13:07:47 -0400] "POST /wp-cron.php?doing_wp_cron=1760461667.9397070407867431640625 HTTP/1.1" 200 0 "-" "WordPress/6.8.3; https://batconpakistan.org"
178.33.109.195 - - [14/Oct/2025:13:07:44 -0400] "POST /wp-login.php HTTP/1.1" 200 2045 "https://batconpakistan.org/wp-login.php" "Mozilla/4.0 (compatible; MSIE 7.0; Windows NT 6.2; Win64; x64; Trident/7.0; .NET4.0E; .NET4.0C; .NET CLR 3.5.30729; .NET CLR 2.0.50727; .NET CLR 3.0.30729)"
162.0.235.240 - - [14/Oct/2025:13:07:48 -0400] "GET /wp-content/plugins/contact-form-7-style/admin/predefined-templates.json HTTP/1.1" 200 1323 "-" "WordPress/6.8.3; https://batconpakistan.org"
162.0.235.240 - - [14/Oct/2025:13:08:21 -0400] "GET /wp-content/plugins/contact-form-7-style/admin/predefined-templates.json HTTP/1.1" 200 1323 "-" "WordPress/6.8.3; https://batconpakistan.org"
162.0.235.240 - - [14/Oct/2025:13:08:21 -0400] "POST /wp-cron.php?doing_wp_cron=1760461701.3542709350585937500000 HTTP/1.1" 200 0 "-" "WordPress/6.8.3; https://batconpakistan.org"
162.0.235.240 - - [14/Oct/2025:13:08:21 -0400] "GET /wp-content/plugins/contact-form-7-style/admin/predefined-templates.json HTTP/1.1" 200 1323 "-" "WordPress/6.8.3; https://batconpakistan.org"
20.194.1.9 - - [14/Oct/2025:13:08:20 -0400] "GET /2023/10/03/nipah-virus-alert-heightened-risks-and-precautionary-measures-in-pakistan/ HTTP/1.1" 200 23133 "-" "Mozilla/5.0 AppleWebKit/537.36 (KHTML, like Gecko); compatible; ChatGPT-User/1.0; +https://openai.com/bot"
162.0.235.240 - - [14/Oct/2025:13:08:47 -0400] "GET /wp-content/plugins/contact-form-7-style/admin/predefined-templates.json HTTP/1.1" 200 1323 "-" "WordPress/6.8.3; https://batconpakistan.org"
162.0.235.240 - - [14/Oct/2025:13:08:47 -0400] "POST /wp-cron.php?doing_wp_cron=1760461727.7080080509185791015625 HTTP/1.1" 200 0 "-" "WordPress/6.8.3; https://batconpakistan.org"
20.40.40.110 - - [14/Oct/2025:13:08:46 -0400] "POST /wp-login.php HTTP/1.1" 200 2041 "-" "Mozilla/5.0"
162.0.235.240 - - [14/Oct/2025:13:08:48 -0400] "GET /wp-content/plugins/contact-form-7-style/admin/predefined-templates.json HTTP/1.1" 200 1323 "-" "WordPress/6.8.3; https://batconpakistan.org"
40.88.21.235 - - [14/Oct/2025:13:10:57 -0400] "GET / HTTP/1.1" 200 23130 "https://batconpakistan.org/" "DuckDuckBot/1.1; (+http://duckduckgo.com/duckduckbot.html)"
162.0.235.240 - - [14/Oct/2025:13:12:33 -0400] "GET /wp-content/plugins/contact-form-7-style/admin/predefined-templates.json HTTP/1.1" 200 1323 "-" "WordPress/6.8.3; https://batconpakistan.org"
162.0.235.240 - - [14/Oct/2025:13:12:33 -0400] "POST /wp-cron.php?doing_wp_cron=1760461953.8136088848114013671875 HTTP/1.1" 200 0 "-" "WordPress/6.8.3; https://batconpakistan.org"
40.81.227.89 - - [14/Oct/2025:13:12:29 -0400] "POST /wp-login.php HTTP/1.1" 200 2041 "-" "Mozilla/5.0"
162.0.235.240 - - [14/Oct/2025:13:12:34 -0400] "GET /wp-content/plugins/contact-form-7-style/admin/predefined-templates.json HTTP/1.1" 200 1323 "-" "WordPress/6.8.3; https://batconpakistan.org"
88.99.162.239 - - [14/Oct/2025:13:20:08 -0400] "GET /wp-login.php HTTP/1.1" 200 1886 "-" "Mozilla/5.0 (Macintosh; Intel Mac OS X 10_12_3) AppleWebKit/602.4.8 (KHTML, like Gecko) Version/10.0.3 Safari/602.4.8"
162.0.235.240 - - [14/Oct/2025:13:20:14 -0400] "GET /wp-content/plugins/contact-form-7-style/admin/predefined-templates.json HTTP/1.1" 200 1323 "-" "WordPress/6.8.3; https://batconpakistan.org"
162.0.235.240 - - [14/Oct/2025:13:20:15 -0400] "POST /wp-cron.php?doing_wp_cron=1760462415.2296249866485595703125 HTTP/1.1" 200 0 "-" "WordPress/6.8.3; https://batconpakistan.org"
88.99.162.239 - - [14/Oct/2025:13:20:11 -0400] "POST /wp-login.php HTTP/1.1" 200 2045 "https://batconpakistan.org/wp-login.php" "Mozilla/5.0 (Macintosh; Intel Mac OS X 10_12_3) AppleWebKit/602.4.8 (KHTML, like Gecko) Version/10.0.3 Safari/602.4.8"
162.0.235.240 - - [14/Oct/2025:13:20:15 -0400] "GET /wp-content/plugins/contact-form-7-style/admin/predefined-templates.json HTTP/1.1" 200 1323 "-" "WordPress/6.8.3; https://batconpakistan.org"
2a03:2880:2ff:8:: - - [14/Oct/2025:13:25:42 -0400] "GET /robots.txt HTTP/1.1" 301 0 "-" "facebookexternalhit/1.1 (+http://www.facebook.com/externalhit_uatext.php)"
2a03:2880:2ff:8:: - - [14/Oct/2025:13:25:43 -0400] "GET /robots.txt HTTP/1.1" 200 183 "-" "facebookexternalhit/1.1 (+http://www.facebook.com/externalhit_uatext.php)"
2a03:2880:2ff:43:: - - [14/Oct/2025:13:25:43 -0400] "GET /robots.txt HTTP/1.1" 301 0 "-" "facebookexternalhit/1.1 (+http://www.facebook.com/externalhit_uatext.php)"
2a03:2880:2ff:43:: - - [14/Oct/2025:13:25:43 -0400] "GET /robots.txt HTTP/1.1" 200 183 "-" "facebookexternalhit/1.1 (+http://www.facebook.com/externalhit_uatext.php)"
162.0.235.240 - - [14/Oct/2025:13:25:47 -0400] "GET /wp-content/plugins/contact-form-7-style/admin/predefined-templates.json HTTP/1.1" 200 1323 "-" "WordPress/6.8.3; https://batconpakistan.org"
162.0.235.240 - - [14/Oct/2025:13:25:47 -0400] "GET /wp-content/plugins/contact-form-7-style/admin/predefined-templates.json HTTP/1.1" 200 1323 "-" "WordPress/6.8.3; https://batconpakistan.org"
162.0.235.240 - - [14/Oct/2025:13:25:47 -0400] "POST /wp-cron.php?doing_wp_cron=1760462747.5689759254455566406250 HTTP/1.1" 200 0 "-" "WordPress/6.8.3; https://batconpakistan.org"
162.0.235.240 - - [14/Oct/2025:13:25:47 -0400] "POST /wp-cron.php?doing_wp_cron=1760462747.5694019794464111328125 HTTP/1.1" 200 0 "-" "WordPress/6.8.3; https://batconpakistan.org"
2a03:2880:f800:32:: - - [14/Oct/2025:13:25:44 -0400] "GET / HTTP/1.1" 301 0 "-" "meta-externalagent/1.1 (+https://developers.facebook.com/docs/sharing/webmasters/crawler)"
2a03:2880:f800:2c:: - - [14/Oct/2025:13:25:46 -0400] "GET /index.html HTTP/1.1" 301 0 "-" "meta-externalagent/1.1 (+https://developers.facebook.com/docs/sharing/webmasters/crawler)"
162.0.235.240 - - [14/Oct/2025:13:25:48 -0400] "GET /wp-content/plugins/contact-form-7-style/admin/predefined-templates.json HTTP/1.1" 200 1323 "-" "WordPress/6.8.3; https://batconpakistan.org"
162.0.235.240 - - [14/Oct/2025:13:25:48 -0400] "GET /wp-content/plugins/contact-form-7-style/admin/predefined-templates.json HTTP/1.1" 200 1323 "-" "WordPress/6.8.3; https://batconpakistan.org"
162.0.235.240 - - [14/Oct/2025:13:27:43 -0400] "GET /wp-content/plugins/contact-form-7-style/admin/predefined-templates.json HTTP/1.1" 200 1323 "-" "WordPress/6.8.3; https://batconpakistan.org"
162.0.235.240 - - [14/Oct/2025:13:27:43 -0400] "POST /wp-cron.php?doing_wp_cron=1760462863.8639469146728515625000 HTTP/1.1" 200 0 "-" "WordPress/6.8.3; https://batconpakistan.org"
85.208.96.199 - - [14/Oct/2025:13:27:40 -0400] "GET /causes-grid/ HTTP/1.1" 200 16329 "-" "Mozilla/5.0 (compatible; SemrushBot/7~bl; +http://www.semrush.com/bot.html)"
162.0.235.240 - - [14/Oct/2025:13:27:44 -0400] "GET /wp-content/plugins/contact-form-7-style/admin/predefined-templates.json HTTP/1.1" 200 1323 "-" "WordPress/6.8.3; https://batconpakistan.org"
192.36.166.94 - - [14/Oct/2025:13:29:15 -0400] "GET / HTTP/1.1" 200 23130 "http://batconpakistan.org/" "Mozilla/5.0 (Windows NT 10.0; Win64; x64) AppleWebKit/537.36 (KHTML, like Gecko) Chrome/122.0.0.0 Safari/537.36 Agency/93.8.2357.5"
192.36.173.21 - - [14/Oct/2025:13:29:15 -0400] "GET /2023/10/03/nipah-virus-alert-heightened-risks-and-precautionary-measures-in-pakistan/ HTTP/1.1" 200 23133 "-" "Mozilla/5.0 (Windows NT 10.0; Win64; x64) AppleWebKit/537.36 (KHTML, like Gecko) Chrome/122.0.0.0 Safari/537.36 Agency/93.8.2357.5"
192.36.136.8 - - [14/Oct/2025:13:29:16 -0400] "GET /2021/07/27/over-400-indian-flying-foxes-pteropus-medius-were-mercilessly-killed-in-nawab-shah-sindh-pakistan-these-bats-were-believed-to-be-a-serious-pest-for-fruits-trees-of-mango-and-banana-in-these-areas/ HTTP/1.1" 200 20675 "-" "Mozilla/5.0 (Windows NT 10.0; Win64; x64) AppleWebKit/537.36 (KHTML, like Gecko) Chrome/122.0.0.0 Safari/537.36 Agency/93.8.2357.5"
162.0.235.240 - - [14/Oct/2025:13:29:19 -0400] "GET /wp-content/plugins/contact-form-7-style/admin/predefined-templates.json HTTP/1.1" 200 1323 "-" "WordPress/6.8.3; https://batconpakistan.org"
162.0.235.240 - - [14/Oct/2025:13:29:20 -0400] "POST /wp-cron.php?doing_wp_cron=1760462960.2388379573822021484375 HTTP/1.1" 200 0 "-" "WordPress/6.8.3; https://batconpakistan.org"
192.121.146.24 - - [14/Oct/2025:13:29:16 -0400] "GET /2021/02/07/a-new-research-project-will-explore-how-extreme-heat-events-impact-indian-flying-foxes-in-pakistan/ HTTP/1.1" 200 23111 "-" "Mozilla/5.0 (Windows NT 10.0; Win64; x64) AppleWebKit/537.36 (KHTML, like Gecko) Chrome/122.0.0.0 Safari/537.36 Agency/93.8.2357.5"
162.0.235.240 - - [14/Oct/2025:13:29:20 -0400] "GET /wp-content/plugins/contact-form-7-style/admin/predefined-templates.json HTTP/1.1" 200 1323 "-" "WordPress/6.8.3; https://batconpakistan.org"
162.0.235.240 - - [14/Oct/2025:13:30:15 -0400] "GET /wp-content/plugins/contact-form-7-style/admin/predefined-templates.json HTTP/1.1" 200 1323 "-" "WordPress/6.8.3; https://batconpakistan.org"
162.0.235.240 - - [14/Oct/2025:13:30:16 -0400] "POST /wp-cron.php?doing_wp_cron=1760463016.0883419513702392578125 HTTP/1.1" 200 0 "-" "WordPress/6.8.3; https://batconpakistan.org"
40.77.167.154 - - [14/Oct/2025:13:30:15 -0400] "GET /Power-Transmission-Products-C-Clearance-mm-OD-mm-Width-NTN-Bearing-C-Single-584252-Deep-Groove-Ball-Bearings/ HTTP/1.1" 404 15665 "-" "Mozilla/5.0 AppleWebKit/537.36 (KHTML, like Gecko; compatible; bingbot/2.0; +http://www.bing.com/bingbot.htm) Chrome/116.0.1938.76 Safari/537.36"
162.0.235.240 - - [14/Oct/2025:13:30:16 -0400] "GET /wp-content/plugins/contact-form-7-style/admin/predefined-templates.json HTTP/1.1" 200 1323 "-" "WordPress/6.8.3; https://batconpakistan.org"
162.0.235.240 - - [14/Oct/2025:13:30:45 -0400] "GET /wp-content/plugins/contact-form-7-style/admin/predefined-templates.json HTTP/1.1" 200 1323 "-" "WordPress/6.8.3; https://batconpakistan.org"
162.0.235.240 - - [14/Oct/2025:13:30:45 -0400] "POST /wp-cron.php?doing_wp_cron=1760463045.3705389499664306640625 HTTP/1.1" 200 0 "-" "WordPress/6.8.3; https://batconpakistan.org"
40.77.167.154 - - [14/Oct/2025:13:30:44 -0400] "GET /Power-Transmission-Products-Gll-Pack-of-Pack-of-651902-Bushing-Shafts/ HTTP/1.1" 404 15667 "-" "Mozilla/5.0 AppleWebKit/537.36 (KHTML, like Gecko; compatible; bingbot/2.0; +http://www.bing.com/bingbot.htm) Chrome/116.0.1938.76 Safari/537.36"
162.0.235.240 - - [14/Oct/2025:13:30:45 -0400] "GET /wp-content/plugins/contact-form-7-style/admin/predefined-templates.json HTTP/1.1" 200 1323 "-" "WordPress/6.8.3; https://batconpakistan.org"
162.0.235.240 - - [14/Oct/2025:13:31:31 -0400] "GET /wp-content/plugins/contact-form-7-style/admin/predefined-templates.json HTTP/1.1" 200 1323 "-" "WordPress/6.8.3; https://batconpakistan.org"
162.0.235.240 - - [14/Oct/2025:13:31:31 -0400] "POST /wp-cron.php?doing_wp_cron=1760463091.4939088821411132812500 HTTP/1.1" 200 0 "-" "WordPress/6.8.3; https://batconpakistan.org"
51.89.129.102 - - [14/Oct/2025:13:31:30 -0400] "GET /gallery/child-labour-is-the-worst-thing-in-the-world/ HTTP/1.1" 200 16642 "-" "Mozilla/5.0 (compatible; AhrefsBot/7.0; +http://ahrefs.com/robot/)"
162.0.235.240 - - [14/Oct/2025:13:31:31 -0400] "GET /wp-content/plugins/contact-form-7-style/admin/predefined-templates.json HTTP/1.1" 200 1323 "-" "WordPress/6.8.3; https://batconpakistan.org"
85.10.206.80 - - [14/Oct/2025:13:34:08 -0400] "GET /wp-login.php HTTP/1.1" 200 1886 "-" "Mozilla/5.0 (Macintosh; Intel Mac OS X 10.11; rv:60.0) Gecko/20100101 Firefox/60.0"
109.194.250.119 - - [14/Oct/2025:13:34:10 -0400] "GET /contact-us/ HTTP/1.1" 200 17306 "https://batconpakistan.org/contact-us/" "Mozilla/5.0 (Windows NT 10.0; Win64; x64) AppleWebKit/537.36 (KHTML, like Gecko) Chrome/129.0.0.0 Safari/537.36"
162.0.235.240 - - [14/Oct/2025:13:34:12 -0400] "GET /wp-content/plugins/contact-form-7-style/admin/predefined-templates.json HTTP/1.1" 200 1323 "-" "WordPress/6.8.3; https://batconpakistan.org"
162.0.235.240 - - [14/Oct/2025:13:34:12 -0400] "GET /wp-content/plugins/contact-form-7-style/admin/predefined-templates.json HTTP/1.1" 200 1323 "-" "WordPress/6.8.3; https://batconpakistan.org"
85.10.206.80 - - [14/Oct/2025:13:34:09 -0400] "POST /wp-login.php HTTP/1.1" 200 2045 "https://batconpakistan.org/wp-login.php" "Mozilla/5.0 (Macintosh; Intel Mac OS X 10.11; rv:60.0) Gecko/20100101 Firefox/60.0"
162.0.235.240 - - [14/Oct/2025:13:34:12 -0400] "POST /wp-cron.php?doing_wp_cron=1760463252.8960869312286376953125 HTTP/1.1" 200 0 "-" "WordPress/6.8.3; https://batconpakistan.org"
162.0.235.240 - - [14/Oct/2025:13:34:13 -0400] "GET /wp-content/plugins/contact-form-7-style/admin/predefined-templates.json HTTP/1.1" 200 1323 "-" "WordPress/6.8.3; https://batconpakistan.org"
109.194.250.119 - - [14/Oct/2025:13:34:11 -0400] "POST /contact-us/ HTTP/1.1" 200 17429 "https://batconpakistan.org/contact-us/" "Mozilla/5.0 (Windows NT 10.0; Win64; x64) AppleWebKit/537.36 (KHTML, like Gecko) Chrome/129.0.0.0 Safari/537.36"
109.194.250.119 - - [14/Oct/2025:13:34:13 -0400] "GET /contact-us/ HTTP/1.1" 200 17306 "https://batconpakistan.org/contact-us/" "Mozilla/5.0 (Windows NT 10.0; Win64; x64) AppleWebKit/537.36 (KHTML, like Gecko) Chrome/129.0.0.0 Safari/537.36"
162.0.235.240 - - [14/Oct/2025:13:34:14 -0400] "GET /wp-content/plugins/contact-form-7-style/admin/predefined-templates.json HTTP/1.1" 200 1323 "-" "WordPress/6.8.3; https://batconpakistan.org"
109.194.250.119 - - [14/Oct/2025:13:34:14 -0400] "GET /board-members/ HTTP/1.1" 200 21590 "https://batconpakistan.org/board-members/" "Mozilla/5.0 (Windows NT 10.0; Win64; x64) AppleWebKit/537.36 (KHTML, like Gecko) Chrome/129.0.0.0 Safari/537.36"
162.0.235.240 - - [14/Oct/2025:13:36:49 -0400] "GET /wp-content/plugins/contact-form-7-style/admin/predefined-templates.json HTTP/1.1" 200 1323 "-" "WordPress/6.8.3; https://batconpakistan.org"
162.0.235.240 - - [14/Oct/2025:13:36:50 -0400] "POST /wp-cron.php?doing_wp_cron=1760463410.0788569450378417968750 HTTP/1.1" 200 0 "-" "WordPress/6.8.3; https://batconpakistan.org"
52.167.144.20 - - [14/Oct/2025:13:36:46 -0400] "GET /Industrial-Electrical-Front-Light-&-Rear-Light-Cycling-Safety-Powerful-Lumens-LED-384664-USB-Cables/ HTTP/1.1" 404 15667 "-" "Mozilla/5.0 AppleWebKit/537.36 (KHTML, like Gecko; compatible; bingbot/2.0; +http://www.bing.com/bingbot.htm) Chrome/116.0.1938.76 Safari/537.36"
162.0.235.240 - - [14/Oct/2025:13:36:50 -0400] "GET /wp-content/plugins/contact-form-7-style/admin/predefined-templates.json HTTP/1.1" 200 1323 "-" "WordPress/6.8.3; https://batconpakistan.org"
103.178.231.51 - - [14/Oct/2025:13:38:29 -0400] "GET /wp-login.php HTTP/1.1" 200 1886 "-" "Mozilla/5.0 (Windows NT 6.1; Win64; x64) AppleWebKit/537.36 (KHTML, like Gecko) Chrome/65.0.3325.181 Safari/537.36 OPR/52.0.2871.99"
162.0.235.240 - - [14/Oct/2025:13:38:34 -0400] "GET /wp-content/plugins/contact-form-7-style/admin/predefined-templates.json HTTP/1.1" 200 1323 "-" "WordPress/6.8.3; https://batconpakistan.org"
162.0.235.240 - - [14/Oct/2025:13:38:35 -0400] "POST /wp-cron.php?doing_wp_cron=1760463515.6375710964202880859375 HTTP/1.1" 200 0 "-" "WordPress/6.8.3; https://batconpakistan.org"
103.178.231.51 - - [14/Oct/2025:13:38:31 -0400] "POST /wp-login.php HTTP/1.1" 200 2045 "https://batconpakistan.org/wp-login.php" "Mozilla/5.0 (Windows NT 6.1; Win64; x64) AppleWebKit/537.36 (KHTML, like Gecko) Chrome/65.0.3325.181 Safari/537.36 OPR/52.0.2871.99"
162.0.235.240 - - [14/Oct/2025:13:38:36 -0400] "GET /wp-content/plugins/contact-form-7-style/admin/predefined-templates.json HTTP/1.1" 200 1323 "-" "WordPress/6.8.3; https://batconpakistan.org"
162.0.235.240 - - [14/Oct/2025:13:42:21 -0400] "GET /wp-content/plugins/contact-form-7-style/admin/predefined-templates.json HTTP/1.1" 200 1323 "-" "WordPress/6.8.3; https://batconpakistan.org"
162.0.235.240 - - [14/Oct/2025:13:42:22 -0400] "POST /wp-cron.php?doing_wp_cron=1760463742.0554540157318115234375 HTTP/1.1" 200 0 "-" "WordPress/6.8.3; https://batconpakistan.org"
85.208.96.205 - - [14/Oct/2025:13:42:17 -0400] "GET /user-profile/ HTTP/1.1" 200 16659 "-" "Mozilla/5.0 (compatible; SemrushBot/7~bl; +http://www.semrush.com/bot.html)"
162.0.235.240 - - [14/Oct/2025:13:42:22 -0400] "GET /wp-content/plugins/contact-form-7-style/admin/predefined-templates.json HTTP/1.1" 200 1323 "-" "WordPress/6.8.3; https://batconpakistan.org"
173.239.214.38 - - [14/Oct/2025:13:43:53 -0400] "GET /.env HTTP/1.1" 403 1242 "-" "Mozilla/5.0 (Macintosh; Intel Mac OS X 10.15; rv:77.0) Gecko/20100101 Firefox/77.0"
173.239.214.41 - - [14/Oct/2025:13:43:53 -0400] "GET /wp-content/ HTTP/1.1" 200 0 "-" "Mozilla/5.0 (Macintosh; Intel Mac OS X 10.15; rv:77.0) Gecko/20100101 Firefox/77.0"
91.98.65.63 - - [14/Oct/2025:13:46:08 -0400] "GET /wp-login.php HTTP/1.1" 200 1886 "-" "Mozilla/5.0 (Windows NT 10.0; WOW64) AppleWebKit/537.36 (KHTML, like Gecko) Chrome/66.0.3359.117 Safari/537.36"
162.0.235.240 - - [14/Oct/2025:13:46:16 -0400] "GET /wp-content/plugins/contact-form-7-style/admin/predefined-templates.json HTTP/1.1" 200 1323 "-" "WordPress/6.8.3; https://batconpakistan.org"
162.0.235.240 - - [14/Oct/2025:13:46:17 -0400] "POST /wp-cron.php?doing_wp_cron=1760463977.1407449245452880859375 HTTP/1.1" 200 0 "-" "WordPress/6.8.3; https://batconpakistan.org"
91.98.65.63 - - [14/Oct/2025:13:46:12 -0400] "POST /wp-login.php HTTP/1.1" 200 2045 "https://batconpakistan.org/wp-login.php" "Mozilla/5.0 (Windows NT 10.0; WOW64) AppleWebKit/537.36 (KHTML, like Gecko) Chrome/66.0.3359.117 Safari/537.36"
162.0.235.240 - - [14/Oct/2025:13:46:17 -0400] "GET /wp-content/plugins/contact-form-7-style/admin/predefined-templates.json HTTP/1.1" 200 1323 "-" "WordPress/6.8.3; https://batconpakistan.org"
162.0.235.240 - - [14/Oct/2025:13:48:27 -0400] "GET /wp-content/plugins/contact-form-7-style/admin/predefined-templates.json HTTP/1.1" 200 1323 "-" "WordPress/6.8.3; https://batconpakistan.org"
162.0.235.240 - - [14/Oct/2025:13:48:27 -0400] "POST /wp-cron.php?doing_wp_cron=1760464107.7189979553222656250000 HTTP/1.1" 200 0 "-" "WordPress/6.8.3; https://batconpakistan.org"
40.81.227.89 - - [14/Oct/2025:13:48:24 -0400] "POST /wp-login.php HTTP/1.1" 200 2041 "-" "Mozilla/5.0"
162.0.235.240 - - [14/Oct/2025:13:48:28 -0400] "GET /wp-content/plugins/contact-form-7-style/admin/predefined-templates.json HTTP/1.1" 200 1323 "-" "WordPress/6.8.3; https://batconpakistan.org"
66.249.66.71 - - [14/Oct/2025:13:58:00 -0400] "GET /wp-content/cache/autoptimize/css/autoptimize_single_c239a19ab97fc5c3a9185c6f4769b642.css?ver=1.8.8 HTTP/1.1" 200 501 "https://batconpakistan.org/board-members/" "Mozilla/5.0 AppleWebKit/537.36 (KHTML, like Gecko; compatible; GoogleOther) Chrome/140.0.7339.207 Safari/537.36"
66.249.66.72 - - [14/Oct/2025:13:58:01 -0400] "GET /wp-content/plugins/charitable/assets/css/charitable.min.css?ver=1.8.8 HTTP/1.1" 200 4214 "https://batconpakistan.org/board-members/" "Mozilla/5.0 AppleWebKit/537.36 (KHTML, like Gecko; compatible; GoogleOther) Chrome/140.0.7339.207 Safari/537.36"
66.249.66.71 - - [14/Oct/2025:13:58:02 -0400] "GET /wp-content/uploads/elementor/css/post-1137.css?ver=1758750833 HTTP/1.1" 200 153 "https://batconpakistan.org/board-members/" "Mozilla/5.0 AppleWebKit/537.36 (KHTML, like Gecko; compatible; GoogleOther) Chrome/140.0.7339.207 Safari/537.36"
66.249.66.72 - - [14/Oct/2025:13:58:02 -0400] "GET /wp-includes/js/dist/hooks.min.js?ver=4d63a3d491d11ffd8ac6 HTTP/1.1" 304 0 "https://batconpakistan.org/board-members/" "Mozilla/5.0 AppleWebKit/537.36 (KHTML, like Gecko; compatible; GoogleOther) Chrome/140.0.7339.207 Safari/537.36"
66.249.66.71 - - [14/Oct/2025:13:58:03 -0400] "GET /wp-content/cache/autoptimize/css/autoptimize_single_0a5cfa15a1c3bce6319a071a84e71e83.css?ver=10.2.1 HTTP/1.1" 200 10379 "https://batconpakistan.org/board-members/" "Mozilla/5.0 AppleWebKit/537.36 (KHTML, like Gecko; compatible; GoogleOther) Chrome/140.0.7339.207 Safari/537.36"
