162.0.235.240 - - [14/Oct/2025:18:05:42 -0400] "POST /wp-cron.php?doing_wp_cron=1760479542.4182550907135009765625 HTTP/1.1" 200 0 "-" "WordPress/6.8.3; https://batconpakistan.org"
2a03:2880:f800:10:: - - [14/Oct/2025:18:05:41 -0400] "GET /index.html HTTP/1.1" 404 15666 "-" "meta-externalagent/1.1 (+https://developers.facebook.com/docs/sharing/webmasters/crawler)"
162.0.235.240 - - [14/Oct/2025:18:05:42 -0400] "GET /wp-content/plugins/contact-form-7-style/admin/predefined-templates.json HTTP/1.1" 200 1323 "-" "WordPress/6.8.3; https://batconpakistan.org"
162.0.235.240 - - [14/Oct/2025:18:05:55 -0400] "GET /wp-content/plugins/contact-form-7-style/admin/predefined-templates.json HTTP/1.1" 200 1323 "-" "WordPress/6.8.3; https://batconpakistan.org"
162.0.235.240 - - [14/Oct/2025:18:05:56 -0400] "POST /wp-cron.php?doing_wp_cron=1760479556.1064870357513427734375 HTTP/1.1" 200 0 "-" "WordPress/6.8.3; https://batconpakistan.org"
40.77.167.4 - - [14/Oct/2025:18:05:55 -0400] "GET /Industrial-Electrical-Cable-Supermicro-CBLSAST-Internal-341696-MiniSAS-Cables/ HTTP/1.1" 404 15666 "-" "Mozilla/5.0 AppleWebKit/537.36 (KHTML, like Gecko; compatible; bingbot/2.0; +http://www.bing.com/bingbot.htm) Chrome/116.0.1938.76 Safari/537.36"
162.0.235.240 - - [14/Oct/2025:18:05:56 -0400] "GET /wp-content/plugins/contact-form-7-style/admin/predefined-templates.json HTTP/1.1" 200 1323 "-" "WordPress/6.8.3; https://batconpakistan.org"
162.0.235.240 - - [14/Oct/2025:18:06:00 -0400] "GET /wp-content/plugins/contact-form-7-style/admin/predefined-templates.json HTTP/1.1" 200 1323 "-" "WordPress/6.8.3; https://batconpakistan.org"
162.0.235.240 - - [14/Oct/2025:18:06:00 -0400] "POST /wp-cron.php?doing_wp_cron=1760479560.9238760471343994140625 HTTP/1.1" 200 0 "-" "WordPress/6.8.3; https://batconpakistan.org"
35.231.115.86 - - [14/Oct/2025:18:06:00 -0400] "GET /comments/feed/ HTTP/1.1" 200 691 "-" "ZoominfoBot (zoominfobot at zoominfo dot com)"
162.0.235.240 - - [14/Oct/2025:18:06:01 -0400] "GET /wp-content/plugins/contact-form-7-style/admin/predefined-templates.json HTTP/1.1" 200 1323 "-" "WordPress/6.8.3; https://batconpakistan.org"
172.178.140.144 - - [14/Oct/2025:18:07:26 -0400] "GET /category/uncategorized/ HTTP/1.1" 200 24791 "-" "Mozilla/5.0 AppleWebKit/537.36 (KHTML, like Gecko); compatible; ChatGPT-User/1.0; +https://openai.com/bot"
172.178.140.158 - - [14/Oct/2025:18:07:28 -0400] "GET / HTTP/1.1" 200 23132 "-" "Mozilla/5.0 AppleWebKit/537.36 (KHTML, like Gecko); compatible; ChatGPT-User/1.0; +https://openai.com/bot"
162.0.235.240 - - [14/Oct/2025:18:07:29 -0400] "GET /wp-content/plugins/contact-form-7-style/admin/predefined-templates.json HTTP/1.1" 200 1323 "-" "WordPress/6.8.3; https://batconpakistan.org"
162.0.235.240 - - [14/Oct/2025:18:07:30 -0400] "POST /wp-cron.php?doing_wp_cron=1760479650.3017630577087402343750 HTTP/1.1" 200 0 "-" "WordPress/6.8.3; https://batconpakistan.org"
172.178.140.147 - - [14/Oct/2025:18:07:26 -0400] "GET /tag/bats/ HTTP/1.1" 200 21338 "-" "Mozilla/5.0 AppleWebKit/537.36 (KHTML, like Gecko); compatible; ChatGPT-User/1.0; +https://openai.com/bot"
162.0.235.240 - - [14/Oct/2025:18:07:30 -0400] "GET /wp-content/plugins/contact-form-7-style/admin/predefined-templates.json HTTP/1.1" 200 1323 "-" "WordPress/6.8.3; https://batconpakistan.org"
162.0.235.240 - - [14/Oct/2025:18:14:17 -0400] "GET /wp-content/plugins/contact-form-7-style/admin/predefined-templates.json HTTP/1.1" 200 1323 "-" "WordPress/6.8.3; https://batconpakistan.org"
162.0.235.240 - - [14/Oct/2025:18:14:17 -0400] "POST /wp-cron.php?doing_wp_cron=1760480057.8024530410766601562500 HTTP/1.1" 200 0 "-" "WordPress/6.8.3; https://batconpakistan.org"
157.55.39.16 - - [14/Oct/2025:18:14:14 -0400] "GET /Fasteners-FLAT-Concrete-Screw-101846-Concrete-Screws/ HTTP/1.1" 404 15667 "-" "Mozilla/5.0 AppleWebKit/537.36 (KHTML, like Gecko; compatible; bingbot/2.0; +http://www.bing.com/bingbot.htm) Chrome/116.0.1938.76 Safari/537.36"
162.0.235.240 - - [14/Oct/2025:18:14:18 -0400] "GET /wp-content/plugins/contact-form-7-style/admin/predefined-templates.json HTTP/1.1" 200 1323 "-" "WordPress/6.8.3; https://batconpakistan.org"
185.166.197.27 - - [14/Oct/2025:18:14:46 -0400] "GET / HTTP/1.1" 200 23132 "-" "Mozilla/5.0 (Macintosh; Intel Mac OS X 10_9_1) AppleWebKit/537.36 (KHTML, like Gecko) Chrome/54.0.2853.75 Safari/537.36"
162.0.235.240 - - [14/Oct/2025:18:16:12 -0400] "GET /wp-content/plugins/contact-form-7-style/admin/predefined-templates.json HTTP/1.1" 200 1323 "-" "WordPress/6.8.3; https://batconpakistan.org"
162.0.235.240 - - [14/Oct/2025:18:16:13 -0400] "POST /wp-cron.php?doing_wp_cron=1760480173.2687299251556396484375 HTTP/1.1" 200 0 "-" "WordPress/6.8.3; https://batconpakistan.org"
157.55.39.16 - - [14/Oct/2025:18:16:09 -0400] "GET /Power-Transmission-Products-REDUCER-SF852BR45KB5M1-646736-Change-Gears/ HTTP/1.1" 404 15667 "-" "Mozilla/5.0 AppleWebKit/537.36 (KHTML, like Gecko; compatible; bingbot/2.0; +http://www.bing.com/bingbot.htm) Chrome/116.0.1938.76 Safari/537.36"
162.0.235.240 - - [14/Oct/2025:18:16:13 -0400] "GET /wp-content/plugins/contact-form-7-style/admin/predefined-templates.json HTTP/1.1" 200 1323 "-" "WordPress/6.8.3; https://batconpakistan.org"
199.16.157.181 - - [14/Oct/2025:18:21:55 -0400] "GET /robots.txt HTTP/1.1" 200 183 "-" "Twitterbot/1.0"
199.16.157.181 - - [14/Oct/2025:18:21:55 -0400] "GET /wp-content/uploads/2021/01/Fi5FThmWYAAyQYa.jpg HTTP/1.1" 200 193895 "-" "Twitterbot/1.0"
185.182.184.169 - - [14/Oct/2025:18:34:02 -0400] "GET /wp-login.php HTTP/1.1" 200 1885 "-" "Mozilla/5.0 (Windows NT 6.2; Win64; x64) AppleWebKit/537.36 (KHTML, like Gecko) Chrome/65.0.3325.181 Safari/537.36 OPR/52.0.2871.99"
162.0.235.240 - - [14/Oct/2025:18:34:12 -0400] "GET /wp-content/plugins/contact-form-7-style/admin/predefined-templates.json HTTP/1.1" 200 1323 "-" "WordPress/6.8.3; https://batconpakistan.org"
162.0.235.240 - - [14/Oct/2025:18:34:13 -0400] "POST /wp-cron.php?doing_wp_cron=1760481253.6201810836791992187500 HTTP/1.1" 200 0 "-" "WordPress/6.8.3; https://batconpakistan.org"
185.182.184.169 - - [14/Oct/2025:18:34:09 -0400] "POST /wp-login.php HTTP/1.1" 200 2045 "https://batconpakistan.org/wp-login.php" "Mozilla/5.0 (Windows NT 6.2; Win64; x64) AppleWebKit/537.36 (KHTML, like Gecko) Chrome/65.0.3325.181 Safari/537.36 OPR/52.0.2871.99"
162.0.235.240 - - [14/Oct/2025:18:34:14 -0400] "GET /wp-content/plugins/contact-form-7-style/admin/predefined-templates.json HTTP/1.1" 200 1323 "-" "WordPress/6.8.3; https://batconpakistan.org"
162.0.235.240 - - [14/Oct/2025:18:35:54 -0400] "GET /wp-content/plugins/contact-form-7-style/admin/predefined-templates.json HTTP/1.1" 200 1323 "-" "WordPress/6.8.3; https://batconpakistan.org"
162.0.235.240 - - [14/Oct/2025:18:35:55 -0400] "POST /wp-cron.php?doing_wp_cron=1760481355.4818520545959472656250 HTTP/1.1" 200 0 "-" "WordPress/6.8.3; https://batconpakistan.org"
198.244.226.139 - - [14/Oct/2025:18:35:51 -0400] "GET /sitemap_index.xml HTTP/1.1" 200 512 "-" "Mozilla/5.0 (compatible; AhrefsBot/7.0; +http://ahrefs.com/robot/)"
162.0.235.240 - - [14/Oct/2025:18:35:56 -0400] "GET /wp-content/plugins/contact-form-7-style/admin/predefined-templates.json HTTP/1.1" 200 1323 "-" "WordPress/6.8.3; https://batconpakistan.org"
162.0.235.240 - - [14/Oct/2025:18:35:57 -0400] "GET /wp-content/plugins/contact-form-7-style/admin/predefined-templates.json HTTP/1.1" 200 1323 "-" "WordPress/6.8.3; https://batconpakistan.org"
198.244.226.154 - - [14/Oct/2025:18:35:56 -0400] "GET /post-sitemap.xml HTTP/1.1" 200 976 "-" "Mozilla/5.0 (compatible; AhrefsBot/7.0; +http://ahrefs.com/robot/)"
162.0.235.240 - - [14/Oct/2025:18:35:59 -0400] "GET /wp-content/plugins/contact-form-7-style/admin/predefined-templates.json HTTP/1.1" 200 1323 "-" "WordPress/6.8.3; https://batconpakistan.org"
162.0.235.240 - - [14/Oct/2025:18:35:59 -0400] "POST /wp-cron.php?doing_wp_cron=1760481359.8378729820251464843750 HTTP/1.1" 200 0 "-" "WordPress/6.8.3; https://batconpakistan.org"
198.244.242.250 - - [14/Oct/2025:18:35:59 -0400] "GET /page-sitemap.xml HTTP/1.1" 200 1544 "-" "Mozilla/5.0 (compatible; AhrefsBot/7.0; +http://ahrefs.com/robot/)"
162.0.235.240 - - [14/Oct/2025:18:36:00 -0400] "GET /wp-content/plugins/contact-form-7-style/admin/predefined-templates.json HTTP/1.1" 200 1323 "-" "WordPress/6.8.3; https://batconpakistan.org"
162.0.235.240 - - [14/Oct/2025:18:36:02 -0400] "GET /wp-content/plugins/contact-form-7-style/admin/predefined-templates.json HTTP/1.1" 200 1323 "-" "WordPress/6.8.3; https://batconpakistan.org"
198.244.183.153 - - [14/Oct/2025:18:36:01 -0400] "GET /testimonial-sitemap.xml HTTP/1.1" 200 391 "-" "Mozilla/5.0 (compatible; AhrefsBot/7.0; +http://ahrefs.com/robot/)"
162.0.235.240 - - [14/Oct/2025:18:36:09 -0400] "GET /wp-content/plugins/contact-form-7-style/admin/predefined-templates.json HTTP/1.1" 200 1323 "-" "WordPress/6.8.3; https://batconpakistan.org"
162.0.235.240 - - [14/Oct/2025:18:36:09 -0400] "POST /wp-cron.php?doing_wp_cron=1760481369.3954889774322509765625 HTTP/1.1" 200 0 "-" "WordPress/6.8.3; https://batconpakistan.org"
51.89.129.125 - - [14/Oct/2025:18:36:08 -0400] "GET /gallery-sitemap.xml HTTP/1.1" 200 560 "-" "Mozilla/5.0 (compatible; AhrefsBot/7.0; +http://ahrefs.com/robot/)"
162.0.235.240 - - [14/Oct/2025:18:36:09 -0400] "GET /wp-content/plugins/contact-form-7-style/admin/predefined-templates.json HTTP/1.1" 200 1323 "-" "WordPress/6.8.3; https://batconpakistan.org"
162.0.235.240 - - [14/Oct/2025:18:36:18 -0400] "GET /wp-content/plugins/contact-form-7-style/admin/predefined-templates.json HTTP/1.1" 200 1323 "-" "WordPress/6.8.3; https://batconpakistan.org"
51.89.129.215 - - [14/Oct/2025:18:36:17 -0400] "GET /event-sitemap.xml HTTP/1.1" 200 452 "-" "Mozilla/5.0 (compatible; AhrefsBot/7.0; +http://ahrefs.com/robot/)"
162.0.235.240 - - [14/Oct/2025:18:36:27 -0400] "GET /wp-content/plugins/contact-form-7-style/admin/predefined-templates.json HTTP/1.1" 200 1323 "-" "WordPress/6.8.3; https://batconpakistan.org"
51.195.183.9 - - [14/Oct/2025:18:36:27 -0400] "GET /team-sitemap.xml HTTP/1.1" 200 818 "-" "Mozilla/5.0 (compatible; AhrefsBot/7.0; +http://ahrefs.com/robot/)"
162.0.235.240 - - [14/Oct/2025:18:36:29 -0400] "GET /wp-content/plugins/contact-form-7-style/admin/predefined-templates.json HTTP/1.1" 200 1323 "-" "WordPress/6.8.3; https://batconpakistan.org"
198.244.226.25 - - [14/Oct/2025:18:36:29 -0400] "GET /product-sitemap.xml HTTP/1.1" 200 532 "-" "Mozilla/5.0 (compatible; AhrefsBot/7.0; +http://ahrefs.com/robot/)"
162.0.235.240 - - [14/Oct/2025:18:36:40 -0400] "GET /wp-content/plugins/contact-form-7-style/admin/predefined-templates.json HTTP/1.1" 200 1323 "-" "WordPress/6.8.3; https://batconpakistan.org"
162.0.235.240 - - [14/Oct/2025:18:36:40 -0400] "POST /wp-cron.php?doing_wp_cron=1760481400.3118898868560791015625 HTTP/1.1" 200 0 "-" "WordPress/6.8.3; https://batconpakistan.org"
54.38.147.116 - - [14/Oct/2025:18:36:39 -0400] "GET /campaign-sitemap.xml HTTP/1.1" 200 478 "-" "Mozilla/5.0 (compatible; AhrefsBot/7.0; +http://ahrefs.com/robot/)"
162.0.235.240 - - [14/Oct/2025:18:36:40 -0400] "GET /wp-content/plugins/contact-form-7-style/admin/predefined-templates.json HTTP/1.1" 200 1323 "-" "WordPress/6.8.3; https://batconpakistan.org"
162.0.235.240 - - [14/Oct/2025:18:36:50 -0400] "GET /wp-content/plugins/contact-form-7-style/admin/predefined-templates.json HTTP/1.1" 200 1323 "-" "WordPress/6.8.3; https://batconpakistan.org"
162.0.235.240 - - [14/Oct/2025:18:36:51 -0400] "POST /wp-cron.php?doing_wp_cron=1760481411.0125119686126708984375 HTTP/1.1" 200 0 "-" "WordPress/6.8.3; https://batconpakistan.org"
51.195.215.180 - - [14/Oct/2025:18:36:50 -0400] "GET /event_registrants-sitemap.xml HTTP/1.1" 200 379 "-" "Mozilla/5.0 (compatible; AhrefsBot/7.0; +http://ahrefs.com/robot/)"
162.0.235.240 - - [14/Oct/2025:18:36:51 -0400] "GET /wp-content/plugins/contact-form-7-style/admin/predefined-templates.json HTTP/1.1" 200 1323 "-" "WordPress/6.8.3; https://batconpakistan.org"
162.0.235.240 - - [14/Oct/2025:18:36:52 -0400] "GET /wp-content/plugins/contact-form-7-style/admin/predefined-templates.json HTTP/1.1" 200 1323 "-" "WordPress/6.8.3; https://batconpakistan.org"
198.244.226.149 - - [14/Oct/2025:18:36:52 -0400] "GET /category-sitemap.xml HTTP/1.1" 200 393 "-" "Mozilla/5.0 (compatible; AhrefsBot/7.0; +http://ahrefs.com/robot/)"
162.0.235.240 - - [14/Oct/2025:18:36:54 -0400] "GET /wp-content/plugins/contact-form-7-style/admin/predefined-templates.json HTTP/1.1" 200 1323 "-" "WordPress/6.8.3; https://batconpakistan.org"
198.244.226.184 - - [14/Oct/2025:18:36:53 -0400] "GET /post_tag-sitemap.xml HTTP/1.1" 200 450 "-" "Mozilla/5.0 (compatible; AhrefsBot/7.0; +http://ahrefs.com/robot/)"
162.0.235.240 - - [14/Oct/2025:18:37:03 -0400] "GET /wp-content/plugins/contact-form-7-style/admin/predefined-templates.json HTTP/1.1" 200 1323 "-" "WordPress/6.8.3; https://batconpakistan.org"
162.0.235.240 - - [14/Oct/2025:18:37:03 -0400] "POST /wp-cron.php?doing_wp_cron=1760481423.6681840419769287109375 HTTP/1.1" 200 0 "-" "WordPress/6.8.3; https://batconpakistan.org"
198.244.168.165 - - [14/Oct/2025:18:37:02 -0400] "GET /gallery-category-sitemap.xml HTTP/1.1" 200 393 "-" "Mozilla/5.0 (compatible; AhrefsBot/7.0; +http://ahrefs.com/robot/)"
162.0.235.240 - - [14/Oct/2025:18:37:04 -0400] "GET /wp-content/plugins/contact-form-7-style/admin/predefined-templates.json HTTP/1.1" 200 1323 "-" "WordPress/6.8.3; https://batconpakistan.org"
162.0.235.240 - - [14/Oct/2025:18:37:06 -0400] "GET /wp-content/plugins/contact-form-7-style/admin/predefined-templates.json HTTP/1.1" 200 1323 "-" "WordPress/6.8.3; https://batconpakistan.org"
162.0.235.240 - - [14/Oct/2025:18:37:06 -0400] "POST /wp-cron.php?doing_wp_cron=1760481426.3403620719909667968750 HTTP/1.1" 200 0 "-" "WordPress/6.8.3; https://batconpakistan.org"
51.195.215.60 - - [14/Oct/2025:18:37:05 -0400] "GET /event-category-sitemap.xml HTTP/1.1" 200 378 "-" "Mozilla/5.0 (compatible; AhrefsBot/7.0; +http://ahrefs.com/robot/)"
162.0.235.240 - - [14/Oct/2025:18:37:06 -0400] "GET /wp-content/plugins/contact-form-7-style/admin/predefined-templates.json HTTP/1.1" 200 1323 "-" "WordPress/6.8.3; https://batconpakistan.org"
162.0.235.240 - - [14/Oct/2025:18:37:08 -0400] "GET /wp-content/plugins/contact-form-7-style/admin/predefined-templates.json HTTP/1.1" 200 1323 "-" "WordPress/6.8.3; https://batconpakistan.org"
198.244.226.79 - - [14/Oct/2025:18:37:07 -0400] "GET /event-tag-sitemap.xml HTTP/1.1" 200 372 "-" "Mozilla/5.0 (compatible; AhrefsBot/7.0; +http://ahrefs.com/robot/)"
162.0.235.240 - - [14/Oct/2025:18:37:14 -0400] "GET /wp-content/plugins/contact-form-7-style/admin/predefined-templates.json HTTP/1.1" 200 1323 "-" "WordPress/6.8.3; https://batconpakistan.org"
198.244.240.188 - - [14/Oct/2025:18:37:13 -0400] "GET /team-category-sitemap.xml HTTP/1.1" 200 499 "-" "Mozilla/5.0 (compatible; AhrefsBot/7.0; +http://ahrefs.com/robot/)"
162.0.235.240 - - [14/Oct/2025:18:37:17 -0400] "GET /wp-content/plugins/contact-form-7-style/admin/predefined-templates.json HTTP/1.1" 200 1323 "-" "WordPress/6.8.3; https://batconpakistan.org"
198.244.168.35 - - [14/Oct/2025:18:37:17 -0400] "GET /product_cat-sitemap.xml HTTP/1.1" 200 381 "-" "Mozilla/5.0 (compatible; AhrefsBot/7.0; +http://ahrefs.com/robot/)"
162.0.235.240 - - [14/Oct/2025:18:37:20 -0400] "GET /wp-content/plugins/contact-form-7-style/admin/predefined-templates.json HTTP/1.1" 200 1323 "-" "WordPress/6.8.3; https://batconpakistan.org"
198.244.168.167 - - [14/Oct/2025:18:37:19 -0400] "GET /campaign_category-sitemap.xml HTTP/1.1" 200 425 "-" "Mozilla/5.0 (compatible; AhrefsBot/7.0; +http://ahrefs.com/robot/)"
162.0.235.240 - - [14/Oct/2025:18:37:22 -0400] "GET /wp-content/plugins/contact-form-7-style/admin/predefined-templates.json HTTP/1.1" 200 1323 "-" "WordPress/6.8.3; https://batconpakistan.org"
198.244.183.19 - - [14/Oct/2025:18:37:22 -0400] "GET /campaign_tag-sitemap.xml HTTP/1.1" 200 413 "-" "Mozilla/5.0 (compatible; AhrefsBot/7.0; +http://ahrefs.com/robot/)"
162.0.235.240 - - [14/Oct/2025:18:37:23 -0400] "GET /wp-content/plugins/contact-form-7-style/admin/predefined-templates.json HTTP/1.1" 200 1323 "-" "WordPress/6.8.3; https://batconpakistan.org"
52.167.144.228 - - [14/Oct/2025:18:37:22 -0400] "GET /Industrial-Electrical-of-PRECRIMP-347026-Power-Cables/ HTTP/1.1" 404 15667 "-" "Mozilla/5.0 AppleWebKit/537.36 (KHTML, like Gecko; compatible; bingbot/2.0; +http://www.bing.com/bingbot.htm) Chrome/116.0.1938.76 Safari/537.36"
162.0.235.240 - - [14/Oct/2025:18:37:29 -0400] "GET /wp-content/plugins/contact-form-7-style/admin/predefined-templates.json HTTP/1.1" 200 1323 "-" "WordPress/6.8.3; https://batconpakistan.org"
51.195.215.180 - - [14/Oct/2025:18:37:28 -0400] "GET /registrant-event-sitemap.xml HTTP/1.1" 200 364 "-" "Mozilla/5.0 (compatible; AhrefsBot/7.0; +http://ahrefs.com/robot/)"
162.0.235.240 - - [14/Oct/2025:18:37:31 -0400] "GET /wp-content/plugins/contact-form-7-style/admin/predefined-templates.json HTTP/1.1" 200 1323 "-" "WordPress/6.8.3; https://batconpakistan.org"
51.195.244.11 - - [14/Oct/2025:18:37:30 -0400] "GET /style_category-sitemap.xml HTTP/1.1" 200 384 "-" "Mozilla/5.0 (compatible; AhrefsBot/7.0; +http://ahrefs.com/robot/)"
162.0.235.240 - - [14/Oct/2025:18:37:32 -0400] "GET /wp-content/plugins/contact-form-7-style/admin/predefined-templates.json HTTP/1.1" 200 1323 "-" "WordPress/6.8.3; https://batconpakistan.org"
198.244.240.142 - - [14/Oct/2025:18:37:32 -0400] "GET /author-sitemap.xml HTTP/1.1" 200 341 "-" "Mozilla/5.0 (compatible; AhrefsBot/7.0; +http://ahrefs.com/robot/)"
148.72.211.168 - - [14/Oct/2025:18:38:58 -0400] "GET /wp-login.php HTTP/1.1" 200 1885 "-" "Mozilla/5.0 (Windows NT 6.1; WOW64; Trident/7.0; MDDSJS; rv:11.0) like Gecko"
162.0.235.240 - - [14/Oct/2025:18:39:04 -0400] "GET /wp-content/plugins/contact-form-7-style/admin/predefined-templates.json HTTP/1.1" 200 1323 "-" "WordPress/6.8.3; https://batconpakistan.org"
162.0.235.240 - - [14/Oct/2025:18:39:05 -0400] "POST /wp-cron.php?doing_wp_cron=1760481545.0687949657440185546875 HTTP/1.1" 200 0 "-" "WordPress/6.8.3; https://batconpakistan.org"
148.72.211.168 - - [14/Oct/2025:18:39:01 -0400] "POST /wp-login.php HTTP/1.1" 200 2045 "https://batconpakistan.org/wp-login.php" "Mozilla/5.0 (Windows NT 6.1; WOW64; Trident/7.0; MDDSJS; rv:11.0) like Gecko"
162.0.235.240 - - [14/Oct/2025:18:39:05 -0400] "GET /wp-content/plugins/contact-form-7-style/admin/predefined-templates.json HTTP/1.1" 200 1323 "-" "WordPress/6.8.3; https://batconpakistan.org"
162.0.235.240 - - [14/Oct/2025:18:39:06 -0400] "GET /wp-content/plugins/contact-form-7-style/admin/predefined-templates.json HTTP/1.1" 200 1323 "-" "WordPress/6.8.3; https://batconpakistan.org"
103.163.208.106 - - [14/Oct/2025:18:39:06 -0400] "GET /baker.php HTTP/1.1" 301 0 "-" "Mozilla/5.0 (Windows NT 10.0; WOW64; rv:48.0) Gecko/20100101 Firefox/48.0"
162.0.235.240 - - [14/Oct/2025:18:39:11 -0400] "GET /wp-content/plugins/contact-form-7-style/admin/predefined-templates.json HTTP/1.1" 200 1323 "-" "WordPress/6.8.3; https://batconpakistan.org"
103.163.208.106 - - [14/Oct/2025:18:39:11 -0400] "GET /baker.php HTTP/1.1" 404 15665 "-" "Mozilla/5.0 (Windows NT 10.0; WOW64; rv:48.0) Gecko/20100101 Firefox/48.0"
162.0.235.240 - - [14/Oct/2025:18:46:26 -0400] "GET /wp-content/plugins/contact-form-7-style/admin/predefined-templates.json HTTP/1.1" 200 1323 "-" "WordPress/6.8.3; https://batconpakistan.org"
162.0.235.240 - - [14/Oct/2025:18:46:26 -0400] "POST /wp-cron.php?doing_wp_cron=1760481986.5755379199981689453125 HTTP/1.1" 200 0 "-" "WordPress/6.8.3; https://batconpakistan.org"
2a03:2880:f800:11:: - - [14/Oct/2025:18:46:22 -0400] "GET /tag/zoonoses/ HTTP/1.1" 200 20016 "-" "meta-externalagent/1.1 (+https://developers.facebook.com/docs/sharing/webmasters/crawler)"
162.0.235.240 - - [14/Oct/2025:18:46:27 -0400] "GET /wp-content/plugins/contact-form-7-style/admin/predefined-templates.json HTTP/1.1" 200 1323 "-" "WordPress/6.8.3; https://batconpakistan.org"
194.164.126.55 - - [14/Oct/2025:18:58:00 -0400] "GET /wp-login.php HTTP/1.1" 200 1885 "-" "Mozilla/4.0 (compatible; MSIE 7.0; Windows NT 6.2; WOW64; Trident/7.0; .NET4.0E; .NET4.0C; Tablet PC 2.0; .NET CLR 3.5.30729; .NET CLR 2.0.50727; .NET CLR 3.0.30729; McAfee; LCJB)"
162.0.235.240 - - [14/Oct/2025:18:58:09 -0400] "GET /wp-content/plugins/contact-form-7-style/admin/predefined-templates.json HTTP/1.1" 200 1323 "-" "WordPress/6.8.3; https://batconpakistan.org"
162.0.235.240 - - [14/Oct/2025:18:58:09 -0400] "POST /wp-cron.php?doing_wp_cron=1760482689.5740330219268798828125 HTTP/1.1" 200 0 "-" "WordPress/6.8.3; https://batconpakistan.org"
194.164.126.55 - - [14/Oct/2025:18:58:05 -0400] "POST /wp-login.php HTTP/1.1" 200 2045 "https://batconpakistan.org/wp-login.php" "Mozilla/4.0 (compatible; MSIE 7.0; Windows NT 6.2; WOW64; Trident/7.0; .NET4.0E; .NET4.0C; Tablet PC 2.0; .NET CLR 3.5.30729; .NET CLR 2.0.50727; .NET CLR 3.0.30729; McAfee; LCJB)"
162.0.235.240 - - [14/Oct/2025:18:58:10 -0400] "GET /wp-content/plugins/contact-form-7-style/admin/predefined-templates.json HTTP/1.1" 200 1323 "-" "WordPress/6.8.3; https://batconpakistan.org"
162.0.235.240 - - [14/Oct/2025:19:06:00 -0400] "GET /wp-content/plugins/contact-form-7-style/admin/predefined-templates.json HTTP/1.1" 200 1323 "-" "WordPress/6.8.3; https://batconpakistan.org"
162.0.235.240 - - [14/Oct/2025:19:06:01 -0400] "POST /wp-cron.php?doing_wp_cron=1760483161.1036279201507568359375 HTTP/1.1" 200 0 "-" "WordPress/6.8.3; https://batconpakistan.org"
2a03:2880:f800:26:: - - [14/Oct/2025:19:05:57 -0400] "GET /index.html HTTP/1.1" 404 15667 "-" "meta-externalagent/1.1 (+https://developers.facebook.com/docs/sharing/webmasters/crawler)"
162.0.235.240 - - [14/Oct/2025:19:06:01 -0400] "GET /wp-content/plugins/contact-form-7-style/admin/predefined-templates.json HTTP/1.1" 200 1323 "-" "WordPress/6.8.3; https://batconpakistan.org"
181.215.178.254 - - [14/Oct/2025:19:16:59 -0400] "GET /wp-login.php HTTP/1.1" 200 1885 "-" "Mozilla/4.0 (compatible; MSIE 7.0; Windows NT 6.2; WOW64; Trident/7.0; .NET4.0E; .NET4.0C)"
162.0.235.240 - - [14/Oct/2025:19:17:04 -0400] "GET /wp-content/plugins/contact-form-7-style/admin/predefined-templates.json HTTP/1.1" 200 1323 "-" "WordPress/6.8.3; https://batconpakistan.org"
162.0.235.240 - - [14/Oct/2025:19:17:05 -0400] "POST /wp-cron.php?doing_wp_cron=1760483825.4872679710388183593750 HTTP/1.1" 200 0 "-" "WordPress/6.8.3; https://batconpakistan.org"
181.215.178.254 - - [14/Oct/2025:19:17:01 -0400] "POST /wp-login.php HTTP/1.1" 200 2045 "https://batconpakistan.org/wp-login.php" "Mozilla/4.0 (compatible; MSIE 7.0; Windows NT 6.2; WOW64; Trident/7.0; .NET4.0E; .NET4.0C)"
162.0.235.240 - - [14/Oct/2025:19:17:06 -0400] "GET /wp-content/plugins/contact-form-7-style/admin/predefined-templates.json HTTP/1.1" 200 1323 "-" "WordPress/6.8.3; https://batconpakistan.org"
88.99.162.239 - - [14/Oct/2025:19:20:57 -0400] "GET /wp-login.php HTTP/1.1" 200 1885 "-" "Mozilla/5.0 (X11; Linux x86_64) AppleWebKit/537.36 (KHTML, like Gecko) Chrome/67.0.3396.79 Safari/537.36"
162.0.235.240 - - [14/Oct/2025:19:21:03 -0400] "GET /wp-content/plugins/contact-form-7-style/admin/predefined-templates.json HTTP/1.1" 200 1323 "-" "WordPress/6.8.3; https://batconpakistan.org"
162.0.235.240 - - [14/Oct/2025:19:21:04 -0400] "POST /wp-cron.php?doing_wp_cron=1760484064.3043909072875976562500 HTTP/1.1" 200 0 "-" "WordPress/6.8.3; https://batconpakistan.org"
88.99.162.239 - - [14/Oct/2025:19:21:00 -0400] "POST /wp-login.php HTTP/1.1" 200 2045 "https://batconpakistan.org/wp-login.php" "Mozilla/5.0 (X11; Linux x86_64) AppleWebKit/537.36 (KHTML, like Gecko) Chrome/67.0.3396.79 Safari/537.36"
162.0.235.240 - - [14/Oct/2025:19:21:04 -0400] "GET /wp-content/plugins/contact-form-7-style/admin/predefined-templates.json HTTP/1.1" 200 1323 "-" "WordPress/6.8.3; https://batconpakistan.org"
157.10.199.30 - - [14/Oct/2025:19:24:37 -0400] "GET /wp-login.php HTTP/1.1" 200 1885 "-" "Mozilla/5.0 (Windows NT 6.1; WOW64; Trident/7.0; MAFSJS; rv:11.0) like Gecko"
162.0.235.240 - - [14/Oct/2025:19:24:41 -0400] "GET /wp-content/plugins/contact-form-7-style/admin/predefined-templates.json HTTP/1.1" 200 1323 "-" "WordPress/6.8.3; https://batconpakistan.org"
162.0.235.240 - - [14/Oct/2025:19:24:42 -0400] "POST /wp-cron.php?doing_wp_cron=1760484281.9785120487213134765625 HTTP/1.1" 200 0 "-" "WordPress/6.8.3; https://batconpakistan.org"
157.10.199.30 - - [14/Oct/2025:19:24:38 -0400] "POST /wp-login.php HTTP/1.1" 200 2045 "https://batconpakistan.org/wp-login.php" "Mozilla/5.0 (Windows NT 6.1; WOW64; Trident/7.0; MAFSJS; rv:11.0) like Gecko"
162.0.235.240 - - [14/Oct/2025:19:24:42 -0400] "GET /wp-content/plugins/contact-form-7-style/admin/predefined-templates.json HTTP/1.1" 200 1323 "-" "WordPress/6.8.3; https://batconpakistan.org"
162.0.235.240 - - [14/Oct/2025:19:26:45 -0400] "GET /wp-content/plugins/contact-form-7-style/admin/predefined-templates.json HTTP/1.1" 200 1323 "-" "WordPress/6.8.3; https://batconpakistan.org"
162.0.235.240 - - [14/Oct/2025:19:26:45 -0400] "POST /wp-cron.php?doing_wp_cron=1760484405.9084138870239257812500 HTTP/1.1" 200 0 "-" "WordPress/6.8.3; https://batconpakistan.org"
162.0.235.240 - - [14/Oct/2025:19:26:46 -0400] "GET /wp-content/plugins/contact-form-7-style/admin/predefined-templates.json HTTP/1.1" 200 1323 "-" "WordPress/6.8.3; https://batconpakistan.org"
2a03:2880:f800:17:: - - [14/Oct/2025:19:26:42 -0400] "GET /product-category/clothing/ HTTP/1.1" 200 17741 "-" "meta-externalagent/1.1 (+https://developers.facebook.com/docs/sharing/webmasters/crawler)"
3.96.95.195 - - [14/Oct/2025:19:29:17 -0400] "GET /wp-login.php HTTP/1.1" 200 1885 "-" "Mozilla/5.0 (Windows NT 6.3; Trident/7.0; rv:11.0) like Gecko"
162.0.235.240 - - [14/Oct/2025:19:29:22 -0400] "GET /wp-content/plugins/contact-form-7-style/admin/predefined-templates.json HTTP/1.1" 200 1323 "-" "WordPress/6.8.3; https://batconpakistan.org"
162.0.235.240 - - [14/Oct/2025:19:29:23 -0400] "POST /wp-cron.php?doing_wp_cron=1760484563.3921580314636230468750 HTTP/1.1" 200 0 "-" "WordPress/6.8.3; https://batconpakistan.org"
3.96.95.195 - - [14/Oct/2025:19:29:19 -0400] "POST /wp-login.php HTTP/1.1" 200 2045 "https://batconpakistan.org/wp-login.php" "Mozilla/5.0 (Windows NT 6.3; Trident/7.0; rv:11.0) like Gecko"
162.0.235.240 - - [14/Oct/2025:19:29:23 -0400] "GET /wp-content/plugins/contact-form-7-style/admin/predefined-templates.json HTTP/1.1" 200 1323 "-" "WordPress/6.8.3; https://batconpakistan.org"
107.21.190.28 - - [14/Oct/2025:19:30:18 -0400] "GET / HTTP/1.1" 200 23132 "-" "Mozilla/5.0 (Windows NT 10.0; Win64; x64) AppleWebKit/537.36 (KHTML, like Gecko) Chrome/90.0.4430.85 Safari/537.36"
162.0.235.240 - - [14/Oct/2025:19:30:20 -0400] "GET /wp-content/plugins/contact-form-7-style/admin/predefined-templates.json HTTP/1.1" 200 1323 "-" "WordPress/6.8.3; https://batconpakistan.org"
162.0.235.240 - - [14/Oct/2025:19:30:21 -0400] "POST /wp-cron.php?doing_wp_cron=1760484621.1352250576019287109375 HTTP/1.1" 200 0 "-" "WordPress/6.8.3; https://batconpakistan.org"
107.21.190.28 - - [14/Oct/2025:19:30:20 -0400] "GET //wp-includes/wlwmanifest.xml HTTP/1.1" 301 0 "-" "Mozilla/5.0 (Windows NT 10.0; Win64; x64) AppleWebKit/537.36 (KHTML, like Gecko) Chrome/90.0.4430.85 Safari/537.36"
107.21.190.28 - - [14/Oct/2025:19:30:21 -0400] "GET //xmlrpc.php?rsd HTTP/1.1" 403 1242 "-" "Mozilla/5.0 (Windows NT 10.0; Win64; x64) AppleWebKit/537.36 (KHTML, like Gecko) Chrome/90.0.4430.85 Safari/537.36"
107.21.190.28 - - [14/Oct/2025:19:30:21 -0400] "GET / HTTP/1.1" 200 23132 "-" "Mozilla/5.0 (Windows NT 10.0; Win64; x64) AppleWebKit/537.36 (KHTML, like Gecko) Chrome/90.0.4430.85 Safari/537.36"
162.0.235.240 - - [14/Oct/2025:19:30:21 -0400] "GET /wp-content/plugins/contact-form-7-style/admin/predefined-templates.json HTTP/1.1" 200 1323 "-" "WordPress/6.8.3; https://batconpakistan.org"
107.21.190.28 - - [14/Oct/2025:19:30:22 -0400] "GET //?author=1 HTTP/1.1" 403 1242 "-" "Mozilla/5.0 (Windows NT 10.0; Win64; x64) AppleWebKit/537.36 (KHTML, like Gecko) Chrome/90.0.4430.85 Safari/537.36"
107.21.190.28 - - [14/Oct/2025:19:30:22 -0400] "GET //?author=2 HTTP/1.1" 403 1242 "-" "Mozilla/5.0 (Windows NT 10.0; Win64; x64) AppleWebKit/537.36 (KHTML, like Gecko) Chrome/90.0.4430.85 Safari/537.36"
107.21.190.28 - - [14/Oct/2025:19:30:22 -0400] "GET //wp-json/wp/v2/users/ HTTP/1.1" 403 1242 "-" "Mozilla/5.0 (Windows NT 10.0; Win64; x64) AppleWebKit/537.36 (KHTML, like Gecko) Chrome/90.0.4430.85 Safari/537.36"
162.0.235.240 - - [14/Oct/2025:19:30:23 -0400] "GET /wp-content/plugins/contact-form-7-style/admin/predefined-templates.json HTTP/1.1" 200 1323 "-" "WordPress/6.8.3; https://batconpakistan.org"
107.21.190.28 - - [14/Oct/2025:19:30:23 -0400] "GET //wp-json/oembed/1.0/embed?url=https://batconpakistan.org/ HTTP/1.1" 200 5971 "-" "Mozilla/5.0 (Windows NT 10.0; Win64; x64) AppleWebKit/537.36 (KHTML, like Gecko) Chrome/90.0.4430.85 Safari/537.36"
107.21.190.28 - - [14/Oct/2025:19:30:24 -0400] "POST //xmlrpc.php HTTP/1.1" 403 1242 "-" "Mozilla/5.0 (Windows NT 10.0; Win64; x64) AppleWebKit/537.36 (KHTML, like Gecko) Chrome/90.0.4430.85 Safari/537.36"
43.204.111.127 - - [14/Oct/2025:19:34:27 -0400] "GET /wp-login.php HTTP/1.1" 200 1885 "-" "Mozilla/5.0 (Windows NT 10.0; WOW64; Trident/7.0; MATBJS; rv:11.0) like Gecko"
162.0.235.240 - - [14/Oct/2025:19:34:32 -0400] "GET /wp-content/plugins/contact-form-7-style/admin/predefined-templates.json HTTP/1.1" 200 1323 "-" "WordPress/6.8.3; https://batconpakistan.org"
162.0.235.240 - - [14/Oct/2025:19:34:32 -0400] "POST /wp-cron.php?doing_wp_cron=1760484872.4632320404052734375000 HTTP/1.1" 200 0 "-" "WordPress/6.8.3; https://batconpakistan.org"
43.204.111.127 - - [14/Oct/2025:19:34:29 -0400] "POST /wp-login.php HTTP/1.1" 200 2045 "https://batconpakistan.org/wp-login.php" "Mozilla/5.0 (Windows NT 10.0; WOW64; Trident/7.0; MATBJS; rv:11.0) like Gecko"
162.0.235.240 - - [14/Oct/2025:19:34:32 -0400] "GET /wp-content/plugins/contact-form-7-style/admin/predefined-templates.json HTTP/1.1" 200 1323 "-" "WordPress/6.8.3; https://batconpakistan.org"
111.225.149.232 - - [14/Oct/2025:19:35:05 -0400] "GET /robots.txt HTTP/1.1" 304 0 "-" "Mozilla/5.0 (Linux; Android 5.0) AppleWebKit/537.36 (KHTML, like Gecko) Mobile Safari/537.36 (compatible; Bytespider; https://zhanzhang.toutiao.com/)"
146.190.103.103 - - [14/Oct/2025:19:39:24 -0400] "GET / HTTP/1.1" 200 23132 "-" "-"
146.190.103.103 - - [14/Oct/2025:19:39:25 -0400] "GET / HTTP/1.1" 200 23132 "-" "Mozilla/5.0 (Linux; Android 6.0; HTC One M9 Build/MRA233887) AppleWebKit/537.36 (KHTML, like Gecko) Chrome/52.0.1746.98 Mobile Safari/537.3"
146.190.103.103 - - [14/Oct/2025:19:39:25 -0400] "GET /swagger-ui.html HTTP/1.1" 200 0 "-" "Mozilla/5.0 (l9scan/2.0.138313e22393e21323e2430313; +https://leakix.net)"
162.0.235.240 - - [14/Oct/2025:19:39:28 -0400] "GET /wp-content/plugins/contact-form-7-style/admin/predefined-templates.json HTTP/1.1" 200 1323 "-" "WordPress/6.8.3; https://batconpakistan.org"
162.0.235.240 - - [14/Oct/2025:19:39:29 -0400] "GET /wp-content/plugins/contact-form-7-style/admin/predefined-templates.json HTTP/1.1" 200 1323 "-" "WordPress/6.8.3; https://batconpakistan.org"
162.0.235.240 - - [14/Oct/2025:19:39:29 -0400] "POST /wp-cron.php?doing_wp_cron=1760485169.4634969234466552734375 HTTP/1.1" 200 0 "-" "WordPress/6.8.3; https://batconpakistan.org"
146.190.103.103 - - [14/Oct/2025:19:39:28 -0400] "GET /swagger/index.html HTTP/1.1" 404 15667 "-" "Mozilla/5.0 (l9scan/2.0.138313e22393e21323e2430313; +https://leakix.net)"
162.0.235.240 - - [14/Oct/2025:19:39:30 -0400] "GET /wp-content/plugins/contact-form-7-style/admin/predefined-templates.json HTTP/1.1" 200 1323 "-" "WordPress/6.8.3; https://batconpakistan.org"
162.0.235.240 - - [14/Oct/2025:19:39:30 -0400] "GET /wp-content/plugins/contact-form-7-style/admin/predefined-templates.json HTTP/1.1" 200 1323 "-" "WordPress/6.8.3; https://batconpakistan.org"
146.190.103.103 - - [14/Oct/2025:19:39:30 -0400] "GET /swagger/swagger-ui.html HTTP/1.1" 404 15665 "-" "Mozilla/5.0 (l9scan/2.0.138313e22393e21323e2430313; +https://leakix.net)"
162.0.235.240 - - [14/Oct/2025:19:39:32 -0400] "GET /wp-content/plugins/contact-form-7-style/admin/predefined-templates.json HTTP/1.1" 200 1323 "-" "WordPress/6.8.3; https://batconpakistan.org"
146.190.103.103 - - [14/Oct/2025:19:39:31 -0400] "GET /webjars/swagger-ui/index.html HTTP/1.1" 404 15664 "-" "Mozilla/5.0 (l9scan/2.0.138313e22393e21323e2430313; +https://leakix.net)"
162.0.235.240 - - [14/Oct/2025:19:39:33 -0400] "GET /wp-content/plugins/contact-form-7-style/admin/predefined-templates.json HTTP/1.1" 200 1323 "-" "WordPress/6.8.3; https://batconpakistan.org"
146.190.103.103 - - [14/Oct/2025:19:39:33 -0400] "GET /swagger.json HTTP/1.1" 404 15665 "-" "Mozilla/5.0 (l9scan/2.0.138313e22393e21323e2430313; +https://leakix.net)"
146.190.103.103 - - [14/Oct/2025:19:39:35 -0400] "GET /swagger/v1/swagger.json HTTP/1.1" 200 0 "-" "Mozilla/5.0 (l9scan/2.0.138313e22393e21323e2430313; +https://leakix.net)"
162.0.235.240 - - [14/Oct/2025:19:39:35 -0400] "GET /wp-content/plugins/contact-form-7-style/admin/predefined-templates.json HTTP/1.1" 200 1323 "-" "WordPress/6.8.3; https://batconpakistan.org"
162.0.235.240 - - [14/Oct/2025:19:39:35 -0400] "GET /wp-content/plugins/contact-form-7-style/admin/predefined-templates.json HTTP/1.1" 200 1323 "-" "WordPress/6.8.3; https://batconpakistan.org"
146.190.103.103 - - [14/Oct/2025:19:39:35 -0400] "GET /@vite/env HTTP/1.1" 404 15666 "-" "Go-http-client/1.1"
162.0.235.240 - - [14/Oct/2025:19:39:37 -0400] "GET /wp-content/plugins/contact-form-7-style/admin/predefined-templates.json HTTP/1.1" 200 1323 "-" "WordPress/6.8.3; https://batconpakistan.org"
146.190.103.103 - - [14/Oct/2025:19:39:37 -0400] "GET /actuator/env HTTP/1.1" 404 15665 "-" "Go-http-client/1.1"
162.0.235.240 - - [14/Oct/2025:19:39:39 -0400] "GET /wp-content/plugins/contact-form-7-style/admin/predefined-templates.json HTTP/1.1" 200 1323 "-" "WordPress/6.8.3; https://batconpakistan.org"
146.190.103.103 - - [14/Oct/2025:19:39:38 -0400] "GET /server HTTP/1.1" 404 15666 "-" "Go-http-client/1.1"
162.0.235.240 - - [14/Oct/2025:19:39:43 -0400] "GET /wp-content/plugins/contact-form-7-style/admin/predefined-templates.json HTTP/1.1" 200 1323 "-" "WordPress/6.8.3; https://batconpakistan.org"
146.190.103.103 - - [14/Oct/2025:19:39:41 -0400] "GET /.vscode/sftp.json HTTP/1.1" 200 0 "-" "Go-http-client/1.1"
162.0.235.240 - - [14/Oct/2025:19:39:44 -0400] "POST /wp-cron.php?doing_wp_cron=1760485184.1807041168212890625000 HTTP/1.1" 200 0 "-" "WordPress/6.8.3; https://batconpakistan.org"
146.190.103.103 - - [14/Oct/2025:19:39:44 -0400] "GET /about HTTP/1.1" 200 0 "-" "Go-http-client/1.1"
162.0.235.240 - - [14/Oct/2025:19:39:47 -0400] "GET /wp-content/plugins/contact-form-7-style/admin/predefined-templates.json HTTP/1.1" 200 1323 "-" "WordPress/6.8.3; https://batconpakistan.org"
162.0.235.240 - - [14/Oct/2025:19:39:47 -0400] "GET /wp-content/plugins/contact-form-7-style/admin/predefined-templates.json HTTP/1.1" 200 1323 "-" "WordPress/6.8.3; https://batconpakistan.org"
146.190.103.103 - - [14/Oct/2025:19:39:47 -0400] "GET /debug/default/view?panel=config HTTP/1.1" 200 0 "-" "Go-http-client/1.1"
162.0.235.240 - - [14/Oct/2025:19:39:50 -0400] "GET /wp-content/plugins/contact-form-7-style/admin/predefined-templates.json HTTP/1.1" 200 1323 "-" "WordPress/6.8.3; https://batconpakistan.org"
146.190.103.103 - - [14/Oct/2025:19:39:50 -0400] "GET /v2/_catalog HTTP/1.1" 200 0 "-" "Go-http-client/1.1"
162.0.235.240 - - [14/Oct/2025:19:39:53 -0400] "GET /wp-content/plugins/contact-form-7-style/admin/predefined-templates.json HTTP/1.1" 200 1323 "-" "WordPress/6.8.3; https://batconpakistan.org"
162.0.235.240 - - [14/Oct/2025:19:39:55 -0400] "GET /wp-content/plugins/contact-form-7-style/admin/predefined-templates.json HTTP/1.1" 200 1323 "-" "WordPress/6.8.3; https://batconpakistan.org"
146.190.103.103 - - [14/Oct/2025:19:39:53 -0400] "GET /ecp/Current/exporttool/microsoft.exchange.ediscovery.exporttool.application HTTP/1.1" 200 0 "-" "Go-http-client/1.1"
162.0.235.240 - - [14/Oct/2025:19:39:57 -0400] "GET /wp-content/plugins/contact-form-7-style/admin/predefined-templates.json HTTP/1.1" 200 1323 "-" "WordPress/6.8.3; https://batconpakistan.org"
146.190.103.103 - - [14/Oct/2025:19:39:56 -0400] "GET /login.action HTTP/1.1" 404 15665 "-" "Go-http-client/1.1"
162.0.235.240 - - [14/Oct/2025:19:40:01 -0400] "GET /wp-content/plugins/contact-form-7-style/admin/predefined-templates.json HTTP/1.1" 200 1323 "-" "WordPress/6.8.3; https://batconpakistan.org"
162.0.235.240 - - [14/Oct/2025:19:40:01 -0400] "POST /wp-cron.php?doing_wp_cron=1760485201.3662281036376953125000 HTTP/1.1" 200 0 "-" "WordPress/6.8.3; https://batconpakistan.org"
146.190.103.103 - - [14/Oct/2025:19:39:59 -0400] "GET /_all_dbs HTTP/1.1" 200 0 "-" "Mozilla/5.0 (l9scan/2.0.138313e22393e21323e2430313; +https://leakix.net)"
162.0.235.240 - - [14/Oct/2025:19:40:02 -0400] "GET /wp-content/plugins/contact-form-7-style/admin/predefined-templates.json HTTP/1.1" 200 1323 "-" "WordPress/6.8.3; https://batconpakistan.org"
162.0.235.240 - - [14/Oct/2025:19:40:03 -0400] "GET /wp-content/plugins/contact-form-7-style/admin/predefined-templates.json HTTP/1.1" 200 1323 "-" "WordPress/6.8.3; https://batconpakistan.org"
146.190.103.103 - - [14/Oct/2025:19:40:01 -0400] "GET /.DS_Store HTTP/1.1" 404 0 "-" "Go-http-client/1.1"
146.190.103.103 - - [14/Oct/2025:19:40:05 -0400] "GET /.env HTTP/1.1" 403 1242 "-" "Go-http-client/1.1"
146.190.103.103 - - [14/Oct/2025:19:40:06 -0400] "GET /.git/config HTTP/1.1" 403 1242 "-" "Go-http-client/1.1"
162.0.235.240 - - [14/Oct/2025:19:40:08 -0400] "GET /wp-content/plugins/contact-form-7-style/admin/predefined-templates.json HTTP/1.1" 200 1323 "-" "WordPress/6.8.3; https://batconpakistan.org"
146.190.103.103 - - [14/Oct/2025:19:40:06 -0400] "GET /s/138313e22393e21323e2430313/_/;/META-INF/maven/com.atlassian.jira/jira-webapp-dist/pom.properties HTTP/1.1" 200 0 "-" "Go-http-client/1.1"
162.0.235.240 - - [14/Oct/2025:19:40:09 -0400] "POST /wp-cron.php?doing_wp_cron=1760485209.2464859485626220703125 HTTP/1.1" 200 0 "-" "WordPress/6.8.3; https://batconpakistan.org"
162.0.235.240 - - [14/Oct/2025:19:40:11 -0400] "GET /wp-content/plugins/contact-form-7-style/admin/predefined-templates.json HTTP/1.1" 200 1323 "-" "WordPress/6.8.3; https://batconpakistan.org"
162.0.235.240 - - [14/Oct/2025:19:40:12 -0400] "GET /wp-content/plugins/contact-form-7-style/admin/predefined-templates.json HTTP/1.1" 200 1323 "-" "WordPress/6.8.3; https://batconpakistan.org"
146.190.103.103 - - [14/Oct/2025:19:40:09 -0400] "GET /config.json HTTP/1.1" 200 0 "-" "Go-http-client/1.1"
162.0.235.240 - - [14/Oct/2025:19:40:13 -0400] "GET /wp-content/plugins/contact-form-7-style/admin/predefined-templates.json HTTP/1.1" 200 1323 "-" "WordPress/6.8.3; https://batconpakistan.org"
146.190.103.103 - - [14/Oct/2025:19:40:12 -0400] "GET /telescope/requests HTTP/1.1" 404 15665 "-" "Go-http-client/1.1"
162.0.235.240 - - [14/Oct/2025:19:40:16 -0400] "GET /wp-content/plugins/contact-form-7-style/admin/predefined-templates.json HTTP/1.1" 200 1323 "-" "WordPress/6.8.3; https://batconpakistan.org"
146.190.103.103 - - [14/Oct/2025:19:40:15 -0400] "GET /info.php HTTP/1.1" 404 15665 "-" "Go-http-client/1.1"
162.0.235.240 - - [14/Oct/2025:19:40:19 -0400] "GET /wp-content/plugins/contact-form-7-style/admin/predefined-templates.json HTTP/1.1" 200 1323 "-" "WordPress/6.8.3; https://batconpakistan.org"
146.190.103.103 - - [14/Oct/2025:19:40:18 -0400] "GET /?rest_route=/wp/v2/users/ HTTP/1.1" 200 6905 "-" "Go-http-client/1.1"
174.89.19.8 - - [14/Oct/2025:19:40:28 -0400] "GET /contact-us/ HTTP/1.1" 200 17316 "-" "Mozilla/5.0 (Macintosh; Intel Mac OS X 12_5) AppleWebKit/537.36 (KHTML, like Gecko) Chrome/114.0.0.0 Safari/537.36 Vivaldi/5.3.2679.68"
162.0.235.240 - - [14/Oct/2025:19:40:31 -0400] "GET /wp-content/plugins/contact-form-7-style/admin/predefined-templates.json HTTP/1.1" 200 1323 "-" "WordPress/6.8.3; https://batconpakistan.org"
174.89.19.8 - - [14/Oct/2025:19:40:31 -0400] "POST /wp-json/contact-form-7/v1/contact-forms/1324/feedback HTTP/1.1" 200 235 "https://batconpakistan.org/contact-us/" "Mozilla/5.0 (Macintosh; Intel Mac OS X 12_5) AppleWebKit/537.36 (KHTML, like Gecko) Chrome/114.0.0.0 Safari/537.36 Vivaldi/5.3.2679.68"
147.135.104.173 - - [14/Oct/2025:19:41:04 -0400] "GET /wp-login.php HTTP/1.1" 200 1885 "-" "Mozilla/5.0 (Windows NT 6.3; WOW64; Trident/7.0; rv:11.0; i-Macros-Web-Automation) like Gecko"
162.0.235.240 - - [14/Oct/2025:19:41:08 -0400] "GET /wp-content/plugins/contact-form-7-style/admin/predefined-templates.json HTTP/1.1" 200 1323 "-" "WordPress/6.8.3; https://batconpakistan.org"
162.0.235.240 - - [14/Oct/2025:19:41:08 -0400] "POST /wp-cron.php?doing_wp_cron=1760485268.7834498882293701171875 HTTP/1.1" 200 0 "-" "WordPress/6.8.3; https://batconpakistan.org"
147.135.104.173 - - [14/Oct/2025:19:41:08 -0400] "POST /wp-login.php HTTP/1.1" 200 2045 "https://batconpakistan.org/wp-login.php" "Mozilla/5.0 (Windows NT 6.3; WOW64; Trident/7.0; rv:11.0; i-Macros-Web-Automation) like Gecko"
162.0.235.240 - - [14/Oct/2025:19:41:09 -0400] "GET /wp-content/plugins/contact-form-7-style/admin/predefined-templates.json HTTP/1.1" 200 1323 "-" "WordPress/6.8.3; https://batconpakistan.org"
162.0.235.240 - - [14/Oct/2025:19:42:58 -0400] "GET /wp-content/plugins/contact-form-7-style/admin/predefined-templates.json HTTP/1.1" 200 1323 "-" "WordPress/6.8.3; https://batconpakistan.org"
162.0.235.240 - - [14/Oct/2025:19:42:58 -0400] "POST /wp-cron.php?doing_wp_cron=1760485378.6517210006713867187500 HTTP/1.1" 200 0 "-" "WordPress/6.8.3; https://batconpakistan.org"
54.38.147.174 - - [14/Oct/2025:19:42:54 -0400] "GET /campaigns/help-relocate-the-refugees/ HTTP/1.1" 200 18108 "-" "Mozilla/5.0 (compatible; AhrefsBot/7.0; +http://ahrefs.com/robot/)"
162.0.235.240 - - [14/Oct/2025:19:42:59 -0400] "GET /wp-content/plugins/contact-form-7-style/admin/predefined-templates.json HTTP/1.1" 200 1323 "-" "WordPress/6.8.3; https://batconpakistan.org"
51.195.215.174 - - [14/Oct/2025:19:45:30 -0400] "GET /wp-content/uploads/dynamic-mobmenu.css?ver=2.8.8-313 HTTP/1.1" 302 771 "-" "Mozilla/5.0 (compatible; AhrefsBot/7.0; +http://ahrefs.com/robot/)"
103.188.82.198 - - [14/Oct/2025:19:47:46 -0400] "GET /wp-login.php HTTP/1.1" 200 1885 "-" "Mozilla/5.0 (Macintosh; Intel Mac OS X 10_13_1) AppleWebKit/537.36 (KHTML, like Gecko) Chrome/65.0.3325.162 Safari/537.36"
162.0.235.240 - - [14/Oct/2025:19:47:53 -0400] "GET /wp-content/plugins/contact-form-7-style/admin/predefined-templates.json HTTP/1.1" 200 1323 "-" "WordPress/6.8.3; https://batconpakistan.org"
162.0.235.240 - - [14/Oct/2025:19:47:54 -0400] "POST /wp-cron.php?doing_wp_cron=1760485674.4900701045989990234375 HTTP/1.1" 200 0 "-" "WordPress/6.8.3; https://batconpakistan.org"
103.188.82.198 - - [14/Oct/2025:19:47:50 -0400] "POST /wp-login.php HTTP/1.1" 200 2045 "https://batconpakistan.org/wp-login.php" "Mozilla/5.0 (Macintosh; Intel Mac OS X 10_13_1) AppleWebKit/537.36 (KHTML, like Gecko) Chrome/65.0.3325.162 Safari/537.36"
162.0.235.240 - - [14/Oct/2025:19:47:55 -0400] "GET /wp-content/plugins/contact-form-7-style/admin/predefined-templates.json HTTP/1.1" 200 1323 "-" "WordPress/6.8.3; https://batconpakistan.org"
138.201.220.92 - - [14/Oct/2025:19:50:46 -0400] "GET / HTTP/1.1" 200 23132 "-" "Mozilla/5.0 (Windows NT 10.0; Win64; x64) AppleWebKit/537.36 (KHTML, like Gecko) Chrome/116.0.0.0 Safari/537.36"
196.251.85.75 - - [14/Oct/2025:19:51:12 -0400] "GET / HTTP/1.1" 200 23132 "-" "Mozilla/5.0 (Windows NT 10.0; Win64; x64) AppleWebKit/537.36 (KHTML, like Gecko) Chrome/80.0.3987.149 Safari/537.36"
162.0.235.240 - - [14/Oct/2025:19:51:17 -0400] "GET /wp-content/plugins/contact-form-7-style/admin/predefined-templates.json HTTP/1.1" 200 1323 "-" "WordPress/6.8.3; https://batconpakistan.org"
162.0.235.240 - - [14/Oct/2025:19:51:18 -0400] "POST /wp-cron.php?doing_wp_cron=1760485878.5438680648803710937500 HTTP/1.1" 200 0 "-" "WordPress/6.8.3; https://batconpakistan.org"
196.251.85.75 - - [14/Oct/2025:19:51:14 -0400] "GET //wp-includes/wlwmanifest.xml HTTP/1.1" 301 0 "-" "Mozilla/5.0 (Windows NT 10.0; Win64; x64) AppleWebKit/537.36 (KHTML, like Gecko) Chrome/80.0.3987.149 Safari/537.36"
162.0.235.240 - - [14/Oct/2025:19:51:19 -0400] "GET /wp-content/plugins/contact-form-7-style/admin/predefined-templates.json HTTP/1.1" 200 1323 "-" "WordPress/6.8.3; https://batconpakistan.org"
196.251.85.75 - - [14/Oct/2025:19:51:19 -0400] "GET //xmlrpc.php?rsd HTTP/1.1" 403 1242 "-" "Mozilla/5.0 (Windows NT 10.0; Win64; x64) AppleWebKit/537.36 (KHTML, like Gecko) Chrome/80.0.3987.149 Safari/537.36"
196.251.85.75 - - [14/Oct/2025:19:51:19 -0400] "GET / HTTP/1.1" 200 23132 "-" "Mozilla/5.0 (Windows NT 10.0; Win64; x64) AppleWebKit/537.36 (KHTML, like Gecko) Chrome/80.0.3987.149 Safari/537.36"
196.251.85.75 - - [14/Oct/2025:19:51:20 -0400] "GET //?author=1 HTTP/1.1" 403 1242 "-" "Mozilla/5.0 (Windows NT 10.0; Win64; x64) AppleWebKit/537.36 (KHTML, like Gecko) Chrome/80.0.3987.149 Safari/537.36"
196.251.85.75 - - [14/Oct/2025:19:51:20 -0400] "GET //?author=2 HTTP/1.1" 403 1242 "-" "Mozilla/5.0 (Windows NT 10.0; Win64; x64) AppleWebKit/537.36 (KHTML, like Gecko) Chrome/80.0.3987.149 Safari/537.36"
196.251.85.75 - - [14/Oct/2025:19:51:21 -0400] "GET //wp-json/wp/v2/users/ HTTP/1.1" 403 1242 "-" "Mozilla/5.0 (Windows NT 10.0; Win64; x64) AppleWebKit/537.36 (KHTML, like Gecko) Chrome/80.0.3987.149 Safari/537.36"
196.251.85.75 - - [14/Oct/2025:19:51:21 -0400] "GET //wp-json/oembed/1.0/embed?url=https://batconpakistan.org/ HTTP/1.1" 200 5971 "-" "Mozilla/5.0 (Windows NT 10.0; Win64; x64) AppleWebKit/537.36 (KHTML, like Gecko) Chrome/80.0.3987.149 Safari/537.36"
196.251.85.75 - - [14/Oct/2025:19:51:21 -0400] "POST //xmlrpc.php HTTP/1.1" 403 1242 "-" "Mozilla/5.0 (Windows NT 10.0; Win64; x64) AppleWebKit/537.36 (KHTML, like Gecko) Chrome/80.0.3987.149 Safari/537.36"
162.0.235.240 - - [14/Oct/2025:19:51:30 -0400] "GET /wp-content/plugins/contact-form-7-style/admin/predefined-templates.json HTTP/1.1" 200 1323 "-" "WordPress/6.8.3; https://batconpakistan.org"
44.197.76.210 - - [14/Oct/2025:19:51:29 -0400] "GET /team/dr-shafique-ahmed-awan/ HTTP/1.1" 200 16699 "-" "Mozilla/5.0 AppleWebKit/537.36 (KHTML, like Gecko; compatible; Amazonbot/0.1; +https://developer.amazon.com/support/amazonbot) Chrome/119.0.6045.214 Safari/537.36"
162.0.235.240 - - [14/Oct/2025:19:51:32 -0400] "GET /wp-content/plugins/contact-form-7-style/admin/predefined-templates.json HTTP/1.1" 200 1323 "-" "WordPress/6.8.3; https://batconpakistan.org"
18.204.152.114 - - [14/Oct/2025:19:51:32 -0400] "GET /team/dr-muhammad-farooq-tahir/ HTTP/1.1" 200 18062 "-" "Mozilla/5.0 AppleWebKit/537.36 (KHTML, like Gecko; compatible; Amazonbot/0.1; +https://developer.amazon.com/support/amazonbot) Chrome/119.0.6045.214 Safari/537.36"
54.225.199.17 - - [14/Oct/2025:19:51:36 -0400] "GET /campaigns/ HTTP/1.1" 200 19946 "-" "Mozilla/5.0 AppleWebKit/537.36 (KHTML, like Gecko; compatible; Amazonbot/0.1; +https://developer.amazon.com/support/amazonbot) Chrome/119.0.6045.214 Safari/537.36"
182.42.105.85 - - [14/Oct/2025:19:53:50 -0400] "GET / HTTP/1.1" 200 23132 "http://batconpakistan.org" "Mozilla/5.0 (iPhone; CPU iPhone OS 13_2_3 like Mac OS X) AppleWebKit/605.1.15 (KHTML, like Gecko) Version/13.0.3 Mobile/15E148 Safari/604.1"
162.0.235.240 - - [14/Oct/2025:19:54:52 -0400] "GET /wp-content/plugins/contact-form-7-style/admin/predefined-templates.json HTTP/1.1" 200 1323 "-" "WordPress/6.8.3; https://batconpakistan.org"
162.0.235.240 - - [14/Oct/2025:19:54:52 -0400] "POST /wp-cron.php?doing_wp_cron=1760486092.8519539833068847656250 HTTP/1.1" 200 0 "-" "WordPress/6.8.3; https://batconpakistan.org"
40.86.42.55 - - [14/Oct/2025:19:54:49 -0400] "GET /autoload_classmap.php HTTP/1.1" 404 15656 "-" "-"
162.0.235.240 - - [14/Oct/2025:19:54:53 -0400] "GET /wp-content/plugins/contact-form-7-style/admin/predefined-templates.json HTTP/1.1" 200 1323 "-" "WordPress/6.8.3; https://batconpakistan.org"
162.0.235.240 - - [14/Oct/2025:19:54:53 -0400] "GET /wp-content/plugins/contact-form-7-style/admin/predefined-templates.json HTTP/1.1" 200 1323 "-" "WordPress/6.8.3; https://batconpakistan.org"
40.86.42.55 - - [14/Oct/2025:19:54:53 -0400] "GET /post.php HTTP/1.1" 404 15654 "-" "-"
162.0.235.240 - - [14/Oct/2025:19:54:54 -0400] "GET /wp-content/plugins/contact-form-7-style/admin/predefined-templates.json HTTP/1.1" 200 1323 "-" "WordPress/6.8.3; https://batconpakistan.org"
40.86.42.55 - - [14/Oct/2025:19:54:54 -0400] "GET /1.php HTTP/1.1" 404 15656 "-" "-"
162.0.235.240 - - [14/Oct/2025:19:54:55 -0400] "GET /wp-content/plugins/contact-form-7-style/admin/predefined-templates.json HTTP/1.1" 200 1323 "-" "WordPress/6.8.3; https://batconpakistan.org"
40.86.42.55 - - [14/Oct/2025:19:54:55 -0400] "GET /flower.php HTTP/1.1" 404 15655 "-" "-"
162.0.235.240 - - [14/Oct/2025:19:54:56 -0400] "GET /wp-content/plugins/contact-form-7-style/admin/predefined-templates.json HTTP/1.1" 200 1323 "-" "WordPress/6.8.3; https://batconpakistan.org"
40.86.42.55 - - [14/Oct/2025:19:54:55 -0400] "GET /admin.php HTTP/1.1" 404 15652 "-" "-"
162.0.235.240 - - [14/Oct/2025:19:54:57 -0400] "GET /wp-content/plugins/contact-form-7-style/admin/predefined-templates.json HTTP/1.1" 200 1323 "-" "WordPress/6.8.3; https://batconpakistan.org"
40.86.42.55 - - [14/Oct/2025:19:54:56 -0400] "GET /file.php HTTP/1.1" 404 15653 "-" "-"
162.0.235.240 - - [14/Oct/2025:19:54:57 -0400] "GET /wp-content/plugins/contact-form-7-style/admin/predefined-templates.json HTTP/1.1" 200 1323 "-" "WordPress/6.8.3; https://batconpakistan.org"
162.0.235.240 - - [14/Oct/2025:19:54:58 -0400] "POST /wp-cron.php?doing_wp_cron=1760486098.1503450870513916015625 HTTP/1.1" 200 0 "-" "WordPress/6.8.3; https://batconpakistan.org"
40.86.42.55 - - [14/Oct/2025:19:54:57 -0400] "GET /meta.php HTTP/1.1" 404 15653 "-" "-"
