162.0.235.240 - - [14/Oct/2025:19:54:58 -0400] "GET /wp-content/plugins/contact-form-7-style/admin/predefined-templates.json HTTP/1.1" 200 1323 "-" "WordPress/6.8.3; https://batconpakistan.org"
162.0.235.240 - - [14/Oct/2025:19:54:58 -0400] "GET /wp-content/plugins/contact-form-7-style/admin/predefined-templates.json HTTP/1.1" 200 1323 "-" "WordPress/6.8.3; https://batconpakistan.org"
40.86.42.55 - - [14/Oct/2025:19:54:58 -0400] "GET /index.php HTTP/1.1" 200 23181 "-" "-"
162.0.235.240 - - [14/Oct/2025:19:54:59 -0400] "GET /wp-content/plugins/contact-form-7-style/admin/predefined-templates.json HTTP/1.1" 200 1323 "-" "WordPress/6.8.3; https://batconpakistan.org"
40.86.42.55 - - [14/Oct/2025:19:54:59 -0400] "GET /about.php HTTP/1.1" 404 15653 "-" "-"
162.0.235.240 - - [14/Oct/2025:19:55:00 -0400] "GET /wp-content/plugins/contact-form-7-style/admin/predefined-templates.json HTTP/1.1" 200 1323 "-" "WordPress/6.8.3; https://batconpakistan.org"
40.86.42.55 - - [14/Oct/2025:19:55:00 -0400] "GET /randkeyword.php HTTP/1.1" 404 15656 "-" "-"
162.0.235.240 - - [14/Oct/2025:19:55:01 -0400] "GET /wp-content/plugins/contact-form-7-style/admin/predefined-templates.json HTTP/1.1" 200 1323 "-" "WordPress/6.8.3; https://batconpakistan.org"
40.86.42.55 - - [14/Oct/2025:19:55:01 -0400] "GET /goods.php HTTP/1.1" 404 15653 "-" "-"
162.0.235.240 - - [14/Oct/2025:19:55:03 -0400] "GET /wp-content/plugins/contact-form-7-style/admin/predefined-templates.json HTTP/1.1" 200 1323 "-" "WordPress/6.8.3; https://batconpakistan.org"
40.86.42.55 - - [14/Oct/2025:19:55:02 -0400] "GET /hehe.php HTTP/1.1" 404 15654 "-" "-"
162.0.235.240 - - [14/Oct/2025:19:55:04 -0400] "GET /wp-content/plugins/contact-form-7-style/admin/predefined-templates.json HTTP/1.1" 200 1323 "-" "WordPress/6.8.3; https://batconpakistan.org"
162.0.235.240 - - [14/Oct/2025:19:55:05 -0400] "POST /wp-cron.php?doing_wp_cron=1760486105.3839759826660156250000 HTTP/1.1" 200 0 "-" "WordPress/6.8.3; https://batconpakistan.org"
40.86.42.55 - - [14/Oct/2025:19:55:04 -0400] "GET /user.php HTTP/1.1" 404 15654 "-" "-"
162.0.235.240 - - [14/Oct/2025:19:55:06 -0400] "GET /wp-content/plugins/contact-form-7-style/admin/predefined-templates.json HTTP/1.1" 200 1323 "-" "WordPress/6.8.3; https://batconpakistan.org"
162.0.235.240 - - [14/Oct/2025:19:55:06 -0400] "GET /wp-content/plugins/contact-form-7-style/admin/predefined-templates.json HTTP/1.1" 200 1323 "-" "WordPress/6.8.3; https://batconpakistan.org"
40.86.42.55 - - [14/Oct/2025:19:55:05 -0400] "GET /wp-2019.php HTTP/1.1" 404 15653 "-" "-"
162.0.235.240 - - [14/Oct/2025:19:55:07 -0400] "GET /wp-content/plugins/contact-form-7-style/admin/predefined-templates.json HTTP/1.1" 200 1323 "-" "WordPress/6.8.3; https://batconpakistan.org"
40.86.42.55 - - [14/Oct/2025:19:55:06 -0400] "GET /chosen.php HTTP/1.1" 404 15653 "-" "-"
162.0.235.240 - - [14/Oct/2025:19:55:08 -0400] "GET /wp-content/plugins/contact-form-7-style/admin/predefined-templates.json HTTP/1.1" 200 1323 "-" "WordPress/6.8.3; https://batconpakistan.org"
40.86.42.55 - - [14/Oct/2025:19:55:07 -0400] "GET /functions.php HTTP/1.1" 404 15654 "-" "-"
162.0.235.240 - - [14/Oct/2025:19:55:09 -0400] "GET /wp-content/plugins/contact-form-7-style/admin/predefined-templates.json HTTP/1.1" 200 1323 "-" "WordPress/6.8.3; https://batconpakistan.org"
40.86.42.55 - - [14/Oct/2025:19:55:08 -0400] "GET /cron.php HTTP/1.1" 404 15653 "-" "-"
162.0.235.240 - - [14/Oct/2025:19:55:10 -0400] "GET /wp-content/plugins/contact-form-7-style/admin/predefined-templates.json HTTP/1.1" 200 1323 "-" "WordPress/6.8.3; https://batconpakistan.org"
40.86.42.55 - - [14/Oct/2025:19:55:09 -0400] "GET /edit.php HTTP/1.1" 404 15655 "-" "-"
162.0.235.240 - - [14/Oct/2025:19:55:10 -0400] "GET /wp-content/plugins/contact-form-7-style/admin/predefined-templates.json HTTP/1.1" 200 1323 "-" "WordPress/6.8.3; https://batconpakistan.org"
40.86.42.55 - - [14/Oct/2025:19:55:10 -0400] "GET /gecko-new.php HTTP/1.1" 404 15654 "-" "-"
162.0.235.240 - - [14/Oct/2025:19:55:11 -0400] "GET /wp-content/plugins/contact-form-7-style/admin/predefined-templates.json HTTP/1.1" 200 1323 "-" "WordPress/6.8.3; https://batconpakistan.org"
40.86.42.55 - - [14/Oct/2025:19:55:11 -0400] "GET /cookie.php HTTP/1.1" 404 15654 "-" "-"
162.0.235.240 - - [14/Oct/2025:19:55:12 -0400] "GET /wp-content/plugins/contact-form-7-style/admin/predefined-templates.json HTTP/1.1" 200 1323 "-" "WordPress/6.8.3; https://batconpakistan.org"
40.86.42.55 - - [14/Oct/2025:19:55:12 -0400] "GET /xleet.php HTTP/1.1" 404 15654 "-" "-"
162.0.235.240 - - [14/Oct/2025:19:55:13 -0400] "GET /wp-content/plugins/contact-form-7-style/admin/predefined-templates.json HTTP/1.1" 200 1323 "-" "WordPress/6.8.3; https://batconpakistan.org"
40.86.42.55 - - [14/Oct/2025:19:55:13 -0400] "GET /spip.php HTTP/1.1" 404 15656 "-" "-"
162.0.235.240 - - [14/Oct/2025:19:55:14 -0400] "GET /wp-content/plugins/contact-form-7-style/admin/predefined-templates.json HTTP/1.1" 200 1323 "-" "WordPress/6.8.3; https://batconpakistan.org"
40.86.42.55 - - [14/Oct/2025:19:55:14 -0400] "GET /22.php HTTP/1.1" 404 15653 "-" "-"
162.0.235.240 - - [14/Oct/2025:19:55:15 -0400] "GET /wp-content/plugins/contact-form-7-style/admin/predefined-templates.json HTTP/1.1" 200 1323 "-" "WordPress/6.8.3; https://batconpakistan.org"
40.86.42.55 - - [14/Oct/2025:19:55:14 -0400] "GET /room.php HTTP/1.1" 404 15654 "-" "-"
162.0.235.240 - - [14/Oct/2025:19:55:16 -0400] "GET /wp-content/plugins/contact-form-7-style/admin/predefined-templates.json HTTP/1.1" 200 1323 "-" "WordPress/6.8.3; https://batconpakistan.org"
40.86.42.55 - - [14/Oct/2025:19:55:15 -0400] "GET /disagreed.php HTTP/1.1" 404 15653 "-" "-"
162.0.235.240 - - [14/Oct/2025:19:55:17 -0400] "GET /wp-content/plugins/contact-form-7-style/admin/predefined-templates.json HTTP/1.1" 200 1323 "-" "WordPress/6.8.3; https://batconpakistan.org"
40.86.42.55 - - [14/Oct/2025:19:55:16 -0400] "GET /text.php HTTP/1.1" 404 15655 "-" "-"
162.0.235.240 - - [14/Oct/2025:19:55:18 -0400] "GET /wp-content/plugins/contact-form-7-style/admin/predefined-templates.json HTTP/1.1" 200 1323 "-" "WordPress/6.8.3; https://batconpakistan.org"
40.86.42.55 - - [14/Oct/2025:19:55:17 -0400] "GET /alfa-rex.php HTTP/1.1" 404 15656 "-" "-"
162.0.235.240 - - [14/Oct/2025:19:55:18 -0400] "GET /wp-content/plugins/contact-form-7-style/admin/predefined-templates.json HTTP/1.1" 200 1323 "-" "WordPress/6.8.3; https://batconpakistan.org"
40.86.42.55 - - [14/Oct/2025:19:55:18 -0400] "GET /alfa-rex.php7 HTTP/1.1" 404 15653 "-" "-"
162.0.235.240 - - [14/Oct/2025:19:55:19 -0400] "GET /wp-content/plugins/contact-form-7-style/admin/predefined-templates.json HTTP/1.1" 200 1323 "-" "WordPress/6.8.3; https://batconpakistan.org"
40.86.42.55 - - [14/Oct/2025:19:55:19 -0400] "GET /feeds.php HTTP/1.1" 404 15654 "-" "-"
162.0.235.240 - - [14/Oct/2025:19:55:20 -0400] "GET /wp-content/plugins/contact-form-7-style/admin/predefined-templates.json HTTP/1.1" 200 1323 "-" "WordPress/6.8.3; https://batconpakistan.org"
40.86.42.55 - - [14/Oct/2025:19:55:20 -0400] "GET /radio.php HTTP/1.1" 404 15654 "-" "-"
162.0.235.240 - - [14/Oct/2025:19:55:21 -0400] "GET /wp-content/plugins/contact-form-7-style/admin/predefined-templates.json HTTP/1.1" 200 1323 "-" "WordPress/6.8.3; https://batconpakistan.org"
40.86.42.55 - - [14/Oct/2025:19:55:20 -0400] "GET /dropdown.php HTTP/1.1" 404 15656 "-" "-"
162.0.235.240 - - [14/Oct/2025:19:55:22 -0400] "GET /wp-content/plugins/contact-form-7-style/admin/predefined-templates.json HTTP/1.1" 200 1323 "-" "WordPress/6.8.3; https://batconpakistan.org"
40.86.42.55 - - [14/Oct/2025:19:55:21 -0400] "GET /defaults.php HTTP/1.1" 404 15655 "-" "-"
162.0.235.240 - - [14/Oct/2025:19:55:22 -0400] "GET /wp-content/plugins/contact-form-7-style/admin/predefined-templates.json HTTP/1.1" 200 1323 "-" "WordPress/6.8.3; https://batconpakistan.org"
40.86.42.55 - - [14/Oct/2025:19:55:22 -0400] "GET /system.php HTTP/1.1" 404 15654 "-" "-"
40.86.42.55 - - [14/Oct/2025:19:55:23 -0400] "GET /xmlrpc.php HTTP/1.1" 403 1242 "-" "-"
162.0.235.240 - - [14/Oct/2025:19:55:23 -0400] "GET /wp-content/plugins/contact-form-7-style/admin/predefined-templates.json HTTP/1.1" 200 1323 "-" "WordPress/6.8.3; https://batconpakistan.org"
40.86.42.55 - - [14/Oct/2025:19:55:23 -0400] "GET /xmlrpc.php0 HTTP/1.1" 404 15656 "-" "-"
162.0.235.240 - - [14/Oct/2025:19:55:24 -0400] "GET /wp-content/plugins/contact-form-7-style/admin/predefined-templates.json HTTP/1.1" 200 1323 "-" "WordPress/6.8.3; https://batconpakistan.org"
40.86.42.55 - - [14/Oct/2025:19:55:24 -0400] "GET /colors.php HTTP/1.1" 404 15653 "-" "-"
162.0.235.240 - - [14/Oct/2025:19:55:25 -0400] "GET /wp-content/plugins/contact-form-7-style/admin/predefined-templates.json HTTP/1.1" 200 1323 "-" "WordPress/6.8.3; https://batconpakistan.org"
40.86.42.55 - - [14/Oct/2025:19:55:25 -0400] "GET /updates.php HTTP/1.1" 404 15654 "-" "-"
162.0.235.240 - - [14/Oct/2025:19:55:26 -0400] "GET /wp-content/plugins/contact-form-7-style/admin/predefined-templates.json HTTP/1.1" 200 1323 "-" "WordPress/6.8.3; https://batconpakistan.org"
40.86.42.55 - - [14/Oct/2025:19:55:25 -0400] "GET /alfa-rex1.php HTTP/1.1" 404 15654 "-" "-"
162.0.235.240 - - [14/Oct/2025:19:55:26 -0400] "GET /wp-content/plugins/contact-form-7-style/admin/predefined-templates.json HTTP/1.1" 200 1323 "-" "WordPress/6.8.3; https://batconpakistan.org"
40.86.42.55 - - [14/Oct/2025:19:55:26 -0400] "GET /wp-index.php HTTP/1.1" 404 15653 "-" "-"
162.0.235.240 - - [14/Oct/2025:19:55:27 -0400] "GET /wp-content/plugins/contact-form-7-style/admin/predefined-templates.json HTTP/1.1" 200 1323 "-" "WordPress/6.8.3; https://batconpakistan.org"
40.86.42.55 - - [14/Oct/2025:19:55:27 -0400] "GET /wp-admin.php HTTP/1.1" 404 15656 "-" "-"
162.0.235.240 - - [14/Oct/2025:19:55:28 -0400] "GET /wp-content/plugins/contact-form-7-style/admin/predefined-templates.json HTTP/1.1" 200 1323 "-" "WordPress/6.8.3; https://batconpakistan.org"
40.86.42.55 - - [14/Oct/2025:19:55:28 -0400] "GET /alfa.php HTTP/1.1" 404 15656 "-" "-"
162.0.235.240 - - [14/Oct/2025:19:55:29 -0400] "GET /wp-content/plugins/contact-form-7-style/admin/predefined-templates.json HTTP/1.1" 200 1323 "-" "WordPress/6.8.3; https://batconpakistan.org"
40.86.42.55 - - [14/Oct/2025:19:55:28 -0400] "GET /alfanew.php7 HTTP/1.1" 404 15655 "-" "-"
162.0.235.240 - - [14/Oct/2025:19:55:29 -0400] "GET /wp-content/plugins/contact-form-7-style/admin/predefined-templates.json HTTP/1.1" 200 1323 "-" "WordPress/6.8.3; https://batconpakistan.org"
40.86.42.55 - - [14/Oct/2025:19:55:29 -0400] "GET /locale.php HTTP/1.1" 404 15654 "-" "-"
162.0.235.240 - - [14/Oct/2025:19:55:30 -0400] "GET /wp-content/plugins/contact-form-7-style/admin/predefined-templates.json HTTP/1.1" 200 1323 "-" "WordPress/6.8.3; https://batconpakistan.org"
40.86.42.55 - - [14/Oct/2025:19:55:30 -0400] "GET /wxo.php HTTP/1.1" 404 15656 "-" "-"
162.0.235.240 - - [14/Oct/2025:19:55:31 -0400] "GET /wp-content/plugins/contact-form-7-style/admin/predefined-templates.json HTTP/1.1" 200 1323 "-" "WordPress/6.8.3; https://batconpakistan.org"
40.86.42.55 - - [14/Oct/2025:19:55:31 -0400] "GET /colour.php HTTP/1.1" 404 15655 "-" "-"
162.0.235.240 - - [14/Oct/2025:19:55:32 -0400] "GET /wp-content/plugins/contact-form-7-style/admin/predefined-templates.json HTTP/1.1" 200 1323 "-" "WordPress/6.8.3; https://batconpakistan.org"
40.86.42.55 - - [14/Oct/2025:19:55:32 -0400] "GET /files.php HTTP/1.1" 404 15654 "-" "-"
162.0.235.240 - - [14/Oct/2025:19:55:33 -0400] "GET /wp-content/plugins/contact-form-7-style/admin/predefined-templates.json HTTP/1.1" 200 1323 "-" "WordPress/6.8.3; https://batconpakistan.org"
40.86.42.55 - - [14/Oct/2025:19:55:32 -0400] "GET /install.php HTTP/1.1" 404 15654 "-" "-"
162.0.235.240 - - [14/Oct/2025:19:55:34 -0400] "GET /wp-content/plugins/contact-form-7-style/admin/predefined-templates.json HTTP/1.1" 200 1323 "-" "WordPress/6.8.3; https://batconpakistan.org"
40.86.42.55 - - [14/Oct/2025:19:55:33 -0400] "GET /wp-contentt.php HTTP/1.1" 404 15655 "-" "-"
162.0.235.240 - - [14/Oct/2025:19:55:34 -0400] "GET /wp-content/plugins/contact-form-7-style/admin/predefined-templates.json HTTP/1.1" 200 1323 "-" "WordPress/6.8.3; https://batconpakistan.org"
40.86.42.55 - - [14/Oct/2025:19:55:34 -0400] "GET /config.php7 HTTP/1.1" 404 15656 "-" "-"
162.0.235.240 - - [14/Oct/2025:19:55:35 -0400] "GET /wp-content/plugins/contact-form-7-style/admin/predefined-templates.json HTTP/1.1" 200 1323 "-" "WordPress/6.8.3; https://batconpakistan.org"
40.86.42.55 - - [14/Oct/2025:19:55:35 -0400] "GET /config.php HTTP/1.1" 404 15653 "-" "-"
162.0.235.240 - - [14/Oct/2025:19:55:36 -0400] "GET /wp-content/plugins/contact-form-7-style/admin/predefined-templates.json HTTP/1.1" 200 1323 "-" "WordPress/6.8.3; https://batconpakistan.org"
40.86.42.55 - - [14/Oct/2025:19:55:36 -0400] "GET /theme.php HTTP/1.1" 404 15656 "-" "-"
162.0.235.240 - - [14/Oct/2025:19:55:37 -0400] "GET /wp-content/plugins/contact-form-7-style/admin/predefined-templates.json HTTP/1.1" 200 1323 "-" "WordPress/6.8.3; https://batconpakistan.org"
40.86.42.55 - - [14/Oct/2025:19:55:36 -0400] "GET /block-bindings.php HTTP/1.1" 404 15655 "-" "-"
162.0.235.240 - - [14/Oct/2025:19:55:38 -0400] "GET /wp-content/plugins/contact-form-7-style/admin/predefined-templates.json HTTP/1.1" 200 1323 "-" "WordPress/6.8.3; https://batconpakistan.org"
40.86.42.55 - - [14/Oct/2025:19:55:37 -0400] "GET /class_api.php HTTP/1.1" 404 15655 "-" "-"
162.0.235.240 - - [14/Oct/2025:19:55:38 -0400] "GET /wp-content/plugins/contact-form-7-style/admin/predefined-templates.json HTTP/1.1" 200 1323 "-" "WordPress/6.8.3; https://batconpakistan.org"
40.86.42.55 - - [14/Oct/2025:19:55:38 -0400] "GET /inputs.php HTTP/1.1" 404 15655 "-" "-"
162.0.235.240 - - [14/Oct/2025:19:55:39 -0400] "GET /wp-content/plugins/contact-form-7-style/admin/predefined-templates.json HTTP/1.1" 200 1323 "-" "WordPress/6.8.3; https://batconpakistan.org"
40.86.42.55 - - [14/Oct/2025:19:55:39 -0400] "GET /root.php HTTP/1.1" 404 15656 "-" "-"
162.0.235.240 - - [14/Oct/2025:19:55:40 -0400] "GET /wp-content/plugins/contact-form-7-style/admin/predefined-templates.json HTTP/1.1" 200 1323 "-" "WordPress/6.8.3; https://batconpakistan.org"
162.0.235.240 - - [14/Oct/2025:19:55:40 -0400] "POST /wp-cron.php?doing_wp_cron=1760486140.7161829471588134765625 HTTP/1.1" 200 0 "-" "WordPress/6.8.3; https://batconpakistan.org"
40.86.42.55 - - [14/Oct/2025:19:55:40 -0400] "GET /menu.php HTTP/1.1" 404 15656 "-" "-"
162.0.235.240 - - [14/Oct/2025:19:55:41 -0400] "GET /wp-content/plugins/contact-form-7-style/admin/predefined-templates.json HTTP/1.1" 200 1323 "-" "WordPress/6.8.3; https://batconpakistan.org"
162.0.235.240 - - [14/Oct/2025:19:55:41 -0400] "GET /wp-content/plugins/contact-form-7-style/admin/predefined-templates.json HTTP/1.1" 200 1323 "-" "WordPress/6.8.3; https://batconpakistan.org"
40.86.42.55 - - [14/Oct/2025:19:55:41 -0400] "GET /plugin.php HTTP/1.1" 404 15654 "-" "-"
162.0.235.240 - - [14/Oct/2025:19:55:42 -0400] "GET /wp-content/plugins/contact-form-7-style/admin/predefined-templates.json HTTP/1.1" 200 1323 "-" "WordPress/6.8.3; https://batconpakistan.org"
40.86.42.55 - - [14/Oct/2025:19:55:42 -0400] "GET /cloud.php HTTP/1.1" 404 15656 "-" "-"
162.0.235.240 - - [14/Oct/2025:19:55:43 -0400] "GET /wp-content/plugins/contact-form-7-style/admin/predefined-templates.json HTTP/1.1" 200 1323 "-" "WordPress/6.8.3; https://batconpakistan.org"
40.86.42.55 - - [14/Oct/2025:19:55:42 -0400] "GET /configs.php HTTP/1.1" 404 15655 "-" "-"
162.0.235.240 - - [14/Oct/2025:19:55:44 -0400] "GET /wp-content/plugins/contact-form-7-style/admin/predefined-templates.json HTTP/1.1" 200 1323 "-" "WordPress/6.8.3; https://batconpakistan.org"
40.86.42.55 - - [14/Oct/2025:19:55:43 -0400] "GET /wp-configs.php HTTP/1.1" 404 15653 "-" "-"
162.0.235.240 - - [14/Oct/2025:19:55:45 -0400] "GET /wp-content/plugins/contact-form-7-style/admin/predefined-templates.json HTTP/1.1" 200 1323 "-" "WordPress/6.8.3; https://batconpakistan.org"
40.86.42.55 - - [14/Oct/2025:19:55:44 -0400] "GET /update.php HTTP/1.1" 404 15655 "-" "-"
162.0.235.240 - - [14/Oct/2025:19:55:45 -0400] "GET /wp-content/plugins/contact-form-7-style/admin/predefined-templates.json HTTP/1.1" 200 1323 "-" "WordPress/6.8.3; https://batconpakistan.org"
40.86.42.55 - - [14/Oct/2025:19:55:45 -0400] "GET /2.php HTTP/1.1" 404 15656 "-" "-"
162.0.235.240 - - [14/Oct/2025:19:55:46 -0400] "GET /wp-content/plugins/contact-form-7-style/admin/predefined-templates.json HTTP/1.1" 200 1323 "-" "WordPress/6.8.3; https://batconpakistan.org"
40.86.42.55 - - [14/Oct/2025:19:55:46 -0400] "GET /input.php HTTP/1.1" 404 15656 "-" "-"
162.0.235.240 - - [14/Oct/2025:19:55:47 -0400] "GET /wp-content/plugins/contact-form-7-style/admin/predefined-templates.json HTTP/1.1" 200 1323 "-" "WordPress/6.8.3; https://batconpakistan.org"
40.86.42.55 - - [14/Oct/2025:19:55:47 -0400] "GET /aaa.php HTTP/1.1" 404 15656 "-" "-"
185.191.171.17 - - [14/Oct/2025:19:56:32 -0400] "GET /robots.txt HTTP/1.1" 304 0 "-" "Mozilla/5.0 (compatible; SemrushBot/7~bl; +http://www.semrush.com/bot.html)"
162.0.235.240 - - [14/Oct/2025:19:56:34 -0400] "GET /wp-content/plugins/contact-form-7-style/admin/predefined-templates.json HTTP/1.1" 200 1323 "-" "WordPress/6.8.3; https://batconpakistan.org"
162.0.235.240 - - [14/Oct/2025:19:56:34 -0400] "POST /wp-cron.php?doing_wp_cron=1760486194.3592019081115722656250 HTTP/1.1" 200 0 "-" "WordPress/6.8.3; https://batconpakistan.org"
185.191.171.7 - - [14/Oct/2025:19:56:33 -0400] "GET /team/dr-arshad-javid/ HTTP/1.1" 200 16870 "-" "Mozilla/5.0 (compatible; SemrushBot/7~bl; +http://www.semrush.com/bot.html)"
162.0.235.240 - - [14/Oct/2025:19:56:34 -0400] "GET /wp-content/plugins/contact-form-7-style/admin/predefined-templates.json HTTP/1.1" 200 1323 "-" "WordPress/6.8.3; https://batconpakistan.org"
162.0.235.240 - - [14/Oct/2025:20:01:41 -0400] "GET /wp-content/plugins/contact-form-7-style/admin/predefined-templates.json HTTP/1.1" 200 1323 "-" "WordPress/6.8.3; https://batconpakistan.org"
162.0.235.240 - - [14/Oct/2025:20:01:42 -0400] "POST /wp-cron.php?doing_wp_cron=1760486502.0361559391021728515625 HTTP/1.1" 200 0 "-" "WordPress/6.8.3; https://batconpakistan.org"
40.77.167.55 - - [14/Oct/2025:20:01:38 -0400] "GET /sitemap_index.xml HTTP/1.1" 200 512 "-" "Mozilla/5.0 AppleWebKit/537.36 (KHTML, like Gecko; compatible; bingbot/2.0; +http://www.bing.com/bingbot.htm) Chrome/116.0.1938.76 Safari/537.36"
162.0.235.240 - - [14/Oct/2025:20:01:42 -0400] "GET /wp-content/plugins/contact-form-7-style/admin/predefined-templates.json HTTP/1.1" 200 1323 "-" "WordPress/6.8.3; https://batconpakistan.org"
66.249.66.70 - - [14/Oct/2025:20:07:29 -0400] "GET / HTTP/1.1" 200 23132 "-" "Mozilla/5.0 (compatible; Googlebot/2.1; +http://www.google.com/bot.html)"
162.0.235.240 - - [14/Oct/2025:20:07:57 -0400] "GET /wp-content/plugins/contact-form-7-style/admin/predefined-templates.json HTTP/1.1" 200 1323 "-" "WordPress/6.8.3; https://batconpakistan.org"
162.0.235.240 - - [14/Oct/2025:20:07:57 -0400] "POST /wp-cron.php?doing_wp_cron=1760486877.6436638832092285156250 HTTP/1.1" 200 0 "-" "WordPress/6.8.3; https://batconpakistan.org"
13.67.185.227 - - [14/Oct/2025:20:07:53 -0400] "GET /aa.php HTTP/1.1" 404 15667 "-" "-"
162.0.235.240 - - [14/Oct/2025:20:07:58 -0400] "GET /wp-content/plugins/contact-form-7-style/admin/predefined-templates.json HTTP/1.1" 200 1323 "-" "WordPress/6.8.3; https://batconpakistan.org"
162.0.235.240 - - [14/Oct/2025:20:07:58 -0400] "GET /wp-content/plugins/contact-form-7-style/admin/predefined-templates.json HTTP/1.1" 200 1323 "-" "WordPress/6.8.3; https://batconpakistan.org"
13.67.185.227 - - [14/Oct/2025:20:07:58 -0400] "GET /abcd.php HTTP/1.1" 404 15667 "-" "-"
162.0.235.240 - - [14/Oct/2025:20:07:59 -0400] "GET /wp-content/plugins/contact-form-7-style/admin/predefined-templates.json HTTP/1.1" 200 1323 "-" "WordPress/6.8.3; https://batconpakistan.org"
13.67.185.227 - - [14/Oct/2025:20:07:59 -0400] "GET /admin.php HTTP/1.1" 404 15667 "-" "-"
162.0.235.240 - - [14/Oct/2025:20:08:00 -0400] "GET /wp-content/plugins/contact-form-7-style/admin/predefined-templates.json HTTP/1.1" 200 1323 "-" "WordPress/6.8.3; https://batconpakistan.org"
13.67.185.227 - - [14/Oct/2025:20:08:00 -0400] "GET /.__info.php HTTP/1.1" 404 15664 "-" "-"
162.0.235.240 - - [14/Oct/2025:20:08:01 -0400] "GET /wp-content/plugins/contact-form-7-style/admin/predefined-templates.json HTTP/1.1" 200 1323 "-" "WordPress/6.8.3; https://batconpakistan.org"
13.67.185.227 - - [14/Oct/2025:20:08:00 -0400] "GET /.bod/.ll/ss.php HTTP/1.1" 404 15665 "-" "-"
162.0.235.240 - - [14/Oct/2025:20:08:01 -0400] "GET /wp-content/plugins/contact-form-7-style/admin/predefined-templates.json HTTP/1.1" 200 1323 "-" "WordPress/6.8.3; https://batconpakistan.org"
13.67.185.227 - - [14/Oct/2025:20:08:01 -0400] "GET /.well-known/.qiodetme.php HTTP/1.1" 404 15665 "-" "-"
13.67.185.227 - - [14/Oct/2025:20:08:02 -0400] "GET /info.php HTTP/1.1" 404 15665 "-" "-"
13.67.185.227 - - [14/Oct/2025:20:08:02 -0400] "GET /xmlrpc.php HTTP/1.1" 403 1242 "-" "-"
162.0.235.240 - - [14/Oct/2025:20:08:02 -0400] "GET /wp-content/plugins/contact-form-7-style/admin/predefined-templates.json HTTP/1.1" 200 1323 "-" "WordPress/6.8.3; https://batconpakistan.org"
13.67.185.227 - - [14/Oct/2025:20:08:02 -0400] "GET /ALFA_DATA/admin.php HTTP/1.1" 404 15668 "-" "-"
162.0.235.240 - - [14/Oct/2025:20:08:03 -0400] "GET /wp-content/plugins/contact-form-7-style/admin/predefined-templates.json HTTP/1.1" 200 1323 "-" "WordPress/6.8.3; https://batconpakistan.org"
13.67.185.227 - - [14/Oct/2025:20:08:03 -0400] "GET /aaa.php HTTP/1.1" 404 15665 "-" "-"
162.0.235.240 - - [14/Oct/2025:20:08:04 -0400] "GET /wp-content/plugins/contact-form-7-style/admin/predefined-templates.json HTTP/1.1" 200 1323 "-" "WordPress/6.8.3; https://batconpakistan.org"
13.67.185.227 - - [14/Oct/2025:20:08:04 -0400] "GET /about.php HTTP/1.1" 404 15667 "-" "-"
162.0.235.240 - - [14/Oct/2025:20:08:05 -0400] "GET /wp-content/plugins/contact-form-7-style/admin/predefined-templates.json HTTP/1.1" 200 1323 "-" "WordPress/6.8.3; https://batconpakistan.org"
162.0.235.240 - - [14/Oct/2025:20:08:05 -0400] "POST /wp-cron.php?doing_wp_cron=1760486885.5879690647125244140625 HTTP/1.1" 200 0 "-" "WordPress/6.8.3; https://batconpakistan.org"
13.67.185.227 - - [14/Oct/2025:20:08:05 -0400] "GET /admin/admin.php HTTP/1.1" 404 15664 "-" "-"
162.0.235.240 - - [14/Oct/2025:20:08:05 -0400] "GET /wp-content/plugins/contact-form-7-style/admin/predefined-templates.json HTTP/1.1" 200 1323 "-" "WordPress/6.8.3; https://batconpakistan.org"
162.0.235.240 - - [14/Oct/2025:20:08:06 -0400] "GET /wp-content/plugins/contact-form-7-style/admin/predefined-templates.json HTTP/1.1" 200 1323 "-" "WordPress/6.8.3; https://batconpakistan.org"
13.67.185.227 - - [14/Oct/2025:20:08:05 -0400] "GET /adminfuns.php HTTP/1.1" 404 15667 "-" "-"
162.0.235.240 - - [14/Oct/2025:20:08:07 -0400] "GET /wp-content/plugins/contact-form-7-style/admin/predefined-templates.json HTTP/1.1" 200 1323 "-" "WordPress/6.8.3; https://batconpakistan.org"
162.0.235.240 - - [14/Oct/2025:20:08:07 -0400] "POST /wp-cron.php?doing_wp_cron=1760486887.3504290580749511718750 HTTP/1.1" 200 0 "-" "WordPress/6.8.3; https://batconpakistan.org"
13.67.185.227 - - [14/Oct/2025:20:08:06 -0400] "GET /akcc.php HTTP/1.1" 404 15665 "-" "-"
162.0.235.240 - - [14/Oct/2025:20:08:07 -0400] "GET /wp-content/plugins/contact-form-7-style/admin/predefined-templates.json HTTP/1.1" 200 1323 "-" "WordPress/6.8.3; https://batconpakistan.org"
162.0.235.240 - - [14/Oct/2025:20:08:08 -0400] "GET /wp-content/plugins/contact-form-7-style/admin/predefined-templates.json HTTP/1.1" 200 1323 "-" "WordPress/6.8.3; https://batconpakistan.org"
13.67.185.227 - - [14/Oct/2025:20:08:07 -0400] "GET /alfa.php HTTP/1.1" 404 15668 "-" "-"
162.0.235.240 - - [14/Oct/2025:20:08:09 -0400] "GET /wp-content/plugins/contact-form-7-style/admin/predefined-templates.json HTTP/1.1" 200 1323 "-" "WordPress/6.8.3; https://batconpakistan.org"
13.67.185.227 - - [14/Oct/2025:20:08:08 -0400] "GET /build.php HTTP/1.1" 404 15668 "-" "-"
162.0.235.240 - - [14/Oct/2025:20:08:09 -0400] "GET /wp-content/plugins/contact-form-7-style/admin/predefined-templates.json HTTP/1.1" 200 1323 "-" "WordPress/6.8.3; https://batconpakistan.org"
13.67.185.227 - - [14/Oct/2025:20:08:09 -0400] "GET /buy.php HTTP/1.1" 404 15667 "-" "-"
162.0.235.240 - - [14/Oct/2025:20:08:10 -0400] "GET /wp-content/plugins/contact-form-7-style/admin/predefined-templates.json HTTP/1.1" 200 1323 "-" "WordPress/6.8.3; https://batconpakistan.org"
13.67.185.227 - - [14/Oct/2025:20:08:10 -0400] "GET /chosen.php HTTP/1.1" 404 15665 "-" "-"
162.0.235.240 - - [14/Oct/2025:20:08:11 -0400] "GET /wp-content/plugins/contact-form-7-style/admin/predefined-templates.json HTTP/1.1" 200 1323 "-" "WordPress/6.8.3; https://batconpakistan.org"
13.67.185.227 - - [14/Oct/2025:20:08:11 -0400] "GET /classwithtostring.php HTTP/1.1" 404 15667 "-" "-"
162.0.235.240 - - [14/Oct/2025:20:08:12 -0400] "GET /wp-content/plugins/contact-form-7-style/admin/predefined-templates.json HTTP/1.1" 200 1323 "-" "WordPress/6.8.3; https://batconpakistan.org"
13.67.185.227 - - [14/Oct/2025:20:08:12 -0400] "GET /css/index.php HTTP/1.1" 301 0 "-" "-"
162.0.235.240 - - [14/Oct/2025:20:08:13 -0400] "GET /wp-content/plugins/contact-form-7-style/admin/predefined-templates.json HTTP/1.1" 200 1323 "-" "WordPress/6.8.3; https://batconpakistan.org"
13.67.185.227 - - [14/Oct/2025:20:08:12 -0400] "GET /css/ HTTP/1.1" 404 15666 "-" "-"
162.0.235.240 - - [14/Oct/2025:20:08:14 -0400] "GET /wp-content/plugins/contact-form-7-style/admin/predefined-templates.json HTTP/1.1" 200 1323 "-" "WordPress/6.8.3; https://batconpakistan.org"
13.67.185.227 - - [14/Oct/2025:20:08:13 -0400] "GET /default.php HTTP/1.1" 404 15666 "-" "-"
162.0.235.240 - - [14/Oct/2025:20:08:14 -0400] "GET /wp-content/plugins/contact-form-7-style/admin/predefined-templates.json HTTP/1.1" 200 1323 "-" "WordPress/6.8.3; https://batconpakistan.org"
13.67.185.227 - - [14/Oct/2025:20:08:14 -0400] "GET /edit.php HTTP/1.1" 404 15667 "-" "-"
162.0.235.240 - - [14/Oct/2025:20:08:15 -0400] "GET /wp-content/plugins/contact-form-7-style/admin/predefined-templates.json HTTP/1.1" 200 1323 "-" "WordPress/6.8.3; https://batconpakistan.org"
13.67.185.227 - - [14/Oct/2025:20:08:15 -0400] "GET /file.php HTTP/1.1" 404 15668 "-" "-"
162.0.235.240 - - [14/Oct/2025:20:08:16 -0400] "GET /wp-content/plugins/contact-form-7-style/admin/predefined-templates.json HTTP/1.1" 200 1323 "-" "WordPress/6.8.3; https://batconpakistan.org"
13.67.185.227 - - [14/Oct/2025:20:08:16 -0400] "GET /filemanager.php HTTP/1.1" 404 15665 "-" "-"
162.0.235.240 - - [14/Oct/2025:20:08:17 -0400] "GET /wp-content/plugins/contact-form-7-style/admin/predefined-templates.json HTTP/1.1" 200 1323 "-" "WordPress/6.8.3; https://batconpakistan.org"
13.67.185.227 - - [14/Oct/2025:20:08:16 -0400] "GET /flower.php HTTP/1.1" 404 15667 "-" "-"
162.0.235.240 - - [14/Oct/2025:20:08:18 -0400] "GET /wp-content/plugins/contact-form-7-style/admin/predefined-templates.json HTTP/1.1" 200 1323 "-" "WordPress/6.8.3; https://batconpakistan.org"
13.67.185.227 - - [14/Oct/2025:20:08:17 -0400] "GET /form.php HTTP/1.1" 404 15667 "-" "-"
162.0.235.240 - - [14/Oct/2025:20:08:18 -0400] "GET /wp-content/plugins/contact-form-7-style/admin/predefined-templates.json HTTP/1.1" 200 1323 "-" "WordPress/6.8.3; https://batconpakistan.org"
13.67.185.227 - - [14/Oct/2025:20:08:18 -0400] "GET /function/function.php HTTP/1.1" 404 15667 "-" "-"
162.0.235.240 - - [14/Oct/2025:20:08:19 -0400] "GET /wp-content/plugins/contact-form-7-style/admin/predefined-templates.json HTTP/1.1" 200 1323 "-" "WordPress/6.8.3; https://batconpakistan.org"
13.67.185.227 - - [14/Oct/2025:20:08:19 -0400] "GET /go.php HTTP/1.1" 404 15667 "-" "-"
162.0.235.240 - - [14/Oct/2025:20:08:20 -0400] "GET /wp-content/plugins/contact-form-7-style/admin/predefined-templates.json HTTP/1.1" 200 1323 "-" "WordPress/6.8.3; https://batconpakistan.org"
13.67.185.227 - - [14/Oct/2025:20:08:19 -0400] "GET /goods.php HTTP/1.1" 404 15666 "-" "-"
162.0.235.240 - - [14/Oct/2025:20:08:21 -0400] "GET /wp-content/plugins/contact-form-7-style/admin/predefined-templates.json HTTP/1.1" 200 1323 "-" "WordPress/6.8.3; https://batconpakistan.org"
13.67.185.227 - - [14/Oct/2025:20:08:20 -0400] "GET /images/index.php HTTP/1.1" 301 0 "-" "-"
162.0.235.240 - - [14/Oct/2025:20:08:21 -0400] "GET /wp-content/plugins/contact-form-7-style/admin/predefined-templates.json HTTP/1.1" 200 1323 "-" "WordPress/6.8.3; https://batconpakistan.org"
13.67.185.227 - - [14/Oct/2025:20:08:21 -0400] "GET /images/ HTTP/1.1" 404 15667 "-" "-"
162.0.235.240 - - [14/Oct/2025:20:08:22 -0400] "GET /wp-content/plugins/contact-form-7-style/admin/predefined-templates.json HTTP/1.1" 200 1323 "-" "WordPress/6.8.3; https://batconpakistan.org"
13.67.185.227 - - [14/Oct/2025:20:08:22 -0400] "GET /images/images/about.php HTTP/1.1" 404 15667 "-" "-"
162.0.235.240 - - [14/Oct/2025:20:08:23 -0400] "GET /wp-content/plugins/contact-form-7-style/admin/predefined-templates.json HTTP/1.1" 200 1323 "-" "WordPress/6.8.3; https://batconpakistan.org"
13.67.185.227 - - [14/Oct/2025:20:08:22 -0400] "GET /ioxi-o.php HTTP/1.1" 404 15666 "-" "-"
162.0.235.240 - - [14/Oct/2025:20:08:24 -0400] "GET /wp-content/plugins/contact-form-7-style/admin/predefined-templates.json HTTP/1.1" 200 1323 "-" "WordPress/6.8.3; https://batconpakistan.org"
13.67.185.227 - - [14/Oct/2025:20:08:23 -0400] "GET /mari.php HTTP/1.1" 404 15667 "-" "-"
162.0.235.240 - - [14/Oct/2025:20:08:25 -0400] "GET /wp-content/plugins/contact-form-7-style/admin/predefined-templates.json HTTP/1.1" 200 1323 "-" "WordPress/6.8.3; https://batconpakistan.org"
13.67.185.227 - - [14/Oct/2025:20:08:24 -0400] "GET /moon.php HTTP/1.1" 404 15667 "-" "-"
162.0.235.240 - - [14/Oct/2025:20:08:25 -0400] "GET /wp-content/plugins/contact-form-7-style/admin/predefined-templates.json HTTP/1.1" 200 1323 "-" "WordPress/6.8.3; https://batconpakistan.org"
13.67.185.227 - - [14/Oct/2025:20:08:25 -0400] "GET /nc4.php HTTP/1.1" 404 15667 "-" "-"
162.0.235.240 - - [14/Oct/2025:20:08:26 -0400] "GET /wp-content/plugins/contact-form-7-style/admin/predefined-templates.json HTTP/1.1" 200 1323 "-" "WordPress/6.8.3; https://batconpakistan.org"
13.67.185.227 - - [14/Oct/2025:20:08:26 -0400] "GET /wp-admin/about.php HTTP/1.1" 302 0 "-" "-"
162.0.235.240 - - [14/Oct/2025:20:08:27 -0400] "GET /wp-content/plugins/contact-form-7-style/admin/predefined-templates.json HTTP/1.1" 200 1323 "-" "WordPress/6.8.3; https://batconpakistan.org"
13.67.185.227 - - [14/Oct/2025:20:08:27 -0400] "GET /wp-login.php?redirect_to=https%3A%2F%2Fbatconpakistan.org%2Fwp-admin%2Fabout.php&reauth=1 HTTP/1.1" 200 1893 "-" "-"
162.0.235.240 - - [14/Oct/2025:20:08:28 -0400] "GET /wp-content/plugins/contact-form-7-style/admin/predefined-templates.json HTTP/1.1" 200 1323 "-" "WordPress/6.8.3; https://batconpakistan.org"
13.67.185.227 - - [14/Oct/2025:20:08:27 -0400] "GET /wp-admin/css/colors/blue/index.php HTTP/1.1" 301 0 "-" "-"
13.67.185.227 - - [14/Oct/2025:20:08:28 -0400] "GET /wp-admin/css/colors/blue/ HTTP/1.1" 403 1242 "-" "-"
162.0.235.240 - - [14/Oct/2025:20:08:28 -0400] "GET /wp-content/plugins/contact-form-7-style/admin/predefined-templates.json HTTP/1.1" 200 1323 "-" "WordPress/6.8.3; https://batconpakistan.org"
13.67.185.227 - - [14/Oct/2025:20:08:28 -0400] "GET /wp-content/upgrade/index.php HTTP/1.1" 301 0 "-" "-"
13.67.185.227 - - [14/Oct/2025:20:08:29 -0400] "GET /wp-content/upgrade/ HTTP/1.1" 403 1242 "-" "-"
162.0.235.240 - - [14/Oct/2025:20:08:29 -0400] "GET /wp-content/plugins/contact-form-7-style/admin/predefined-templates.json HTTP/1.1" 200 1323 "-" "WordPress/6.8.3; https://batconpakistan.org"
13.67.185.227 - - [14/Oct/2025:20:08:29 -0400] "GET /wp-includes/style-engine/index.php HTTP/1.1" 301 0 "-" "-"
13.67.185.227 - - [14/Oct/2025:20:08:29 -0400] "GET /wp-includes/style-engine/ HTTP/1.1" 403 1242 "-" "-"
13.67.185.227 - - [14/Oct/2025:20:08:29 -0400] "GET /cgi-bin/ HTTP/1.1" 403 1242 "-" "-"
162.0.235.240 - - [14/Oct/2025:20:08:30 -0400] "GET /wp-content/plugins/contact-form-7-style/admin/predefined-templates.json HTTP/1.1" 200 1323 "-" "WordPress/6.8.3; https://batconpakistan.org"
13.67.185.227 - - [14/Oct/2025:20:08:30 -0400] "GET /xleet.php HTTP/1.1" 404 15666 "-" "-"
13.67.185.227 - - [14/Oct/2025:20:08:30 -0400] "GET /wp-admin/includes/ HTTP/1.1" 200 0 "-" "-"
162.0.235.240 - - [14/Oct/2025:20:08:31 -0400] "GET /wp-content/plugins/contact-form-7-style/admin/predefined-templates.json HTTP/1.1" 200 1323 "-" "WordPress/6.8.3; https://batconpakistan.org"
13.67.185.227 - - [14/Oct/2025:20:08:31 -0400] "GET /wp-content/uploads/admin.php HTTP/1.1" 404 15667 "-" "-"
162.0.235.240 - - [14/Oct/2025:20:08:32 -0400] "GET /wp-content/plugins/contact-form-7-style/admin/predefined-templates.json HTTP/1.1" 200 1323 "-" "WordPress/6.8.3; https://batconpakistan.org"
13.67.185.227 - - [14/Oct/2025:20:08:31 -0400] "GET /wp-good.php HTTP/1.1" 404 15667 "-" "-"
13.67.185.227 - - [14/Oct/2025:20:08:32 -0400] "GET /wp-includes/Text/Diff/Renderer/ HTTP/1.1" 403 1242 "-" "-"
13.67.185.227 - - [14/Oct/2025:20:08:32 -0400] "GET /wp-includes/style-engine/ HTTP/1.1" 403 1242 "-" "-"
162.0.235.240 - - [14/Oct/2025:20:08:33 -0400] "GET /wp-content/plugins/contact-form-7-style/admin/predefined-templates.json HTTP/1.1" 200 1323 "-" "WordPress/6.8.3; https://batconpakistan.org"
13.67.185.227 - - [14/Oct/2025:20:08:32 -0400] "GET /xmrlpc.php HTTP/1.1" 404 15668 "-" "-"
162.0.235.240 - - [14/Oct/2025:20:08:34 -0400] "GET /wp-content/plugins/contact-form-7-style/admin/predefined-templates.json HTTP/1.1" 200 1323 "-" "WordPress/6.8.3; https://batconpakistan.org"
13.67.185.227 - - [14/Oct/2025:20:08:33 -0400] "GET /asasx.php HTTP/1.1" 404 15667 "-" "-"
162.0.235.240 - - [14/Oct/2025:20:08:34 -0400] "GET /wp-content/plugins/contact-form-7-style/admin/predefined-templates.json HTTP/1.1" 200 1323 "-" "WordPress/6.8.3; https://batconpakistan.org"
13.67.185.227 - - [14/Oct/2025:20:08:34 -0400] "GET /autoload_classmap.php HTTP/1.1" 404 15667 "-" "-"
162.0.235.240 - - [14/Oct/2025:20:08:35 -0400] "GET /wp-content/plugins/contact-form-7-style/admin/predefined-templates.json HTTP/1.1" 200 1323 "-" "WordPress/6.8.3; https://batconpakistan.org"
13.67.185.227 - - [14/Oct/2025:20:08:35 -0400] "GET /cong.php HTTP/1.1" 404 15666 "-" "-"
162.0.235.240 - - [14/Oct/2025:20:08:36 -0400] "GET /wp-content/plugins/contact-form-7-style/admin/predefined-templates.json HTTP/1.1" 200 1323 "-" "WordPress/6.8.3; https://batconpakistan.org"
13.67.185.227 - - [14/Oct/2025:20:08:36 -0400] "GET /file2.php HTTP/1.1" 404 15666 "-" "-"
13.67.185.227 - - [14/Oct/2025:20:08:36 -0400] "GET /wp-content/index.php HTTP/1.1" 200 0 "-" "-"
162.0.235.240 - - [14/Oct/2025:20:08:37 -0400] "GET /wp-content/plugins/contact-form-7-style/admin/predefined-templates.json HTTP/1.1" 200 1323 "-" "WordPress/6.8.3; https://batconpakistan.org"
13.67.185.227 - - [14/Oct/2025:20:08:37 -0400] "GET /wp-content/plugins/yanierin/akcc.php HTTP/1.1" 404 15666 "-" "-"
162.0.235.240 - - [14/Oct/2025:20:08:38 -0400] "GET /wp-content/plugins/contact-form-7-style/admin/predefined-templates.json HTTP/1.1" 200 1323 "-" "WordPress/6.8.3; https://batconpakistan.org"
13.67.185.227 - - [14/Oct/2025:20:08:37 -0400] "GET /wp-content/uploads/index.php HTTP/1.1" 301 0 "-" "-"
13.67.185.227 - - [14/Oct/2025:20:08:38 -0400] "GET /wp-content/uploads/ HTTP/1.1" 403 1242 "-" "-"
162.0.235.240 - - [14/Oct/2025:20:08:38 -0400] "GET /wp-content/plugins/contact-form-7-style/admin/predefined-templates.json HTTP/1.1" 200 1323 "-" "WordPress/6.8.3; https://batconpakistan.org"
13.67.185.227 - - [14/Oct/2025:20:08:38 -0400] "GET /wp-content/wp-conflg.php HTTP/1.1" 404 15668 "-" "-"
13.67.185.227 - - [14/Oct/2025:20:08:39 -0400] "GET /wp-cron.php HTTP/1.1" 200 0 "-" "-"
13.67.185.227 - - [14/Oct/2025:20:08:39 -0400] "GET /wp-includes/IXR/ HTTP/1.1" 403 1242 "-" "-"
13.67.185.227 - - [14/Oct/2025:20:08:39 -0400] "GET /wp-includes/block-supports/ HTTP/1.1" 403 1242 "-" "-"
13.67.185.227 - - [14/Oct/2025:20:08:39 -0400] "GET /wp-includes/fonts/ HTTP/1.1" 403 1242 "-" "-"
162.0.235.240 - - [14/Oct/2025:20:08:39 -0400] "GET /wp-content/plugins/contact-form-7-style/admin/predefined-templates.json HTTP/1.1" 200 1323 "-" "WordPress/6.8.3; https://batconpakistan.org"
162.0.235.240 - - [14/Oct/2025:20:08:40 -0400] "GET /wp-content/plugins/contact-form-7-style/admin/predefined-templates.json HTTP/1.1" 200 1323 "-" "WordPress/6.8.3; https://batconpakistan.org"
162.0.235.240 - - [14/Oct/2025:20:08:40 -0400] "POST /wp-cron.php?doing_wp_cron=1760486920.4590070247650146484375 HTTP/1.1" 200 0 "-" "WordPress/6.8.3; https://batconpakistan.org"
13.67.185.227 - - [14/Oct/2025:20:08:39 -0400] "GET /wp-includes/fonts/index.php HTTP/1.1" 301 0 "-" "-"
13.67.185.227 - - [14/Oct/2025:20:08:40 -0400] "GET /wp-includes/fonts/ HTTP/1.1" 403 1242 "-" "-"
13.67.185.227 - - [14/Oct/2025:20:08:40 -0400] "GET /wp-includes/js/crop/ HTTP/1.1" 403 1242 "-" "-"
13.67.185.227 - - [14/Oct/2025:20:08:40 -0400] "GET /wp-includes/rest-api/ HTTP/1.1" 403 1242 "-" "-"
162.0.235.240 - - [14/Oct/2025:20:08:40 -0400] "GET /wp-content/plugins/contact-form-7-style/admin/predefined-templates.json HTTP/1.1" 200 1323 "-" "WordPress/6.8.3; https://batconpakistan.org"
13.67.185.227 - - [14/Oct/2025:20:08:40 -0400] "GET /wp-includes/widgets/ HTTP/1.1" 403 1242 "-" "-"
160.22.122.49 - - [14/Oct/2025:20:09:07 -0400] "GET /wp-login.php HTTP/1.1" 200 1885 "-" "Mozilla/5.0 (Windows NT 6.1; Win64; x64) AppleWebKit/537.36 (KHTML, like Gecko) Chrome/67.0.3396.79 Safari/537.36"
162.0.235.240 - - [14/Oct/2025:20:09:11 -0400] "GET /wp-content/plugins/contact-form-7-style/admin/predefined-templates.json HTTP/1.1" 200 1323 "-" "WordPress/6.8.3; https://batconpakistan.org"
162.0.235.240 - - [14/Oct/2025:20:09:11 -0400] "POST /wp-cron.php?doing_wp_cron=1760486951.9188239574432373046875 HTTP/1.1" 200 0 "-" "WordPress/6.8.3; https://batconpakistan.org"
160.22.122.49 - - [14/Oct/2025:20:09:11 -0400] "POST /wp-login.php HTTP/1.1" 200 2045 "https://batconpakistan.org/wp-login.php" "Mozilla/5.0 (Windows NT 6.1; Win64; x64) AppleWebKit/537.36 (KHTML, like Gecko) Chrome/67.0.3396.79 Safari/537.36"
162.0.235.240 - - [14/Oct/2025:20:09:12 -0400] "GET /wp-content/plugins/contact-form-7-style/admin/predefined-templates.json HTTP/1.1" 200 1323 "-" "WordPress/6.8.3; https://batconpakistan.org"
14.248.80.79 - - [14/Oct/2025:20:17:13 -0400] "GET /wp-login.php HTTP/1.1" 200 1885 "-" "Mozilla/4.0 (compatible; MSIE 7.0; Windows NT 6.1; WOW64; Trident/7.0; SLCC2; .NET CLR 2.0.50727; .NET4.0C; .NET4.0E; FBViewer-6.0.4.0; .NET CLR 3.5.30729; .NET CLR 3.0.30729)"
162.0.235.240 - - [14/Oct/2025:20:17:19 -0400] "GET /wp-content/plugins/contact-form-7-style/admin/predefined-templates.json HTTP/1.1" 200 1323 "-" "WordPress/6.8.3; https://batconpakistan.org"
162.0.235.240 - - [14/Oct/2025:20:17:19 -0400] "POST /wp-cron.php?doing_wp_cron=1760487439.5247440338134765625000 HTTP/1.1" 200 0 "-" "WordPress/6.8.3; https://batconpakistan.org"
14.248.80.79 - - [14/Oct/2025:20:17:16 -0400] "POST /wp-login.php HTTP/1.1" 200 2045 "https://batconpakistan.org/wp-login.php" "Mozilla/4.0 (compatible; MSIE 7.0; Windows NT 6.1; WOW64; Trident/7.0; SLCC2; .NET CLR 2.0.50727; .NET4.0C; .NET4.0E; FBViewer-6.0.4.0; .NET CLR 3.5.30729; .NET CLR 3.0.30729)"
162.0.235.240 - - [14/Oct/2025:20:17:20 -0400] "GET /wp-content/plugins/contact-form-7-style/admin/predefined-templates.json HTTP/1.1" 200 1323 "-" "WordPress/6.8.3; https://batconpakistan.org"
103.153.42.48 - - [14/Oct/2025:20:20:54 -0400] "GET /wp-login.php HTTP/1.1" 200 1885 "-" "Mozilla/5.0 (Windows NT 6.1; WOW64; Trident/7.0; yie10; rv:11.0) like Gecko"
162.0.235.240 - - [14/Oct/2025:20:20:59 -0400] "GET /wp-content/plugins/contact-form-7-style/admin/predefined-templates.json HTTP/1.1" 200 1323 "-" "WordPress/6.8.3; https://batconpakistan.org"
162.0.235.240 - - [14/Oct/2025:20:20:59 -0400] "POST /wp-cron.php?doing_wp_cron=1760487659.6468620300292968750000 HTTP/1.1" 200 0 "-" "WordPress/6.8.3; https://batconpakistan.org"
103.153.42.48 - - [14/Oct/2025:20:20:56 -0400] "POST /wp-login.php HTTP/1.1" 200 2045 "https://batconpakistan.org/wp-login.php" "Mozilla/5.0 (Windows NT 6.1; WOW64; Trident/7.0; yie10; rv:11.0) like Gecko"
162.0.235.240 - - [14/Oct/2025:20:21:00 -0400] "GET /wp-content/plugins/contact-form-7-style/admin/predefined-templates.json HTTP/1.1" 200 1323 "-" "WordPress/6.8.3; https://batconpakistan.org"
143.198.87.186 - - [14/Oct/2025:20:29:22 -0400] "GET /wp-login.php HTTP/1.1" 200 1885 "-" "Mozilla/5.0 (Macintosh; Intel Mac OS X 10_13) AppleWebKit/604.1.38 (KHTML, like Gecko) Version/11.0 Safari/604.1.38"
162.0.235.240 - - [14/Oct/2025:20:29:28 -0400] "GET /wp-content/plugins/contact-form-7-style/admin/predefined-templates.json HTTP/1.1" 200 1323 "-" "WordPress/6.8.3; https://batconpakistan.org"
162.0.235.240 - - [14/Oct/2025:20:29:29 -0400] "POST /wp-cron.php?doing_wp_cron=1760488169.2982780933380126953125 HTTP/1.1" 200 0 "-" "WordPress/6.8.3; https://batconpakistan.org"
143.198.87.186 - - [14/Oct/2025:20:29:25 -0400] "POST /wp-login.php HTTP/1.1" 200 2045 "https://batconpakistan.org/wp-login.php" "Mozilla/5.0 (Macintosh; Intel Mac OS X 10_13) AppleWebKit/604.1.38 (KHTML, like Gecko) Version/11.0 Safari/604.1.38"
162.0.235.240 - - [14/Oct/2025:20:29:29 -0400] "GET /wp-content/plugins/contact-form-7-style/admin/predefined-templates.json HTTP/1.1" 200 1323 "-" "WordPress/6.8.3; https://batconpakistan.org"
162.0.235.240 - - [14/Oct/2025:20:29:32 -0400] "GET /wp-content/plugins/contact-form-7-style/admin/predefined-templates.json HTTP/1.1" 200 1323 "-" "WordPress/6.8.3; https://batconpakistan.org"
66.249.66.71 - - [14/Oct/2025:20:29:32 -0400] "GET /gallery-category-sitemap.xml HTTP/1.1" 200 393 "-" "Mozilla/5.0 (compatible; Googlebot/2.1; +http://www.google.com/bot.html)"
2600:8805:810f:3b00:dd4f:c24e:6339:4a18 - - [14/Oct/2025:20:43:40 -0400] "GET /wp-content/uploads/2021/07/WhatsApp-Image-2021-07-10-at-9.51.16-AM-1-958x719.jpeg HTTP/1.1" 200 143713 "https://www.google.com/" "Mozilla/5.0 (Windows NT 10.0; Win64; x64; rv:143.0) Gecko/20100101 Firefox/143.0"
51.89.204.22 - - [14/Oct/2025:20:44:27 -0400] "GET /.env HTTP/1.1" 403 1242 "-" "python-requests/2.26.0"
51.89.204.22 - - [14/Oct/2025:20:44:28 -0400] "GET / HTTP/1.1" 302 771 "-" "python-requests/2.26.0"
167.172.161.100 - - [14/Oct/2025:20:45:09 -0400] "GET /wp-login.php HTTP/1.1" 200 1885 "-" "Mozilla/5.0 (Windows NT 6.1; Trident/7.0; MALC; rv:11.0) like Gecko"
162.0.235.240 - - [14/Oct/2025:20:45:14 -0400] "GET /wp-content/plugins/contact-form-7-style/admin/predefined-templates.json HTTP/1.1" 200 1323 "-" "WordPress/6.8.3; https://batconpakistan.org"
162.0.235.240 - - [14/Oct/2025:20:45:15 -0400] "POST /wp-cron.php?doing_wp_cron=1760489115.0751221179962158203125 HTTP/1.1" 200 0 "-" "WordPress/6.8.3; https://batconpakistan.org"
167.172.161.100 - - [14/Oct/2025:20:45:11 -0400] "POST /wp-login.php HTTP/1.1" 200 2045 "https://batconpakistan.org/wp-login.php" "Mozilla/5.0 (Windows NT 6.1; Trident/7.0; MALC; rv:11.0) like Gecko"
162.0.235.240 - - [14/Oct/2025:20:45:15 -0400] "GET /wp-content/plugins/contact-form-7-style/admin/predefined-templates.json HTTP/1.1" 200 1323 "-" "WordPress/6.8.3; https://batconpakistan.org"
162.0.235.240 - - [14/Oct/2025:20:45:17 -0400] "GET /wp-content/plugins/contact-form-7-style/admin/predefined-templates.json HTTP/1.1" 200 1323 "-" "WordPress/6.8.3; https://batconpakistan.org"
162.0.235.240 - - [14/Oct/2025:20:45:16 -0400] "POST /wp-admin/admin-ajax.php?action=wp_1_wc_privacy_cleanup&nonce=471fff9991 HTTP/1.1" 200 0 "-" "WordPress/6.8.3; https://batconpakistan.org"
162.0.235.240 - - [14/Oct/2025:20:49:29 -0400] "GET /wp-content/plugins/contact-form-7-style/admin/predefined-templates.json HTTP/1.1" 200 1323 "-" "WordPress/6.8.3; https://batconpakistan.org"
162.0.235.240 - - [14/Oct/2025:20:49:29 -0400] "POST /wp-cron.php?doing_wp_cron=1760489369.7194669246673583984375 HTTP/1.1" 200 0 "-" "WordPress/6.8.3; https://batconpakistan.org"
51.195.183.55 - - [14/Oct/2025:20:49:26 -0400] "GET /sitemap_index.xml HTTP/1.1" 200 512 "-" "Mozilla/5.0 (compatible; AhrefsBot/7.0; +http://ahrefs.com/robot/)"
162.0.235.240 - - [14/Oct/2025:20:49:30 -0400] "GET /wp-content/plugins/contact-form-7-style/admin/predefined-templates.json HTTP/1.1" 200 1323 "-" "WordPress/6.8.3; https://batconpakistan.org"
162.0.235.240 - - [14/Oct/2025:20:49:37 -0400] "GET /wp-content/plugins/contact-form-7-style/admin/predefined-templates.json HTTP/1.1" 200 1323 "-" "WordPress/6.8.3; https://batconpakistan.org"
51.195.215.228 - - [14/Oct/2025:20:49:36 -0400] "GET /post-sitemap.xml HTTP/1.1" 200 976 "-" "Mozilla/5.0 (compatible; AhrefsBot/7.0; +http://ahrefs.com/robot/)"
162.0.235.240 - - [14/Oct/2025:20:49:39 -0400] "GET /wp-content/plugins/contact-form-7-style/admin/predefined-templates.json HTTP/1.1" 200 1323 "-" "WordPress/6.8.3; https://batconpakistan.org"
198.244.183.39 - - [14/Oct/2025:20:49:38 -0400] "GET /page-sitemap.xml HTTP/1.1" 200 1542 "-" "Mozilla/5.0 (compatible; AhrefsBot/7.0; +http://ahrefs.com/robot/)"
162.0.235.240 - - [14/Oct/2025:20:49:41 -0400] "GET /wp-content/plugins/contact-form-7-style/admin/predefined-templates.json HTTP/1.1" 200 1323 "-" "WordPress/6.8.3; https://batconpakistan.org"
162.0.235.240 - - [14/Oct/2025:20:49:42 -0400] "POST /wp-cron.php?doing_wp_cron=1760489382.1093070507049560546875 HTTP/1.1" 200 0 "-" "WordPress/6.8.3; https://batconpakistan.org"
198.244.240.52 - - [14/Oct/2025:20:49:41 -0400] "GET /testimonial-sitemap.xml HTTP/1.1" 200 391 "-" "Mozilla/5.0 (compatible; AhrefsBot/7.0; +http://ahrefs.com/robot/)"
162.0.235.240 - - [14/Oct/2025:20:49:42 -0400] "GET /wp-content/plugins/contact-form-7-style/admin/predefined-templates.json HTTP/1.1" 200 1323 "-" "WordPress/6.8.3; https://batconpakistan.org"
162.0.235.240 - - [14/Oct/2025:20:49:43 -0400] "GET /wp-content/plugins/contact-form-7-style/admin/predefined-templates.json HTTP/1.1" 200 1323 "-" "WordPress/6.8.3; https://batconpakistan.org"
198.244.226.18 - - [14/Oct/2025:20:49:43 -0400] "GET /gallery-sitemap.xml HTTP/1.1" 200 560 "-" "Mozilla/5.0 (compatible; AhrefsBot/7.0; +http://ahrefs.com/robot/)"
162.0.235.240 - - [14/Oct/2025:20:49:45 -0400] "GET /wp-content/plugins/contact-form-7-style/admin/predefined-templates.json HTTP/1.1" 200 1323 "-" "WordPress/6.8.3; https://batconpakistan.org"
51.195.244.34 - - [14/Oct/2025:20:49:44 -0400] "GET /event-sitemap.xml HTTP/1.1" 200 452 "-" "Mozilla/5.0 (compatible; AhrefsBot/7.0; +http://ahrefs.com/robot/)"
162.0.235.240 - - [14/Oct/2025:20:49:47 -0400] "GET /wp-content/plugins/contact-form-7-style/admin/predefined-templates.json HTTP/1.1" 200 1323 "-" "WordPress/6.8.3; https://batconpakistan.org"
198.244.183.145 - - [14/Oct/2025:20:49:46 -0400] "GET /team-sitemap.xml HTTP/1.1" 200 818 "-" "Mozilla/5.0 (compatible; AhrefsBot/7.0; +http://ahrefs.com/robot/)"
162.0.235.240 - - [14/Oct/2025:20:49:49 -0400] "GET /wp-content/plugins/contact-form-7-style/admin/predefined-templates.json HTTP/1.1" 200 1323 "-" "WordPress/6.8.3; https://batconpakistan.org"
162.0.235.240 - - [14/Oct/2025:20:49:49 -0400] "POST /wp-cron.php?doing_wp_cron=1760489389.2887210845947265625000 HTTP/1.1" 200 0 "-" "WordPress/6.8.3; https://batconpakistan.org"
198.244.242.223 - - [14/Oct/2025:20:49:48 -0400] "GET /product-sitemap.xml HTTP/1.1" 200 532 "-" "Mozilla/5.0 (compatible; AhrefsBot/7.0; +http://ahrefs.com/robot/)"
162.0.235.240 - - [14/Oct/2025:20:49:49 -0400] "GET /wp-content/plugins/contact-form-7-style/admin/predefined-templates.json HTTP/1.1" 200 1323 "-" "WordPress/6.8.3; https://batconpakistan.org"
162.0.235.240 - - [14/Oct/2025:20:49:51 -0400] "GET /wp-content/plugins/contact-form-7-style/admin/predefined-templates.json HTTP/1.1" 200 1323 "-" "WordPress/6.8.3; https://batconpakistan.org"
198.244.226.101 - - [14/Oct/2025:20:49:50 -0400] "GET /campaign-sitemap.xml HTTP/1.1" 200 478 "-" "Mozilla/5.0 (compatible; AhrefsBot/7.0; +http://ahrefs.com/robot/)"
162.0.235.240 - - [14/Oct/2025:20:50:00 -0400] "GET /wp-content/plugins/contact-form-7-style/admin/predefined-templates.json HTTP/1.1" 200 1323 "-" "WordPress/6.8.3; https://batconpakistan.org"
162.0.235.240 - - [14/Oct/2025:20:50:00 -0400] "POST /wp-cron.php?doing_wp_cron=1760489400.3585441112518310546875 HTTP/1.1" 200 0 "-" "WordPress/6.8.3; https://batconpakistan.org"
51.195.183.137 - - [14/Oct/2025:20:49:59 -0400] "GET /event_registrants-sitemap.xml HTTP/1.1" 200 379 "-" "Mozilla/5.0 (compatible; AhrefsBot/7.0; +http://ahrefs.com/robot/)"
162.0.235.240 - - [14/Oct/2025:20:50:00 -0400] "GET /wp-content/plugins/contact-form-7-style/admin/predefined-templates.json HTTP/1.1" 200 1323 "-" "WordPress/6.8.3; https://batconpakistan.org"
162.0.235.240 - - [14/Oct/2025:20:50:11 -0400] "GET /wp-content/plugins/contact-form-7-style/admin/predefined-templates.json HTTP/1.1" 200 1323 "-" "WordPress/6.8.3; https://batconpakistan.org"
162.0.235.240 - - [14/Oct/2025:20:50:11 -0400] "POST /wp-cron.php?doing_wp_cron=1760489411.6226170063018798828125 HTTP/1.1" 200 0 "-" "WordPress/6.8.3; https://batconpakistan.org"
54.38.147.122 - - [14/Oct/2025:20:50:11 -0400] "GET /category-sitemap.xml HTTP/1.1" 200 393 "-" "Mozilla/5.0 (compatible; AhrefsBot/7.0; +http://ahrefs.com/robot/)"
162.0.235.240 - - [14/Oct/2025:20:50:12 -0400] "GET /wp-content/plugins/contact-form-7-style/admin/predefined-templates.json HTTP/1.1" 200 1323 "-" "WordPress/6.8.3; https://batconpakistan.org"
162.0.235.240 - - [14/Oct/2025:20:50:13 -0400] "GET /wp-content/plugins/contact-form-7-style/admin/predefined-templates.json HTTP/1.1" 200 1323 "-" "WordPress/6.8.3; https://batconpakistan.org"
