51.195.244.143 - - [14/Oct/2025:20:50:13 -0400] "GET /post_tag-sitemap.xml HTTP/1.1" 200 450 "-" "Mozilla/5.0 (compatible; AhrefsBot/7.0; +http://ahrefs.com/robot/)"
162.0.235.240 - - [14/Oct/2025:20:50:23 -0400] "GET /wp-content/plugins/contact-form-7-style/admin/predefined-templates.json HTTP/1.1" 200 1323 "-" "WordPress/6.8.3; https://batconpakistan.org"
51.195.215.64 - - [14/Oct/2025:20:50:23 -0400] "GET /gallery-category-sitemap.xml HTTP/1.1" 200 393 "-" "Mozilla/5.0 (compatible; AhrefsBot/7.0; +http://ahrefs.com/robot/)"
162.0.235.240 - - [14/Oct/2025:20:50:29 -0400] "GET /wp-content/plugins/contact-form-7-style/admin/predefined-templates.json HTTP/1.1" 200 1323 "-" "WordPress/6.8.3; https://batconpakistan.org"
198.244.240.196 - - [14/Oct/2025:20:50:29 -0400] "GET /event-category-sitemap.xml HTTP/1.1" 200 378 "-" "Mozilla/5.0 (compatible; AhrefsBot/7.0; +http://ahrefs.com/robot/)"
162.0.235.240 - - [14/Oct/2025:20:50:32 -0400] "GET /wp-content/plugins/contact-form-7-style/admin/predefined-templates.json HTTP/1.1" 200 1323 "-" "WordPress/6.8.3; https://batconpakistan.org"
198.244.168.209 - - [14/Oct/2025:20:50:32 -0400] "GET /event-tag-sitemap.xml HTTP/1.1" 200 372 "-" "Mozilla/5.0 (compatible; AhrefsBot/7.0; +http://ahrefs.com/robot/)"
162.0.235.240 - - [14/Oct/2025:20:50:35 -0400] "GET /wp-content/plugins/contact-form-7-style/admin/predefined-templates.json HTTP/1.1" 200 1323 "-" "WordPress/6.8.3; https://batconpakistan.org"
51.195.244.3 - - [14/Oct/2025:20:50:34 -0400] "GET /team-category-sitemap.xml HTTP/1.1" 200 499 "-" "Mozilla/5.0 (compatible; AhrefsBot/7.0; +http://ahrefs.com/robot/)"
162.0.235.240 - - [14/Oct/2025:20:50:44 -0400] "GET /wp-content/plugins/contact-form-7-style/admin/predefined-templates.json HTTP/1.1" 200 1323 "-" "WordPress/6.8.3; https://batconpakistan.org"
162.0.235.240 - - [14/Oct/2025:20:50:44 -0400] "POST /wp-cron.php?doing_wp_cron=1760489444.7907159328460693359375 HTTP/1.1" 200 0 "-" "WordPress/6.8.3; https://batconpakistan.org"
198.244.168.128 - - [14/Oct/2025:20:50:44 -0400] "GET /product_cat-sitemap.xml HTTP/1.1" 200 381 "-" "Mozilla/5.0 (compatible; AhrefsBot/7.0; +http://ahrefs.com/robot/)"
162.0.235.240 - - [14/Oct/2025:20:50:45 -0400] "GET /wp-content/plugins/contact-form-7-style/admin/predefined-templates.json HTTP/1.1" 200 1323 "-" "WordPress/6.8.3; https://batconpakistan.org"
162.0.235.240 - - [14/Oct/2025:20:50:46 -0400] "GET /wp-content/plugins/contact-form-7-style/admin/predefined-templates.json HTTP/1.1" 200 1323 "-" "WordPress/6.8.3; https://batconpakistan.org"
198.244.226.221 - - [14/Oct/2025:20:50:45 -0400] "GET /campaign_category-sitemap.xml HTTP/1.1" 200 425 "-" "Mozilla/5.0 (compatible; AhrefsBot/7.0; +http://ahrefs.com/robot/)"
162.0.235.240 - - [14/Oct/2025:20:50:47 -0400] "GET /wp-content/plugins/contact-form-7-style/admin/predefined-templates.json HTTP/1.1" 200 1323 "-" "WordPress/6.8.3; https://batconpakistan.org"
198.244.242.77 - - [14/Oct/2025:20:50:47 -0400] "GET /campaign_tag-sitemap.xml HTTP/1.1" 200 413 "-" "Mozilla/5.0 (compatible; AhrefsBot/7.0; +http://ahrefs.com/robot/)"
162.0.235.240 - - [14/Oct/2025:20:50:49 -0400] "GET /wp-content/plugins/contact-form-7-style/admin/predefined-templates.json HTTP/1.1" 200 1323 "-" "WordPress/6.8.3; https://batconpakistan.org"
162.0.235.240 - - [14/Oct/2025:20:50:49 -0400] "POST /wp-cron.php?doing_wp_cron=1760489449.7088630199432373046875 HTTP/1.1" 200 0 "-" "WordPress/6.8.3; https://batconpakistan.org"
54.38.147.28 - - [14/Oct/2025:20:50:49 -0400] "GET /registrant-event-sitemap.xml HTTP/1.1" 200 364 "-" "Mozilla/5.0 (compatible; AhrefsBot/7.0; +http://ahrefs.com/robot/)"
162.0.235.240 - - [14/Oct/2025:20:50:50 -0400] "GET /wp-content/plugins/contact-form-7-style/admin/predefined-templates.json HTTP/1.1" 200 1323 "-" "WordPress/6.8.3; https://batconpakistan.org"
162.0.235.240 - - [14/Oct/2025:20:51:01 -0400] "GET /wp-content/plugins/contact-form-7-style/admin/predefined-templates.json HTTP/1.1" 200 1323 "-" "WordPress/6.8.3; https://batconpakistan.org"
162.0.235.240 - - [14/Oct/2025:20:51:01 -0400] "POST /wp-cron.php?doing_wp_cron=1760489461.9077670574188232421875 HTTP/1.1" 200 0 "-" "WordPress/6.8.3; https://batconpakistan.org"
198.244.240.248 - - [14/Oct/2025:20:51:01 -0400] "GET /style_category-sitemap.xml HTTP/1.1" 200 384 "-" "Mozilla/5.0 (compatible; AhrefsBot/7.0; +http://ahrefs.com/robot/)"
162.0.235.240 - - [14/Oct/2025:20:51:02 -0400] "GET /wp-content/plugins/contact-form-7-style/admin/predefined-templates.json HTTP/1.1" 200 1323 "-" "WordPress/6.8.3; https://batconpakistan.org"
162.0.235.240 - - [14/Oct/2025:20:51:11 -0400] "GET /wp-content/plugins/contact-form-7-style/admin/predefined-templates.json HTTP/1.1" 200 1323 "-" "WordPress/6.8.3; https://batconpakistan.org"
162.0.235.240 - - [14/Oct/2025:20:51:11 -0400] "POST /wp-cron.php?doing_wp_cron=1760489471.3023378849029541015625 HTTP/1.1" 200 0 "-" "WordPress/6.8.3; https://batconpakistan.org"
51.89.129.190 - - [14/Oct/2025:20:51:10 -0400] "GET /author-sitemap.xml HTTP/1.1" 200 341 "-" "Mozilla/5.0 (compatible; AhrefsBot/7.0; +http://ahrefs.com/robot/)"
162.0.235.240 - - [14/Oct/2025:20:51:11 -0400] "GET /wp-content/plugins/contact-form-7-style/admin/predefined-templates.json HTTP/1.1" 200 1323 "-" "WordPress/6.8.3; https://batconpakistan.org"
103.42.58.162 - - [14/Oct/2025:20:53:25 -0400] "GET /wp-login.php HTTP/1.1" 200 1885 "-" "Mozilla/5.0 (Macintosh; Intel Mac OS X 10_13_1) AppleWebKit/537.36 (KHTML, like Gecko) Chrome/66.0.3359.139 Safari/537.36"
162.0.235.240 - - [14/Oct/2025:20:53:31 -0400] "GET /wp-content/plugins/contact-form-7-style/admin/predefined-templates.json HTTP/1.1" 200 1323 "-" "WordPress/6.8.3; https://batconpakistan.org"
162.0.235.240 - - [14/Oct/2025:20:53:31 -0400] "GET /wp-content/plugins/contact-form-7-style/admin/predefined-templates.json HTTP/1.1" 200 1323 "-" "WordPress/6.8.3; https://batconpakistan.org"
162.0.235.240 - - [14/Oct/2025:20:53:31 -0400] "POST /wp-cron.php?doing_wp_cron=1760489611.6490890979766845703125 HTTP/1.1" 200 0 "-" "WordPress/6.8.3; https://batconpakistan.org"
162.0.235.240 - - [14/Oct/2025:20:53:31 -0400] "POST /wp-cron.php?doing_wp_cron=1760489611.6493980884552001953125 HTTP/1.1" 200 0 "-" "WordPress/6.8.3; https://batconpakistan.org"
2a02:598:128:8a00::b00:2 - - [14/Oct/2025:20:53:28 -0400] "GET /post_tag-sitemap.xml HTTP/1.1" 200 450 "-" "Mozilla/5.0 (compatible; SeznamBot/4.0; +https://o-seznam.cz/napoveda/vyhledavani/en/seznambot-crawler/)"
103.42.58.162 - - [14/Oct/2025:20:53:29 -0400] "POST /wp-login.php HTTP/1.1" 200 2045 "https://batconpakistan.org/wp-login.php" "Mozilla/5.0 (Macintosh; Intel Mac OS X 10_13_1) AppleWebKit/537.36 (KHTML, like Gecko) Chrome/66.0.3359.139 Safari/537.36"
162.0.235.240 - - [14/Oct/2025:20:53:32 -0400] "GET /wp-content/plugins/contact-form-7-style/admin/predefined-templates.json HTTP/1.1" 200 1323 "-" "WordPress/6.8.3; https://batconpakistan.org"
162.0.235.240 - - [14/Oct/2025:20:53:32 -0400] "GET /wp-content/plugins/contact-form-7-style/admin/predefined-templates.json HTTP/1.1" 200 1323 "-" "WordPress/6.8.3; https://batconpakistan.org"
107.174.141.134 - - [14/Oct/2025:21:02:09 -0400] "GET /.env HTTP/1.1" 403 1242 "-" "python-requests/2.25.1"
209.145.60.223 - - [14/Oct/2025:21:02:21 -0400] "GET /wp-login.php HTTP/1.1" 200 1885 "-" "Mozilla/5.0 (Windows NT 6.1; WOW64; Trident/7.0; MASN; rv:11.0) like Gecko"
162.0.235.240 - - [14/Oct/2025:21:02:27 -0400] "GET /wp-content/plugins/contact-form-7-style/admin/predefined-templates.json HTTP/1.1" 200 1323 "-" "WordPress/6.8.3; https://batconpakistan.org"
162.0.235.240 - - [14/Oct/2025:21:02:27 -0400] "POST /wp-cron.php?doing_wp_cron=1760490147.8233749866485595703125 HTTP/1.1" 200 0 "-" "WordPress/6.8.3; https://batconpakistan.org"
209.145.60.223 - - [14/Oct/2025:21:02:24 -0400] "POST /wp-login.php HTTP/1.1" 200 2045 "https://batconpakistan.org/wp-login.php" "Mozilla/5.0 (Windows NT 6.1; WOW64; Trident/7.0; MASN; rv:11.0) like Gecko"
162.0.235.240 - - [14/Oct/2025:21:02:28 -0400] "GET /wp-content/plugins/contact-form-7-style/admin/predefined-templates.json HTTP/1.1" 200 1323 "-" "WordPress/6.8.3; https://batconpakistan.org"
162.0.235.240 - - [14/Oct/2025:21:02:49 -0400] "GET /wp-content/plugins/contact-form-7-style/admin/predefined-templates.json HTTP/1.1" 200 1323 "-" "WordPress/6.8.3; https://batconpakistan.org"
162.0.235.240 - - [14/Oct/2025:21:02:49 -0400] "POST /wp-cron.php?doing_wp_cron=1760490169.4871339797973632812500 HTTP/1.1" 200 0 "-" "WordPress/6.8.3; https://batconpakistan.org"
162.0.235.240 - - [14/Oct/2025:21:02:49 -0400] "GET /wp-content/plugins/contact-form-7-style/admin/predefined-templates.json HTTP/1.1" 200 1323 "-" "WordPress/6.8.3; https://batconpakistan.org"
2a03:2880:f800:d:: - - [14/Oct/2025:21:02:48 -0400] "GET /campaigns/help-relocate-the-refugees/feed/ HTTP/1.1" 404 15667 "-" "meta-externalagent/1.1 (+https://developers.facebook.com/docs/sharing/webmasters/crawler)"
52.204.81.148 - - [14/Oct/2025:21:04:08 -0400] "GET /team/dr-arshad-javid/ HTTP/1.1" 200 16870 "-" "Mozilla/5.0 AppleWebKit/537.36 (KHTML, like Gecko; compatible; Amazonbot/0.1; +https://developer.amazon.com/support/amazonbot) Chrome/119.0.6045.214 Safari/537.36"
162.0.235.240 - - [14/Oct/2025:21:04:12 -0400] "GET /wp-content/plugins/contact-form-7-style/admin/predefined-templates.json HTTP/1.1" 200 1323 "-" "WordPress/6.8.3; https://batconpakistan.org"
162.0.235.240 - - [14/Oct/2025:21:04:12 -0400] "POST /wp-cron.php?doing_wp_cron=1760490252.6750290393829345703125 HTTP/1.1" 200 0 "-" "WordPress/6.8.3; https://batconpakistan.org"
162.0.235.240 - - [14/Oct/2025:21:04:13 -0400] "GET /wp-content/plugins/contact-form-7-style/admin/predefined-templates.json HTTP/1.1" 200 1323 "-" "WordPress/6.8.3; https://batconpakistan.org"
54.144.185.255 - - [14/Oct/2025:21:04:12 -0400] "GET /team/dr-hamid-irshad/ HTTP/1.1" 200 17591 "-" "Mozilla/5.0 AppleWebKit/537.36 (KHTML, like Gecko; compatible; Amazonbot/0.1; +https://developer.amazon.com/support/amazonbot) Chrome/119.0.6045.214 Safari/537.36"
93.90.73.29 - - [14/Oct/2025:21:07:18 -0400] "GET /wp-login.php HTTP/1.1" 200 1885 "-" "Mozilla/5.0 (Macintosh; Intel Mac OS X 10_13_2) AppleWebKit/537.36 (KHTML, like Gecko) Chrome/66.0.3359.181 Safari/537.36"
162.0.235.240 - - [14/Oct/2025:21:07:24 -0400] "GET /wp-content/plugins/contact-form-7-style/admin/predefined-templates.json HTTP/1.1" 200 1323 "-" "WordPress/6.8.3; https://batconpakistan.org"
162.0.235.240 - - [14/Oct/2025:21:07:25 -0400] "POST /wp-cron.php?doing_wp_cron=1760490445.3379840850830078125000 HTTP/1.1" 200 0 "-" "WordPress/6.8.3; https://batconpakistan.org"
93.90.73.29 - - [14/Oct/2025:21:07:21 -0400] "POST /wp-login.php HTTP/1.1" 200 2045 "https://batconpakistan.org/wp-login.php" "Mozilla/5.0 (Macintosh; Intel Mac OS X 10_13_2) AppleWebKit/537.36 (KHTML, like Gecko) Chrome/66.0.3359.181 Safari/537.36"
162.0.235.240 - - [14/Oct/2025:21:07:25 -0400] "GET /wp-content/plugins/contact-form-7-style/admin/predefined-templates.json HTTP/1.1" 200 1323 "-" "WordPress/6.8.3; https://batconpakistan.org"
2a04:4e41:2b98:65f5::d198:65f5 - - [14/Oct/2025:21:08:30 -0400] "GET / HTTP/1.1" 200 23132 "-" "Mozilla/5.0 (Macintosh; Intel Mac OS X 10_15_7) AppleWebKit/605.1.15 (KHTML, like Gecko) Version/17.3.1 Safari/605.1.15"
2a04:4e41:2b98:65f5::d198:65f5 - - [14/Oct/2025:21:08:31 -0400] "GET /wp-content/cache/autoptimize/css/autoptimize_single_740b535c88c3adf32f31bb4b2c9a75cb.css?ver=3.1.9 HTTP/1.1" 200 6100 "https://batconpakistan.org/" "Mozilla/5.0 (Macintosh; Intel Mac OS X 10_15_7) AppleWebKit/605.1.15 (KHTML, like Gecko) Version/17.3.1 Safari/605.1.15"
2a04:4e41:2b98:65f5::d198:65f5 - - [14/Oct/2025:21:08:31 -0400] "GET /wp-includes/css/dist/block-library/style.min.css?ver=6.8.3 HTTP/1.1" 200 14360 "https://batconpakistan.org/" "Mozilla/5.0 (Macintosh; Intel Mac OS X 10_15_7) AppleWebKit/605.1.15 (KHTML, like Gecko) Version/17.3.1 Safari/605.1.15"
2a04:4e41:2b98:65f5::d198:65f5 - - [14/Oct/2025:21:08:31 -0400] "GET /wp-content/cache/autoptimize/css/autoptimize_single_e41c8b843d0a67ae2fd223ba1ef4c4b0.css?ver=5.3.1.5 HTTP/1.1" 200 6634 "https://batconpakistan.org/" "Mozilla/5.0 (Macintosh; Intel Mac OS X 10_15_7) AppleWebKit/605.1.15 (KHTML, like Gecko) Version/17.3.1 Safari/605.1.15"
2a04:4e41:2b98:65f5::d198:65f5 - - [14/Oct/2025:21:08:31 -0400] "GET /wp-content/cache/autoptimize/css/autoptimize_single_64ac31699f5326cb3c76122498b76f66.css?ver=6.1.2 HTTP/1.1" 200 772 "https://batconpakistan.org/" "Mozilla/5.0 (Macintosh; Intel Mac OS X 10_15_7) AppleWebKit/605.1.15 (KHTML, like Gecko) Version/17.3.1 Safari/605.1.15"
2a04:4e41:2b98:65f5::d198:65f5 - - [14/Oct/2025:21:08:31 -0400] "GET /wp-content/plugins/charitable/assets/css/charitable.min.css?ver=1.8.8.3 HTTP/1.1" 200 4214 "https://batconpakistan.org/" "Mozilla/5.0 (Macintosh; Intel Mac OS X 10_15_7) AppleWebKit/605.1.15 (KHTML, like Gecko) Version/17.3.1 Safari/605.1.15"
2a04:4e41:2b98:65f5::d198:65f5 - - [14/Oct/2025:21:08:31 -0400] "GET /wp-content/cache/autoptimize/css/autoptimize_single_4c7a484dea14abf84b68c05eaafd62ba.css?ver=3.1.9 HTTP/1.1" 200 1522 "https://batconpakistan.org/" "Mozilla/5.0 (Macintosh; Intel Mac OS X 10_15_7) AppleWebKit/605.1.15 (KHTML, like Gecko) Version/17.3.1 Safari/605.1.15"
2a04:4e41:2b98:65f5::d198:65f5 - - [14/Oct/2025:21:08:31 -0400] "GET /wp-content/plugins/js_composer/assets/css/js_composer.min.css?ver=6.5.0 HTTP/1.1" 200 42001 "https://batconpakistan.org/" "Mozilla/5.0 (Macintosh; Intel Mac OS X 10_15_7) AppleWebKit/605.1.15 (KHTML, like Gecko) Version/17.3.1 Safari/605.1.15"
2a04:4e41:2b98:65f5::d198:65f5 - - [14/Oct/2025:21:08:31 -0400] "GET /wp-content/cache/autoptimize/css/autoptimize_single_be24b512aeb25f89583bd525a706d329.css?ver=2.3.1.8 HTTP/1.1" 200 851 "https://batconpakistan.org/" "Mozilla/5.0 (Macintosh; Intel Mac OS X 10_15_7) AppleWebKit/605.1.15 (KHTML, like Gecko) Version/17.3.1 Safari/605.1.15"
2a04:4e41:2b98:65f5::d198:65f5 - - [14/Oct/2025:21:08:31 -0400] "GET /wp-content/plugins/elementor/assets/lib/font-awesome/css/font-awesome.min.css?ver=4.7.0 HTTP/1.1" 200 6657 "https://batconpakistan.org/" "Mozilla/5.0 (Macintosh; Intel Mac OS X 10_15_7) AppleWebKit/605.1.15 (KHTML, like Gecko) Version/17.3.1 Safari/605.1.15"
2a04:4e41:2b98:65f5::d198:65f5 - - [14/Oct/2025:21:08:31 -0400] "GET /wp-content/cache/autoptimize/css/autoptimize_single_e2d671c403c7e2bd09b3b298c748d0db.css?ver=wc-10.2.2 HTTP/1.1" 200 2388 "https://batconpakistan.org/" "Mozilla/5.0 (Macintosh; Intel Mac OS X 10_15_7) AppleWebKit/605.1.15 (KHTML, like Gecko) Version/17.3.1 Safari/605.1.15"
2a04:4e41:2b98:65f5::d198:65f5 - - [14/Oct/2025:21:08:31 -0400] "GET /wp-content/cache/autoptimize/css/autoptimize_single_6ab2aa128673eda7d59c1118dc16bc54.css?ver=2.3.1.8 HTTP/1.1" 200 18267 "https://batconpakistan.org/" "Mozilla/5.0 (Macintosh; Intel Mac OS X 10_15_7) AppleWebKit/605.1.15 (KHTML, like Gecko) Version/17.3.1 Safari/605.1.15"
2a04:4e41:2b98:65f5::d198:65f5 - - [14/Oct/2025:21:08:31 -0400] "GET /wp-content/uploads/dynamic-mobmenu.css?ver=2.8.8-839 HTTP/1.1" 200 1744 "https://batconpakistan.org/" "Mozilla/5.0 (Macintosh; Intel Mac OS X 10_15_7) AppleWebKit/605.1.15 (KHTML, like Gecko) Version/17.3.1 Safari/605.1.15"
2a04:4e41:2b98:65f5::d198:65f5 - - [14/Oct/2025:21:08:31 -0400] "GET /wp-content/cache/autoptimize/css/autoptimize_single_62bd0bbb7661b81231fdf47aa5e637c7.css?ver=2.8.8 HTTP/1.1" 200 1650 "https://batconpakistan.org/" "Mozilla/5.0 (Macintosh; Intel Mac OS X 10_15_7) AppleWebKit/605.1.15 (KHTML, like Gecko) Version/17.3.1 Safari/605.1.15"
2a04:4e41:2b98:65f5::d198:65f5 - - [14/Oct/2025:21:08:31 -0400] "GET /wp-content/cache/autoptimize/css/autoptimize_single_1418901a19797ba546efd0b84d4bd748.css?ver=2.3.1.8 HTTP/1.1" 200 676 "https://batconpakistan.org/" "Mozilla/5.0 (Macintosh; Intel Mac OS X 10_15_7) AppleWebKit/605.1.15 (KHTML, like Gecko) Version/17.3.1 Safari/605.1.15"
2a04:4e41:2b98:65f5::d198:65f5 - - [14/Oct/2025:21:08:31 -0400] "GET /wp-content/uploads/2021/01/obBrWQr60P.jpg HTTP/1.1" 200 375182 "https://batconpakistan.org/" "Mozilla/5.0 (Macintosh; Intel Mac OS X 10_15_7) AppleWebKit/605.1.15 (KHTML, like Gecko) Version/17.3.1 Safari/605.1.15"
2a04:4e41:2b98:65f5::d198:65f5 - - [14/Oct/2025:21:08:31 -0400] "GET /wp-content/uploads/2023/02/bat-infographic-urdu.jpeg HTTP/1.1" 200 667348 "https://batconpakistan.org/" "Mozilla/5.0 (Macintosh; Intel Mac OS X 10_15_7) AppleWebKit/605.1.15 (KHTML, like Gecko) Version/17.3.1 Safari/605.1.15"
2a04:4e41:2b98:65f5::d198:65f5 - - [14/Oct/2025:21:08:31 -0400] "GET /wp-content/plugins/woocommerce/assets/js/frontend/order-attribution.min.js?ver=10.2.2 HTTP/1.1" 200 998 "https://batconpakistan.org/" "Mozilla/5.0 (Macintosh; Intel Mac OS X 10_15_7) AppleWebKit/605.1.15 (KHTML, like Gecko) Version/17.3.1 Safari/605.1.15"
2a04:4e41:2b98:65f5::d198:65f5 - - [14/Oct/2025:21:08:31 -0400] "GET /wp-content/plugins/woocommerce/assets/js/sourcebuster/sourcebuster.min.js?ver=10.2.2 HTTP/1.1" 304 0 "https://batconpakistan.org/" "Mozilla/5.0 (Macintosh; Intel Mac OS X 10_15_7) AppleWebKit/605.1.15 (KHTML, like Gecko) Version/17.3.1 Safari/605.1.15"
2a04:4e41:2b98:65f5::d198:65f5 - - [14/Oct/2025:21:08:31 -0400] "GET /wp-content/cache/autoptimize/css/autoptimize_single_72ba61ecd0b8e60524b78ef58d16ea3c.css?ver=2.3.1.8 HTTP/1.1" 200 560 "https://batconpakistan.org/" "Mozilla/5.0 (Macintosh; Intel Mac OS X 10_15_7) AppleWebKit/605.1.15 (KHTML, like Gecko) Version/17.3.1 Safari/605.1.15"
2a04:4e41:2b98:65f5::d198:65f5 - - [14/Oct/2025:21:08:31 -0400] "GET /wp-content/plugins/js_composer/assets/js/dist/js_composer_front.min.js?ver=6.5.0 HTTP/1.1" 200 5547 "https://batconpakistan.org/" "Mozilla/5.0 (Macintosh; Intel Mac OS X 10_15_7) AppleWebKit/605.1.15 (KHTML, like Gecko) Version/17.3.1 Safari/605.1.15"
2a04:4e41:2b98:65f5::d198:65f5 - - [14/Oct/2025:21:08:31 -0400] "GET /wp-content/plugins/js_composer/assets/lib/bower/skrollr/dist/skrollr.min.js?ver=6.5.0 HTTP/1.1" 200 5547 "https://batconpakistan.org/" "Mozilla/5.0 (Macintosh; Intel Mac OS X 10_15_7) AppleWebKit/605.1.15 (KHTML, like Gecko) Version/17.3.1 Safari/605.1.15"
2a04:4e41:2b98:65f5::d198:65f5 - - [14/Oct/2025:21:08:31 -0400] "GET /wp-content/themes/born-to-give/vendor/fullcalendar/fullcalendar.min.js?ver=2.3.1.8 HTTP/1.1" 304 0 "https://batconpakistan.org/" "Mozilla/5.0 (Macintosh; Intel Mac OS X 10_15_7) AppleWebKit/605.1.15 (KHTML, like Gecko) Version/17.3.1 Safari/605.1.15"
2a04:4e41:2b98:65f5::d198:65f5 - - [14/Oct/2025:21:08:31 -0400] "GET /wp-content/themes/born-to-give/vendor/magnific/jquery.magnific-popup.min.js?ver=2.3.1.8 HTTP/1.1" 200 7368 "https://batconpakistan.org/" "Mozilla/5.0 (Macintosh; Intel Mac OS X 10_15_7) AppleWebKit/605.1.15 (KHTML, like Gecko) Version/17.3.1 Safari/605.1.15"
2a04:4e41:2b98:65f5::d198:65f5 - - [14/Oct/2025:21:08:31 -0400] "GET /wp-content/cache/autoptimize/js/autoptimize_single_4b8e19f3dc3a22572352e6abc41762b3.js?ver=2.3.1.8 HTTP/1.1" 200 5551 "https://batconpakistan.org/" "Mozilla/5.0 (Macintosh; Intel Mac OS X 10_15_7) AppleWebKit/605.1.15 (KHTML, like Gecko) Version/17.3.1 Safari/605.1.15"
2a04:4e41:2b98:65f5::d198:65f5 - - [14/Oct/2025:21:08:31 -0400] "GET /wp-content/plugins/charitable/assets/js/charitable-frontend.min.js?ver=1.8.8.3 HTTP/1.1" 200 918 "https://batconpakistan.org/" "Mozilla/5.0 (Macintosh; Intel Mac OS X 10_15_7) AppleWebKit/605.1.15 (KHTML, like Gecko) Version/17.3.1 Safari/605.1.15"
2a04:4e41:2b98:65f5::d198:65f5 - - [14/Oct/2025:21:08:31 -0400] "GET /wp-includes/js/dist/hooks.min.js?ver=4d63a3d491d11ffd8ac6 HTTP/1.1" 304 0 "https://batconpakistan.org/" "Mozilla/5.0 (Macintosh; Intel Mac OS X 10_15_7) AppleWebKit/605.1.15 (KHTML, like Gecko) Version/17.3.1 Safari/605.1.15"
2a04:4e41:2b98:65f5::d198:65f5 - - [14/Oct/2025:21:08:31 -0400] "GET /wp-content/plugins/woocommerce/assets/js/frontend/woocommerce.min.js?ver=10.2.2 HTTP/1.1" 200 1275 "https://batconpakistan.org/" "Mozilla/5.0 (Macintosh; Intel Mac OS X 10_15_7) AppleWebKit/605.1.15 (KHTML, like Gecko) Version/17.3.1 Safari/605.1.15"
2a04:4e41:2b98:65f5::d198:65f5 - - [14/Oct/2025:21:08:31 -0400] "GET /wp-content/themes/born-to-give/vendor/owl-carousel/js/owl.carousel.min.js?ver=2.3.1.8 HTTP/1.1" 200 8177 "https://batconpakistan.org/" "Mozilla/5.0 (Macintosh; Intel Mac OS X 10_15_7) AppleWebKit/605.1.15 (KHTML, like Gecko) Version/17.3.1 Safari/605.1.15"
2a04:4e41:2b98:65f5::d198:65f5 - - [14/Oct/2025:21:08:31 -0400] "GET /wp-content/cache/autoptimize/js/autoptimize_single_2912c657d0592cc532dff73d0d2ce7bb.js?ver=6.1.2 HTTP/1.1" 200 4008 "https://batconpakistan.org/" "Mozilla/5.0 (Macintosh; Intel Mac OS X 10_15_7) AppleWebKit/605.1.15 (KHTML, like Gecko) Version/17.3.1 Safari/605.1.15"
2a04:4e41:2b98:65f5::d198:65f5 - - [14/Oct/2025:21:08:31 -0400] "GET /wp-content/themes/born-to-give/vendor/fullcalendar/lib/moment.min.js?ver=2.3.1.8 HTTP/1.1" 304 0 "https://batconpakistan.org/" "Mozilla/5.0 (Macintosh; Intel Mac OS X 10_15_7) AppleWebKit/605.1.15 (KHTML, like Gecko) Version/17.3.1 Safari/605.1.15"
2a04:4e41:2b98:65f5::d198:65f5 - - [14/Oct/2025:21:08:31 -0400] "GET /wp-content/plugins/woocommerce/assets/js/frontend/add-to-cart.min.js?ver=10.2.2 HTTP/1.1" 200 1225 "https://batconpakistan.org/" "Mozilla/5.0 (Macintosh; Intel Mac OS X 10_15_7) AppleWebKit/605.1.15 (KHTML, like Gecko) Version/17.3.1 Safari/605.1.15"
2a04:4e41:2b98:65f5::d198:65f5 - - [14/Oct/2025:21:08:31 -0400] "GET /wp-content/plugins/contact-form-7-style/js/frontend-min.js?ver=3.1.9 HTTP/1.1" 304 0 "https://batconpakistan.org/" "Mozilla/5.0 (Macintosh; Intel Mac OS X 10_15_7) AppleWebKit/605.1.15 (KHTML, like Gecko) Version/17.3.1 Safari/605.1.15"
2a04:4e41:2b98:65f5::d198:65f5 - - [14/Oct/2025:21:08:31 -0400] "GET /wp-includes/js/dist/i18n.min.js?ver=5e580eb46a90c2b997e6 HTTP/1.1" 200 3542 "https://batconpakistan.org/" "Mozilla/5.0 (Macintosh; Intel Mac OS X 10_15_7) AppleWebKit/605.1.15 (KHTML, like Gecko) Version/17.3.1 Safari/605.1.15"
2a04:4e41:2b98:65f5::d198:65f5 - - [14/Oct/2025:21:08:31 -0400] "GET /wp-content/plugins/woocommerce/assets/js/jquery-blockui/jquery.blockUI.min.js?ver=2.7.0-wc.10.2.2 HTTP/1.1" 304 0 "https://batconpakistan.org/" "Mozilla/5.0 (Macintosh; Intel Mac OS X 10_15_7) AppleWebKit/605.1.15 (KHTML, like Gecko) Version/17.3.1 Safari/605.1.15"
2a04:4e41:2b98:65f5::d198:65f5 - - [14/Oct/2025:21:08:31 -0400] "GET /wp-content/plugins/revslider/public/assets/js/jquery.themepunch.revolution.min.js?ver=5.3.1.5 HTTP/1.1" 200 16585 "https://batconpakistan.org/" "Mozilla/5.0 (Macintosh; Intel Mac OS X 10_15_7) AppleWebKit/605.1.15 (KHTML, like Gecko) Version/17.3.1 Safari/605.1.15"
2a04:4e41:2b98:65f5::d198:65f5 - - [14/Oct/2025:21:08:31 -0400] "GET /wp-content/plugins/mobile-menu/includes/css/font/mobmenu.woff2?31192480 HTTP/1.1" 200 9380 "https://batconpakistan.org/" "Mozilla/5.0 (Macintosh; Intel Mac OS X 10_15_7) AppleWebKit/605.1.15 (KHTML, like Gecko) Version/17.3.1 Safari/605.1.15"
2a04:4e41:2b98:65f5::d198:65f5 - - [14/Oct/2025:21:08:31 -0400] "GET /wp-content/plugins/revslider/public/assets/js/jquery.themepunch.tools.min.js?ver=5.3.1.5 HTTP/1.1" 200 36107 "https://batconpakistan.org/" "Mozilla/5.0 (Macintosh; Intel Mac OS X 10_15_7) AppleWebKit/605.1.15 (KHTML, like Gecko) Version/17.3.1 Safari/605.1.15"
2a04:4e41:2b98:65f5::d198:65f5 - - [14/Oct/2025:21:08:31 -0400] "GET /wp-includes/js/jquery/jquery-migrate.min.js?ver=3.4.1 HTTP/1.1" 304 0 "https://batconpakistan.org/" "Mozilla/5.0 (Macintosh; Intel Mac OS X 10_15_7) AppleWebKit/605.1.15 (KHTML, like Gecko) Version/17.3.1 Safari/605.1.15"
2a04:4e41:2b98:65f5::d198:65f5 - - [14/Oct/2025:21:08:31 -0400] "GET /wp-includes/js/jquery/jquery.min.js?ver=3.7.1 HTTP/1.1" 200 29744 "https://batconpakistan.org/" "Mozilla/5.0 (Macintosh; Intel Mac OS X 10_15_7) AppleWebKit/605.1.15 (KHTML, like Gecko) Version/17.3.1 Safari/605.1.15"
2a04:4e41:2b98:65f5::d198:65f5 - - [14/Oct/2025:21:08:31 -0400] "GET /wp-content/plugins/autoptimize/classes/external/js/lazysizes.min.js?ao_version=3.1.13 HTTP/1.1" 304 0 "https://batconpakistan.org/" "Mozilla/5.0 (Macintosh; Intel Mac OS X 10_15_7) AppleWebKit/605.1.15 (KHTML, like Gecko) Version/17.3.1 Safari/605.1.15"
2a04:4e41:2b98:65f5::d198:65f5 - - [14/Oct/2025:21:08:31 -0400] "GET /wp-content/cache/autoptimize/js/autoptimize_single_cf6d24b271a128c1564697131d29cd07.js?ver=2.3.1.8 HTTP/1.1" 200 5603 "https://batconpakistan.org/" "Mozilla/5.0 (Macintosh; Intel Mac OS X 10_15_7) AppleWebKit/605.1.15 (KHTML, like Gecko) Version/17.3.1 Safari/605.1.15"
2a04:4e41:2b98:65f5::d198:65f5 - - [14/Oct/2025:21:08:31 -0400] "GET /wp-content/cache/autoptimize/js/autoptimize_single_787fe4f547a6cb7f4ce4934641085910.js?ver=6.5.0 HTTP/1.1" 200 272 "https://batconpakistan.org/" "Mozilla/5.0 (Macintosh; Intel Mac OS X 10_15_7) AppleWebKit/605.1.15 (KHTML, like Gecko) Version/17.3.1 Safari/605.1.15"
2a04:4e41:2b98:65f5::d198:65f5 - - [14/Oct/2025:21:08:31 -0400] "GET /wp-content/plugins/charitable/assets/js/charitable-session.min.js?ver=1.8.8.3 HTTP/1.1" 200 731 "https://batconpakistan.org/" "Mozilla/5.0 (Macintosh; Intel Mac OS X 10_15_7) AppleWebKit/605.1.15 (KHTML, like Gecko) Version/17.3.1 Safari/605.1.15"
2a04:4e41:2b98:65f5::d198:65f5 - - [14/Oct/2025:21:08:31 -0400] "GET /wp-content/plugins/charitable/assets/js/libraries/js-cookie.min.js?ver=2.1.4 HTTP/1.1" 200 813 "https://batconpakistan.org/" "Mozilla/5.0 (Macintosh; Intel Mac OS X 10_15_7) AppleWebKit/605.1.15 (KHTML, like Gecko) Version/17.3.1 Safari/605.1.15"
2a04:4e41:2b98:65f5::d198:65f5 - - [14/Oct/2025:21:08:32 -0400] "GET /wp-content/uploads/2023/02/Bat1.jpg?id=1846 HTTP/1.1" 200 549395 "https://batconpakistan.org/" "Mozilla/5.0 (Macintosh; Intel Mac OS X 10_15_7) AppleWebKit/605.1.15 (KHTML, like Gecko) Version/17.3.1 Safari/605.1.15"
62.171.130.174 - - [14/Oct/2025:21:13:53 -0400] "GET /wp-admin/css/ HTTP/1.1" 403 1242 "binance.com" "Mozilla/5.0 (Windows NT 10.0; Win64; x64) AppleWebKit/537.36 (KHTML, like Gecko) Chrome/90.0.4430.85 Safari/537.36"
157.245.244.61 - - [14/Oct/2025:21:17:23 -0400] "GET /wp-login.php HTTP/1.1" 200 1885 "-" "Mozilla/5.0 (Windows NT 6.3; Win64; x64) AppleWebKit/537.36 (KHTML, like Gecko) Chrome/67.0.3396.79 Safari/537.36"
162.0.235.240 - - [14/Oct/2025:21:17:33 -0400] "GET /wp-content/plugins/contact-form-7-style/admin/predefined-templates.json HTTP/1.1" 200 1323 "-" "WordPress/6.8.3; https://batconpakistan.org"
162.0.235.240 - - [14/Oct/2025:21:17:35 -0400] "POST /wp-cron.php?doing_wp_cron=1760491055.0775110721588134765625 HTTP/1.1" 200 0 "-" "WordPress/6.8.3; https://batconpakistan.org"
157.245.244.61 - - [14/Oct/2025:21:17:27 -0400] "POST /wp-login.php HTTP/1.1" 200 2045 "https://batconpakistan.org/wp-login.php" "Mozilla/5.0 (Windows NT 6.3; Win64; x64) AppleWebKit/537.36 (KHTML, like Gecko) Chrome/67.0.3396.79 Safari/537.36"
162.0.235.240 - - [14/Oct/2025:21:17:35 -0400] "GET /wp-content/plugins/contact-form-7-style/admin/predefined-templates.json HTTP/1.1" 200 1323 "-" "WordPress/6.8.3; https://batconpakistan.org"
162.0.235.240 - - [14/Oct/2025:21:19:48 -0400] "GET /wp-content/plugins/contact-form-7-style/admin/predefined-templates.json HTTP/1.1" 200 1323 "-" "WordPress/6.8.3; https://batconpakistan.org"
162.0.235.240 - - [14/Oct/2025:21:19:49 -0400] "POST /wp-cron.php?doing_wp_cron=1760491189.1910049915313720703125 HTTP/1.1" 200 0 "-" "WordPress/6.8.3; https://batconpakistan.org"
137.184.201.59 - - [14/Oct/2025:21:19:44 -0400] "GET /team-sitemap.xml HTTP/1.1" 200 818 "-" "Mozilla/5.0 (Macintosh; Intel Mac OS X 10_15_7) AppleWebKit/537.36 (KHTML, like Gecko) Chrome/128.0.0.0 Safari/537.36"
162.0.235.240 - - [14/Oct/2025:21:19:49 -0400] "GET /wp-content/plugins/contact-form-7-style/admin/predefined-templates.json HTTP/1.1" 200 1323 "-" "WordPress/6.8.3; https://batconpakistan.org"
2a02:598:128:8a00::b00:1 - - [14/Oct/2025:21:20:23 -0400] "GET /team/dr-hamid-irshad/ HTTP/1.1" 200 17591 "-" "Mozilla/5.0 (compatible; SeznamBot/4.0; +https://o-seznam.cz/napoveda/vyhledavani/en/seznambot-crawler/)"
2a03:2880:f800:40:: - - [14/Oct/2025:21:23:56 -0400] "GET /category/touseef-ahmed/ HTTP/1.1" 200 28026 "-" "meta-externalagent/1.1 (+https://developers.facebook.com/docs/sharing/webmasters/crawler)"
2a03:2880:f800:3e:: - - [14/Oct/2025:21:26:32 -0400] "GET /author/admin/ HTTP/1.1" 200 40215 "-" "meta-externalagent/1.1 (+https://developers.facebook.com/docs/sharing/webmasters/crawler)"
162.240.48.171 - - [14/Oct/2025:21:26:42 -0400] "GET /wp-login.php HTTP/1.1" 200 1885 "-" "Mozilla/5.0 (Windows NT 6.3; Win64, x64; Trident/7.0; rv:11.0) like Gecko"
162.0.235.240 - - [14/Oct/2025:21:26:48 -0400] "GET /wp-content/plugins/contact-form-7-style/admin/predefined-templates.json HTTP/1.1" 200 1323 "-" "WordPress/6.8.3; https://batconpakistan.org"
162.0.235.240 - - [14/Oct/2025:21:26:48 -0400] "POST /wp-cron.php?doing_wp_cron=1760491608.8113639354705810546875 HTTP/1.1" 200 0 "-" "WordPress/6.8.3; https://batconpakistan.org"
162.240.48.171 - - [14/Oct/2025:21:26:45 -0400] "POST /wp-login.php HTTP/1.1" 200 2045 "https://batconpakistan.org/wp-login.php" "Mozilla/5.0 (Windows NT 6.3; Win64, x64; Trident/7.0; rv:11.0) like Gecko"
162.0.235.240 - - [14/Oct/2025:21:26:49 -0400] "GET /wp-content/plugins/contact-form-7-style/admin/predefined-templates.json HTTP/1.1" 200 1323 "-" "WordPress/6.8.3; https://batconpakistan.org"
20.194.1.13 - - [14/Oct/2025:21:26:54 -0400] "GET /bat-convervation-pakistan/ HTTP/1.1" 200 20201 "-" "Mozilla/5.0 AppleWebKit/537.36 (KHTML, like Gecko); compatible; ChatGPT-User/1.0; +https://openai.com/bot"
178.33.43.96 - - [14/Oct/2025:21:30:35 -0400] "GET /wp-login.php HTTP/1.1" 200 1885 "-" "Mozilla/5.0 (Macintosh; Intel Mac OS X 10_12_6) AppleWebKit/537.36 (KHTML, like Gecko) Chrome/67.0.3396.87 Safari/537.36"
162.0.235.240 - - [14/Oct/2025:21:30:39 -0400] "GET /wp-content/plugins/contact-form-7-style/admin/predefined-templates.json HTTP/1.1" 200 1323 "-" "WordPress/6.8.3; https://batconpakistan.org"
162.0.235.240 - - [14/Oct/2025:21:30:40 -0400] "POST /wp-cron.php?doing_wp_cron=1760491840.3671441078186035156250 HTTP/1.1" 200 0 "-" "WordPress/6.8.3; https://batconpakistan.org"
178.33.43.96 - - [14/Oct/2025:21:30:36 -0400] "POST /wp-login.php HTTP/1.1" 200 2045 "https://batconpakistan.org/wp-login.php" "Mozilla/5.0 (Macintosh; Intel Mac OS X 10_12_6) AppleWebKit/537.36 (KHTML, like Gecko) Chrome/67.0.3396.87 Safari/537.36"
162.0.235.240 - - [14/Oct/2025:21:30:40 -0400] "GET /wp-content/plugins/contact-form-7-style/admin/predefined-templates.json HTTP/1.1" 200 1323 "-" "WordPress/6.8.3; https://batconpakistan.org"
4.196.118.120 - - [14/Oct/2025:21:33:25 -0400] "GET / HTTP/1.1" 200 23132 "-" "Mozilla/5.0 AppleWebKit/537.36 (KHTML, like Gecko); compatible; ChatGPT-User/1.0; +https://openai.com/bot"
162.214.113.32 - - [14/Oct/2025:21:39:33 -0400] "GET /wp-login.php HTTP/1.1" 200 1885 "-" "Mozilla/4.0 (compatible; MSIE 7.0; Windows NT 6.2; WOW64; Trident/7.0; .NET4.0E; .NET4.0C; Tablet PC 2.0; .NET CLR 3.5.30729; .NET CLR 2.0.50727; .NET CLR 3.0.30729; WebMoney Advisor)"
162.0.235.240 - - [14/Oct/2025:21:39:37 -0400] "GET /wp-content/plugins/contact-form-7-style/admin/predefined-templates.json HTTP/1.1" 200 1323 "-" "WordPress/6.8.3; https://batconpakistan.org"
162.0.235.240 - - [14/Oct/2025:21:39:37 -0400] "POST /wp-cron.php?doing_wp_cron=1760492377.8444190025329589843750 HTTP/1.1" 200 0 "-" "WordPress/6.8.3; https://batconpakistan.org"
162.214.113.32 - - [14/Oct/2025:21:39:33 -0400] "POST /wp-login.php HTTP/1.1" 200 2045 "https://batconpakistan.org/wp-login.php" "Mozilla/4.0 (compatible; MSIE 7.0; Windows NT 6.2; WOW64; Trident/7.0; .NET4.0E; .NET4.0C; Tablet PC 2.0; .NET CLR 3.5.30729; .NET CLR 2.0.50727; .NET CLR 3.0.30729; WebMoney Advisor)"
162.0.235.240 - - [14/Oct/2025:21:39:38 -0400] "GET /wp-content/plugins/contact-form-7-style/admin/predefined-templates.json HTTP/1.1" 200 1323 "-" "WordPress/6.8.3; https://batconpakistan.org"
198.244.242.221 - - [14/Oct/2025:21:47:50 -0400] "GET /campaigns/education-for-everyone/ HTTP/1.1" 500 905 "-" "Mozilla/5.0 (compatible; AhrefsBot/7.0; +http://ahrefs.com/robot/)"
103.90.235.93 - - [14/Oct/2025:21:57:24 -0400] "GET /wp-login.php HTTP/1.1" 200 1885 "-" "Mozilla/5.0 (Macintosh; Intel Mac OS X 10_13_5) AppleWebKit/605.1.15 (KHTML, like Gecko) Version/11.1.1 Safari/605.1.15"
162.0.235.240 - - [14/Oct/2025:21:57:32 -0400] "GET /wp-content/plugins/contact-form-7-style/admin/predefined-templates.json HTTP/1.1" 200 1323 "-" "WordPress/6.8.3; https://batconpakistan.org"
162.0.235.240 - - [14/Oct/2025:21:57:33 -0400] "POST /wp-cron.php?doing_wp_cron=1760493453.3910870552062988281250 HTTP/1.1" 200 0 "-" "WordPress/6.8.3; https://batconpakistan.org"
103.90.235.93 - - [14/Oct/2025:21:57:27 -0400] "POST /wp-login.php HTTP/1.1" 200 2045 "https://batconpakistan.org/wp-login.php" "Mozilla/5.0 (Macintosh; Intel Mac OS X 10_13_5) AppleWebKit/605.1.15 (KHTML, like Gecko) Version/11.1.1 Safari/605.1.15"
162.0.235.240 - - [14/Oct/2025:21:57:34 -0400] "GET /wp-content/plugins/contact-form-7-style/admin/predefined-templates.json HTTP/1.1" 200 1323 "-" "WordPress/6.8.3; https://batconpakistan.org"
157.55.39.225 - - [14/Oct/2025:21:57:56 -0400] "GET /robots.txt HTTP/1.1" 200 183 "-" "Mozilla/5.0 AppleWebKit/537.36 (KHTML, like Gecko; compatible; bingbot/2.0; +http://www.bing.com/bingbot.htm) Chrome/116.0.1938.76 Safari/537.36"
162.0.235.240 - - [14/Oct/2025:21:59:31 -0400] "GET /wp-content/plugins/contact-form-7-style/admin/predefined-templates.json HTTP/1.1" 200 1323 "-" "WordPress/6.8.3; https://batconpakistan.org"
162.0.235.240 - - [14/Oct/2025:21:59:32 -0400] "POST /wp-cron.php?doing_wp_cron=1760493572.3730139732360839843750 HTTP/1.1" 200 0 "-" "WordPress/6.8.3; https://batconpakistan.org"
162.0.235.240 - - [14/Oct/2025:21:59:33 -0400] "GET /wp-content/plugins/contact-form-7-style/admin/predefined-templates.json HTTP/1.1" 200 1323 "-" "WordPress/6.8.3; https://batconpakistan.org"
2a02:598:128:8a00::b00:2 - - [14/Oct/2025:21:59:28 -0400] "GET /my-account/ HTTP/1.1" 200 16621 "-" "Mozilla/5.0 (compatible; SeznamBot/4.0; +https://o-seznam.cz/napoveda/vyhledavani/en/seznambot-crawler/)"
162.0.235.240 - - [14/Oct/2025:22:04:44 -0400] "GET /wp-content/plugins/contact-form-7-style/admin/predefined-templates.json HTTP/1.1" 200 1323 "-" "WordPress/6.8.3; https://batconpakistan.org"
162.0.235.240 - - [14/Oct/2025:22:04:45 -0400] "POST /wp-cron.php?doing_wp_cron=1760493885.1744589805603027343750 HTTP/1.1" 200 0 "-" "WordPress/6.8.3; https://batconpakistan.org"
2a02:598:128:8a00::b00:1 - - [14/Oct/2025:22:04:41 -0400] "GET /category-sitemap.xml HTTP/1.1" 200 393 "-" "Mozilla/5.0 (compatible; SeznamBot/4.0; +https://o-seznam.cz/napoveda/vyhledavani/en/seznambot-crawler/)"
162.0.235.240 - - [14/Oct/2025:22:04:45 -0400] "GET /wp-content/plugins/contact-form-7-style/admin/predefined-templates.json HTTP/1.1" 200 1323 "-" "WordPress/6.8.3; https://batconpakistan.org"
162.0.235.240 - - [14/Oct/2025:22:18:56 -0400] "GET /wp-content/plugins/contact-form-7-style/admin/predefined-templates.json HTTP/1.1" 200 1323 "-" "WordPress/6.8.3; https://batconpakistan.org"
162.0.235.240 - - [14/Oct/2025:22:18:57 -0400] "POST /wp-cron.php?doing_wp_cron=1760494737.3245110511779785156250 HTTP/1.1" 200 0 "-" "WordPress/6.8.3; https://batconpakistan.org"
20.171.207.111 - - [14/Oct/2025:22:18:54 -0400] "GET /sitemap_index.xml HTTP/1.1" 200 512 "-" "Mozilla/5.0 AppleWebKit/537.36 (KHTML, like Gecko; compatible; GPTBot/1.2; +https://openai.com/gptbot)"
162.0.235.240 - - [14/Oct/2025:22:18:57 -0400] "GET /wp-content/plugins/contact-form-7-style/admin/predefined-templates.json HTTP/1.1" 200 1323 "-" "WordPress/6.8.3; https://batconpakistan.org"
162.0.235.240 - - [14/Oct/2025:22:21:34 -0400] "GET /wp-content/plugins/contact-form-7-style/admin/predefined-templates.json HTTP/1.1" 200 1323 "-" "WordPress/6.8.3; https://batconpakistan.org"
162.0.235.240 - - [14/Oct/2025:22:21:35 -0400] "POST /wp-cron.php?doing_wp_cron=1760494894.9780690670013427734375 HTTP/1.1" 200 0 "-" "WordPress/6.8.3; https://batconpakistan.org"
40.77.167.50 - - [14/Oct/2025:22:21:31 -0400] "GET /sitemap_index.xml HTTP/1.1" 200 512 "-" "Mozilla/5.0 AppleWebKit/537.36 (KHTML, like Gecko; compatible; bingbot/2.0; +http://www.bing.com/bingbot.htm) Chrome/116.0.1938.76 Safari/537.36"
162.0.235.240 - - [14/Oct/2025:22:21:35 -0400] "GET /wp-content/plugins/contact-form-7-style/admin/predefined-templates.json HTTP/1.1" 200 1323 "-" "WordPress/6.8.3; https://batconpakistan.org"
162.0.235.240 - - [14/Oct/2025:22:24:59 -0400] "GET /wp-content/plugins/contact-form-7-style/admin/predefined-templates.json HTTP/1.1" 200 1323 "-" "WordPress/6.8.3; https://batconpakistan.org"
162.0.235.240 - - [14/Oct/2025:22:25:00 -0400] "POST /wp-cron.php?doing_wp_cron=1760495099.9658250808715820312500 HTTP/1.1" 200 0 "-" "WordPress/6.8.3; https://batconpakistan.org"
2602:80d:1006::68 - - [14/Oct/2025:22:24:56 -0400] "GET / HTTP/1.1" 301 0 "-" "Mozilla/5.0 (compatible; CensysInspect/1.1; +https://about.censys.io/)"
162.0.235.240 - - [14/Oct/2025:22:25:00 -0400] "GET /wp-content/plugins/contact-form-7-style/admin/predefined-templates.json HTTP/1.1" 200 1323 "-" "WordPress/6.8.3; https://batconpakistan.org"
2602:80d:1006::68 - - [14/Oct/2025:22:25:14 -0400] "GET / HTTP/1.1" 200 23132 "-" "Mozilla/5.0 (compatible; CensysInspect/1.1; +https://about.censys.io/)"
2602:80d:1006::68 - - [14/Oct/2025:22:25:21 -0400] "GET /favicon.ico HTTP/1.1" 404 1251 "-" "Mozilla/5.0 (compatible; CensysInspect/1.1; +https://about.censys.io/)"
165.227.93.191 - - [14/Oct/2025:22:26:41 -0400] "GET /wp-login.php HTTP/1.1" 200 1885 "-" "Mozilla/4.0 (compatible; MSIE 7.0; Windows NT 6.1; Trident/7.0; SLCC2; .NET CLR 2.0.50727; .NET CLR 3.5.30729; .NET CLR 3.0.30729; .NET4.0C; .NET4.0E; Tablet PC 2.0; Creative AutoUpdate v1.40.01)"
162.0.235.240 - - [14/Oct/2025:22:26:44 -0400] "GET /wp-content/plugins/contact-form-7-style/admin/predefined-templates.json HTTP/1.1" 200 1323 "-" "WordPress/6.8.3; https://batconpakistan.org"
162.0.235.240 - - [14/Oct/2025:22:26:45 -0400] "POST /wp-cron.php?doing_wp_cron=1760495205.3581759929656982421875 HTTP/1.1" 200 0 "-" "WordPress/6.8.3; https://batconpakistan.org"
165.227.93.191 - - [14/Oct/2025:22:26:41 -0400] "POST /wp-login.php HTTP/1.1" 200 2045 "https://batconpakistan.org/wp-login.php" "Mozilla/4.0 (compatible; MSIE 7.0; Windows NT 6.1; Trident/7.0; SLCC2; .NET CLR 2.0.50727; .NET CLR 3.5.30729; .NET CLR 3.0.30729; .NET4.0C; .NET4.0E; Tablet PC 2.0; Creative AutoUpdate v1.40.01)"
162.0.235.240 - - [14/Oct/2025:22:26:45 -0400] "GET /wp-content/plugins/contact-form-7-style/admin/predefined-templates.json HTTP/1.1" 200 1323 "-" "WordPress/6.8.3; https://batconpakistan.org"
162.19.11.69 - - [14/Oct/2025:22:36:26 -0400] "GET /wp-login.php HTTP/1.1" 200 1885 "-" "Mozilla/5.0 (Macintosh; Intel Mac OS X 10_13_3) AppleWebKit/537.36 (KHTML, like Gecko) Chrome/65.0.3325.146 Safari/537.36"
162.0.235.240 - - [14/Oct/2025:22:36:35 -0400] "GET /wp-content/plugins/contact-form-7-style/admin/predefined-templates.json HTTP/1.1" 200 1323 "-" "WordPress/6.8.3; https://batconpakistan.org"
162.0.235.240 - - [14/Oct/2025:22:36:36 -0400] "POST /wp-cron.php?doing_wp_cron=1760495796.2431299686431884765625 HTTP/1.1" 200 0 "-" "WordPress/6.8.3; https://batconpakistan.org"
162.19.11.69 - - [14/Oct/2025:22:36:30 -0400] "POST /wp-login.php HTTP/1.1" 200 2045 "https://batconpakistan.org/wp-login.php" "Mozilla/5.0 (Macintosh; Intel Mac OS X 10_13_3) AppleWebKit/537.36 (KHTML, like Gecko) Chrome/65.0.3325.146 Safari/537.36"
162.0.235.240 - - [14/Oct/2025:22:36:36 -0400] "GET /wp-content/plugins/contact-form-7-style/admin/predefined-templates.json HTTP/1.1" 200 1323 "-" "WordPress/6.8.3; https://batconpakistan.org"
68.218.30.123 - - [14/Oct/2025:22:40:51 -0400] "GET /bat-convervation-pakistan/ HTTP/1.1" 200 20201 "-" "Mozilla/5.0 AppleWebKit/537.36 (KHTML, like Gecko); compatible; ChatGPT-User/1.0; +https://openai.com/bot"
68.218.30.112 - - [14/Oct/2025:22:40:53 -0400] "GET / HTTP/1.1" 200 23132 "-" "Mozilla/5.0 AppleWebKit/537.36 (KHTML, like Gecko); compatible; ChatGPT-User/1.0; +https://openai.com/bot"
162.0.235.240 - - [14/Oct/2025:22:42:49 -0400] "GET /wp-content/plugins/contact-form-7-style/admin/predefined-templates.json HTTP/1.1" 200 1323 "-" "WordPress/6.8.3; https://batconpakistan.org"
162.0.235.240 - - [14/Oct/2025:22:42:50 -0400] "POST /wp-cron.php?doing_wp_cron=1760496170.5480840206146240234375 HTTP/1.1" 200 0 "-" "WordPress/6.8.3; https://batconpakistan.org"
198.244.226.94 - - [14/Oct/2025:22:42:46 -0400] "GET /sitemap_index.xml HTTP/1.1" 200 512 "-" "Mozilla/5.0 (compatible; AhrefsBot/7.0; +http://ahrefs.com/robot/)"
162.0.235.240 - - [14/Oct/2025:22:42:51 -0400] "GET /wp-content/plugins/contact-form-7-style/admin/predefined-templates.json HTTP/1.1" 200 1323 "-" "WordPress/6.8.3; https://batconpakistan.org"
162.0.235.240 - - [14/Oct/2025:22:42:59 -0400] "GET /wp-content/plugins/contact-form-7-style/admin/predefined-templates.json HTTP/1.1" 200 1323 "-" "WordPress/6.8.3; https://batconpakistan.org"
162.0.235.240 - - [14/Oct/2025:22:42:59 -0400] "POST /wp-cron.php?doing_wp_cron=1760496179.6627919673919677734375 HTTP/1.1" 200 0 "-" "WordPress/6.8.3; https://batconpakistan.org"
51.195.183.248 - - [14/Oct/2025:22:42:59 -0400] "GET /post-sitemap.xml HTTP/1.1" 200 976 "-" "Mozilla/5.0 (compatible; AhrefsBot/7.0; +http://ahrefs.com/robot/)"
162.0.235.240 - - [14/Oct/2025:22:43:00 -0400] "GET /wp-content/plugins/contact-form-7-style/admin/predefined-templates.json HTTP/1.1" 200 1323 "-" "WordPress/6.8.3; https://batconpakistan.org"
162.0.235.240 - - [14/Oct/2025:22:43:01 -0400] "GET /wp-content/plugins/contact-form-7-style/admin/predefined-templates.json HTTP/1.1" 200 1323 "-" "WordPress/6.8.3; https://batconpakistan.org"
198.244.226.186 - - [14/Oct/2025:22:43:01 -0400] "GET /page-sitemap.xml HTTP/1.1" 200 1544 "-" "Mozilla/5.0 (compatible; AhrefsBot/7.0; +http://ahrefs.com/robot/)"
162.0.235.240 - - [14/Oct/2025:22:43:16 -0400] "GET /wp-content/plugins/contact-form-7-style/admin/predefined-templates.json HTTP/1.1" 200 1323 "-" "WordPress/6.8.3; https://batconpakistan.org"
162.0.235.240 - - [14/Oct/2025:22:43:16 -0400] "POST /wp-cron.php?doing_wp_cron=1760496196.2432401180267333984375 HTTP/1.1" 200 0 "-" "WordPress/6.8.3; https://batconpakistan.org"
54.38.147.146 - - [14/Oct/2025:22:43:15 -0400] "GET /testimonial-sitemap.xml HTTP/1.1" 200 391 "-" "Mozilla/5.0 (compatible; AhrefsBot/7.0; +http://ahrefs.com/robot/)"
162.0.235.240 - - [14/Oct/2025:22:43:16 -0400] "GET /wp-content/plugins/contact-form-7-style/admin/predefined-templates.json HTTP/1.1" 200 1323 "-" "WordPress/6.8.3; https://batconpakistan.org"
162.0.235.240 - - [14/Oct/2025:22:43:25 -0400] "GET /wp-content/plugins/contact-form-7-style/admin/predefined-templates.json HTTP/1.1" 200 1323 "-" "WordPress/6.8.3; https://batconpakistan.org"
198.244.168.142 - - [14/Oct/2025:22:43:25 -0400] "GET /gallery-sitemap.xml HTTP/1.1" 200 560 "-" "Mozilla/5.0 (compatible; AhrefsBot/7.0; +http://ahrefs.com/robot/)"
162.0.235.240 - - [14/Oct/2025:22:43:27 -0400] "GET /wp-content/plugins/contact-form-7-style/admin/predefined-templates.json HTTP/1.1" 200 1323 "-" "WordPress/6.8.3; https://batconpakistan.org"
51.195.244.105 - - [14/Oct/2025:22:43:27 -0400] "GET /event-sitemap.xml HTTP/1.1" 200 452 "-" "Mozilla/5.0 (compatible; AhrefsBot/7.0; +http://ahrefs.com/robot/)"
162.0.235.240 - - [14/Oct/2025:22:43:40 -0400] "GET /wp-content/plugins/contact-form-7-style/admin/predefined-templates.json HTTP/1.1" 200 1323 "-" "WordPress/6.8.3; https://batconpakistan.org"
162.0.235.240 - - [14/Oct/2025:22:43:40 -0400] "POST /wp-cron.php?doing_wp_cron=1760496220.5979421138763427734375 HTTP/1.1" 200 0 "-" "WordPress/6.8.3; https://batconpakistan.org"
198.244.168.231 - - [14/Oct/2025:22:43:40 -0400] "GET /team-sitemap.xml HTTP/1.1" 200 818 "-" "Mozilla/5.0 (compatible; AhrefsBot/7.0; +http://ahrefs.com/robot/)"
162.0.235.240 - - [14/Oct/2025:22:43:40 -0400] "GET /wp-content/plugins/contact-form-7-style/admin/predefined-templates.json HTTP/1.1" 200 1323 "-" "WordPress/6.8.3; https://batconpakistan.org"
162.0.235.240 - - [14/Oct/2025:22:43:52 -0400] "GET /wp-content/plugins/contact-form-7-style/admin/predefined-templates.json HTTP/1.1" 200 1323 "-" "WordPress/6.8.3; https://batconpakistan.org"
162.0.235.240 - - [14/Oct/2025:22:43:52 -0400] "POST /wp-cron.php?doing_wp_cron=1760496232.4869270324707031250000 HTTP/1.1" 200 0 "-" "WordPress/6.8.3; https://batconpakistan.org"
162.0.235.240 - - [14/Oct/2025:22:43:52 -0400] "GET /wp-content/plugins/contact-form-7-style/admin/predefined-templates.json HTTP/1.1" 200 1323 "-" "WordPress/6.8.3; https://batconpakistan.org"
34.194.14.255 - - [14/Oct/2025:22:43:52 -0400] "GET /blog-grid/ HTTP/1.1" 200 19194 "-" "Mozilla/5.0 AppleWebKit/537.36 (KHTML, like Gecko; compatible; Amazonbot/0.1; +https://developer.amazon.com/support/amazonbot) Chrome/119.0.6045.214 Safari/537.36"
162.0.235.240 - - [14/Oct/2025:22:43:54 -0400] "GET /wp-content/plugins/contact-form-7-style/admin/predefined-templates.json HTTP/1.1" 200 1323 "-" "WordPress/6.8.3; https://batconpakistan.org"
51.89.129.204 - - [14/Oct/2025:22:43:53 -0400] "GET /product-sitemap.xml HTTP/1.1" 200 532 "-" "Mozilla/5.0 (compatible; AhrefsBot/7.0; +http://ahrefs.com/robot/)"
162.0.235.240 - - [14/Oct/2025:22:44:04 -0400] "GET /wp-content/plugins/contact-form-7-style/admin/predefined-templates.json HTTP/1.1" 200 1323 "-" "WordPress/6.8.3; https://batconpakistan.org"
162.0.235.240 - - [14/Oct/2025:22:44:04 -0400] "POST /wp-cron.php?doing_wp_cron=1760496244.8730750083923339843750 HTTP/1.1" 200 0 "-" "WordPress/6.8.3; https://batconpakistan.org"
51.89.129.162 - - [14/Oct/2025:22:44:04 -0400] "GET /campaign-sitemap.xml HTTP/1.1" 200 478 "-" "Mozilla/5.0 (compatible; AhrefsBot/7.0; +http://ahrefs.com/robot/)"
162.0.235.240 - - [14/Oct/2025:22:44:05 -0400] "GET /wp-content/plugins/contact-form-7-style/admin/predefined-templates.json HTTP/1.1" 200 1323 "-" "WordPress/6.8.3; https://batconpakistan.org"
162.0.235.240 - - [14/Oct/2025:22:44:11 -0400] "GET /wp-content/plugins/contact-form-7-style/admin/predefined-templates.json HTTP/1.1" 200 1323 "-" "WordPress/6.8.3; https://batconpakistan.org"
51.195.183.98 - - [14/Oct/2025:22:44:11 -0400] "GET /event_registrants-sitemap.xml HTTP/1.1" 200 379 "-" "Mozilla/5.0 (compatible; AhrefsBot/7.0; +http://ahrefs.com/robot/)"
162.0.235.240 - - [14/Oct/2025:22:44:14 -0400] "GET /wp-content/plugins/contact-form-7-style/admin/predefined-templates.json HTTP/1.1" 200 1323 "-" "WordPress/6.8.3; https://batconpakistan.org"
54.38.147.217 - - [14/Oct/2025:22:44:14 -0400] "GET /category-sitemap.xml HTTP/1.1" 200 393 "-" "Mozilla/5.0 (compatible; AhrefsBot/7.0; +http://ahrefs.com/robot/)"
162.0.235.240 - - [14/Oct/2025:22:44:22 -0400] "GET /wp-content/plugins/contact-form-7-style/admin/predefined-templates.json HTTP/1.1" 200 1323 "-" "WordPress/6.8.3; https://batconpakistan.org"
51.195.215.41 - - [14/Oct/2025:22:44:22 -0400] "GET /post_tag-sitemap.xml HTTP/1.1" 200 450 "-" "Mozilla/5.0 (compatible; AhrefsBot/7.0; +http://ahrefs.com/robot/)"
162.0.235.240 - - [14/Oct/2025:22:44:24 -0400] "GET /wp-content/plugins/contact-form-7-style/admin/predefined-templates.json HTTP/1.1" 200 1323 "-" "WordPress/6.8.3; https://batconpakistan.org"
198.244.183.21 - - [14/Oct/2025:22:44:23 -0400] "GET /gallery-category-sitemap.xml HTTP/1.1" 200 393 "-" "Mozilla/5.0 (compatible; AhrefsBot/7.0; +http://ahrefs.com/robot/)"
162.0.235.240 - - [14/Oct/2025:22:44:25 -0400] "GET /wp-content/plugins/contact-form-7-style/admin/predefined-templates.json HTTP/1.1" 200 1323 "-" "WordPress/6.8.3; https://batconpakistan.org"
198.244.183.215 - - [14/Oct/2025:22:44:25 -0400] "GET /event-category-sitemap.xml HTTP/1.1" 200 378 "-" "Mozilla/5.0 (compatible; AhrefsBot/7.0; +http://ahrefs.com/robot/)"
162.0.235.240 - - [14/Oct/2025:22:44:34 -0400] "GET /wp-content/plugins/contact-form-7-style/admin/predefined-templates.json HTTP/1.1" 200 1323 "-" "WordPress/6.8.3; https://batconpakistan.org"
51.195.215.92 - - [14/Oct/2025:22:44:34 -0400] "GET /event-tag-sitemap.xml HTTP/1.1" 200 372 "-" "Mozilla/5.0 (compatible; AhrefsBot/7.0; +http://ahrefs.com/robot/)"
162.0.235.240 - - [14/Oct/2025:22:44:39 -0400] "GET /wp-content/plugins/contact-form-7-style/admin/predefined-templates.json HTTP/1.1" 200 1323 "-" "WordPress/6.8.3; https://batconpakistan.org"
198.244.240.255 - - [14/Oct/2025:22:44:38 -0400] "GET /team-category-sitemap.xml HTTP/1.1" 200 499 "-" "Mozilla/5.0 (compatible; AhrefsBot/7.0; +http://ahrefs.com/robot/)"
162.0.235.240 - - [14/Oct/2025:22:44:48 -0400] "GET /wp-content/plugins/contact-form-7-style/admin/predefined-templates.json HTTP/1.1" 200 1323 "-" "WordPress/6.8.3; https://batconpakistan.org"
162.0.235.240 - - [14/Oct/2025:22:44:48 -0400] "POST /wp-cron.php?doing_wp_cron=1760496288.7049620151519775390625 HTTP/1.1" 200 0 "-" "WordPress/6.8.3; https://batconpakistan.org"
54.38.147.16 - - [14/Oct/2025:22:44:48 -0400] "GET /product_cat-sitemap.xml HTTP/1.1" 200 381 "-" "Mozilla/5.0 (compatible; AhrefsBot/7.0; +http://ahrefs.com/robot/)"
162.0.235.240 - - [14/Oct/2025:22:44:49 -0400] "GET /wp-content/plugins/contact-form-7-style/admin/predefined-templates.json HTTP/1.1" 200 1323 "-" "WordPress/6.8.3; https://batconpakistan.org"
162.0.235.240 - - [14/Oct/2025:22:44:50 -0400] "GET /wp-content/plugins/contact-form-7-style/admin/predefined-templates.json HTTP/1.1" 200 1323 "-" "WordPress/6.8.3; https://batconpakistan.org"
198.244.183.129 - - [14/Oct/2025:22:44:49 -0400] "GET /campaign_category-sitemap.xml HTTP/1.1" 200 425 "-" "Mozilla/5.0 (compatible; AhrefsBot/7.0; +http://ahrefs.com/robot/)"
162.0.235.240 - - [14/Oct/2025:22:44:58 -0400] "GET /wp-content/plugins/contact-form-7-style/admin/predefined-templates.json HTTP/1.1" 200 1323 "-" "WordPress/6.8.3; https://batconpakistan.org"
