40.77.167.78 - - [14/Oct/2025:16:11:36 -0400] "GET /Fasteners-50pcs-Pack-of-Uxcell-a15121600ux0034-90612-Rivet-Nuts/ HTTP/1.1" 404 15667 "-" "Mozilla/5.0 AppleWebKit/537.36 (KHTML, like Gecko; compatible; bingbot/2.0; +http://www.bing.com/bingbot.htm) Chrome/116.0.1938.76 Safari/537.36"
203.166.132.9 - - [14/Oct/2025:16:11:39 -0400] "GET /wp-content/uploads/2021/01/Shafique.png HTTP/1.1" 200 77269 "-" "Mozilla/5.0 (Macintosh; Intel Mac OS X 10_15_7) AppleWebKit/537.36 (KHTML, like Gecko) Chrome/122.0.0.0 Safari/537.36"
162.0.235.240 - - [14/Oct/2025:16:16:27 -0400] "GET /wp-content/plugins/contact-form-7-style/admin/predefined-templates.json HTTP/1.1" 200 1323 "-" "WordPress/6.8.3; https://batconpakistan.org"
162.0.235.240 - - [14/Oct/2025:16:16:28 -0400] "POST /wp-cron.php?doing_wp_cron=1760472988.0873999595642089843750 HTTP/1.1" 200 0 "-" "WordPress/6.8.3; https://batconpakistan.org"
17.246.15.154 - - [14/Oct/2025:16:16:24 -0400] "GET /product/woo-ninja/feed/ HTTP/1.1" 200 437 "-" "Mozilla/5.0 (Macintosh; Intel Mac OS X 10_15_7) AppleWebKit/605.1.15 (KHTML, like Gecko) Version/17.4 Safari/605.1.15 (Applebot/0.1; +http://www.apple.com/go/applebot)"
162.0.235.240 - - [14/Oct/2025:16:16:28 -0400] "GET /wp-content/plugins/contact-form-7-style/admin/predefined-templates.json HTTP/1.1" 200 1323 "-" "WordPress/6.8.3; https://batconpakistan.org"
64.23.255.243 - - [14/Oct/2025:16:17:21 -0400] "GET /wp-login.php HTTP/1.1" 200 1885 "-" "Mozilla/5.0 (Macintosh; Intel Mac OS X 10_11_6) AppleWebKit/604.1.38 (KHTML, like Gecko) Version/11.0 Safari/604.1.38"
162.0.235.240 - - [14/Oct/2025:16:17:22 -0400] "GET /wp-content/plugins/contact-form-7-style/admin/predefined-templates.json HTTP/1.1" 200 1323 "-" "WordPress/6.8.3; https://batconpakistan.org"
162.0.235.240 - - [14/Oct/2025:16:17:22 -0400] "POST /wp-cron.php?doing_wp_cron=1760473042.3730449676513671875000 HTTP/1.1" 200 0 "-" "WordPress/6.8.3; https://batconpakistan.org"
64.23.255.243 - - [14/Oct/2025:16:17:21 -0400] "POST /wp-login.php HTTP/1.1" 200 2045 "https://batconpakistan.org/wp-login.php" "Mozilla/5.0 (Macintosh; Intel Mac OS X 10_11_6) AppleWebKit/604.1.38 (KHTML, like Gecko) Version/11.0 Safari/604.1.38"
162.0.235.240 - - [14/Oct/2025:16:17:22 -0400] "GET /wp-content/plugins/contact-form-7-style/admin/predefined-templates.json HTTP/1.1" 200 1323 "-" "WordPress/6.8.3; https://batconpakistan.org"
35.231.115.86 - - [14/Oct/2025:16:17:54 -0400] "GET /category/public-health-alert/ HTTP/1.1" 200 20010 "-" "ZoominfoBot (zoominfobot at zoominfo dot com)"
35.231.115.86 - - [14/Oct/2025:16:18:01 -0400] "GET /board-members/ HTTP/1.1" 200 21589 "-" "ZoominfoBot (zoominfobot at zoominfo dot com)"
162.0.235.240 - - [14/Oct/2025:16:19:28 -0400] "GET /wp-content/plugins/contact-form-7-style/admin/predefined-templates.json HTTP/1.1" 200 1323 "-" "WordPress/6.8.3; https://batconpakistan.org"
162.0.235.240 - - [14/Oct/2025:16:19:29 -0400] "POST /wp-cron.php?doing_wp_cron=1760473169.5223300457000732421875 HTTP/1.1" 200 0 "-" "WordPress/6.8.3; https://batconpakistan.org"
95.108.213.126 - - [14/Oct/2025:16:19:25 -0400] "GET /refund-policy/href HTTP/1.1" 404 15667 "-" "Mozilla/5.0 (compatible; YandexFavicons/1.0; +http://yandex.com/bots)"
162.0.235.240 - - [14/Oct/2025:16:19:30 -0400] "GET /wp-content/plugins/contact-form-7-style/admin/predefined-templates.json HTTP/1.1" 200 1323 "-" "WordPress/6.8.3; https://batconpakistan.org"
185.59.17.234 - - [14/Oct/2025:16:21:13 -0400] "GET /wp-login.php HTTP/1.1" 200 1885 "-" "Mozilla/5.0 (Windows NT 10.0; WOW64; Trident/7.0; LCJB; rv:11.0) like Gecko"
162.0.235.240 - - [14/Oct/2025:16:21:17 -0400] "GET /wp-content/plugins/contact-form-7-style/admin/predefined-templates.json HTTP/1.1" 200 1323 "-" "WordPress/6.8.3; https://batconpakistan.org"
162.0.235.240 - - [14/Oct/2025:16:21:17 -0400] "POST /wp-cron.php?doing_wp_cron=1760473277.8933389186859130859375 HTTP/1.1" 200 0 "-" "WordPress/6.8.3; https://batconpakistan.org"
185.59.17.234 - - [14/Oct/2025:16:21:13 -0400] "POST /wp-login.php HTTP/1.1" 200 2045 "https://batconpakistan.org/wp-login.php" "Mozilla/5.0 (Windows NT 10.0; WOW64; Trident/7.0; LCJB; rv:11.0) like Gecko"
162.0.235.240 - - [14/Oct/2025:16:21:18 -0400] "GET /wp-content/plugins/contact-form-7-style/admin/predefined-templates.json HTTP/1.1" 200 1323 "-" "WordPress/6.8.3; https://batconpakistan.org"
162.0.235.240 - - [14/Oct/2025:16:36:32 -0400] "GET /wp-content/plugins/contact-form-7-style/admin/predefined-templates.json HTTP/1.1" 200 1323 "-" "WordPress/6.8.3; https://batconpakistan.org"
162.0.235.240 - - [14/Oct/2025:16:36:33 -0400] "POST /wp-cron.php?doing_wp_cron=1760474193.0834159851074218750000 HTTP/1.1" 200 0 "-" "WordPress/6.8.3; https://batconpakistan.org"
207.46.13.102 - - [14/Oct/2025:16:36:29 -0400] "GET /Industrial-Electrical-Bidirectional-TVS-Diode-Pack-of-KE-201968-ESD-Suppressors/ HTTP/1.1" 404 15665 "-" "Mozilla/5.0 AppleWebKit/537.36 (KHTML, like Gecko; compatible; bingbot/2.0; +http://www.bing.com/bingbot.htm) Chrome/116.0.1938.76 Safari/537.36"
162.0.235.240 - - [14/Oct/2025:16:36:33 -0400] "GET /wp-content/plugins/contact-form-7-style/admin/predefined-templates.json HTTP/1.1" 200 1323 "-" "WordPress/6.8.3; https://batconpakistan.org"
35.231.115.86 - - [14/Oct/2025:16:36:55 -0400] "GET /xmlrpc.php HTTP/1.1" 403 1242 "-" "ZoominfoBot (zoominfobot at zoominfo dot com)"
162.0.235.240 - - [14/Oct/2025:16:39:11 -0400] "GET /wp-content/plugins/contact-form-7-style/admin/predefined-templates.json HTTP/1.1" 200 1323 "-" "WordPress/6.8.3; https://batconpakistan.org"
162.0.235.240 - - [14/Oct/2025:16:39:11 -0400] "POST /wp-cron.php?doing_wp_cron=1760474351.6352539062500000000000 HTTP/1.1" 200 0 "-" "WordPress/6.8.3; https://batconpakistan.org"
2a02:598:128:8a00::b00:2 - - [14/Oct/2025:16:39:07 -0400] "GET /event-tag-sitemap.xml HTTP/1.1" 200 372 "-" "Mozilla/5.0 (compatible; SeznamBot/4.0; +https://o-seznam.cz/napoveda/vyhledavani/en/seznambot-crawler/)"
162.0.235.240 - - [14/Oct/2025:16:39:12 -0400] "GET /wp-content/plugins/contact-form-7-style/admin/predefined-templates.json HTTP/1.1" 200 1323 "-" "WordPress/6.8.3; https://batconpakistan.org"
162.0.235.240 - - [14/Oct/2025:16:39:46 -0400] "GET /wp-content/plugins/contact-form-7-style/admin/predefined-templates.json HTTP/1.1" 200 1323 "-" "WordPress/6.8.3; https://batconpakistan.org"
162.0.235.240 - - [14/Oct/2025:16:39:47 -0400] "POST /wp-cron.php?doing_wp_cron=1760474387.1394228935241699218750 HTTP/1.1" 200 0 "-" "WordPress/6.8.3; https://batconpakistan.org"
35.231.115.86 - - [14/Oct/2025:16:39:46 -0400] "GET /feed/ HTTP/1.1" 200 23257 "-" "ZoominfoBot (zoominfobot at zoominfo dot com)"
162.0.235.240 - - [14/Oct/2025:16:39:47 -0400] "GET /wp-content/plugins/contact-form-7-style/admin/predefined-templates.json HTTP/1.1" 200 1323 "-" "WordPress/6.8.3; https://batconpakistan.org"
162.0.235.240 - - [14/Oct/2025:16:39:49 -0400] "GET /wp-content/plugins/contact-form-7-style/admin/predefined-templates.json HTTP/1.1" 200 1323 "-" "WordPress/6.8.3; https://batconpakistan.org"
162.0.235.240 - - [14/Oct/2025:16:39:49 -0400] "POST /wp-cron.php?doing_wp_cron=1760474389.1984479427337646484375 HTTP/1.1" 200 0 "-" "WordPress/6.8.3; https://batconpakistan.org"
162.0.235.240 - - [14/Oct/2025:16:39:49 -0400] "GET /wp-content/plugins/contact-form-7-style/admin/predefined-templates.json HTTP/1.1" 200 1323 "-" "WordPress/6.8.3; https://batconpakistan.org"
35.231.115.86 - - [14/Oct/2025:16:39:48 -0400] "GET /our-activities/ HTTP/1.1" 200 17325 "-" "ZoominfoBot (zoominfobot at zoominfo dot com)"
103.176.179.166 - - [14/Oct/2025:16:40:08 -0400] "GET /wp-login.php HTTP/1.1" 200 1885 "-" "Mozilla/5.0 (Macintosh; Intel Mac OS X 10_9_5) AppleWebKit/537.36 (KHTML, like Gecko) Chrome/67.0.3396.87 Safari/537.36"
162.0.235.240 - - [14/Oct/2025:16:40:11 -0400] "GET /wp-content/plugins/contact-form-7-style/admin/predefined-templates.json HTTP/1.1" 200 1323 "-" "WordPress/6.8.3; https://batconpakistan.org"
162.0.235.240 - - [14/Oct/2025:16:40:11 -0400] "POST /wp-cron.php?doing_wp_cron=1760474411.8048110008239746093750 HTTP/1.1" 200 0 "-" "WordPress/6.8.3; https://batconpakistan.org"
103.176.179.166 - - [14/Oct/2025:16:40:11 -0400] "POST /wp-login.php HTTP/1.1" 200 2045 "https://batconpakistan.org/wp-login.php" "Mozilla/5.0 (Macintosh; Intel Mac OS X 10_9_5) AppleWebKit/537.36 (KHTML, like Gecko) Chrome/67.0.3396.87 Safari/537.36"
162.0.235.240 - - [14/Oct/2025:16:40:12 -0400] "GET /wp-content/plugins/contact-form-7-style/admin/predefined-templates.json HTTP/1.1" 200 1323 "-" "WordPress/6.8.3; https://batconpakistan.org"
50.6.7.129 - - [14/Oct/2025:16:42:04 -0400] "GET /wp-login.php HTTP/1.1" 200 1885 "-" "Mozilla/5.0 (Windows NT 6.0; Win64; x64) AppleWebKit/537.36 (KHTML, like Gecko) Chrome/66.0.3359.117 Safari/537.36"
162.0.235.240 - - [14/Oct/2025:16:42:10 -0400] "GET /wp-content/plugins/contact-form-7-style/admin/predefined-templates.json HTTP/1.1" 200 1323 "-" "WordPress/6.8.3; https://batconpakistan.org"
162.0.235.240 - - [14/Oct/2025:16:42:10 -0400] "POST /wp-cron.php?doing_wp_cron=1760474530.8460640907287597656250 HTTP/1.1" 200 0 "-" "WordPress/6.8.3; https://batconpakistan.org"
50.6.7.129 - - [14/Oct/2025:16:42:07 -0400] "POST /wp-login.php HTTP/1.1" 200 2045 "https://batconpakistan.org/wp-login.php" "Mozilla/5.0 (Windows NT 6.0; Win64; x64) AppleWebKit/537.36 (KHTML, like Gecko) Chrome/66.0.3359.117 Safari/537.36"
162.0.235.240 - - [14/Oct/2025:16:42:11 -0400] "GET /wp-content/plugins/contact-form-7-style/admin/predefined-templates.json HTTP/1.1" 200 1323 "-" "WordPress/6.8.3; https://batconpakistan.org"
3.210.223.61 - - [14/Oct/2025:16:44:28 -0400] "GET /2021/09/05/project-completion/ HTTP/1.1" 200 21540 "-" "Mozilla/5.0 AppleWebKit/537.36 (KHTML, like Gecko; compatible; Amazonbot/0.1; +https://developer.amazon.com/support/amazonbot) Chrome/119.0.6045.214 Safari/537.36"
162.0.235.240 - - [14/Oct/2025:16:44:35 -0400] "GET /wp-content/plugins/contact-form-7-style/admin/predefined-templates.json HTTP/1.1" 200 1323 "-" "WordPress/6.8.3; https://batconpakistan.org"
162.0.235.240 - - [14/Oct/2025:16:44:35 -0400] "POST /wp-cron.php?doing_wp_cron=1760474675.8246090412139892578125 HTTP/1.1" 200 0 "-" "WordPress/6.8.3; https://batconpakistan.org"
3.89.176.255 - - [14/Oct/2025:16:44:32 -0400] "GET /campaigns/save-water-initiative/? HTTP/1.1" 200 18032 "-" "Mozilla/5.0 AppleWebKit/537.36 (KHTML, like Gecko; compatible; Amazonbot/0.1; +https://developer.amazon.com/support/amazonbot) Chrome/119.0.6045.214 Safari/537.36"
162.0.235.240 - - [14/Oct/2025:16:44:36 -0400] "GET /wp-content/plugins/contact-form-7-style/admin/predefined-templates.json HTTP/1.1" 200 1323 "-" "WordPress/6.8.3; https://batconpakistan.org"
162.0.235.240 - - [14/Oct/2025:16:44:36 -0400] "GET /wp-content/plugins/contact-form-7-style/admin/predefined-templates.json HTTP/1.1" 200 1323 "-" "WordPress/6.8.3; https://batconpakistan.org"
44.209.89.189 - - [14/Oct/2025:16:44:36 -0400] "GET /team/dr-sajida-noreen/ HTTP/1.1" 200 16594 "-" "Mozilla/5.0 AppleWebKit/537.36 (KHTML, like Gecko; compatible; Amazonbot/0.1; +https://developer.amazon.com/support/amazonbot) Chrome/119.0.6045.214 Safari/537.36"
162.0.235.240 - - [14/Oct/2025:16:44:40 -0400] "GET /wp-content/plugins/contact-form-7-style/admin/predefined-templates.json HTTP/1.1" 200 1323 "-" "WordPress/6.8.3; https://batconpakistan.org"
162.0.235.240 - - [14/Oct/2025:16:44:40 -0400] "POST /wp-cron.php?doing_wp_cron=1760474680.7102808952331542968750 HTTP/1.1" 200 0 "-" "WordPress/6.8.3; https://batconpakistan.org"
162.0.235.240 - - [14/Oct/2025:16:44:41 -0400] "GET /wp-content/plugins/contact-form-7-style/admin/predefined-templates.json HTTP/1.1" 200 1323 "-" "WordPress/6.8.3; https://batconpakistan.org"
54.225.181.161 - - [14/Oct/2025:16:44:40 -0400] "GET /bat-convervation-pakistan/ HTTP/1.1" 200 20201 "-" "Mozilla/5.0 AppleWebKit/537.36 (KHTML, like Gecko; compatible; Amazonbot/0.1; +https://developer.amazon.com/support/amazonbot) Chrome/119.0.6045.214 Safari/537.36"
162.0.235.240 - - [14/Oct/2025:16:44:59 -0400] "GET /wp-content/plugins/contact-form-7-style/admin/predefined-templates.json HTTP/1.1" 200 1323 "-" "WordPress/6.8.3; https://batconpakistan.org"
162.0.235.240 - - [14/Oct/2025:16:44:59 -0400] "POST /wp-cron.php?doing_wp_cron=1760474699.2558610439300537109375 HTTP/1.1" 200 0 "-" "WordPress/6.8.3; https://batconpakistan.org"
35.231.115.86 - - [14/Oct/2025:16:44:58 -0400] "GET /partners/ HTTP/1.1" 200 16978 "-" "ZoominfoBot (zoominfobot at zoominfo dot com)"
162.0.235.240 - - [14/Oct/2025:16:44:59 -0400] "GET /wp-content/plugins/contact-form-7-style/admin/predefined-templates.json HTTP/1.1" 200 1323 "-" "WordPress/6.8.3; https://batconpakistan.org"
40.77.167.184 - - [14/Oct/2025:16:45:37 -0400] "GET /robots.txt HTTP/1.1" 301 0 "-" "Mozilla/5.0 AppleWebKit/537.36 (KHTML, like Gecko; compatible; bingbot/2.0; +http://www.bing.com/bingbot.htm) Chrome/116.0.1938.76 Safari/537.36"
162.0.235.240 - - [14/Oct/2025:16:45:42 -0400] "GET /wp-content/plugins/contact-form-7-style/admin/predefined-templates.json HTTP/1.1" 200 1323 "-" "WordPress/6.8.3; https://batconpakistan.org"
162.0.235.240 - - [14/Oct/2025:16:45:43 -0400] "POST /wp-cron.php?doing_wp_cron=1760474742.9604570865631103515625 HTTP/1.1" 200 0 "-" "WordPress/6.8.3; https://batconpakistan.org"
40.77.167.44 - - [14/Oct/2025:16:45:42 -0400] "GET /Retail-Store-Fixtures-&-Equipment-Soliciting-Sign-Navy-BlueWhite-Large-709958-Store-Signs/ HTTP/1.1" 301 0 "-" "Mozilla/5.0 AppleWebKit/537.36 (KHTML, like Gecko; compatible; bingbot/2.0; +http://www.bing.com/bingbot.htm) Chrome/116.0.1938.76 Safari/537.36"
162.0.235.240 - - [14/Oct/2025:16:45:43 -0400] "GET /wp-content/plugins/contact-form-7-style/admin/predefined-templates.json HTTP/1.1" 200 1323 "-" "WordPress/6.8.3; https://batconpakistan.org"
110.164.163.17 - - [14/Oct/2025:16:48:17 -0400] "GET /wp-login.php HTTP/1.1" 200 1885 "-" "Mozilla/5.0 (Windows NT 6.1; Win64; x64) AppleWebKit/537.36 (KHTML, like Gecko) Chrome/65.0.3325.181 Safari/537.36 OPR/52.0.2871.40"
162.0.235.240 - - [14/Oct/2025:16:48:24 -0400] "GET /wp-content/plugins/contact-form-7-style/admin/predefined-templates.json HTTP/1.1" 200 1323 "-" "WordPress/6.8.3; https://batconpakistan.org"
162.0.235.240 - - [14/Oct/2025:16:48:24 -0400] "POST /wp-cron.php?doing_wp_cron=1760474904.6269550323486328125000 HTTP/1.1" 200 0 "-" "WordPress/6.8.3; https://batconpakistan.org"
110.164.163.17 - - [14/Oct/2025:16:48:21 -0400] "POST /wp-login.php HTTP/1.1" 200 2045 "https://batconpakistan.org/wp-login.php" "Mozilla/5.0 (Windows NT 6.1; Win64; x64) AppleWebKit/537.36 (KHTML, like Gecko) Chrome/65.0.3325.181 Safari/537.36 OPR/52.0.2871.40"
162.0.235.240 - - [14/Oct/2025:16:48:25 -0400] "GET /wp-content/plugins/contact-form-7-style/admin/predefined-templates.json HTTP/1.1" 200 1323 "-" "WordPress/6.8.3; https://batconpakistan.org"
104.210.140.134 - - [14/Oct/2025:16:50:38 -0400] "GET /robots.txt HTTP/1.1" 200 183 "-" "Mozilla/5.0 (Macintosh; Intel Mac OS X 10_15_7) AppleWebKit/537.36 (KHTML, like Gecko) Chrome/131.0.0.0 Safari/537.36; compatible; OAI-SearchBot/1.0; +https://openai.com/searchbot"
162.0.235.240 - - [14/Oct/2025:16:56:57 -0400] "GET /wp-content/plugins/contact-form-7-style/admin/predefined-templates.json HTTP/1.1" 200 1323 "-" "WordPress/6.8.3; https://batconpakistan.org"
162.0.235.240 - - [14/Oct/2025:16:56:57 -0400] "POST /wp-cron.php?doing_wp_cron=1760475417.8843541145324707031250 HTTP/1.1" 200 0 "-" "WordPress/6.8.3; https://batconpakistan.org"
162.0.235.240 - - [14/Oct/2025:16:56:58 -0400] "GET /wp-content/plugins/contact-form-7-style/admin/predefined-templates.json HTTP/1.1" 200 1323 "-" "WordPress/6.8.3; https://batconpakistan.org"
35.231.115.86 - - [14/Oct/2025:16:56:53 -0400] "GET /career-opportunities/ HTTP/1.1" 200 18579 "-" "ZoominfoBot (zoominfobot at zoominfo dot com)"
162.0.235.240 - - [14/Oct/2025:17:02:26 -0400] "GET /wp-content/plugins/contact-form-7-style/admin/predefined-templates.json HTTP/1.1" 200 1323 "-" "WordPress/6.8.3; https://batconpakistan.org"
162.0.235.240 - - [14/Oct/2025:17:02:26 -0400] "GET /wp-content/plugins/contact-form-7-style/admin/predefined-templates.json HTTP/1.1" 200 1323 "-" "WordPress/6.8.3; https://batconpakistan.org"
162.0.235.240 - - [14/Oct/2025:17:02:27 -0400] "POST /wp-cron.php?doing_wp_cron=1760475747.3763079643249511718750 HTTP/1.1" 200 0 "-" "WordPress/6.8.3; https://batconpakistan.org"
162.0.235.240 - - [14/Oct/2025:17:02:27 -0400] "POST /wp-cron.php?doing_wp_cron=1760475747.3763639926910400390625 HTTP/1.1" 200 0 "-" "WordPress/6.8.3; https://batconpakistan.org"
2a03:2880:f800:44:: - - [14/Oct/2025:17:02:23 -0400] "GET / HTTP/1.1" 301 0 "-" "meta-externalagent/1.1 (+https://developers.facebook.com/docs/sharing/webmasters/crawler)"
2a03:2880:f800:1e:: - - [14/Oct/2025:17:02:26 -0400] "GET /index.html HTTP/1.1" 301 0 "-" "meta-externalagent/1.1 (+https://developers.facebook.com/docs/sharing/webmasters/crawler)"
162.0.235.240 - - [14/Oct/2025:17:02:27 -0400] "GET /wp-content/plugins/contact-form-7-style/admin/predefined-templates.json HTTP/1.1" 200 1323 "-" "WordPress/6.8.3; https://batconpakistan.org"
162.0.235.240 - - [14/Oct/2025:17:02:27 -0400] "GET /wp-content/plugins/contact-form-7-style/admin/predefined-templates.json HTTP/1.1" 200 1323 "-" "WordPress/6.8.3; https://batconpakistan.org"
157.10.199.30 - - [14/Oct/2025:17:05:53 -0400] "GET /wp-login.php HTTP/1.1" 200 1885 "-" "Mozilla/5.0 (Windows NT 10.0) AppleWebKit/537.36 (KHTML, like Gecko) Chrome/65.0.3325.146 Safari/537.36"
162.0.235.240 - - [14/Oct/2025:17:06:00 -0400] "GET /wp-content/plugins/contact-form-7-style/admin/predefined-templates.json HTTP/1.1" 200 1323 "-" "WordPress/6.8.3; https://batconpakistan.org"
162.0.235.240 - - [14/Oct/2025:17:06:00 -0400] "POST /wp-cron.php?doing_wp_cron=1760475960.8561379909515380859375 HTTP/1.1" 200 0 "-" "WordPress/6.8.3; https://batconpakistan.org"
157.10.199.30 - - [14/Oct/2025:17:05:56 -0400] "POST /wp-login.php HTTP/1.1" 200 2045 "https://batconpakistan.org/wp-login.php" "Mozilla/5.0 (Windows NT 10.0) AppleWebKit/537.36 (KHTML, like Gecko) Chrome/65.0.3325.146 Safari/537.36"
162.0.235.240 - - [14/Oct/2025:17:06:01 -0400] "GET /wp-content/plugins/contact-form-7-style/admin/predefined-templates.json HTTP/1.1" 200 1323 "-" "WordPress/6.8.3; https://batconpakistan.org"
162.0.235.240 - - [14/Oct/2025:17:10:01 -0400] "GET /wp-content/plugins/contact-form-7-style/admin/predefined-templates.json HTTP/1.1" 200 1323 "-" "WordPress/6.8.3; https://batconpakistan.org"
162.0.235.240 - - [14/Oct/2025:17:10:01 -0400] "POST /wp-cron.php?doing_wp_cron=1760476201.8226799964904785156250 HTTP/1.1" 200 0 "-" "WordPress/6.8.3; https://batconpakistan.org"
162.0.235.240 - - [14/Oct/2025:17:10:02 -0400] "GET /wp-content/plugins/contact-form-7-style/admin/predefined-templates.json HTTP/1.1" 200 1323 "-" "WordPress/6.8.3; https://batconpakistan.org"
35.231.115.86 - - [14/Oct/2025:17:09:57 -0400] "GET /2023/10/03/nipah-virus-alert-heightened-risks-and-precautionary-measures-in-pakistan/ HTTP/1.1" 200 23131 "-" "ZoominfoBot (zoominfobot at zoominfo dot com)"
162.0.235.240 - - [14/Oct/2025:17:12:18 -0400] "GET /wp-content/plugins/contact-form-7-style/admin/predefined-templates.json HTTP/1.1" 200 1323 "-" "WordPress/6.8.3; https://batconpakistan.org"
162.0.235.240 - - [14/Oct/2025:17:12:19 -0400] "POST /wp-cron.php?doing_wp_cron=1760476339.2204411029815673828125 HTTP/1.1" 200 0 "-" "WordPress/6.8.3; https://batconpakistan.org"
2a02:598:128:8a00::b00:2 - - [14/Oct/2025:17:12:15 -0400] "GET /event-category-sitemap.xml HTTP/1.1" 200 378 "-" "Mozilla/5.0 (compatible; SeznamBot/4.0; +https://o-seznam.cz/napoveda/vyhledavani/en/seznambot-crawler/)"
162.0.235.240 - - [14/Oct/2025:17:12:19 -0400] "GET /wp-content/plugins/contact-form-7-style/admin/predefined-templates.json HTTP/1.1" 200 1323 "-" "WordPress/6.8.3; https://batconpakistan.org"
162.0.235.240 - - [14/Oct/2025:17:18:05 -0400] "GET /wp-content/plugins/contact-form-7-style/admin/predefined-templates.json HTTP/1.1" 200 1323 "-" "WordPress/6.8.3; https://batconpakistan.org"
162.0.235.240 - - [14/Oct/2025:17:18:06 -0400] "POST /wp-cron.php?doing_wp_cron=1760476686.1879329681396484375000 HTTP/1.1" 200 0 "-" "WordPress/6.8.3; https://batconpakistan.org"
162.0.235.240 - - [14/Oct/2025:17:18:06 -0400] "GET /wp-content/plugins/contact-form-7-style/admin/predefined-templates.json HTTP/1.1" 200 1323 "-" "WordPress/6.8.3; https://batconpakistan.org"
198.244.226.102 - - [14/Oct/2025:17:18:01 -0400] "GET /2021/07/27/over-400-indian-flying-foxes-pteropus-medius-were-mercilessly-killed-in-nawab-shah-sindh-pakistan-these-bats-were-believed-to-be-a-serious-pest-for-fruits-trees-of-mango-and-banana-in-these-areas/ HTTP/1.1" 200 20673 "-" "Mozilla/5.0 (compatible; AhrefsBot/7.0; +http://ahrefs.com/robot/)"
198.244.242.155 - - [14/Oct/2025:17:20:42 -0400] "GET /wp-content/uploads/dynamic-mobmenu.css?ver=2.8.8-375 HTTP/1.1" 302 771 "-" "Mozilla/5.0 (compatible; AhrefsBot/7.0; +http://ahrefs.com/robot/)"
40.77.167.184 - - [14/Oct/2025:17:22:00 -0400] "GET /robots.txt HTTP/1.1" 200 183 "-" "Mozilla/5.0 AppleWebKit/537.36 (KHTML, like Gecko; compatible; bingbot/2.0; +http://www.bing.com/bingbot.htm) Chrome/116.0.1938.76 Safari/537.36"
162.0.235.240 - - [14/Oct/2025:17:22:10 -0400] "GET /wp-content/plugins/contact-form-7-style/admin/predefined-templates.json HTTP/1.1" 200 1323 "-" "WordPress/6.8.3; https://batconpakistan.org"
162.0.235.240 - - [14/Oct/2025:17:22:11 -0400] "POST /wp-cron.php?doing_wp_cron=1760476931.3056919574737548828125 HTTP/1.1" 200 0 "-" "WordPress/6.8.3; https://batconpakistan.org"
40.77.167.50 - - [14/Oct/2025:17:22:07 -0400] "GET /Retail-Store-Fixtures-&-Equipment-Aluminum-Alloy-Wheel-Stair-Climbing-Load-Capacity-Kg-Tool-Free-Installation-690278-Shopping-Baskets-&-Carts/ HTTP/1.1" 404 15667 "-" "Mozilla/5.0 AppleWebKit/537.36 (KHTML, like Gecko; compatible; bingbot/2.0; +http://www.bing.com/bingbot.htm) Chrome/116.0.1938.76 Safari/537.36"
162.0.235.240 - - [14/Oct/2025:17:22:11 -0400] "GET /wp-content/plugins/contact-form-7-style/admin/predefined-templates.json HTTP/1.1" 200 1323 "-" "WordPress/6.8.3; https://batconpakistan.org"
162.0.235.240 - - [14/Oct/2025:17:23:57 -0400] "GET /wp-content/plugins/contact-form-7-style/admin/predefined-templates.json HTTP/1.1" 200 1323 "-" "WordPress/6.8.3; https://batconpakistan.org"
162.0.235.240 - - [14/Oct/2025:17:23:58 -0400] "POST /wp-cron.php?doing_wp_cron=1760477038.3535070419311523437500 HTTP/1.1" 200 0 "-" "WordPress/6.8.3; https://batconpakistan.org"
52.167.144.161 - - [14/Oct/2025:17:23:54 -0400] "GET /Test-Measure-&-Inspect-Go-UNEF-A-788924-Gage-Blocks/ HTTP/1.1" 404 15667 "-" "Mozilla/5.0 AppleWebKit/537.36 (KHTML, like Gecko; compatible; bingbot/2.0; +http://www.bing.com/bingbot.htm) Chrome/116.0.1938.76 Safari/537.36"
162.0.235.240 - - [14/Oct/2025:17:23:58 -0400] "GET /wp-content/plugins/contact-form-7-style/admin/predefined-templates.json HTTP/1.1" 200 1323 "-" "WordPress/6.8.3; https://batconpakistan.org"
162.0.235.240 - - [14/Oct/2025:17:24:07 -0400] "GET /wp-content/plugins/contact-form-7-style/admin/predefined-templates.json HTTP/1.1" 200 1323 "-" "WordPress/6.8.3; https://batconpakistan.org"
162.0.235.240 - - [14/Oct/2025:17:24:07 -0400] "POST /wp-cron.php?doing_wp_cron=1760477047.8691289424896240234375 HTTP/1.1" 200 0 "-" "WordPress/6.8.3; https://batconpakistan.org"
35.231.115.86 - - [14/Oct/2025:17:24:07 -0400] "GET /category/touseef-ahmed/ HTTP/1.1" 200 28026 "-" "ZoominfoBot (zoominfobot at zoominfo dot com)"
162.0.235.240 - - [14/Oct/2025:17:24:08 -0400] "GET /wp-content/plugins/contact-form-7-style/admin/predefined-templates.json HTTP/1.1" 200 1323 "-" "WordPress/6.8.3; https://batconpakistan.org"
162.0.235.240 - - [14/Oct/2025:17:24:46 -0400] "GET /wp-content/plugins/contact-form-7-style/admin/predefined-templates.json HTTP/1.1" 200 1323 "-" "WordPress/6.8.3; https://batconpakistan.org"
162.0.235.240 - - [14/Oct/2025:17:24:46 -0400] "POST /wp-cron.php?doing_wp_cron=1760477086.8612380027770996093750 HTTP/1.1" 200 0 "-" "WordPress/6.8.3; https://batconpakistan.org"
35.231.115.86 - - [14/Oct/2025:17:24:46 -0400] "GET /vision-mission/ HTTP/1.1" 200 17645 "-" "ZoominfoBot (zoominfobot at zoominfo dot com)"
162.0.235.240 - - [14/Oct/2025:17:24:47 -0400] "GET /wp-content/plugins/contact-form-7-style/admin/predefined-templates.json HTTP/1.1" 200 1323 "-" "WordPress/6.8.3; https://batconpakistan.org"
35.231.115.86 - - [14/Oct/2025:17:28:01 -0400] "GET /media-coverage/ HTTP/1.1" 200 18148 "-" "ZoominfoBot (zoominfobot at zoominfo dot com)"
162.0.235.240 - - [14/Oct/2025:17:28:37 -0400] "GET /wp-content/plugins/contact-form-7-style/admin/predefined-templates.json HTTP/1.1" 200 1323 "-" "WordPress/6.8.3; https://batconpakistan.org"
162.0.235.240 - - [14/Oct/2025:17:28:38 -0400] "POST /wp-cron.php?doing_wp_cron=1760477318.2762229442596435546875 HTTP/1.1" 200 0 "-" "WordPress/6.8.3; https://batconpakistan.org"
162.0.235.240 - - [14/Oct/2025:17:28:38 -0400] "GET /wp-content/plugins/contact-form-7-style/admin/predefined-templates.json HTTP/1.1" 200 1323 "-" "WordPress/6.8.3; https://batconpakistan.org"
35.231.115.86 - - [14/Oct/2025:17:28:34 -0400] "GET /bat-convervation-pakistan/our-team/ HTTP/1.1" 200 24043 "-" "ZoominfoBot (zoominfobot at zoominfo dot com)"
4.196.118.112 - - [14/Oct/2025:17:35:00 -0400] "GET /2023/01/12/indian-flying-fox-thermoregulatory-behaviors-visual-guide/ HTTP/1.1" 200 18385 "-" "Mozilla/5.0 AppleWebKit/537.36 (KHTML, like Gecko); compatible; ChatGPT-User/1.0; +https://openai.com/bot"
162.0.235.240 - - [14/Oct/2025:17:36:46 -0400] "GET /wp-content/plugins/contact-form-7-style/admin/predefined-templates.json HTTP/1.1" 200 1323 "-" "WordPress/6.8.3; https://batconpakistan.org"
162.0.235.240 - - [14/Oct/2025:17:36:47 -0400] "POST /wp-cron.php?doing_wp_cron=1760477806.9504780769348144531250 HTTP/1.1" 200 0 "-" "WordPress/6.8.3; https://batconpakistan.org"
162.0.235.240 - - [14/Oct/2025:17:36:47 -0400] "GET /wp-content/plugins/contact-form-7-style/admin/predefined-templates.json HTTP/1.1" 200 1323 "-" "WordPress/6.8.3; https://batconpakistan.org"
185.191.171.13 - - [14/Oct/2025:17:36:43 -0400] "GET /gallery-with-caption-4-columns/ HTTP/1.1" 200 17159 "-" "Mozilla/5.0 (compatible; SemrushBot/7~bl; +http://www.semrush.com/bot.html)"
162.0.235.240 - - [14/Oct/2025:17:39:05 -0400] "GET /wp-content/plugins/contact-form-7-style/admin/predefined-templates.json HTTP/1.1" 200 1323 "-" "WordPress/6.8.3; https://batconpakistan.org"
162.0.235.240 - - [14/Oct/2025:17:39:05 -0400] "POST /wp-cron.php?doing_wp_cron=1760477945.6060330867767333984375 HTTP/1.1" 200 0 "-" "WordPress/6.8.3; https://batconpakistan.org"
4.196.118.116 - - [14/Oct/2025:17:39:02 -0400] "GET /tag/flying-foxes/ HTTP/1.1" 200 18457 "-" "Mozilla/5.0 AppleWebKit/537.36 (KHTML, like Gecko); compatible; ChatGPT-User/1.0; +https://openai.com/bot"
162.0.235.240 - - [14/Oct/2025:17:39:06 -0400] "GET /wp-content/plugins/contact-form-7-style/admin/predefined-templates.json HTTP/1.1" 200 1323 "-" "WordPress/6.8.3; https://batconpakistan.org"
162.0.235.240 - - [14/Oct/2025:17:40:37 -0400] "GET /wp-content/plugins/contact-form-7-style/admin/predefined-templates.json HTTP/1.1" 200 1323 "-" "WordPress/6.8.3; https://batconpakistan.org"
162.0.235.240 - - [14/Oct/2025:17:40:38 -0400] "POST /wp-cron.php?doing_wp_cron=1760478038.0446999073028564453125 HTTP/1.1" 200 0 "-" "WordPress/6.8.3; https://batconpakistan.org"
40.77.167.144 - - [14/Oct/2025:17:40:34 -0400] "GET /Material-Handling-Products-Universal-Wheel-Metal-Casters-Silent-Reinforce-Furniture-Caster-Heavy-Duty-Furniture-Casters-489132-Plate-Casters/ HTTP/1.1" 404 15666 "-" "Mozilla/5.0 AppleWebKit/537.36 (KHTML, like Gecko; compatible; bingbot/2.0; +http://www.bing.com/bingbot.htm) Chrome/116.0.1938.76 Safari/537.36"
162.0.235.240 - - [14/Oct/2025:17:40:38 -0400] "GET /wp-content/plugins/contact-form-7-style/admin/predefined-templates.json HTTP/1.1" 200 1323 "-" "WordPress/6.8.3; https://batconpakistan.org"
35.231.115.86 - - [14/Oct/2025:17:41:41 -0400] "GET /xmlrpc.php?rsd HTTP/1.1" 403 1242 "-" "ZoominfoBot (zoominfobot at zoominfo dot com)"
162.0.235.240 - - [14/Oct/2025:17:42:15 -0400] "GET /wp-content/plugins/contact-form-7-style/admin/predefined-templates.json HTTP/1.1" 200 1323 "-" "WordPress/6.8.3; https://batconpakistan.org"
162.0.235.240 - - [14/Oct/2025:17:42:15 -0400] "POST /wp-cron.php?doing_wp_cron=1760478135.7664260864257812500000 HTTP/1.1" 200 0 "-" "WordPress/6.8.3; https://batconpakistan.org"
2a02:598:128:8a00::b00:2 - - [14/Oct/2025:17:42:12 -0400] "GET /campaign-sitemap.xml HTTP/1.1" 200 478 "-" "Mozilla/5.0 (compatible; SeznamBot/4.0; +https://o-seznam.cz/napoveda/vyhledavani/en/seznambot-crawler/)"
162.0.235.240 - - [14/Oct/2025:17:42:16 -0400] "GET /wp-content/plugins/contact-form-7-style/admin/predefined-templates.json HTTP/1.1" 200 1323 "-" "WordPress/6.8.3; https://batconpakistan.org"
162.0.235.240 - - [14/Oct/2025:17:42:19 -0400] "GET /wp-content/plugins/contact-form-7-style/admin/predefined-templates.json HTTP/1.1" 200 1323 "-" "WordPress/6.8.3; https://batconpakistan.org"
35.231.115.86 - - [14/Oct/2025:17:42:18 -0400] "GET /home/feed/ HTTP/1.1" 200 394 "-" "ZoominfoBot (zoominfobot at zoominfo dot com)"
162.0.235.240 - - [14/Oct/2025:17:46:56 -0400] "GET /wp-content/plugins/contact-form-7-style/admin/predefined-templates.json HTTP/1.1" 200 1323 "-" "WordPress/6.8.3; https://batconpakistan.org"
162.0.235.240 - - [14/Oct/2025:17:46:57 -0400] "POST /wp-cron.php?doing_wp_cron=1760478416.9974319934844970703125 HTTP/1.1" 200 0 "-" "WordPress/6.8.3; https://batconpakistan.org"
40.77.167.144 - - [14/Oct/2025:17:46:53 -0400] "GET /sitemap.xml HTTP/1.1" 301 0 "-" "Mozilla/5.0 AppleWebKit/537.36 (KHTML, like Gecko; compatible; bingbot/2.0; +http://www.bing.com/bingbot.htm) Chrome/116.0.1938.76 Safari/537.36"
162.0.235.240 - - [14/Oct/2025:17:46:57 -0400] "GET /wp-content/plugins/contact-form-7-style/admin/predefined-templates.json HTTP/1.1" 200 1323 "-" "WordPress/6.8.3; https://batconpakistan.org"
162.0.235.240 - - [14/Oct/2025:17:47:03 -0400] "GET /wp-content/plugins/contact-form-7-style/admin/predefined-templates.json HTTP/1.1" 200 1323 "-" "WordPress/6.8.3; https://batconpakistan.org"
162.0.235.240 - - [14/Oct/2025:17:47:03 -0400] "POST /wp-cron.php?doing_wp_cron=1760478423.6769669055938720703125 HTTP/1.1" 200 0 "-" "WordPress/6.8.3; https://batconpakistan.org"
40.77.167.144 - - [14/Oct/2025:17:47:02 -0400] "GET /sitemap_index.xml HTTP/1.1" 200 512 "-" "Mozilla/5.0 AppleWebKit/537.36 (KHTML, like Gecko; compatible; bingbot/2.0; +http://www.bing.com/bingbot.htm) Chrome/116.0.1938.76 Safari/537.36"
162.0.235.240 - - [14/Oct/2025:17:47:04 -0400] "GET /wp-content/plugins/contact-form-7-style/admin/predefined-templates.json HTTP/1.1" 200 1323 "-" "WordPress/6.8.3; https://batconpakistan.org"
162.0.235.240 - - [14/Oct/2025:17:48:12 -0400] "GET /wp-content/plugins/contact-form-7-style/admin/predefined-templates.json HTTP/1.1" 200 1323 "-" "WordPress/6.8.3; https://batconpakistan.org"
162.0.235.240 - - [14/Oct/2025:17:48:12 -0400] "POST /wp-cron.php?doing_wp_cron=1760478492.5017030239105224609375 HTTP/1.1" 200 0 "-" "WordPress/6.8.3; https://batconpakistan.org"
2a03:2880:f800:1c:: - - [14/Oct/2025:17:48:11 -0400] "GET /team/dr-shafique-ahmed-awan/ HTTP/1.1" 200 16699 "-" "meta-externalagent/1.1 (+https://developers.facebook.com/docs/sharing/webmasters/crawler)"
162.0.235.240 - - [14/Oct/2025:17:48:13 -0400] "GET /wp-content/plugins/contact-form-7-style/admin/predefined-templates.json HTTP/1.1" 200 1323 "-" "WordPress/6.8.3; https://batconpakistan.org"
162.0.235.240 - - [14/Oct/2025:17:49:46 -0400] "GET /wp-content/plugins/contact-form-7-style/admin/predefined-templates.json HTTP/1.1" 200 1323 "-" "WordPress/6.8.3; https://batconpakistan.org"
162.0.235.240 - - [14/Oct/2025:17:49:47 -0400] "POST /wp-cron.php?doing_wp_cron=1760478587.1383850574493408203125 HTTP/1.1" 200 0 "-" "WordPress/6.8.3; https://batconpakistan.org"
2a03:2880:f800:10:: - - [14/Oct/2025:17:49:43 -0400] "GET /community-outreach/ HTTP/1.1" 200 17164 "-" "meta-externalagent/1.1 (+https://developers.facebook.com/docs/sharing/webmasters/crawler)"
162.0.235.240 - - [14/Oct/2025:17:49:47 -0400] "GET /wp-content/plugins/contact-form-7-style/admin/predefined-templates.json HTTP/1.1" 200 1323 "-" "WordPress/6.8.3; https://batconpakistan.org"
162.0.235.240 - - [14/Oct/2025:17:50:16 -0400] "GET /wp-content/plugins/contact-form-7-style/admin/predefined-templates.json HTTP/1.1" 200 1323 "-" "WordPress/6.8.3; https://batconpakistan.org"
162.0.235.240 - - [14/Oct/2025:17:50:17 -0400] "POST /wp-cron.php?doing_wp_cron=1760478617.0484290122985839843750 HTTP/1.1" 200 0 "-" "WordPress/6.8.3; https://batconpakistan.org"
2a02:598:128:8a00::b00:1 - - [14/Oct/2025:17:50:16 -0400] "GET /gallery-category-sitemap.xml HTTP/1.1" 200 393 "-" "Mozilla/5.0 (compatible; SeznamBot/4.0; +https://o-seznam.cz/napoveda/vyhledavani/en/seznambot-crawler/)"
162.0.235.240 - - [14/Oct/2025:17:50:17 -0400] "GET /wp-content/plugins/contact-form-7-style/admin/predefined-templates.json HTTP/1.1" 200 1323 "-" "WordPress/6.8.3; https://batconpakistan.org"
162.0.235.240 - - [14/Oct/2025:17:52:36 -0400] "GET /wp-content/plugins/contact-form-7-style/admin/predefined-templates.json HTTP/1.1" 200 1323 "-" "WordPress/6.8.3; https://batconpakistan.org"
162.0.235.240 - - [14/Oct/2025:17:52:37 -0400] "POST /wp-cron.php?doing_wp_cron=1760478757.4370250701904296875000 HTTP/1.1" 200 0 "-" "WordPress/6.8.3; https://batconpakistan.org"
162.0.235.240 - - [14/Oct/2025:17:52:38 -0400] "GET /wp-content/plugins/contact-form-7-style/admin/predefined-templates.json HTTP/1.1" 200 1323 "-" "WordPress/6.8.3; https://batconpakistan.org"
35.231.115.86 - - [14/Oct/2025:17:52:33 -0400] "GET /our-approach/ HTTP/1.1" 200 19463 "-" "ZoominfoBot (zoominfobot at zoominfo dot com)"
162.0.235.240 - - [14/Oct/2025:17:53:09 -0400] "GET /wp-content/plugins/contact-form-7-style/admin/predefined-templates.json HTTP/1.1" 200 1323 "-" "WordPress/6.8.3; https://batconpakistan.org"
162.0.235.240 - - [14/Oct/2025:17:53:10 -0400] "POST /wp-cron.php?doing_wp_cron=1760478790.0388228893280029296875 HTTP/1.1" 200 0 "-" "WordPress/6.8.3; https://batconpakistan.org"
2a02:598:128:8a00::b00:2 - - [14/Oct/2025:17:53:09 -0400] "GET /campaign_category-sitemap.xml HTTP/1.1" 200 425 "-" "Mozilla/5.0 (compatible; SeznamBot/4.0; +https://o-seznam.cz/napoveda/vyhledavani/en/seznambot-crawler/)"
162.0.235.240 - - [14/Oct/2025:17:53:10 -0400] "GET /wp-content/plugins/contact-form-7-style/admin/predefined-templates.json HTTP/1.1" 200 1323 "-" "WordPress/6.8.3; https://batconpakistan.org"
87.250.224.203 - - [14/Oct/2025:17:53:12 -0400] "GET /robots.txt HTTP/1.1" 200 183 "-" "Mozilla/5.0 (compatible; YandexBot/3.0; +http://yandex.com/bots)"
213.180.203.207 - - [14/Oct/2025:17:53:13 -0400] "GET /feed/ HTTP/1.1" 200 23257 "-" "Mozilla/5.0 (compatible; YandexBot/3.0; +http://yandex.com/bots)"
162.0.235.240 - - [14/Oct/2025:17:54:43 -0400] "GET /wp-content/plugins/contact-form-7-style/admin/predefined-templates.json HTTP/1.1" 200 1323 "-" "WordPress/6.8.3; https://batconpakistan.org"
162.0.235.240 - - [14/Oct/2025:17:54:44 -0400] "POST /wp-cron.php?doing_wp_cron=1760478884.1619069576263427734375 HTTP/1.1" 200 0 "-" "WordPress/6.8.3; https://batconpakistan.org"
213.180.203.207 - - [14/Oct/2025:17:54:40 -0400] "GET /category/public-health-alert/href HTTP/1.1" 404 15664 "-" "Mozilla/5.0 (compatible; YandexFavicons/1.0; +http://yandex.com/bots)"
162.0.235.240 - - [14/Oct/2025:17:54:44 -0400] "GET /wp-content/plugins/contact-form-7-style/admin/predefined-templates.json HTTP/1.1" 200 1323 "-" "WordPress/6.8.3; https://batconpakistan.org"
2a03:2880:f800:14:: - - [14/Oct/2025:17:56:46 -0400] "GET / HTTP/1.1" 200 23132 "-" "meta-externalagent/1.1 (+https://developers.facebook.com/docs/sharing/webmasters/crawler)"
162.0.235.240 - - [14/Oct/2025:17:57:28 -0400] "GET /wp-content/plugins/contact-form-7-style/admin/predefined-templates.json HTTP/1.1" 200 1323 "-" "WordPress/6.8.3; https://batconpakistan.org"
162.0.235.240 - - [14/Oct/2025:17:57:29 -0400] "POST /wp-cron.php?doing_wp_cron=1760479049.4441430568695068359375 HTTP/1.1" 200 0 "-" "WordPress/6.8.3; https://batconpakistan.org"
185.241.208.217 - - [14/Oct/2025:17:57:25 -0400] "GET /style.php HTTP/1.1" 404 15666 "http://batconpakistan.org/style.php" "Go-http-client/2.0"
162.0.235.240 - - [14/Oct/2025:17:57:30 -0400] "GET /wp-content/plugins/contact-form-7-style/admin/predefined-templates.json HTTP/1.1" 200 1323 "-" "WordPress/6.8.3; https://batconpakistan.org"
162.0.235.240 - - [14/Oct/2025:17:57:30 -0400] "GET /wp-content/plugins/contact-form-7-style/admin/predefined-templates.json HTTP/1.1" 200 1323 "-" "WordPress/6.8.3; https://batconpakistan.org"
185.241.208.217 - - [14/Oct/2025:17:57:30 -0400] "GET /wp-content/style.php HTTP/1.1" 404 15667 "http://batconpakistan.org/wp-content/style.php" "Go-http-client/2.0"
162.0.235.240 - - [14/Oct/2025:17:57:32 -0400] "GET /wp-content/plugins/contact-form-7-style/admin/predefined-templates.json HTTP/1.1" 200 1323 "-" "WordPress/6.8.3; https://batconpakistan.org"
185.241.208.217 - - [14/Oct/2025:17:57:31 -0400] "GET /wp-content/themes/style.php HTTP/1.1" 404 15667 "http://batconpakistan.org/wp-content/themes/style.php" "Go-http-client/2.0"
162.0.235.240 - - [14/Oct/2025:17:57:33 -0400] "GET /wp-content/plugins/contact-form-7-style/admin/predefined-templates.json HTTP/1.1" 200 1323 "-" "WordPress/6.8.3; https://batconpakistan.org"
185.241.208.217 - - [14/Oct/2025:17:57:33 -0400] "GET /wp-admin/style.php HTTP/1.1" 404 15667 "http://batconpakistan.org/wp-admin/style.php" "Go-http-client/2.0"
162.0.235.240 - - [14/Oct/2025:17:57:34 -0400] "GET /wp-content/plugins/contact-form-7-style/admin/predefined-templates.json HTTP/1.1" 200 1323 "-" "WordPress/6.8.3; https://batconpakistan.org"
185.241.208.217 - - [14/Oct/2025:17:57:34 -0400] "GET /wp-includes/style.php HTTP/1.1" 404 15669 "http://batconpakistan.org/wp-includes/style.php" "Go-http-client/2.0"
162.0.235.240 - - [14/Oct/2025:17:57:36 -0400] "GET /wp-content/plugins/contact-form-7-style/admin/predefined-templates.json HTTP/1.1" 200 1323 "-" "WordPress/6.8.3; https://batconpakistan.org"
185.241.208.217 - - [14/Oct/2025:17:57:35 -0400] "GET /chosen.php?p= HTTP/1.1" 301 0 "http://batconpakistan.org/chosen.php?p=" "Go-http-client/2.0"
162.0.235.240 - - [14/Oct/2025:17:57:36 -0400] "GET /wp-content/plugins/contact-form-7-style/admin/predefined-templates.json HTTP/1.1" 200 1323 "-" "WordPress/6.8.3; https://batconpakistan.org"
185.241.208.217 - - [14/Oct/2025:17:57:36 -0400] "GET /chosen.php HTTP/1.1" 404 15667 "https://batconpakistan.org/chosen.php?p=" "Go-http-client/2.0"
162.0.235.240 - - [14/Oct/2025:17:57:38 -0400] "GET /wp-content/plugins/contact-form-7-style/admin/predefined-templates.json HTTP/1.1" 200 1323 "-" "WordPress/6.8.3; https://batconpakistan.org"
185.241.208.217 - - [14/Oct/2025:17:57:37 -0400] "GET /file.php HTTP/1.1" 404 15667 "http://batconpakistan.org/file.php" "Go-http-client/2.0"
162.0.235.240 - - [14/Oct/2025:17:57:39 -0400] "GET /wp-content/plugins/contact-form-7-style/admin/predefined-templates.json HTTP/1.1" 200 1323 "-" "WordPress/6.8.3; https://batconpakistan.org"
185.241.208.217 - - [14/Oct/2025:17:57:39 -0400] "GET /flower.php HTTP/1.1" 404 15666 "http://batconpakistan.org/flower.php" "Go-http-client/2.0"
162.0.235.240 - - [14/Oct/2025:17:57:41 -0400] "GET /wp-content/plugins/contact-form-7-style/admin/predefined-templates.json HTTP/1.1" 200 1323 "-" "WordPress/6.8.3; https://batconpakistan.org"
162.0.235.240 - - [14/Oct/2025:17:57:41 -0400] "POST /wp-cron.php?doing_wp_cron=1760479061.5148680210113525390625 HTTP/1.1" 200 0 "-" "WordPress/6.8.3; https://batconpakistan.org"
185.241.208.217 - - [14/Oct/2025:17:57:40 -0400] "GET /gifclass.php HTTP/1.1" 404 15667 "http://batconpakistan.org/gifclass.php#888xyz999" "Go-http-client/2.0"
162.0.235.240 - - [14/Oct/2025:17:57:41 -0400] "GET /wp-content/plugins/contact-form-7-style/admin/predefined-templates.json HTTP/1.1" 200 1323 "-" "WordPress/6.8.3; https://batconpakistan.org"
162.0.235.240 - - [14/Oct/2025:17:57:42 -0400] "GET /wp-content/plugins/contact-form-7-style/admin/predefined-templates.json HTTP/1.1" 200 1323 "-" "WordPress/6.8.3; https://batconpakistan.org"
185.241.208.217 - - [14/Oct/2025:17:57:42 -0400] "GET /bless.php HTTP/1.1" 404 15667 "http://batconpakistan.org/bless.php#888xyz999" "Go-http-client/2.0"
162.0.235.240 - - [14/Oct/2025:17:57:43 -0400] "GET /wp-content/plugins/contact-form-7-style/admin/predefined-templates.json HTTP/1.1" 200 1323 "-" "WordPress/6.8.3; https://batconpakistan.org"
185.241.208.217 - - [14/Oct/2025:17:57:43 -0400] "GET /class-t.api.php HTTP/1.1" 404 15667 "http://batconpakistan.org/class-t.api.php#888xyz999" "Go-http-client/2.0"
162.0.235.240 - - [14/Oct/2025:17:57:45 -0400] "GET /wp-content/plugins/contact-form-7-style/admin/predefined-templates.json HTTP/1.1" 200 1323 "-" "WordPress/6.8.3; https://batconpakistan.org"
185.241.208.217 - - [14/Oct/2025:17:57:44 -0400] "GET /blurbs.php HTTP/1.1" 404 15668 "http://batconpakistan.org/blurbs.php#888xyz999" "Go-http-client/2.0"
162.0.235.240 - - [14/Oct/2025:17:57:46 -0400] "GET /wp-content/plugins/contact-form-7-style/admin/predefined-templates.json HTTP/1.1" 200 1323 "-" "WordPress/6.8.3; https://batconpakistan.org"
185.241.208.217 - - [14/Oct/2025:17:57:46 -0400] "GET /akcc.php HTTP/1.1" 404 15666 "http://batconpakistan.org/akcc.php" "Go-http-client/2.0"
162.0.235.240 - - [14/Oct/2025:17:57:48 -0400] "GET /wp-content/plugins/contact-form-7-style/admin/predefined-templates.json HTTP/1.1" 200 1323 "-" "WordPress/6.8.3; https://batconpakistan.org"
162.0.235.240 - - [14/Oct/2025:17:57:48 -0400] "POST /wp-cron.php?doing_wp_cron=1760479068.5985910892486572265625 HTTP/1.1" 200 0 "-" "WordPress/6.8.3; https://batconpakistan.org"
185.241.208.217 - - [14/Oct/2025:17:57:48 -0400] "GET /abcd.php HTTP/1.1" 404 15664 "http://batconpakistan.org/abcd.php" "Go-http-client/2.0"
162.0.235.240 - - [14/Oct/2025:17:57:49 -0400] "GET /wp-content/plugins/contact-form-7-style/admin/predefined-templates.json HTTP/1.1" 200 1323 "-" "WordPress/6.8.3; https://batconpakistan.org"
162.0.235.240 - - [14/Oct/2025:17:57:49 -0400] "GET /wp-content/plugins/contact-form-7-style/admin/predefined-templates.json HTTP/1.1" 200 1323 "-" "WordPress/6.8.3; https://batconpakistan.org"
185.241.208.217 - - [14/Oct/2025:17:57:49 -0400] "GET /flex.php HTTP/1.1" 404 15666 "http://batconpakistan.org/flex.php" "Go-http-client/2.0"
35.231.115.86 - - [14/Oct/2025:17:57:50 -0400] "GET /bat-convervation-pakistan/ HTTP/1.1" 200 20201 "-" "ZoominfoBot (zoominfobot at zoominfo dot com)"
162.0.235.240 - - [14/Oct/2025:17:57:51 -0400] "GET /wp-content/plugins/contact-form-7-style/admin/predefined-templates.json HTTP/1.1" 200 1323 "-" "WordPress/6.8.3; https://batconpakistan.org"
185.241.208.217 - - [14/Oct/2025:17:57:51 -0400] "GET /doc.php HTTP/1.1" 404 15666 "http://batconpakistan.org/doc.php" "Go-http-client/2.0"
162.0.235.240 - - [14/Oct/2025:17:57:52 -0400] "GET /wp-content/plugins/contact-form-7-style/admin/predefined-templates.json HTTP/1.1" 200 1323 "-" "WordPress/6.8.3; https://batconpakistan.org"
185.241.208.217 - - [14/Oct/2025:17:57:52 -0400] "GET /wp-includes/js/thickbox/thickbox.php HTTP/1.1" 404 15667 "http://batconpakistan.org/wp-includes/js/thickbox/thickbox.php" "Go-http-client/2.0"
162.0.235.240 - - [14/Oct/2025:17:57:54 -0400] "GET /wp-content/plugins/contact-form-7-style/admin/predefined-templates.json HTTP/1.1" 200 1323 "-" "WordPress/6.8.3; https://batconpakistan.org"
185.241.208.217 - - [14/Oct/2025:17:57:54 -0400] "GET /akc.php HTTP/1.1" 404 15665 "http://batconpakistan.org/akc.php" "Go-http-client/2.0"
162.0.235.240 - - [14/Oct/2025:17:57:56 -0400] "GET /wp-content/plugins/contact-form-7-style/admin/predefined-templates.json HTTP/1.1" 200 1323 "-" "WordPress/6.8.3; https://batconpakistan.org"
185.241.208.217 - - [14/Oct/2025:17:57:56 -0400] "GET /zoo.php HTTP/1.1" 404 15667 "http://batconpakistan.org/zoo.php" "Go-http-client/2.0"
162.0.235.240 - - [14/Oct/2025:17:57:57 -0400] "GET /wp-content/plugins/contact-form-7-style/admin/predefined-templates.json HTTP/1.1" 200 1323 "-" "WordPress/6.8.3; https://batconpakistan.org"
162.0.235.240 - - [14/Oct/2025:17:57:58 -0400] "POST /wp-cron.php?doing_wp_cron=1760479078.0238978862762451171875 HTTP/1.1" 200 0 "-" "WordPress/6.8.3; https://batconpakistan.org"
185.241.208.217 - - [14/Oct/2025:17:57:57 -0400] "GET //zwso.php HTTP/1.1" 301 0 "http://batconpakistan.org//zwso.php" "Go-http-client/2.0"
162.0.235.240 - - [14/Oct/2025:17:57:58 -0400] "GET /wp-content/plugins/contact-form-7-style/admin/predefined-templates.json HTTP/1.1" 200 1323 "-" "WordPress/6.8.3; https://batconpakistan.org"
162.0.235.240 - - [14/Oct/2025:17:57:58 -0400] "GET /wp-content/plugins/contact-form-7-style/admin/predefined-templates.json HTTP/1.1" 200 1323 "-" "WordPress/6.8.3; https://batconpakistan.org"
185.241.208.217 - - [14/Oct/2025:17:57:58 -0400] "GET /zwso.php HTTP/1.1" 404 15666 "https://batconpakistan.org//zwso.php" "Go-http-client/2.0"
162.0.235.240 - - [14/Oct/2025:17:58:00 -0400] "GET /wp-content/plugins/contact-form-7-style/admin/predefined-templates.json HTTP/1.1" 200 1323 "-" "WordPress/6.8.3; https://batconpakistan.org"
185.241.208.217 - - [14/Oct/2025:17:57:59 -0400] "GET /wp-content/plugins/hellopress/wp_mna.php HTTP/1.1" 404 15667 "http://batconpakistan.org/wp-content/plugins/hellopress/wp_mna.php" "Go-http-client/2.0"
162.0.235.240 - - [14/Oct/2025:17:58:01 -0400] "GET /wp-content/plugins/contact-form-7-style/admin/predefined-templates.json HTTP/1.1" 200 1323 "-" "WordPress/6.8.3; https://batconpakistan.org"
185.241.208.217 - - [14/Oct/2025:17:58:01 -0400] "GET /bolt.php HTTP/1.1" 404 15667 "http://batconpakistan.org/bolt.php" "Go-http-client/2.0"
162.0.235.240 - - [14/Oct/2025:17:58:02 -0400] "GET /wp-content/plugins/contact-form-7-style/admin/predefined-templates.json HTTP/1.1" 200 1323 "-" "WordPress/6.8.3; https://batconpakistan.org"
185.241.208.217 - - [14/Oct/2025:17:58:02 -0400] "GET /shlo.php HTTP/1.1" 404 15665 "http://batconpakistan.org/shlo.php#lufix" "Go-http-client/2.0"
162.0.235.240 - - [14/Oct/2025:17:58:04 -0400] "GET /wp-content/plugins/contact-form-7-style/admin/predefined-templates.json HTTP/1.1" 200 1323 "-" "WordPress/6.8.3; https://batconpakistan.org"
185.241.208.217 - - [14/Oct/2025:17:58:03 -0400] "GET /files.php HTTP/1.1" 404 15667 "http://batconpakistan.org/files.php#admin@3tu/T?TJ8v?N" "Go-http-client/2.0"
162.0.235.240 - - [14/Oct/2025:17:58:06 -0400] "GET /wp-content/plugins/contact-form-7-style/admin/predefined-templates.json HTTP/1.1" 200 1323 "-" "WordPress/6.8.3; https://batconpakistan.org"
162.0.235.240 - - [14/Oct/2025:17:58:06 -0400] "POST /wp-cron.php?doing_wp_cron=1760479086.3078460693359375000000 HTTP/1.1" 200 0 "-" "WordPress/6.8.3; https://batconpakistan.org"
185.241.208.217 - - [14/Oct/2025:17:58:05 -0400] "GET /wp-editor.php HTTP/1.1" 404 15667 "http://batconpakistan.org/wp-editor.php#lufix" "Go-http-client/2.0"
162.0.235.240 - - [14/Oct/2025:17:58:06 -0400] "GET /wp-content/plugins/contact-form-7-style/admin/predefined-templates.json HTTP/1.1" 200 1323 "-" "WordPress/6.8.3; https://batconpakistan.org"
162.0.235.240 - - [14/Oct/2025:18:01:05 -0400] "GET /wp-content/plugins/contact-form-7-style/admin/predefined-templates.json HTTP/1.1" 200 1323 "-" "WordPress/6.8.3; https://batconpakistan.org"
162.0.235.240 - - [14/Oct/2025:18:01:05 -0400] "POST /wp-cron.php?doing_wp_cron=1760479265.7882580757141113281250 HTTP/1.1" 200 0 "-" "WordPress/6.8.3; https://batconpakistan.org"
85.208.96.197 - - [14/Oct/2025:18:01:01 -0400] "GET /2023/01/ HTTP/1.1" 200 16704 "-" "Mozilla/5.0 (compatible; SemrushBot/7~bl; +http://www.semrush.com/bot.html)"
162.0.235.240 - - [14/Oct/2025:18:01:06 -0400] "GET /wp-content/plugins/contact-form-7-style/admin/predefined-templates.json HTTP/1.1" 200 1323 "-" "WordPress/6.8.3; https://batconpakistan.org"
162.0.235.240 - - [14/Oct/2025:18:03:23 -0400] "GET /wp-content/plugins/contact-form-7-style/admin/predefined-templates.json HTTP/1.1" 200 1323 "-" "WordPress/6.8.3; https://batconpakistan.org"
162.0.235.240 - - [14/Oct/2025:18:03:23 -0400] "POST /wp-cron.php?doing_wp_cron=1760479403.8360929489135742187500 HTTP/1.1" 200 0 "-" "WordPress/6.8.3; https://batconpakistan.org"
35.231.115.86 - - [14/Oct/2025:18:03:20 -0400] "GET /publish/ HTTP/1.1" 200 16837 "-" "ZoominfoBot (zoominfobot at zoominfo dot com)"
162.0.235.240 - - [14/Oct/2025:18:03:24 -0400] "GET /wp-content/plugins/contact-form-7-style/admin/predefined-templates.json HTTP/1.1" 200 1323 "-" "WordPress/6.8.3; https://batconpakistan.org"
87.250.224.55 - - [14/Oct/2025:18:04:36 -0400] "GET / HTTP/1.1" 200 23132 "-" "Mozilla/5.0 (compatible; YandexBot/3.0; +http://yandex.com/bots)"
162.0.235.240 - - [14/Oct/2025:18:05:13 -0400] "GET /wp-content/plugins/contact-form-7-style/admin/predefined-templates.json HTTP/1.1" 200 1323 "-" "WordPress/6.8.3; https://batconpakistan.org"
162.0.235.240 - - [14/Oct/2025:18:05:14 -0400] "POST /wp-cron.php?doing_wp_cron=1760479513.9749419689178466796875 HTTP/1.1" 200 0 "-" "WordPress/6.8.3; https://batconpakistan.org"
35.231.115.86 - - [14/Oct/2025:18:05:10 -0400] "GET /category/uncategorized/ HTTP/1.1" 200 24791 "-" "ZoominfoBot (zoominfobot at zoominfo dot com)"
162.0.235.240 - - [14/Oct/2025:18:05:14 -0400] "GET /wp-content/plugins/contact-form-7-style/admin/predefined-templates.json HTTP/1.1" 200 1323 "-" "WordPress/6.8.3; https://batconpakistan.org"
162.0.235.240 - - [14/Oct/2025:18:05:42 -0400] "GET /wp-content/plugins/contact-form-7-style/admin/predefined-templates.json HTTP/1.1" 200 1323 "-" "WordPress/6.8.3; https://batconpakistan.org"
