162.0.235.240 - - [14/Oct/2025:09:36:06 -0400] "GET /wp-content/plugins/contact-form-7-style/admin/predefined-templates.json HTTP/1.1" 200 1323 "-" "WordPress/6.8.3; https://batconpakistan.org"
162.0.235.240 - - [14/Oct/2025:09:37:01 -0400] "GET /wp-content/plugins/contact-form-7-style/admin/predefined-templates.json HTTP/1.1" 200 1323 "-" "WordPress/6.8.3; https://batconpakistan.org"
162.0.235.240 - - [14/Oct/2025:09:37:01 -0400] "POST /wp-cron.php?doing_wp_cron=1760449021.7251820564270019531250 HTTP/1.1" 200 0 "-" "WordPress/6.8.3; https://batconpakistan.org"
162.0.235.240 - - [14/Oct/2025:09:37:02 -0400] "GET /wp-content/plugins/contact-form-7-style/admin/predefined-templates.json HTTP/1.1" 200 1323 "-" "WordPress/6.8.3; https://batconpakistan.org"
185.191.171.11 - - [14/Oct/2025:09:37:00 -0400] "GET /cart-2/ HTTP/1.1" 200 38002 "-" "Mozilla/5.0 (compatible; SemrushBot/7~bl; +http://www.semrush.com/bot.html)"
157.10.199.30 - - [14/Oct/2025:09:38:28 -0400] "GET /wp-login.php HTTP/1.1" 200 1886 "-" "Mozilla/5.0 (Windows NT 10.0; Win64; x64; rv:62.0) Gecko/20100101 Firefox/62.0"
162.0.235.240 - - [14/Oct/2025:09:38:34 -0400] "GET /wp-content/plugins/contact-form-7-style/admin/predefined-templates.json HTTP/1.1" 200 1323 "-" "WordPress/6.8.3; https://batconpakistan.org"
162.0.235.240 - - [14/Oct/2025:09:38:35 -0400] "POST /wp-cron.php?doing_wp_cron=1760449115.2340180873870849609375 HTTP/1.1" 200 0 "-" "WordPress/6.8.3; https://batconpakistan.org"
157.10.199.30 - - [14/Oct/2025:09:38:29 -0400] "POST /wp-login.php HTTP/1.1" 200 2045 "https://batconpakistan.org/wp-login.php" "Mozilla/5.0 (Windows NT 10.0; Win64; x64; rv:62.0) Gecko/20100101 Firefox/62.0"
162.0.235.240 - - [14/Oct/2025:09:38:36 -0400] "GET /wp-content/plugins/contact-form-7-style/admin/predefined-templates.json HTTP/1.1" 200 1323 "-" "WordPress/6.8.3; https://batconpakistan.org"
162.0.235.240 - - [14/Oct/2025:09:41:59 -0400] "GET /wp-content/plugins/contact-form-7-style/admin/predefined-templates.json HTTP/1.1" 200 1323 "-" "WordPress/6.8.3; https://batconpakistan.org"
162.0.235.240 - - [14/Oct/2025:09:41:59 -0400] "POST /wp-cron.php?doing_wp_cron=1760449319.6799058914184570312500 HTTP/1.1" 200 0 "-" "WordPress/6.8.3; https://batconpakistan.org"
66.249.66.74 - - [14/Oct/2025:09:41:55 -0400] "GET /robots.txt HTTP/1.1" 301 0 "-" "Mozilla/5.0 (compatible; Googlebot/2.1; +http://www.google.com/bot.html)"
162.0.235.240 - - [14/Oct/2025:09:42:00 -0400] "GET /wp-content/plugins/contact-form-7-style/admin/predefined-templates.json HTTP/1.1" 200 1323 "-" "WordPress/6.8.3; https://batconpakistan.org"
162.0.235.240 - - [14/Oct/2025:09:42:02 -0400] "GET /wp-content/plugins/contact-form-7-style/admin/predefined-templates.json HTTP/1.1" 200 1323 "-" "WordPress/6.8.3; https://batconpakistan.org"
66.249.66.74 - - [14/Oct/2025:09:42:01 -0400] "GET / HTTP/1.1" 301 0 "-" "Mozilla/5.0 (Linux; Android 6.0.1; Nexus 5X Build/MMB29P) AppleWebKit/537.36 (KHTML, like Gecko) Chrome/140.0.7339.207 Mobile Safari/537.36 (compatible; Googlebot/2.1; +http://www.google.com/bot.html)"
66.249.66.71 - - [14/Oct/2025:09:42:03 -0400] "GET / HTTP/1.1" 200 23130 "-" "Mozilla/5.0 (Linux; Android 6.0.1; Nexus 5X Build/MMB29P) AppleWebKit/537.36 (KHTML, like Gecko) Chrome/140.0.7339.207 Mobile Safari/537.36 (compatible; Googlebot/2.1; +http://www.google.com/bot.html)"
66.249.66.70 - - [14/Oct/2025:09:42:06 -0400] "GET /wp-content/uploads/dynamic-mobmenu.css?ver=2.8.8-364 HTTP/1.1" 200 1744 "https://batconpakistan.org/" "Mozilla/5.0 (Linux; Android 6.0.1; Nexus 5X Build/MMB29P) AppleWebKit/537.36 (KHTML, like Gecko) Chrome/140.0.7339.207 Mobile Safari/537.36 (compatible; Googlebot/2.1; +http://www.google.com/bot.html)"
66.249.66.71 - - [14/Oct/2025:09:42:08 -0400] "GET /wp-includes/js/dist/hooks.min.js?ver=4d63a3d491d11ffd8ac6 HTTP/1.1" 304 0 "https://batconpakistan.org/" "Mozilla/5.0 (Linux; Android 6.0.1; Nexus 5X Build/MMB29P) AppleWebKit/537.36 (KHTML, like Gecko) Chrome/140.0.7339.207 Mobile Safari/537.36 (compatible; Googlebot/2.1; +http://www.google.com/bot.html)"
66.249.66.70 - - [14/Oct/2025:09:42:08 -0400] "GET /wp-content/themes/born-to-give/vendor/fullcalendar/lib/moment.min.js?ver=2.3.1.8 HTTP/1.1" 304 0 "https://batconpakistan.org/" "Mozilla/5.0 (Linux; Android 6.0.1; Nexus 5X Build/MMB29P) AppleWebKit/537.36 (KHTML, like Gecko) Chrome/140.0.7339.207 Mobile Safari/537.36 (compatible; Googlebot/2.1; +http://www.google.com/bot.html)"
66.249.66.71 - - [14/Oct/2025:09:42:09 -0400] "GET /wp-content/plugins/js_composer/assets/lib/bower/skrollr/dist/skrollr.min.js?ver=6.5.0 HTTP/1.1" 200 5547 "https://batconpakistan.org/" "Mozilla/5.0 (Linux; Android 6.0.1; Nexus 5X Build/MMB29P) AppleWebKit/537.36 (KHTML, like Gecko) Chrome/140.0.7339.207 Mobile Safari/537.36 (compatible; Googlebot/2.1; +http://www.google.com/bot.html)"
66.249.66.70 - - [14/Oct/2025:09:42:10 -0400] "GET /wp-content/plugins/woocommerce/assets/js/jquery-blockui/jquery.blockUI.min.js?ver=2.7.0-wc.10.2.2 HTTP/1.1" 304 0 "https://batconpakistan.org/" "Mozilla/5.0 (Linux; Android 6.0.1; Nexus 5X Build/MMB29P) AppleWebKit/537.36 (KHTML, like Gecko) Chrome/140.0.7339.207 Mobile Safari/537.36 (compatible; Googlebot/2.1; +http://www.google.com/bot.html)"
66.249.66.70 - - [14/Oct/2025:09:42:11 -0400] "GET /wp-content/plugins/woocommerce/assets/js/frontend/add-to-cart.min.js?ver=10.2.2 HTTP/1.1" 304 0 "https://batconpakistan.org/" "Mozilla/5.0 (Linux; Android 6.0.1; Nexus 5X Build/MMB29P) AppleWebKit/537.36 (KHTML, like Gecko) Chrome/140.0.7339.207 Mobile Safari/537.36 (compatible; Googlebot/2.1; +http://www.google.com/bot.html)"
66.249.66.70 - - [14/Oct/2025:09:42:11 -0400] "GET /wp-content/plugins/woocommerce/assets/js/frontend/order-attribution.min.js?ver=10.2.2 HTTP/1.1" 304 0 "https://batconpakistan.org/" "Mozilla/5.0 (Linux; Android 6.0.1; Nexus 5X Build/MMB29P) AppleWebKit/537.36 (KHTML, like Gecko) Chrome/140.0.7339.207 Mobile Safari/537.36 (compatible; Googlebot/2.1; +http://www.google.com/bot.html)"
66.249.66.70 - - [14/Oct/2025:09:42:12 -0400] "GET /wp-content/plugins/woocommerce/assets/js/sourcebuster/sourcebuster.min.js?ver=10.2.2 HTTP/1.1" 304 0 "https://batconpakistan.org/" "Mozilla/5.0 (Linux; Android 6.0.1; Nexus 5X Build/MMB29P) AppleWebKit/537.36 (KHTML, like Gecko) Chrome/140.0.7339.207 Mobile Safari/537.36 (compatible; Googlebot/2.1; +http://www.google.com/bot.html)"
66.249.66.70 - - [14/Oct/2025:09:42:17 -0400] "GET /wp-content/plugins/revslider/public/assets/js/extensions/revolution.extension.layeranimation.min.js?version=5.3.1.4 HTTP/1.1" 304 0 "https://batconpakistan.org/" "Mozilla/5.0 (Linux; Android 6.0.1; Nexus 5X Build/MMB29P) AppleWebKit/537.36 (KHTML, like Gecko) Chrome/140.0.7339.207 Mobile Safari/537.36 (compatible; Googlebot/2.1; +http://www.google.com/bot.html)"
66.249.66.70 - - [14/Oct/2025:09:42:18 -0400] "GET /wp-content/plugins/revslider/public/assets/js/extensions/revolution.extension.navigation.min.js?version=5.3.1.4 HTTP/1.1" 304 0 "https://batconpakistan.org/" "Mozilla/5.0 (Linux; Android 6.0.1; Nexus 5X Build/MMB29P) AppleWebKit/537.36 (KHTML, like Gecko) Chrome/140.0.7339.207 Mobile Safari/537.36 (compatible; Googlebot/2.1; +http://www.google.com/bot.html)"
66.249.66.70 - - [14/Oct/2025:09:42:18 -0400] "GET /wp-content/plugins/revslider/public/assets/js/extensions/revolution.extension.actions.min.js?version=5.3.1.4 HTTP/1.1" 304 0 "https://batconpakistan.org/" "Mozilla/5.0 (Linux; Android 6.0.1; Nexus 5X Build/MMB29P) AppleWebKit/537.36 (KHTML, like Gecko) Chrome/140.0.7339.207 Mobile Safari/537.36 (compatible; Googlebot/2.1; +http://www.google.com/bot.html)"
162.0.235.240 - - [14/Oct/2025:09:43:20 -0400] "GET /wp-content/plugins/contact-form-7-style/admin/predefined-templates.json HTTP/1.1" 200 1323 "-" "WordPress/6.8.3; https://batconpakistan.org"
162.0.235.240 - - [14/Oct/2025:09:43:20 -0400] "POST /wp-cron.php?doing_wp_cron=1760449400.7755529880523681640625 HTTP/1.1" 200 0 "-" "WordPress/6.8.3; https://batconpakistan.org"
66.249.66.74 - - [14/Oct/2025:09:43:19 -0400] "GET / HTTP/1.1" 301 0 "-" "Mozilla/5.0 (compatible; Googlebot/2.1; +http://www.google.com/bot.html)"
162.0.235.240 - - [14/Oct/2025:09:43:21 -0400] "GET /wp-content/plugins/contact-form-7-style/admin/predefined-templates.json HTTP/1.1" 200 1323 "-" "WordPress/6.8.3; https://batconpakistan.org"
162.0.235.240 - - [14/Oct/2025:09:43:21 -0400] "GET /wp-content/plugins/contact-form-7-style/admin/predefined-templates.json HTTP/1.1" 200 1323 "-" "WordPress/6.8.3; https://batconpakistan.org"
66.249.66.76 - - [14/Oct/2025:09:43:21 -0400] "GET / HTTP/1.1" 301 0 "-" "Mozilla/5.0 (Linux; Android 6.0.1; Nexus 5X Build/MMB29P) AppleWebKit/537.36 (KHTML, like Gecko) Chrome/99.0.4844.84 Mobile Safari/537.36 (compatible; Googlebot/2.1; +http://www.google.com/bot.html)"
66.249.66.70 - - [14/Oct/2025:09:43:22 -0400] "GET / HTTP/1.1" 200 23130 "-" "Mozilla/5.0 (compatible; Googlebot/2.1; +http://www.google.com/bot.html)"
66.249.66.72 - - [14/Oct/2025:09:43:22 -0400] "GET / HTTP/1.1" 200 23130 "-" "Mozilla/5.0 (Linux; Android 6.0.1; Nexus 5X Build/MMB29P) AppleWebKit/537.36 (KHTML, like Gecko) Chrome/99.0.4844.84 Mobile Safari/537.36 (compatible; Googlebot/2.1; +http://www.google.com/bot.html)"
162.0.235.240 - - [14/Oct/2025:09:46:20 -0400] "GET /wp-content/plugins/contact-form-7-style/admin/predefined-templates.json HTTP/1.1" 200 1323 "-" "WordPress/6.8.3; https://batconpakistan.org"
162.0.235.240 - - [14/Oct/2025:09:46:21 -0400] "POST /wp-cron.php?doing_wp_cron=1760449581.4280118942260742187500 HTTP/1.1" 200 0 "-" "WordPress/6.8.3; https://batconpakistan.org"
20.40.40.110 - - [14/Oct/2025:09:46:17 -0400] "POST /wp-login.php HTTP/1.1" 200 2041 "-" "Mozilla/5.0"
162.0.235.240 - - [14/Oct/2025:09:46:22 -0400] "GET /wp-content/plugins/contact-form-7-style/admin/predefined-templates.json HTTP/1.1" 200 1323 "-" "WordPress/6.8.3; https://batconpakistan.org"
162.0.235.240 - - [14/Oct/2025:09:49:38 -0400] "GET /wp-content/plugins/contact-form-7-style/admin/predefined-templates.json HTTP/1.1" 200 1323 "-" "WordPress/6.8.3; https://batconpakistan.org"
162.0.235.240 - - [14/Oct/2025:09:49:39 -0400] "POST /wp-cron.php?doing_wp_cron=1760449779.5003869533538818359375 HTTP/1.1" 200 0 "-" "WordPress/6.8.3; https://batconpakistan.org"
162.0.235.240 - - [14/Oct/2025:09:49:40 -0400] "GET /wp-content/plugins/contact-form-7-style/admin/predefined-templates.json HTTP/1.1" 200 1323 "-" "WordPress/6.8.3; https://batconpakistan.org"
52.3.104.214 - - [14/Oct/2025:09:49:35 -0400] "GET /2021/07/ HTTP/1.1" 200 18095 "-" "Mozilla/5.0 AppleWebKit/537.36 (KHTML, like Gecko; compatible; Amazonbot/0.1; +https://developer.amazon.com/support/amazonbot) Chrome/119.0.6045.214 Safari/537.36"
185.163.211.100 - - [14/Oct/2025:09:50:34 -0400] "GET /wp-content/uploads/2023/02/Adee-Kazam-150x150.jpg HTTP/1.1" 200 6446 "-" "Mozilla/5.0 (Windows NT 6.1; Win64; x64) AppleWebKit/537.36 (KHTML, like Gecko) Chrome/71.0.3578.98 Safari/537.36 OPR/58.0.3135.132"
185.163.211.100 - - [14/Oct/2025:09:50:35 -0400] "GET /wp-content/uploads/2023/02/11-150x150.png HTTP/1.1" 200 21062 "-" "Mozilla/5.0 (Windows NT 6.1; Win64; x64) AppleWebKit/537.36 (KHTML, like Gecko) Chrome/69.0.3497.100 Safari/537.36 OPR/56.0.3051.104"
185.163.211.100 - - [14/Oct/2025:09:50:36 -0400] "GET /wp-content/uploads/2023/02/Picture2-150x150.jpg HTTP/1.1" 200 4486 "-" "Mozilla/5.0 (Windows NT 6.3) AppleWebKit/537.36 (KHTML, like Gecko) Chrome/69.0.3497.92 Safari/537.36"
185.163.211.100 - - [14/Oct/2025:09:50:37 -0400] "GET /wp-content/uploads/2023/02/index-150x150.jpg HTTP/1.1" 200 7037 "-" "Mozilla/5.0 (Windows NT 6.0; rv:51.0) Gecko/20100101 Firefox/51.0"
185.163.211.100 - - [14/Oct/2025:09:50:38 -0400] "GET /wp-content/uploads/2023/02/WhatsApp-Image-2023-02-18-at-12.14.05-PM-150x150.jpeg HTTP/1.1" 200 6984 "-" "Mozilla/5.0 (Windows NT 6.1; Win64; x64; rv:55.0) Gecko/20100101 Firefox/55.0"
185.163.211.100 - - [14/Oct/2025:09:50:39 -0400] "GET /wp-content/uploads/2023/02/Picture3-150x150.jpg HTTP/1.1" 200 4652 "-" "Mozilla/5.0 (X11; Linux x86_64; rv:52.9) Gecko/20100101 Goanna/4.1 Firefox/52.9 Basilisk/20181107"
185.163.211.100 - - [14/Oct/2025:09:50:40 -0400] "GET /wp-content/uploads/2023/02/Picture4-150x150.jpg HTTP/1.1" 200 3779 "-" "Mozilla/5.0 (X11; Linux x86_64) AppleWebKit/537.36 (KHTML, like Gecko) Chrome/53.0.2785.143 Safari/537.36"
162.144.37.46 - - [14/Oct/2025:09:52:34 -0400] "GET /wp-login.php HTTP/1.1" 200 1886 "-" "Mozilla/5.0 (compatible; MSIE 10.0; Windows NT 10.0; WOW64; Trident/7.0)"
162.0.235.240 - - [14/Oct/2025:09:52:39 -0400] "GET /wp-content/plugins/contact-form-7-style/admin/predefined-templates.json HTTP/1.1" 200 1323 "-" "WordPress/6.8.3; https://batconpakistan.org"
162.0.235.240 - - [14/Oct/2025:09:52:40 -0400] "POST /wp-cron.php?doing_wp_cron=1760449960.0917899608612060546875 HTTP/1.1" 200 0 "-" "WordPress/6.8.3; https://batconpakistan.org"
162.144.37.46 - - [14/Oct/2025:09:52:36 -0400] "POST /wp-login.php HTTP/1.1" 200 2045 "https://batconpakistan.org/wp-login.php" "Mozilla/5.0 (compatible; MSIE 10.0; Windows NT 10.0; WOW64; Trident/7.0)"
162.0.235.240 - - [14/Oct/2025:09:52:40 -0400] "GET /wp-content/plugins/contact-form-7-style/admin/predefined-templates.json HTTP/1.1" 200 1323 "-" "WordPress/6.8.3; https://batconpakistan.org"
162.0.235.240 - - [14/Oct/2025:09:55:28 -0400] "GET /wp-content/plugins/contact-form-7-style/admin/predefined-templates.json HTTP/1.1" 200 1323 "-" "WordPress/6.8.3; https://batconpakistan.org"
162.0.235.240 - - [14/Oct/2025:09:55:29 -0400] "POST /wp-cron.php?doing_wp_cron=1760450129.1108040809631347656250 HTTP/1.1" 200 0 "-" "WordPress/6.8.3; https://batconpakistan.org"
52.167.144.159 - - [14/Oct/2025:09:55:25 -0400] "GET /Industrial-Electrical-HDM50HAGX-Pack-of-343582-Power-Cables/ HTTP/1.1" 404 15666 "-" "Mozilla/5.0 AppleWebKit/537.36 (KHTML, like Gecko; compatible; bingbot/2.0; +http://www.bing.com/bingbot.htm) Chrome/116.0.1938.76 Safari/537.36"
162.0.235.240 - - [14/Oct/2025:09:55:29 -0400] "GET /wp-content/plugins/contact-form-7-style/admin/predefined-templates.json HTTP/1.1" 200 1323 "-" "WordPress/6.8.3; https://batconpakistan.org"
17.246.15.131 - - [14/Oct/2025:09:55:44 -0400] "GET /robots.txt HTTP/1.1" 304 0 "-" "Mozilla/5.0 (Macintosh; Intel Mac OS X 10_15_7) AppleWebKit/605.1.15 (KHTML, like Gecko) Version/17.4 Safari/605.1.15 (Applebot/0.1; +http://www.apple.com/go/applebot)"
17.246.15.131 - - [14/Oct/2025:09:55:44 -0400] "GET /blog-grid/ HTTP/1.1" 200 19193 "-" "Mozilla/5.0 (Macintosh; Intel Mac OS X 10_15_7) AppleWebKit/605.1.15 (KHTML, like Gecko) Version/17.4 Safari/605.1.15 (Applebot/0.1; +http://www.apple.com/go/applebot)"
162.0.235.240 - - [14/Oct/2025:09:58:05 -0400] "GET /wp-content/plugins/contact-form-7-style/admin/predefined-templates.json HTTP/1.1" 200 1323 "-" "WordPress/6.8.3; https://batconpakistan.org"
162.0.235.240 - - [14/Oct/2025:09:58:06 -0400] "POST /wp-cron.php?doing_wp_cron=1760450285.9388499259948730468750 HTTP/1.1" 200 0 "-" "WordPress/6.8.3; https://batconpakistan.org"
155.117.98.117 - - [14/Oct/2025:09:58:00 -0400] "GET /wp-login.php HTTP/1.1" 200 1885 "-" "Mozilla/5.0 (Windows NT 10.0; WOW64; rv:48.0) Gecko/20100101 Firefox/48.0"
162.0.235.240 - - [14/Oct/2025:09:58:07 -0400] "GET /wp-content/plugins/contact-form-7-style/admin/predefined-templates.json HTTP/1.1" 200 1323 "-" "WordPress/6.8.3; https://batconpakistan.org"
162.0.235.240 - - [14/Oct/2025:09:58:08 -0400] "GET /wp-content/plugins/contact-form-7-style/admin/predefined-templates.json HTTP/1.1" 200 1323 "-" "WordPress/6.8.3; https://batconpakistan.org"
104.154.193.69 - - [14/Oct/2025:09:58:06 -0400] "HEAD /team/dr-muhammad-naeem-awan HTTP/1.1" 301 0 "-" "Mozilla/5.0 (X11; Linux x86_64) AppleWebKit/537.36 (KHTML, like Gecko) Chrome/136.0.0.0 Safari/537.36"
162.0.235.240 - - [14/Oct/2025:09:58:10 -0400] "GET /wp-content/plugins/contact-form-7-style/admin/predefined-templates.json HTTP/1.1" 200 1323 "-" "WordPress/6.8.3; https://batconpakistan.org"
104.154.193.69 - - [14/Oct/2025:09:58:09 -0400] "GET /team/dr-muhammad-naeem-awan HTTP/1.1" 301 0 "-" "Mozilla/5.0 (X11; Linux x86_64) AppleWebKit/537.36 (KHTML, like Gecko) Chrome/136.0.0.0 Safari/537.36"
162.0.235.240 - - [14/Oct/2025:09:58:48 -0400] "GET /wp-content/plugins/contact-form-7-style/admin/predefined-templates.json HTTP/1.1" 200 1323 "-" "WordPress/6.8.3; https://batconpakistan.org"
162.0.235.240 - - [14/Oct/2025:09:58:48 -0400] "POST /wp-cron.php?doing_wp_cron=1760450328.7513298988342285156250 HTTP/1.1" 200 0 "-" "WordPress/6.8.3; https://batconpakistan.org"
20.40.40.110 - - [14/Oct/2025:09:58:47 -0400] "POST /wp-login.php HTTP/1.1" 200 2041 "-" "Mozilla/5.0"
162.0.235.240 - - [14/Oct/2025:09:58:49 -0400] "GET /wp-content/plugins/contact-form-7-style/admin/predefined-templates.json HTTP/1.1" 200 1323 "-" "WordPress/6.8.3; https://batconpakistan.org"
17.246.15.36 - - [14/Oct/2025:10:00:03 -0400] "GET /wp-content/cache/autoptimize/css/autoptimize_single_bb19cc3e4cecbebaea2b5a331bcd0a22.css?ver=3.19.1 HTTP/1.1" 200 10177 "https://batconpakistan.org/blog-grid/" "Mozilla/5.0 (Macintosh; Intel Mac OS X 10_15_7) AppleWebKit/605.1.15 (KHTML, like Gecko) Version/17.4 Safari/605.1.15 (Applebot/0.1; +http://www.apple.com/go/applebot)"
17.246.15.36 - - [14/Oct/2025:10:00:03 -0400] "GET /wp-content/cache/autoptimize/css/autoptimize_single_0a5cfa15a1c3bce6319a071a84e71e83.css?ver=10.2.2 HTTP/1.1" 200 10379 "https://batconpakistan.org/blog-grid/" "Mozilla/5.0 (Macintosh; Intel Mac OS X 10_15_7) AppleWebKit/605.1.15 (KHTML, like Gecko) Version/17.4 Safari/605.1.15 (Applebot/0.1; +http://www.apple.com/go/applebot)"
17.246.23.227 - - [14/Oct/2025:10:00:04 -0400] "GET /wp-content/cache/autoptimize/css/autoptimize_single_64ac31699f5326cb3c76122498b76f66.css?ver=6.1.2 HTTP/1.1" 200 772 "https://batconpakistan.org/blog-grid/" "Mozilla/5.0 (Macintosh; Intel Mac OS X 10_15_7) AppleWebKit/605.1.15 (KHTML, like Gecko) Version/17.4 Safari/605.1.15 (Applebot/0.1; +http://www.apple.com/go/applebot)"
17.246.15.40 - - [14/Oct/2025:10:00:06 -0400] "GET /wp-content/uploads/dynamic-mobmenu.css?ver=2.8.8-261 HTTP/1.1" 200 1744 "https://batconpakistan.org/blog-grid/" "Mozilla/5.0 (Macintosh; Intel Mac OS X 10_15_7) AppleWebKit/605.1.15 (KHTML, like Gecko) Version/17.4 Safari/605.1.15 (Applebot/0.1; +http://www.apple.com/go/applebot)"
17.246.15.232 - - [14/Oct/2025:10:00:06 -0400] "GET /wp-content/plugins/elementor/assets/lib/eicons/css/elementor-icons.min.css?ver=5.44.0 HTTP/1.1" 200 3997 "https://batconpakistan.org/blog-grid/" "Mozilla/5.0 (Macintosh; Intel Mac OS X 10_15_7) AppleWebKit/605.1.15 (KHTML, like Gecko) Version/17.4 Safari/605.1.15 (Applebot/0.1; +http://www.apple.com/go/applebot)"
17.246.15.18 - - [14/Oct/2025:10:00:07 -0400] "GET /wp-content/uploads/elementor/css/post-205.css?ver=1759790980 HTTP/1.1" 200 178 "https://batconpakistan.org/blog-grid/" "Mozilla/5.0 (Macintosh; Intel Mac OS X 10_15_7) AppleWebKit/605.1.15 (KHTML, like Gecko) Version/17.4 Safari/605.1.15 (Applebot/0.1; +http://www.apple.com/go/applebot)"
17.246.15.207 - - [14/Oct/2025:10:00:07 -0400] "GET /wp-content/plugins/elementor/assets/css/frontend.min.css?ver=3.32.4 HTTP/1.1" 200 6537 "https://batconpakistan.org/blog-grid/" "Mozilla/5.0 (Macintosh; Intel Mac OS X 10_15_7) AppleWebKit/605.1.15 (KHTML, like Gecko) Version/17.4 Safari/605.1.15 (Applebot/0.1; +http://www.apple.com/go/applebot)"
17.246.15.198 - - [14/Oct/2025:10:00:08 -0400] "GET /wp-content/plugins/elementor/assets/lib/animations/styles/fadeIn.min.css?ver=3.32.4 HTTP/1.1" 200 77 "https://batconpakistan.org/blog-grid/" "Mozilla/5.0 (Macintosh; Intel Mac OS X 10_15_7) AppleWebKit/605.1.15 (KHTML, like Gecko) Version/17.4 Safari/605.1.15 (Applebot/0.1; +http://www.apple.com/go/applebot)"
17.246.15.124 - - [14/Oct/2025:10:00:08 -0400] "GET /wp-content/plugins/elementor/assets/lib/font-awesome/css/font-awesome.min.css?ver=4.7.0 HTTP/1.1" 200 6657 "https://batconpakistan.org/blog-grid/" "Mozilla/5.0 (Macintosh; Intel Mac OS X 10_15_7) AppleWebKit/605.1.15 (KHTML, like Gecko) Version/17.4 Safari/605.1.15 (Applebot/0.1; +http://www.apple.com/go/applebot)"
17.246.23.144 - - [14/Oct/2025:10:00:08 -0400] "GET /wp-content/cache/autoptimize/css/autoptimize_single_f0ba34586dd51597fa8cf260d3ada2d6.css?ver=2.3.1.8 HTTP/1.1" 200 1975 "https://batconpakistan.org/blog-grid/" "Mozilla/5.0 (Macintosh; Intel Mac OS X 10_15_7) AppleWebKit/605.1.15 (KHTML, like Gecko) Version/17.4 Safari/605.1.15 (Applebot/0.1; +http://www.apple.com/go/applebot)"
17.246.23.107 - - [14/Oct/2025:10:00:08 -0400] "GET /wp-content/cache/autoptimize/css/autoptimize_single_3c9de2f0e06c3381cd1c472cb67eaa36.css?ver=2.3.1.8 HTTP/1.1" 200 18235 "https://batconpakistan.org/blog-grid/" "Mozilla/5.0 (Macintosh; Intel Mac OS X 10_15_7) AppleWebKit/605.1.15 (KHTML, like Gecko) Version/17.4 Safari/605.1.15 (Applebot/0.1; +http://www.apple.com/go/applebot)"
17.246.15.18 - - [14/Oct/2025:10:00:09 -0400] "GET /wp-content/cache/autoptimize/css/autoptimize_single_31001bbf717ff68857a56812c578f4a5.css?ver=2.3.1.8 HTTP/1.1" 200 1513 "https://batconpakistan.org/blog-grid/" "Mozilla/5.0 (Macintosh; Intel Mac OS X 10_15_7) AppleWebKit/605.1.15 (KHTML, like Gecko) Version/17.4 Safari/605.1.15 (Applebot/0.1; +http://www.apple.com/go/applebot)"
17.246.15.119 - - [14/Oct/2025:10:00:09 -0400] "GET /wp-content/cache/autoptimize/css/autoptimize_single_fa405951d3709790743a1d47db0a0bd8.css?ver=2.3.1.8 HTTP/1.1" 200 4272 "https://batconpakistan.org/blog-grid/" "Mozilla/5.0 (Macintosh; Intel Mac OS X 10_15_7) AppleWebKit/605.1.15 (KHTML, like Gecko) Version/17.4 Safari/605.1.15 (Applebot/0.1; +http://www.apple.com/go/applebot)"
17.246.15.36 - - [14/Oct/2025:10:00:09 -0400] "GET /wp-content/cache/autoptimize/css/autoptimize_single_be24b512aeb25f89583bd525a706d329.css?ver=2.3.1.8 HTTP/1.1" 200 851 "https://batconpakistan.org/blog-grid/" "Mozilla/5.0 (Macintosh; Intel Mac OS X 10_15_7) AppleWebKit/605.1.15 (KHTML, like Gecko) Version/17.4 Safari/605.1.15 (Applebot/0.1; +http://www.apple.com/go/applebot)"
17.246.23.107 - - [14/Oct/2025:10:00:09 -0400] "GET /wp-content/cache/autoptimize/css/autoptimize_single_f462d22dd9213b04c9b8447b2bb0f416.css?ver=2.3.1.8 HTTP/1.1" 200 2401 "https://batconpakistan.org/blog-grid/" "Mozilla/5.0 (Macintosh; Intel Mac OS X 10_15_7) AppleWebKit/605.1.15 (KHTML, like Gecko) Version/17.4 Safari/605.1.15 (Applebot/0.1; +http://www.apple.com/go/applebot)"
17.246.23.208 - - [14/Oct/2025:10:00:10 -0400] "GET /wp-content/cache/autoptimize/css/autoptimize_single_1418901a19797ba546efd0b84d4bd748.css?ver=2.3.1.8 HTTP/1.1" 200 676 "https://batconpakistan.org/blog-grid/" "Mozilla/5.0 (Macintosh; Intel Mac OS X 10_15_7) AppleWebKit/605.1.15 (KHTML, like Gecko) Version/17.4 Safari/605.1.15 (Applebot/0.1; +http://www.apple.com/go/applebot)"
17.246.15.18 - - [14/Oct/2025:10:00:11 -0400] "GET /wp-content/uploads/elementor/google-fonts/css/roboto.css?ver=1743870430 HTTP/1.1" 200 1874 "https://batconpakistan.org/blog-grid/" "Mozilla/5.0 (Macintosh; Intel Mac OS X 10_15_7) AppleWebKit/605.1.15 (KHTML, like Gecko) Version/17.4 Safari/605.1.15 (Applebot/0.1; +http://www.apple.com/go/applebot)"
17.246.15.114 - - [14/Oct/2025:10:00:12 -0400] "GET /wp-content/plugins/elementor/assets/js/webpack.runtime.min.js?ver=3.32.4 HTTP/1.1" 200 2320 "https://batconpakistan.org/blog-grid/" "Mozilla/5.0 (Macintosh; Intel Mac OS X 10_15_7) AppleWebKit/605.1.15 (KHTML, like Gecko) Version/17.4 Safari/605.1.15 (Applebot/0.1; +http://www.apple.com/go/applebot)"
17.246.19.92 - - [14/Oct/2025:10:00:13 -0400] "GET /wp-content/plugins/woocommerce/assets/js/frontend/order-attribution.min.js?ver=10.2.2 HTTP/1.1" 304 0 "https://batconpakistan.org/blog-grid/" "Mozilla/5.0 (Macintosh; Intel Mac OS X 10_15_7) AppleWebKit/605.1.15 (KHTML, like Gecko) Version/17.4 Safari/605.1.15 (Applebot/0.1; +http://www.apple.com/go/applebot)"
17.246.23.78 - - [14/Oct/2025:10:00:13 -0400] "GET /wp-content/plugins/elementor/assets/js/frontend.min.js?ver=3.32.4 HTTP/1.1" 200 10164 "https://batconpakistan.org/blog-grid/" "Mozilla/5.0 (Macintosh; Intel Mac OS X 10_15_7) AppleWebKit/605.1.15 (KHTML, like Gecko) Version/17.4 Safari/605.1.15 (Applebot/0.1; +http://www.apple.com/go/applebot)"
17.246.23.250 - - [14/Oct/2025:10:00:13 -0400] "GET /wp-content/plugins/elementor/assets/js/frontend-modules.min.js?ver=3.32.4 HTTP/1.1" 200 17961 "https://batconpakistan.org/blog-grid/" "Mozilla/5.0 (Macintosh; Intel Mac OS X 10_15_7) AppleWebKit/605.1.15 (KHTML, like Gecko) Version/17.4 Safari/605.1.15 (Applebot/0.1; +http://www.apple.com/go/applebot)"
17.246.15.18 - - [14/Oct/2025:10:00:13 -0400] "GET /wp-content/cache/autoptimize/js/autoptimize_single_e81b167a57f599ae32ec05dee0d870bb.js?ver=2.3.1.8 HTTP/1.1" 200 1092 "https://batconpakistan.org/blog-grid/" "Mozilla/5.0 (Macintosh; Intel Mac OS X 10_15_7) AppleWebKit/605.1.15 (KHTML, like Gecko) Version/17.4 Safari/605.1.15 (Applebot/0.1; +http://www.apple.com/go/applebot)"
17.246.19.52 - - [14/Oct/2025:10:00:14 -0400] "GET /wp-includes/js/jquery/ui/core.min.js?ver=1.13.3 HTTP/1.1" 200 6812 "https://batconpakistan.org/blog-grid/" "Mozilla/5.0 (Macintosh; Intel Mac OS X 10_15_7) AppleWebKit/605.1.15 (KHTML, like Gecko) Version/17.4 Safari/605.1.15 (Applebot/0.1; +http://www.apple.com/go/applebot)"
17.246.15.124 - - [14/Oct/2025:10:00:14 -0400] "GET /wp-content/themes/born-to-give/vendor/fullcalendar/fullcalendar.min.js?ver=2.3.1.8 HTTP/1.1" 304 0 "https://batconpakistan.org/blog-grid/" "Mozilla/5.0 (Macintosh; Intel Mac OS X 10_15_7) AppleWebKit/605.1.15 (KHTML, like Gecko) Version/17.4 Safari/605.1.15 (Applebot/0.1; +http://www.apple.com/go/applebot)"
17.246.19.165 - - [14/Oct/2025:10:00:14 -0400] "GET /wp-content/plugins/js_composer/assets/js/dist/js_composer_front.min.js?ver=6.5.0 HTTP/1.1" 200 5547 "https://batconpakistan.org/blog-grid/" "Mozilla/5.0 (Macintosh; Intel Mac OS X 10_15_7) AppleWebKit/605.1.15 (KHTML, like Gecko) Version/17.4 Safari/605.1.15 (Applebot/0.1; +http://www.apple.com/go/applebot)"
17.246.23.200 - - [14/Oct/2025:10:00:15 -0400] "GET /wp-content/plugins/woocommerce/assets/js/sourcebuster/sourcebuster.min.js?ver=10.2.2 HTTP/1.1" 200 4609 "https://batconpakistan.org/blog-grid/" "Mozilla/5.0 (Macintosh; Intel Mac OS X 10_15_7) AppleWebKit/605.1.15 (KHTML, like Gecko) Version/17.4 Safari/605.1.15 (Applebot/0.1; +http://www.apple.com/go/applebot)"
17.246.19.92 - - [14/Oct/2025:10:00:15 -0400] "GET /wp-content/cache/autoptimize/js/autoptimize_single_8ae7178cf20641be616ed86446ce2e1a.js?ver=2.3.1.8 HTTP/1.1" 200 610 "https://batconpakistan.org/blog-grid/" "Mozilla/5.0 (Macintosh; Intel Mac OS X 10_15_7) AppleWebKit/605.1.15 (KHTML, like Gecko) Version/17.4 Safari/605.1.15 (Applebot/0.1; +http://www.apple.com/go/applebot)"
17.246.15.18 - - [14/Oct/2025:10:00:15 -0400] "GET /wp-content/cache/autoptimize/js/autoptimize_single_c5b5b2fa19bd66ff23211d9f844e0131.js?ver=2.3.1.8 HTTP/1.1" 200 9446 "https://batconpakistan.org/blog-grid/" "Mozilla/5.0 (Macintosh; Intel Mac OS X 10_15_7) AppleWebKit/605.1.15 (KHTML, like Gecko) Version/17.4 Safari/605.1.15 (Applebot/0.1; +http://www.apple.com/go/applebot)"
17.246.15.112 - - [14/Oct/2025:10:00:16 -0400] "GET /wp-content/cache/autoptimize/js/autoptimize_single_4b8e19f3dc3a22572352e6abc41762b3.js?ver=2.3.1.8 HTTP/1.1" 200 5551 "https://batconpakistan.org/blog-grid/" "Mozilla/5.0 (Macintosh; Intel Mac OS X 10_15_7) AppleWebKit/605.1.15 (KHTML, like Gecko) Version/17.4 Safari/605.1.15 (Applebot/0.1; +http://www.apple.com/go/applebot)"
17.246.23.200 - - [14/Oct/2025:10:00:16 -0400] "GET /wp-content/cache/autoptimize/js/autoptimize_single_bb564b6df727c922151209f51dbcbfc7.js?ver=2.3.1.8 HTTP/1.1" 200 18384 "https://batconpakistan.org/blog-grid/" "Mozilla/5.0 (Macintosh; Intel Mac OS X 10_15_7) AppleWebKit/605.1.15 (KHTML, like Gecko) Version/17.4 Safari/605.1.15 (Applebot/0.1; +http://www.apple.com/go/applebot)"
17.246.15.34 - - [14/Oct/2025:10:00:16 -0400] "GET /wp-content/themes/born-to-give/vendor/owl-carousel/js/owl.carousel.min.js?ver=2.3.1.8 HTTP/1.1" 304 0 "https://batconpakistan.org/blog-grid/" "Mozilla/5.0 (Macintosh; Intel Mac OS X 10_15_7) AppleWebKit/605.1.15 (KHTML, like Gecko) Version/17.4 Safari/605.1.15 (Applebot/0.1; +http://www.apple.com/go/applebot)"
17.246.23.213 - - [14/Oct/2025:10:00:17 -0400] "GET /wp-content/cache/autoptimize/js/autoptimize_single_96e7dc3f0e8559e4a3f3ca40b17ab9c3.js?ver=6.1.2 HTTP/1.1" 200 3369 "https://batconpakistan.org/blog-grid/" "Mozilla/5.0 (Macintosh; Intel Mac OS X 10_15_7) AppleWebKit/605.1.15 (KHTML, like Gecko) Version/17.4 Safari/605.1.15 (Applebot/0.1; +http://www.apple.com/go/applebot)"
17.246.15.191 - - [14/Oct/2025:10:00:17 -0400] "GET /wp-content/themes/born-to-give/vendor/magnific/jquery.magnific-popup.min.js?ver=2.3.1.8 HTTP/1.1" 304 0 "https://batconpakistan.org/blog-grid/" "Mozilla/5.0 (Macintosh; Intel Mac OS X 10_15_7) AppleWebKit/605.1.15 (KHTML, like Gecko) Version/17.4 Safari/605.1.15 (Applebot/0.1; +http://www.apple.com/go/applebot)"
17.246.15.132 - - [14/Oct/2025:10:00:18 -0400] "GET /wp-includes/js/dist/i18n.min.js?ver=5e580eb46a90c2b997e6 HTTP/1.1" 200 3542 "https://batconpakistan.org/blog-grid/" "Mozilla/5.0 (Macintosh; Intel Mac OS X 10_15_7) AppleWebKit/605.1.15 (KHTML, like Gecko) Version/17.4 Safari/605.1.15 (Applebot/0.1; +http://www.apple.com/go/applebot)"
17.246.19.54 - - [14/Oct/2025:10:00:18 -0400] "GET /wp-content/cache/autoptimize/js/autoptimize_single_cf6d24b271a128c1564697131d29cd07.js?ver=2.3.1.8 HTTP/1.1" 200 5603 "https://batconpakistan.org/blog-grid/" "Mozilla/5.0 (Macintosh; Intel Mac OS X 10_15_7) AppleWebKit/605.1.15 (KHTML, like Gecko) Version/17.4 Safari/605.1.15 (Applebot/0.1; +http://www.apple.com/go/applebot)"
17.246.23.115 - - [14/Oct/2025:10:00:18 -0400] "GET /wp-content/plugins/autoptimize/classes/external/js/lazysizes.min.js?ao_version=3.1.13 HTTP/1.1" 200 3973 "https://batconpakistan.org/blog-grid/" "Mozilla/5.0 (Macintosh; Intel Mac OS X 10_15_7) AppleWebKit/605.1.15 (KHTML, like Gecko) Version/17.4 Safari/605.1.15 (Applebot/0.1; +http://www.apple.com/go/applebot)"
17.246.19.6 - - [14/Oct/2025:10:00:18 -0400] "GET /wp-content/plugins/charitable/assets/js/charitable-frontend.min.js?ver=1.8.8.3 HTTP/1.1" 304 0 "https://batconpakistan.org/blog-grid/" "Mozilla/5.0 (Macintosh; Intel Mac OS X 10_15_7) AppleWebKit/605.1.15 (KHTML, like Gecko) Version/17.4 Safari/605.1.15 (Applebot/0.1; +http://www.apple.com/go/applebot)"
17.246.23.38 - - [14/Oct/2025:10:00:19 -0400] "GET /wp-includes/js/dist/hooks.min.js?ver=4d63a3d491d11ffd8ac6 HTTP/1.1" 304 0 "https://batconpakistan.org/blog-grid/" "Mozilla/5.0 (Macintosh; Intel Mac OS X 10_15_7) AppleWebKit/605.1.15 (KHTML, like Gecko) Version/17.4 Safari/605.1.15 (Applebot/0.1; +http://www.apple.com/go/applebot)"
17.246.19.168 - - [14/Oct/2025:10:00:19 -0400] "GET /wp-content/plugins/woocommerce/assets/js/frontend/woocommerce.min.js?ver=10.2.2 HTTP/1.1" 304 0 "https://batconpakistan.org/blog-grid/" "Mozilla/5.0 (Macintosh; Intel Mac OS X 10_15_7) AppleWebKit/605.1.15 (KHTML, like Gecko) Version/17.4 Safari/605.1.15 (Applebot/0.1; +http://www.apple.com/go/applebot)"
17.246.19.163 - - [14/Oct/2025:10:00:19 -0400] "GET /wp-content/plugins/contact-form-7-style/js/frontend-min.js?ver=3.1.9 HTTP/1.1" 200 370 "https://batconpakistan.org/blog-grid/" "Mozilla/5.0 (Macintosh; Intel Mac OS X 10_15_7) AppleWebKit/605.1.15 (KHTML, like Gecko) Version/17.4 Safari/605.1.15 (Applebot/0.1; +http://www.apple.com/go/applebot)"
17.246.19.107 - - [14/Oct/2025:10:00:20 -0400] "GET /wp-content/plugins/woocommerce/assets/js/frontend/add-to-cart.min.js?ver=10.2.2 HTTP/1.1" 304 0 "https://batconpakistan.org/blog-grid/" "Mozilla/5.0 (Macintosh; Intel Mac OS X 10_15_7) AppleWebKit/605.1.15 (KHTML, like Gecko) Version/17.4 Safari/605.1.15 (Applebot/0.1; +http://www.apple.com/go/applebot)"
17.246.23.175 - - [14/Oct/2025:10:00:21 -0400] "GET /wp-content/themes/born-to-give/vendor/fullcalendar/lib/moment.min.js?ver=2.3.1.8 HTTP/1.1" 304 0 "https://batconpakistan.org/blog-grid/" "Mozilla/5.0 (Macintosh; Intel Mac OS X 10_15_7) AppleWebKit/605.1.15 (KHTML, like Gecko) Version/17.4 Safari/605.1.15 (Applebot/0.1; +http://www.apple.com/go/applebot)"
17.246.15.119 - - [14/Oct/2025:10:00:21 -0400] "GET /wp-content/cache/autoptimize/js/autoptimize_single_787fe4f547a6cb7f4ce4934641085910.js?ver=6.5.0 HTTP/1.1" 200 272 "https://batconpakistan.org/blog-grid/" "Mozilla/5.0 (Macintosh; Intel Mac OS X 10_15_7) AppleWebKit/605.1.15 (KHTML, like Gecko) Version/17.4 Safari/605.1.15 (Applebot/0.1; +http://www.apple.com/go/applebot)"
17.246.15.18 - - [14/Oct/2025:10:00:22 -0400] "GET /wp-content/plugins/revslider/public/assets/js/jquery.themepunch.revolution.min.js?ver=5.3.1.5 HTTP/1.1" 304 0 "https://batconpakistan.org/blog-grid/" "Mozilla/5.0 (Macintosh; Intel Mac OS X 10_15_7) AppleWebKit/605.1.15 (KHTML, like Gecko) Version/17.4 Safari/605.1.15 (Applebot/0.1; +http://www.apple.com/go/applebot)"
17.246.19.81 - - [14/Oct/2025:10:00:22 -0400] "GET /wp-content/plugins/revslider/public/assets/js/jquery.themepunch.tools.min.js?ver=5.3.1.5 HTTP/1.1" 304 0 "https://batconpakistan.org/blog-grid/" "Mozilla/5.0 (Macintosh; Intel Mac OS X 10_15_7) AppleWebKit/605.1.15 (KHTML, like Gecko) Version/17.4 Safari/605.1.15 (Applebot/0.1; +http://www.apple.com/go/applebot)"
17.246.19.81 - - [14/Oct/2025:10:00:23 -0400] "GET /wp-content/plugins/charitable/assets/js/charitable-session.min.js?ver=1.8.8.3 HTTP/1.1" 200 731 "https://batconpakistan.org/blog-grid/" "Mozilla/5.0 (Macintosh; Intel Mac OS X 10_15_7) AppleWebKit/605.1.15 (KHTML, like Gecko) Version/17.4 Safari/605.1.15 (Applebot/0.1; +http://www.apple.com/go/applebot)"
17.246.23.171 - - [14/Oct/2025:10:00:23 -0400] "GET /wp-content/cache/autoptimize/js/autoptimize_single_f5aea4f1174cb7d3dff10c987969b96c.js?ver=3.19.1 HTTP/1.1" 200 10689 "https://batconpakistan.org/blog-grid/" "Mozilla/5.0 (Macintosh; Intel Mac OS X 10_15_7) AppleWebKit/605.1.15 (KHTML, like Gecko) Version/17.4 Safari/605.1.15 (Applebot/0.1; +http://www.apple.com/go/applebot)"
17.246.23.171 - - [14/Oct/2025:10:00:23 -0400] "GET /wp-content/plugins/charitable/assets/js/libraries/js-cookie.min.js?ver=2.1.4 HTTP/1.1" 304 0 "https://batconpakistan.org/blog-grid/" "Mozilla/5.0 (Macintosh; Intel Mac OS X 10_15_7) AppleWebKit/605.1.15 (KHTML, like Gecko) Version/17.4 Safari/605.1.15 (Applebot/0.1; +http://www.apple.com/go/applebot)"
17.246.15.119 - - [14/Oct/2025:10:00:23 -0400] "GET /wp-includes/js/jquery/jquery-migrate.min.js?ver=3.4.1 HTTP/1.1" 200 4678 "https://batconpakistan.org/blog-grid/" "Mozilla/5.0 (Macintosh; Intel Mac OS X 10_15_7) AppleWebKit/605.1.15 (KHTML, like Gecko) Version/17.4 Safari/605.1.15 (Applebot/0.1; +http://www.apple.com/go/applebot)"
17.246.19.54 - - [14/Oct/2025:10:00:24 -0400] "GET /wp-includes/js/jquery/jquery.min.js?ver=3.7.1 HTTP/1.1" 200 29744 "https://batconpakistan.org/blog-grid/" "Mozilla/5.0 (Macintosh; Intel Mac OS X 10_15_7) AppleWebKit/605.1.15 (KHTML, like Gecko) Version/17.4 Safari/605.1.15 (Applebot/0.1; +http://www.apple.com/go/applebot)"
17.246.15.34 - - [14/Oct/2025:10:00:27 -0400] "GET /wp-content/plugins/woocommerce/assets/js/jquery-blockui/jquery.blockUI.min.js?ver=2.7.0-wc.10.2.2 HTTP/1.1" 304 0 "https://batconpakistan.org/blog-grid/" "Mozilla/5.0 (Macintosh; Intel Mac OS X 10_15_7) AppleWebKit/605.1.15 (KHTML, like Gecko) Version/17.4 Safari/605.1.15 (Applebot/0.1; +http://www.apple.com/go/applebot)"
17.246.19.200 - - [14/Oct/2025:10:00:28 -0400] "GET /wp-content/plugins/elementor/assets/js/text-editor.abc8f59c62f2820dc25a.bundle.min.js HTTP/1.1" 200 618 "https://batconpakistan.org/blog-grid/" "Mozilla/5.0 (Macintosh; Intel Mac OS X 10_15_7) AppleWebKit/605.1.15 (KHTML, like Gecko) Version/17.4 Safari/605.1.15 (Applebot/0.1; +http://www.apple.com/go/applebot)"
17.246.23.227 - - [14/Oct/2025:10:00:29 -0400] "GET /wp-content/plugins/elementor/assets/js/section-frontend-handlers.d85ab872da118940910d.bundle.min.js HTTP/1.1" 200 254 "https://batconpakistan.org/blog-grid/" "Mozilla/5.0 (Macintosh; Intel Mac OS X 10_15_7) AppleWebKit/605.1.15 (KHTML, like Gecko) Version/17.4 Safari/605.1.15 (Applebot/0.1; +http://www.apple.com/go/applebot)"
17.246.15.198 - - [14/Oct/2025:10:00:29 -0400] "GET /wp-content/plugins/elementor/assets/js/shared-frontend-handlers.4c8abccc3e268b0767b2.bundle.min.js HTTP/1.1" 200 2542 "https://batconpakistan.org/blog-grid/" "Mozilla/5.0 (Macintosh; Intel Mac OS X 10_15_7) AppleWebKit/605.1.15 (KHTML, like Gecko) Version/17.4 Safari/605.1.15 (Applebot/0.1; +http://www.apple.com/go/applebot)"
162.0.235.240 - - [14/Oct/2025:10:04:01 -0400] "GET /wp-content/plugins/contact-form-7-style/admin/predefined-templates.json HTTP/1.1" 200 1323 "-" "WordPress/6.8.3; https://batconpakistan.org"
162.0.235.240 - - [14/Oct/2025:10:04:02 -0400] "POST /wp-cron.php?doing_wp_cron=1760450642.5604479312896728515625 HTTP/1.1" 200 0 "-" "WordPress/6.8.3; https://batconpakistan.org"
85.208.96.210 - - [14/Oct/2025:10:03:58 -0400] "GET /event/tips-rain-water-harvesting/ HTTP/1.1" 200 18663 "-" "Mozilla/5.0 (compatible; SemrushBot/7~bl; +http://www.semrush.com/bot.html)"
162.0.235.240 - - [14/Oct/2025:10:04:03 -0400] "GET /wp-content/plugins/contact-form-7-style/admin/predefined-templates.json HTTP/1.1" 200 1323 "-" "WordPress/6.8.3; https://batconpakistan.org"
162.0.235.240 - - [14/Oct/2025:10:05:37 -0400] "GET /wp-content/plugins/contact-form-7-style/admin/predefined-templates.json HTTP/1.1" 200 1323 "-" "WordPress/6.8.3; https://batconpakistan.org"
162.0.235.240 - - [14/Oct/2025:10:05:37 -0400] "POST /wp-cron.php?doing_wp_cron=1760450737.8105049133300781250000 HTTP/1.1" 200 0 "-" "WordPress/6.8.3; https://batconpakistan.org"
66.249.66.70 - - [14/Oct/2025:10:05:33 -0400] "GET /our-activities/ HTTP/1.1" 200 17305 "-" "Mozilla/5.0 (Linux; Android 6.0.1; Nexus 5X Build/MMB29P) AppleWebKit/537.36 (KHTML, like Gecko) Chrome/140.0.7339.207 Mobile Safari/537.36 (compatible; Googlebot/2.1; +http://www.google.com/bot.html)"
162.0.235.240 - - [14/Oct/2025:10:05:38 -0400] "GET /wp-content/plugins/contact-form-7-style/admin/predefined-templates.json HTTP/1.1" 200 1323 "-" "WordPress/6.8.3; https://batconpakistan.org"
46.148.206.226 - - [14/Oct/2025:10:06:55 -0400] "GET /contact-us/ HTTP/1.1" 200 17306 "https://batconpakistan.org/contact-us/" "Mozilla/5.0 (Windows NT 10.0; Win64; x64) AppleWebKit/537.36 (KHTML, like Gecko) Chrome/131.0.0.0 Safari/537.36"
46.148.206.226 - - [14/Oct/2025:10:06:56 -0400] "GET /contact-us/ HTTP/1.1" 200 17306 "https://batconpakistan.org/contact-us/" "Mozilla/5.0 (Windows NT 10.0; Win64; x64) AppleWebKit/537.36 (KHTML, like Gecko) Chrome/131.0.0.0 Safari/537.36"
162.0.235.240 - - [14/Oct/2025:10:10:34 -0400] "GET /wp-content/plugins/contact-form-7-style/admin/predefined-templates.json HTTP/1.1" 200 1323 "-" "WordPress/6.8.3; https://batconpakistan.org"
162.0.235.240 - - [14/Oct/2025:10:10:34 -0400] "POST /wp-cron.php?doing_wp_cron=1760451034.8734729290008544921875 HTTP/1.1" 200 0 "-" "WordPress/6.8.3; https://batconpakistan.org"
34.74.177.198 - - [14/Oct/2025:10:10:30 -0400] "GET /robots.txt HTTP/1.1" 301 0 "-" "ZoominfoBot (zoominfobot at zoominfo dot com)"
34.74.177.198 - - [14/Oct/2025:10:10:35 -0400] "GET /robots.txt HTTP/1.1" 304 0 "-" "ZoominfoBot (zoominfobot at zoominfo dot com)"
162.0.235.240 - - [14/Oct/2025:10:10:35 -0400] "GET /wp-content/plugins/contact-form-7-style/admin/predefined-templates.json HTTP/1.1" 200 1323 "-" "WordPress/6.8.3; https://batconpakistan.org"
162.0.235.240 - - [14/Oct/2025:10:10:36 -0400] "GET /wp-content/plugins/contact-form-7-style/admin/predefined-templates.json HTTP/1.1" 200 1323 "-" "WordPress/6.8.3; https://batconpakistan.org"
34.74.177.198 - - [14/Oct/2025:10:10:35 -0400] "GET / HTTP/1.1" 301 0 "-" "ZoominfoBot (zoominfobot at zoominfo dot com)"
162.0.235.240 - - [14/Oct/2025:10:10:40 -0400] "GET /wp-content/plugins/contact-form-7-style/admin/predefined-templates.json HTTP/1.1" 200 1323 "-" "WordPress/6.8.3; https://batconpakistan.org"
162.0.235.240 - - [14/Oct/2025:10:10:40 -0400] "POST /wp-cron.php?doing_wp_cron=1760451040.2859330177307128906250 HTTP/1.1" 200 0 "-" "WordPress/6.8.3; https://batconpakistan.org"
40.81.227.89 - - [14/Oct/2025:10:10:39 -0400] "POST /wp-login.php HTTP/1.1" 200 2041 "-" "Mozilla/5.0"
162.0.235.240 - - [14/Oct/2025:10:10:40 -0400] "GET /wp-content/plugins/contact-form-7-style/admin/predefined-templates.json HTTP/1.1" 200 1323 "-" "WordPress/6.8.3; https://batconpakistan.org"
162.0.235.240 - - [14/Oct/2025:10:11:27 -0400] "GET /wp-content/plugins/contact-form-7-style/admin/predefined-templates.json HTTP/1.1" 200 1323 "-" "WordPress/6.8.3; https://batconpakistan.org"
162.0.235.240 - - [14/Oct/2025:10:11:28 -0400] "POST /wp-cron.php?doing_wp_cron=1760451088.0094320774078369140625 HTTP/1.1" 200 0 "-" "WordPress/6.8.3; https://batconpakistan.org"
20.40.40.110 - - [14/Oct/2025:10:11:27 -0400] "POST /wp-login.php HTTP/1.1" 200 2041 "-" "Mozilla/5.0"
162.0.235.240 - - [14/Oct/2025:10:11:28 -0400] "GET /wp-content/plugins/contact-form-7-style/admin/predefined-templates.json HTTP/1.1" 200 1323 "-" "WordPress/6.8.3; https://batconpakistan.org"
5.78.127.100 - - [14/Oct/2025:10:15:46 -0400] "GET /wp-login.php HTTP/1.1" 200 1886 "-" "Mozilla/4.0 (compatible; MSIE 7.0; Windows NT 6.2; WOW64; Trident/7.0; .NET4.0C; .NET4.0E)"
162.0.235.240 - - [14/Oct/2025:10:15:52 -0400] "GET /wp-content/plugins/contact-form-7-style/admin/predefined-templates.json HTTP/1.1" 200 1323 "-" "WordPress/6.8.3; https://batconpakistan.org"
162.0.235.240 - - [14/Oct/2025:10:15:53 -0400] "POST /wp-cron.php?doing_wp_cron=1760451352.9976630210876464843750 HTTP/1.1" 200 0 "-" "WordPress/6.8.3; https://batconpakistan.org"
5.78.127.100 - - [14/Oct/2025:10:15:48 -0400] "POST /wp-login.php HTTP/1.1" 200 2045 "https://batconpakistan.org/wp-login.php" "Mozilla/4.0 (compatible; MSIE 7.0; Windows NT 6.2; WOW64; Trident/7.0; .NET4.0C; .NET4.0E)"
162.0.235.240 - - [14/Oct/2025:10:15:53 -0400] "GET /wp-content/plugins/contact-form-7-style/admin/predefined-templates.json HTTP/1.1" 200 1323 "-" "WordPress/6.8.3; https://batconpakistan.org"
162.0.235.240 - - [14/Oct/2025:10:15:53 -0400] "GET /wp-content/plugins/contact-form-7-style/admin/predefined-templates.json HTTP/1.1" 200 1323 "-" "WordPress/6.8.3; https://batconpakistan.org"
51.195.183.221 - - [14/Oct/2025:10:15:53 -0400] "GET /tag/flying-foxes/ HTTP/1.1" 200 18454 "-" "Mozilla/5.0 (compatible; AhrefsBot/7.0; +http://ahrefs.com/robot/)"
162.0.235.240 - - [14/Oct/2025:10:19:31 -0400] "GET /wp-content/plugins/contact-form-7-style/admin/predefined-templates.json HTTP/1.1" 200 1323 "-" "WordPress/6.8.3; https://batconpakistan.org"
162.0.235.240 - - [14/Oct/2025:10:19:32 -0400] "POST /wp-cron.php?doing_wp_cron=1760451572.0873799324035644531250 HTTP/1.1" 200 0 "-" "WordPress/6.8.3; https://batconpakistan.org"
162.0.235.240 - - [14/Oct/2025:10:19:33 -0400] "GET /wp-content/plugins/contact-form-7-style/admin/predefined-templates.json HTTP/1.1" 200 1323 "-" "WordPress/6.8.3; https://batconpakistan.org"
66.249.66.71 - - [14/Oct/2025:10:19:25 -0400] "GET /product-category/clothing/?add-to-cart=557 HTTP/1.1" 200 17789 "-" "Mozilla/5.0 (Linux; Android 6.0.1; Nexus 5X Build/MMB29P) AppleWebKit/537.36 (KHTML, like Gecko) Chrome/140.0.7339.207 Mobile Safari/537.36 (compatible; Googlebot/2.1; +http://www.google.com/bot.html)"
162.0.235.240 - - [14/Oct/2025:10:21:09 -0400] "GET /wp-content/plugins/contact-form-7-style/admin/predefined-templates.json HTTP/1.1" 200 1323 "-" "WordPress/6.8.3; https://batconpakistan.org"
162.0.235.240 - - [14/Oct/2025:10:21:10 -0400] "POST /wp-cron.php?doing_wp_cron=1760451670.4258410930633544921875 HTTP/1.1" 200 0 "-" "WordPress/6.8.3; https://batconpakistan.org"
185.191.171.10 - - [14/Oct/2025:10:21:03 -0400] "GET /event/campaign-fundraising-for-meals/ HTTP/1.1" 200 18238 "-" "Mozilla/5.0 (compatible; SemrushBot/7~bl; +http://www.semrush.com/bot.html)"
162.0.235.240 - - [14/Oct/2025:10:21:11 -0400] "GET /wp-content/plugins/contact-form-7-style/admin/predefined-templates.json HTTP/1.1" 200 1323 "-" "WordPress/6.8.3; https://batconpakistan.org"
5.189.148.15 - - [14/Oct/2025:10:23:38 -0400] "HEAD / HTTP/1.1" 302 0 "-" "python-requests/2.32.5"
5.189.148.15 - - [14/Oct/2025:10:23:39 -0400] "HEAD / HTTP/1.1" 302 0 "-" "python-requests/2.32.5"
162.0.235.240 - - [14/Oct/2025:10:24:12 -0400] "GET /wp-content/plugins/contact-form-7-style/admin/predefined-templates.json HTTP/1.1" 200 1323 "-" "WordPress/6.8.3; https://batconpakistan.org"
162.0.235.240 - - [14/Oct/2025:10:24:12 -0400] "POST /wp-cron.php?doing_wp_cron=1760451852.7862379550933837890625 HTTP/1.1" 200 0 "-" "WordPress/6.8.3; https://batconpakistan.org"
20.40.40.110 - - [14/Oct/2025:10:24:07 -0400] "POST /wp-login.php HTTP/1.1" 200 2041 "-" "Mozilla/5.0"
162.0.235.240 - - [14/Oct/2025:10:24:13 -0400] "GET /wp-content/plugins/contact-form-7-style/admin/predefined-templates.json HTTP/1.1" 200 1323 "-" "WordPress/6.8.3; https://batconpakistan.org"
162.0.235.240 - - [14/Oct/2025:10:26:52 -0400] "GET /wp-content/plugins/contact-form-7-style/admin/predefined-templates.json HTTP/1.1" 200 1323 "-" "WordPress/6.8.3; https://batconpakistan.org"
162.0.235.240 - - [14/Oct/2025:10:26:53 -0400] "POST /wp-cron.php?doing_wp_cron=1760452013.1053841114044189453125 HTTP/1.1" 200 0 "-" "WordPress/6.8.3; https://batconpakistan.org"
40.77.167.121 - - [14/Oct/2025:10:26:48 -0400] "GET /Power-Transmission-Products-Bearings-mm-Width-mm-ID-585564-DeepGroove-Ball-Bearings/ HTTP/1.1" 404 15665 "-" "Mozilla/5.0 AppleWebKit/537.36 (KHTML, like Gecko; compatible; bingbot/2.0; +http://www.bing.com/bingbot.htm) Chrome/116.0.1938.76 Safari/537.36"
162.0.235.240 - - [14/Oct/2025:10:26:54 -0400] "GET /wp-content/plugins/contact-form-7-style/admin/predefined-templates.json HTTP/1.1" 200 1323 "-" "WordPress/6.8.3; https://batconpakistan.org"
68.183.25.188 - - [14/Oct/2025:10:28:53 -0400] "GET /wp-login.php HTTP/1.1" 200 1886 "-" "Mozilla/5.0 (Windows NT 6.1; Trident/7.0; EIE10;ENUSWOL; rv:11.0) like Gecko"
162.0.235.240 - - [14/Oct/2025:10:29:00 -0400] "GET /wp-content/plugins/contact-form-7-style/admin/predefined-templates.json HTTP/1.1" 200 1323 "-" "WordPress/6.8.3; https://batconpakistan.org"
162.0.235.240 - - [14/Oct/2025:10:29:01 -0400] "POST /wp-cron.php?doing_wp_cron=1760452140.9694809913635253906250 HTTP/1.1" 200 0 "-" "WordPress/6.8.3; https://batconpakistan.org"
68.183.25.188 - - [14/Oct/2025:10:28:55 -0400] "POST /wp-login.php HTTP/1.1" 200 2045 "https://batconpakistan.org/wp-login.php" "Mozilla/5.0 (Windows NT 6.1; Trident/7.0; EIE10;ENUSWOL; rv:11.0) like Gecko"
162.0.235.240 - - [14/Oct/2025:10:29:01 -0400] "GET /wp-content/plugins/contact-form-7-style/admin/predefined-templates.json HTTP/1.1" 200 1323 "-" "WordPress/6.8.3; https://batconpakistan.org"
2a02:598:128:8a00::b00:1 - - [14/Oct/2025:10:29:49 -0400] "GET /robots.txt HTTP/1.1" 200 183 "-" "Mozilla/5.0 (compatible; SeznamBot/4.0; +https://o-seznam.cz/napoveda/vyhledavani/en/seznambot-crawler/)"
162.0.235.240 - - [14/Oct/2025:10:29:50 -0400] "GET /wp-content/plugins/contact-form-7-style/admin/predefined-templates.json HTTP/1.1" 200 1323 "-" "WordPress/6.8.3; https://batconpakistan.org"
162.0.235.240 - - [14/Oct/2025:10:29:50 -0400] "POST /wp-cron.php?doing_wp_cron=1760452190.3658618927001953125000 HTTP/1.1" 200 0 "-" "WordPress/6.8.3; https://batconpakistan.org"
2a02:598:128:8a00::b00:1 - - [14/Oct/2025:10:29:49 -0400] "GET /registrant-event-sitemap.xml HTTP/1.1" 200 364 "-" "Mozilla/5.0 (compatible; SeznamBot/4.0; +https://o-seznam.cz/napoveda/vyhledavani/en/seznambot-crawler/)"
162.0.235.240 - - [14/Oct/2025:10:29:50 -0400] "GET /wp-content/plugins/contact-form-7-style/admin/predefined-templates.json HTTP/1.1" 200 1323 "-" "WordPress/6.8.3; https://batconpakistan.org"
111.225.149.69 - - [14/Oct/2025:10:31:35 -0400] "GET /robots.txt HTTP/1.1" 200 183 "-" "Mozilla/5.0 (Linux; Android 5.0) AppleWebKit/537.36 (KHTML, like Gecko) Mobile Safari/537.36 (compatible; Bytespider; https://zhanzhang.toutiao.com/)"
199.16.157.183 - - [14/Oct/2025:10:34:26 -0400] "GET /robots.txt HTTP/1.1" 200 183 "-" "Twitterbot/1.0"
199.16.157.183 - - [14/Oct/2025:10:34:26 -0400] "GET /robots.txt HTTP/1.1" 200 183 "-" "Twitterbot/1.0"
199.16.157.183 - - [14/Oct/2025:10:34:26 -0400] "GET /wp-content/uploads/2021/01/Fi5FThmWYAAyQYa.jpg HTTP/1.1" 200 193895 "-" "Twitterbot/1.0"
162.0.235.240 - - [14/Oct/2025:10:34:29 -0400] "GET /wp-content/plugins/contact-form-7-style/admin/predefined-templates.json HTTP/1.1" 200 1323 "-" "WordPress/6.8.3; https://batconpakistan.org"
162.0.235.240 - - [14/Oct/2025:10:34:29 -0400] "GET /wp-content/plugins/contact-form-7-style/admin/predefined-templates.json HTTP/1.1" 200 1323 "-" "WordPress/6.8.3; https://batconpakistan.org"
162.0.235.240 - - [14/Oct/2025:10:34:30 -0400] "POST /wp-cron.php?doing_wp_cron=1760452470.3006069660186767578125 HTTP/1.1" 200 0 "-" "WordPress/6.8.3; https://batconpakistan.org"
17.22.245.24 - - [14/Oct/2025:10:34:26 -0400] "GET /Filtration-Key-b%D0%B5z%D0%B5l-C%D0%BEver-Escutche%D0%BEn-Fit-for-128086-Air-Dryers/ HTTP/1.1" 404 15665 "-" "Mozilla/5.0 (Macintosh; Intel Mac OS X 10_15_7) AppleWebKit/605.1.15 (KHTML, like Gecko) Version/17.4 Safari/605.1.15 (Applebot/0.1; +http://www.apple.com/go/applebot)"
199.16.157.183 - - [14/Oct/2025:10:34:26 -0400] "GET /team/dr-ali-zohaib/ HTTP/1.1" 200 17035 "-" "Twitterbot/1.0"
162.0.235.240 - - [14/Oct/2025:10:34:30 -0400] "GET /wp-content/plugins/contact-form-7-style/admin/predefined-templates.json HTTP/1.1" 200 1323 "-" "WordPress/6.8.3; https://batconpakistan.org"
162.0.235.240 - - [14/Oct/2025:10:36:50 -0400] "GET /wp-content/plugins/contact-form-7-style/admin/predefined-templates.json HTTP/1.1" 200 1323 "-" "WordPress/6.8.3; https://batconpakistan.org"
