uawdijnntqw1x1x1
IP : 216.73.216.109
Hostname : premium160.web-hosting.com
Kernel : Linux premium160.web-hosting.com 4.18.0-553.54.1.lve.el8.x86_64 #1 SMP Wed Jun 4 13:01:13 UTC 2025 x86_64
Disable Function : None :)
OS : Linux
PATH:
/
home
/
batcwwjx
/
.
/
.
/
.
/
.
/
access-logs
/
batconpakistan.org-ssl_log
/
/
162.0.235.240 - - [14/Oct/2025:08:09:41 -0400] "GET /wp-content/plugins/contact-form-7-style/admin/predefined-templates.json HTTP/1.1" 200 1323 "-" "WordPress/6.8.3; https://batconpakistan.org"
162.0.235.240 - - [14/Oct/2025:08:09:41 -0400] "POST /wp-cron.php?doing_wp_cron=1760443781.5192949771881103515625 HTTP/1.1" 200 0 "-" "WordPress/6.8.3; https://batconpakistan.org"
198.244.240.226 - - [14/Oct/2025:08:09:37 -0400] "GET /tag/mass-killing/ HTTP/1.1" 200 18241 "-" "Mozilla/5.0 (compatible; AhrefsBot/7.0; +http://ahrefs.com/robot/)"
162.0.235.240 - - [14/Oct/2025:08:09:42 -0400] "GET /wp-content/plugins/contact-form-7-style/admin/predefined-templates.json HTTP/1.1" 200 1323 "-" "WordPress/6.8.3; https://batconpakistan.org"
51.195.244.148 - - [14/Oct/2025:08:10:11 -0400] "GET /wp-content/uploads/dynamic-mobmenu.css?ver=2.8.8-814 HTTP/1.1" 302 771 "-" "Mozilla/5.0 (compatible; AhrefsBot/7.0; +http://ahrefs.com/robot/)"
210.245.91.110 - - [14/Oct/2025:08:10:57 -0400] "GET /wp-login.php HTTP/1.1" 200 1886 "-" "Mozilla/4.0 (compatible; MSIE 7.0; Windows NT 6.1; WOW64; Trident/7.0; SLCC2; .NET CLR 2.0.50727; .NET CLR 3.5.30729; .NET CLR 3.0.30729; Media Center PC 6.0; InfoPath.2; .NET4.0C; .NET4.0E)"
162.0.235.240 - - [14/Oct/2025:08:11:02 -0400] "GET /wp-content/plugins/contact-form-7-style/admin/predefined-templates.json HTTP/1.1" 200 1323 "-" "WordPress/6.8.3; https://batconpakistan.org"
162.0.235.240 - - [14/Oct/2025:08:11:03 -0400] "POST /wp-cron.php?doing_wp_cron=1760443862.9755399227142333984375 HTTP/1.1" 200 0 "-" "WordPress/6.8.3; https://batconpakistan.org"
210.245.91.110 - - [14/Oct/2025:08:11:02 -0400] "POST /wp-login.php HTTP/1.1" 200 2045 "https://batconpakistan.org/wp-login.php" "Mozilla/4.0 (compatible; MSIE 7.0; Windows NT 6.1; WOW64; Trident/7.0; SLCC2; .NET CLR 2.0.50727; .NET CLR 3.5.30729; .NET CLR 3.0.30729; Media Center PC 6.0; InfoPath.2; .NET4.0C; .NET4.0E)"
162.0.235.240 - - [14/Oct/2025:08:11:03 -0400] "GET /wp-content/plugins/contact-form-7-style/admin/predefined-templates.json HTTP/1.1" 200 1323 "-" "WordPress/6.8.3; https://batconpakistan.org"
182.40.104.255 - - [14/Oct/2025:08:11:08 -0400] "GET / HTTP/1.1" 200 23130 "http://batconpakistan.org" "Mozilla/5.0 (iPhone; CPU iPhone OS 13_2_3 like Mac OS X) AppleWebKit/605.1.15 (KHTML, like Gecko) Version/13.0.3 Mobile/15E148 Safari/604.1"
210.245.91.110 - - [14/Oct/2025:08:16:13 -0400] "GET /wp-login.php HTTP/1.1" 200 1886 "-" "Mozilla/5.0 (Macintosh; Intel Mac OS X 10_11_6) AppleWebKit/537.36 (KHTML, like Gecko) Chrome/66.0.3359.181 Safari/537.36"
162.0.235.240 - - [14/Oct/2025:08:16:18 -0400] "GET /wp-content/plugins/contact-form-7-style/admin/predefined-templates.json HTTP/1.1" 200 1323 "-" "WordPress/6.8.3; https://batconpakistan.org"
162.0.235.240 - - [14/Oct/2025:08:16:18 -0400] "POST /wp-cron.php?doing_wp_cron=1760444178.7229979038238525390625 HTTP/1.1" 200 0 "-" "WordPress/6.8.3; https://batconpakistan.org"
210.245.91.110 - - [14/Oct/2025:08:16:14 -0400] "POST /wp-login.php HTTP/1.1" 200 2045 "https://batconpakistan.org/wp-login.php" "Mozilla/5.0 (Macintosh; Intel Mac OS X 10_11_6) AppleWebKit/537.36 (KHTML, like Gecko) Chrome/66.0.3359.181 Safari/537.36"
162.0.235.240 - - [14/Oct/2025:08:16:19 -0400] "GET /wp-content/plugins/contact-form-7-style/admin/predefined-templates.json HTTP/1.1" 200 1323 "-" "WordPress/6.8.3; https://batconpakistan.org"
162.0.235.240 - - [14/Oct/2025:08:17:50 -0400] "GET /wp-content/plugins/contact-form-7-style/admin/predefined-templates.json HTTP/1.1" 200 1323 "-" "WordPress/6.8.3; https://batconpakistan.org"
162.0.235.240 - - [14/Oct/2025:08:17:50 -0400] "POST /wp-cron.php?doing_wp_cron=1760444270.8988530635833740234375 HTTP/1.1" 200 0 "-" "WordPress/6.8.3; https://batconpakistan.org"
20.40.40.110 - - [14/Oct/2025:08:17:46 -0400] "POST /wp-login.php HTTP/1.1" 200 2041 "-" "Mozilla/5.0"
162.0.235.240 - - [14/Oct/2025:08:17:51 -0400] "GET /wp-content/plugins/contact-form-7-style/admin/predefined-templates.json HTTP/1.1" 200 1323 "-" "WordPress/6.8.3; https://batconpakistan.org"
216.73.216.20 - - [14/Oct/2025:08:21:07 -0400] "GET /robots.txt HTTP/1.1" 304 0 "-" "Mozilla/5.0 AppleWebKit/537.36 (KHTML, like Gecko; compatible; ClaudeBot/1.0; +claudebot@anthropic.com)"
162.0.235.240 - - [14/Oct/2025:08:21:10 -0400] "GET /wp-content/plugins/contact-form-7-style/admin/predefined-templates.json HTTP/1.1" 200 1323 "-" "WordPress/6.8.3; https://batconpakistan.org"
162.0.235.240 - - [14/Oct/2025:08:21:10 -0400] "GET /wp-content/plugins/contact-form-7-style/admin/predefined-templates.json HTTP/1.1" 200 1323 "-" "WordPress/6.8.3; https://batconpakistan.org"
162.0.235.240 - - [14/Oct/2025:08:21:10 -0400] "POST /wp-cron.php?doing_wp_cron=1760444470.7125840187072753906250 HTTP/1.1" 200 0 "-" "WordPress/6.8.3; https://batconpakistan.org"
162.0.235.240 - - [14/Oct/2025:08:21:10 -0400] "POST /wp-cron.php?doing_wp_cron=1760444470.7126660346984863281250 HTTP/1.1" 200 0 "-" "WordPress/6.8.3; https://batconpakistan.org"
40.81.227.89 - - [14/Oct/2025:08:21:08 -0400] "POST /wp-login.php HTTP/1.1" 200 2041 "-" "Mozilla/5.0"
216.73.216.20 - - [14/Oct/2025:08:21:07 -0400] "GET /2021/02 HTTP/1.1" 301 0 "-" "Mozilla/5.0 AppleWebKit/537.36 (KHTML, like Gecko; compatible; ClaudeBot/1.0; +claudebot@anthropic.com)"
162.0.235.240 - - [14/Oct/2025:08:21:11 -0400] "GET /wp-content/plugins/contact-form-7-style/admin/predefined-templates.json HTTP/1.1" 200 1323 "-" "WordPress/6.8.3; https://batconpakistan.org"
162.0.235.240 - - [14/Oct/2025:08:21:11 -0400] "GET /wp-content/plugins/contact-form-7-style/admin/predefined-templates.json HTTP/1.1" 200 1323 "-" "WordPress/6.8.3; https://batconpakistan.org"
162.0.235.240 - - [14/Oct/2025:08:21:11 -0400] "GET /wp-content/plugins/contact-form-7-style/admin/predefined-templates.json HTTP/1.1" 200 1323 "-" "WordPress/6.8.3; https://batconpakistan.org"
216.73.216.20 - - [14/Oct/2025:08:21:10 -0400] "GET /2021/02/ HTTP/1.1" 200 21057 "https://batconpakistan.org/2021/02" "Mozilla/5.0 AppleWebKit/537.36 (KHTML, like Gecko; compatible; ClaudeBot/1.0; +claudebot@anthropic.com)"
162.0.235.240 - - [14/Oct/2025:08:23:49 -0400] "GET /wp-content/plugins/contact-form-7-style/admin/predefined-templates.json HTTP/1.1" 200 1323 "-" "WordPress/6.8.3; https://batconpakistan.org"
162.0.235.240 - - [14/Oct/2025:08:23:50 -0400] "POST /wp-cron.php?doing_wp_cron=1760444630.3196339607238769531250 HTTP/1.1" 200 0 "-" "WordPress/6.8.3; https://batconpakistan.org"
45.141.215.250 - - [14/Oct/2025:08:23:46 -0400] "GET /style.php HTTP/1.1" 404 15667 "http://batconpakistan.org/style.php" "Go-http-client/2.0"
162.0.235.240 - - [14/Oct/2025:08:23:50 -0400] "GET /wp-content/plugins/contact-form-7-style/admin/predefined-templates.json HTTP/1.1" 200 1323 "-" "WordPress/6.8.3; https://batconpakistan.org"
162.0.235.240 - - [14/Oct/2025:08:23:51 -0400] "GET /wp-content/plugins/contact-form-7-style/admin/predefined-templates.json HTTP/1.1" 200 1323 "-" "WordPress/6.8.3; https://batconpakistan.org"
45.141.215.250 - - [14/Oct/2025:08:23:51 -0400] "GET /wp-content/style.php HTTP/1.1" 404 15666 "http://batconpakistan.org/wp-content/style.php" "Go-http-client/2.0"
162.0.235.240 - - [14/Oct/2025:08:23:53 -0400] "GET /wp-content/plugins/contact-form-7-style/admin/predefined-templates.json HTTP/1.1" 200 1323 "-" "WordPress/6.8.3; https://batconpakistan.org"
45.141.215.250 - - [14/Oct/2025:08:23:52 -0400] "GET /wp-content/themes/style.php HTTP/1.1" 404 15667 "http://batconpakistan.org/wp-content/themes/style.php" "Go-http-client/2.0"
162.0.235.240 - - [14/Oct/2025:08:23:54 -0400] "GET /wp-content/plugins/contact-form-7-style/admin/predefined-templates.json HTTP/1.1" 200 1323 "-" "WordPress/6.8.3; https://batconpakistan.org"
45.141.215.250 - - [14/Oct/2025:08:23:53 -0400] "GET /wp-admin/style.php HTTP/1.1" 404 15666 "http://batconpakistan.org/wp-admin/style.php" "Go-http-client/2.0"
162.0.235.240 - - [14/Oct/2025:08:23:55 -0400] "GET /wp-content/plugins/contact-form-7-style/admin/predefined-templates.json HTTP/1.1" 200 1323 "-" "WordPress/6.8.3; https://batconpakistan.org"
45.141.215.250 - - [14/Oct/2025:08:23:55 -0400] "GET /wp-includes/style.php HTTP/1.1" 404 15667 "http://batconpakistan.org/wp-includes/style.php" "Go-http-client/2.0"
162.0.235.240 - - [14/Oct/2025:08:23:56 -0400] "GET /wp-content/plugins/contact-form-7-style/admin/predefined-templates.json HTTP/1.1" 200 1323 "-" "WordPress/6.8.3; https://batconpakistan.org"
45.141.215.250 - - [14/Oct/2025:08:23:56 -0400] "GET /chosen.php?p= HTTP/1.1" 301 0 "http://batconpakistan.org/chosen.php?p=" "Go-http-client/2.0"
162.0.235.240 - - [14/Oct/2025:08:23:57 -0400] "GET /wp-content/plugins/contact-form-7-style/admin/predefined-templates.json HTTP/1.1" 200 1323 "-" "WordPress/6.8.3; https://batconpakistan.org"
45.141.215.250 - - [14/Oct/2025:08:23:57 -0400] "GET /chosen.php HTTP/1.1" 404 15667 "https://batconpakistan.org/chosen.php?p=" "Go-http-client/2.0"
162.0.235.240 - - [14/Oct/2025:08:23:58 -0400] "GET /wp-content/plugins/contact-form-7-style/admin/predefined-templates.json HTTP/1.1" 200 1323 "-" "WordPress/6.8.3; https://batconpakistan.org"
162.0.235.240 - - [14/Oct/2025:08:23:59 -0400] "POST /wp-cron.php?doing_wp_cron=1760444639.0767951011657714843750 HTTP/1.1" 200 0 "-" "WordPress/6.8.3; https://batconpakistan.org"
45.141.215.250 - - [14/Oct/2025:08:23:58 -0400] "GET /file.php HTTP/1.1" 404 15666 "http://batconpakistan.org/file.php" "Go-http-client/2.0"
162.0.235.240 - - [14/Oct/2025:08:23:59 -0400] "GET /wp-content/plugins/contact-form-7-style/admin/predefined-templates.json HTTP/1.1" 200 1323 "-" "WordPress/6.8.3; https://batconpakistan.org"
162.0.235.240 - - [14/Oct/2025:08:24:00 -0400] "GET /wp-content/plugins/contact-form-7-style/admin/predefined-templates.json HTTP/1.1" 200 1323 "-" "WordPress/6.8.3; https://batconpakistan.org"
45.141.215.250 - - [14/Oct/2025:08:23:59 -0400] "GET /flower.php HTTP/1.1" 404 15666 "http://batconpakistan.org/flower.php" "Go-http-client/2.0"
162.0.235.240 - - [14/Oct/2025:08:24:01 -0400] "GET /wp-content/plugins/contact-form-7-style/admin/predefined-templates.json HTTP/1.1" 200 1323 "-" "WordPress/6.8.3; https://batconpakistan.org"
45.141.215.250 - - [14/Oct/2025:08:24:01 -0400] "GET /gifclass.php HTTP/1.1" 404 15665 "http://batconpakistan.org/gifclass.php#888xyz999" "Go-http-client/2.0"
162.0.235.240 - - [14/Oct/2025:08:24:02 -0400] "GET /wp-content/plugins/contact-form-7-style/admin/predefined-templates.json HTTP/1.1" 200 1323 "-" "WordPress/6.8.3; https://batconpakistan.org"
45.141.215.250 - - [14/Oct/2025:08:24:02 -0400] "GET /bless.php HTTP/1.1" 404 15666 "http://batconpakistan.org/bless.php#888xyz999" "Go-http-client/2.0"
162.0.235.240 - - [14/Oct/2025:08:24:03 -0400] "GET /wp-content/plugins/contact-form-7-style/admin/predefined-templates.json HTTP/1.1" 200 1323 "-" "WordPress/6.8.3; https://batconpakistan.org"
45.141.215.250 - - [14/Oct/2025:08:24:03 -0400] "GET /class-t.api.php HTTP/1.1" 404 15664 "http://batconpakistan.org/class-t.api.php#888xyz999" "Go-http-client/2.0"
162.0.235.240 - - [14/Oct/2025:08:24:05 -0400] "GET /wp-content/plugins/contact-form-7-style/admin/predefined-templates.json HTTP/1.1" 200 1323 "-" "WordPress/6.8.3; https://batconpakistan.org"
162.0.235.240 - - [14/Oct/2025:08:24:05 -0400] "POST /wp-cron.php?doing_wp_cron=1760444645.3889720439910888671875 HTTP/1.1" 200 0 "-" "WordPress/6.8.3; https://batconpakistan.org"
45.141.215.250 - - [14/Oct/2025:08:24:04 -0400] "GET /blurbs.php HTTP/1.1" 404 15665 "http://batconpakistan.org/blurbs.php#888xyz999" "Go-http-client/2.0"
162.0.235.240 - - [14/Oct/2025:08:24:05 -0400] "GET /wp-content/plugins/contact-form-7-style/admin/predefined-templates.json HTTP/1.1" 200 1323 "-" "WordPress/6.8.3; https://batconpakistan.org"
162.0.235.240 - - [14/Oct/2025:08:24:06 -0400] "GET /wp-content/plugins/contact-form-7-style/admin/predefined-templates.json HTTP/1.1" 200 1323 "-" "WordPress/6.8.3; https://batconpakistan.org"
45.141.215.250 - - [14/Oct/2025:08:24:06 -0400] "GET /akcc.php HTTP/1.1" 404 15666 "http://batconpakistan.org/akcc.php" "Go-http-client/2.0"
162.0.235.240 - - [14/Oct/2025:08:24:07 -0400] "GET /wp-content/plugins/contact-form-7-style/admin/predefined-templates.json HTTP/1.1" 200 1323 "-" "WordPress/6.8.3; https://batconpakistan.org"
45.141.215.250 - - [14/Oct/2025:08:24:07 -0400] "GET /abcd.php HTTP/1.1" 404 15666 "http://batconpakistan.org/abcd.php" "Go-http-client/2.0"
162.0.235.240 - - [14/Oct/2025:08:24:08 -0400] "GET /wp-content/plugins/contact-form-7-style/admin/predefined-templates.json HTTP/1.1" 200 1323 "-" "WordPress/6.8.3; https://batconpakistan.org"
45.141.215.250 - - [14/Oct/2025:08:24:08 -0400] "GET /flex.php HTTP/1.1" 404 15664 "http://batconpakistan.org/flex.php" "Go-http-client/2.0"
162.0.235.240 - - [14/Oct/2025:08:24:10 -0400] "GET /wp-content/plugins/contact-form-7-style/admin/predefined-templates.json HTTP/1.1" 200 1323 "-" "WordPress/6.8.3; https://batconpakistan.org"
45.141.215.250 - - [14/Oct/2025:08:24:09 -0400] "GET /doc.php HTTP/1.1" 404 15667 "http://batconpakistan.org/doc.php" "Go-http-client/2.0"
162.0.235.240 - - [14/Oct/2025:08:24:11 -0400] "GET /wp-content/plugins/contact-form-7-style/admin/predefined-templates.json HTTP/1.1" 200 1323 "-" "WordPress/6.8.3; https://batconpakistan.org"
45.141.215.250 - - [14/Oct/2025:08:24:11 -0400] "GET /wp-includes/js/thickbox/thickbox.php HTTP/1.1" 404 15665 "http://batconpakistan.org/wp-includes/js/thickbox/thickbox.php" "Go-http-client/2.0"
162.0.235.240 - - [14/Oct/2025:08:24:12 -0400] "GET /wp-content/plugins/contact-form-7-style/admin/predefined-templates.json HTTP/1.1" 200 1323 "-" "WordPress/6.8.3; https://batconpakistan.org"
45.141.215.250 - - [14/Oct/2025:08:24:12 -0400] "GET /akc.php HTTP/1.1" 404 15664 "http://batconpakistan.org/akc.php" "Go-http-client/2.0"
162.0.235.240 - - [14/Oct/2025:08:24:13 -0400] "GET /wp-content/plugins/contact-form-7-style/admin/predefined-templates.json HTTP/1.1" 200 1323 "-" "WordPress/6.8.3; https://batconpakistan.org"
45.141.215.250 - - [14/Oct/2025:08:24:13 -0400] "GET /zoo.php HTTP/1.1" 404 15666 "http://batconpakistan.org/zoo.php" "Go-http-client/2.0"
162.0.235.240 - - [14/Oct/2025:08:24:15 -0400] "GET /wp-content/plugins/contact-form-7-style/admin/predefined-templates.json HTTP/1.1" 200 1323 "-" "WordPress/6.8.3; https://batconpakistan.org"
45.141.215.250 - - [14/Oct/2025:08:24:14 -0400] "GET //zwso.php HTTP/1.1" 301 0 "http://batconpakistan.org//zwso.php" "Go-http-client/2.0"
162.0.235.240 - - [14/Oct/2025:08:24:15 -0400] "GET /wp-content/plugins/contact-form-7-style/admin/predefined-templates.json HTTP/1.1" 200 1323 "-" "WordPress/6.8.3; https://batconpakistan.org"
45.141.215.250 - - [14/Oct/2025:08:24:15 -0400] "GET /zwso.php HTTP/1.1" 404 15666 "https://batconpakistan.org//zwso.php" "Go-http-client/2.0"
162.0.235.240 - - [14/Oct/2025:08:24:17 -0400] "GET /wp-content/plugins/contact-form-7-style/admin/predefined-templates.json HTTP/1.1" 200 1323 "-" "WordPress/6.8.3; https://batconpakistan.org"
45.141.215.250 - - [14/Oct/2025:08:24:16 -0400] "GET /wp-content/plugins/hellopress/wp_mna.php HTTP/1.1" 404 15667 "http://batconpakistan.org/wp-content/plugins/hellopress/wp_mna.php" "Go-http-client/2.0"
162.0.235.240 - - [14/Oct/2025:08:24:18 -0400] "GET /wp-content/plugins/contact-form-7-style/admin/predefined-templates.json HTTP/1.1" 200 1323 "-" "WordPress/6.8.3; https://batconpakistan.org"
45.141.215.250 - - [14/Oct/2025:08:24:17 -0400] "GET /bolt.php HTTP/1.1" 404 15666 "http://batconpakistan.org/bolt.php" "Go-http-client/2.0"
162.0.235.240 - - [14/Oct/2025:08:24:19 -0400] "GET /wp-content/plugins/contact-form-7-style/admin/predefined-templates.json HTTP/1.1" 200 1323 "-" "WordPress/6.8.3; https://batconpakistan.org"
45.141.215.250 - - [14/Oct/2025:08:24:18 -0400] "GET /shlo.php HTTP/1.1" 404 15665 "http://batconpakistan.org/shlo.php#lufix" "Go-http-client/2.0"
162.0.235.240 - - [14/Oct/2025:08:24:20 -0400] "GET /wp-content/plugins/contact-form-7-style/admin/predefined-templates.json HTTP/1.1" 200 1323 "-" "WordPress/6.8.3; https://batconpakistan.org"
45.141.215.250 - - [14/Oct/2025:08:24:19 -0400] "GET /files.php HTTP/1.1" 404 15664 "http://batconpakistan.org/files.php#admin@3tu/T?TJ8v?N" "Go-http-client/2.0"
162.0.235.240 - - [14/Oct/2025:08:24:21 -0400] "GET /wp-content/plugins/contact-form-7-style/admin/predefined-templates.json HTTP/1.1" 200 1323 "-" "WordPress/6.8.3; https://batconpakistan.org"
45.141.215.250 - - [14/Oct/2025:08:24:20 -0400] "GET /wp-editor.php HTTP/1.1" 404 15667 "http://batconpakistan.org/wp-editor.php#lufix" "Go-http-client/2.0"
162.0.235.240 - - [14/Oct/2025:08:30:26 -0400] "GET /wp-content/plugins/contact-form-7-style/admin/predefined-templates.json HTTP/1.1" 200 1323 "-" "WordPress/6.8.3; https://batconpakistan.org"
162.0.235.240 - - [14/Oct/2025:08:30:27 -0400] "POST /wp-cron.php?doing_wp_cron=1760445027.1929180622100830078125 HTTP/1.1" 200 0 "-" "WordPress/6.8.3; https://batconpakistan.org"
20.40.40.110 - - [14/Oct/2025:08:30:23 -0400] "POST /wp-login.php HTTP/1.1" 200 2041 "-" "Mozilla/5.0"
162.0.235.240 - - [14/Oct/2025:08:30:27 -0400] "GET /wp-content/plugins/contact-form-7-style/admin/predefined-templates.json HTTP/1.1" 200 1323 "-" "WordPress/6.8.3; https://batconpakistan.org"
162.0.235.240 - - [14/Oct/2025:08:30:43 -0400] "GET /wp-content/plugins/contact-form-7-style/admin/predefined-templates.json HTTP/1.1" 200 1323 "-" "WordPress/6.8.3; https://batconpakistan.org"
162.0.235.240 - - [14/Oct/2025:08:30:44 -0400] "POST /wp-cron.php?doing_wp_cron=1760445043.9315640926361083984375 HTTP/1.1" 200 0 "-" "WordPress/6.8.3; https://batconpakistan.org"
52.167.144.203 - - [14/Oct/2025:08:30:43 -0400] "GET /Retail-Store-Fixtures-&-Equipment-Business-Office-Sign-GRAPHICS-&-771458-Store-Signs/ HTTP/1.1" 404 15666 "-" "Mozilla/5.0 AppleWebKit/537.36 (KHTML, like Gecko; compatible; bingbot/2.0; +http://www.bing.com/bingbot.htm) Chrome/116.0.1938.76 Safari/537.36"
162.0.235.240 - - [14/Oct/2025:08:30:44 -0400] "GET /wp-content/plugins/contact-form-7-style/admin/predefined-templates.json HTTP/1.1" 200 1323 "-" "WordPress/6.8.3; https://batconpakistan.org"
2a03:2880:f800:26:: - - [14/Oct/2025:08:32:27 -0400] "GET /category/touseef-ahmed/ HTTP/1.1" 200 28026 "-" "meta-externalagent/1.1 (+https://developers.facebook.com/docs/sharing/webmasters/crawler)"
2a02:598:128:8a00::b00:2 - - [14/Oct/2025:08:32:31 -0400] "GET /charitable-login/ HTTP/1.1" 200 16649 "-" "Mozilla/5.0 (compatible; SeznamBot/4.0; +https://o-seznam.cz/napoveda/vyhledavani/en/seznambot-crawler/)"
162.0.235.240 - - [14/Oct/2025:08:37:05 -0400] "GET /wp-content/plugins/contact-form-7-style/admin/predefined-templates.json HTTP/1.1" 200 1323 "-" "WordPress/6.8.3; https://batconpakistan.org"
162.0.235.240 - - [14/Oct/2025:08:37:05 -0400] "POST /wp-cron.php?doing_wp_cron=1760445425.6745259761810302734375 HTTP/1.1" 200 0 "-" "WordPress/6.8.3; https://batconpakistan.org"
216.73.216.20 - - [14/Oct/2025:08:37:02 -0400] "GET /bat-convervation-pakistan/our-team HTTP/1.1" 301 0 "-" "Mozilla/5.0 AppleWebKit/537.36 (KHTML, like Gecko; compatible; ClaudeBot/1.0; +claudebot@anthropic.com)"
162.0.235.240 - - [14/Oct/2025:08:37:06 -0400] "GET /wp-content/plugins/contact-form-7-style/admin/predefined-templates.json HTTP/1.1" 200 1323 "-" "WordPress/6.8.3; https://batconpakistan.org"
162.0.235.240 - - [14/Oct/2025:08:37:06 -0400] "GET /wp-content/plugins/contact-form-7-style/admin/predefined-templates.json HTTP/1.1" 200 1323 "-" "WordPress/6.8.3; https://batconpakistan.org"
216.73.216.20 - - [14/Oct/2025:08:37:05 -0400] "GET /bat-convervation-pakistan/our-team/ HTTP/1.1" 200 24041 "https://batconpakistan.org/bat-convervation-pakistan/our-team" "Mozilla/5.0 AppleWebKit/537.36 (KHTML, like Gecko; compatible; ClaudeBot/1.0; +claudebot@anthropic.com)"
162.240.238.76 - - [14/Oct/2025:08:37:15 -0400] "GET /wp-login.php HTTP/1.1" 200 1886 "-" "Mozilla/5.0 (Windows NT 6.1; WOW64; Trident/7.0; MDDSJS; rv:11.0) like Gecko"
162.0.235.240 - - [14/Oct/2025:08:37:18 -0400] "GET /wp-content/plugins/contact-form-7-style/admin/predefined-templates.json HTTP/1.1" 200 1323 "-" "WordPress/6.8.3; https://batconpakistan.org"
162.240.238.76 - - [14/Oct/2025:08:37:18 -0400] "POST /wp-login.php HTTP/1.1" 200 2045 "https://batconpakistan.org/wp-login.php" "Mozilla/5.0 (Windows NT 6.1; WOW64; Trident/7.0; MDDSJS; rv:11.0) like Gecko"
162.0.235.240 - - [14/Oct/2025:08:37:53 -0400] "GET /wp-content/plugins/contact-form-7-style/admin/predefined-templates.json HTTP/1.1" 200 1323 "-" "WordPress/6.8.3; https://batconpakistan.org"
162.0.235.240 - - [14/Oct/2025:08:37:53 -0400] "POST /wp-cron.php?doing_wp_cron=1760445473.3886830806732177734375 HTTP/1.1" 200 0 "-" "WordPress/6.8.3; https://batconpakistan.org"
2a02:598:128:8a00::b00:1 - - [14/Oct/2025:08:37:52 -0400] "GET /my-account-2/ HTTP/1.1" 200 16664 "-" "Mozilla/5.0 (compatible; SeznamBot/4.0; +https://o-seznam.cz/napoveda/vyhledavani/en/seznambot-crawler/)"
162.0.235.240 - - [14/Oct/2025:08:37:53 -0400] "GET /wp-content/plugins/contact-form-7-style/admin/predefined-templates.json HTTP/1.1" 200 1323 "-" "WordPress/6.8.3; https://batconpakistan.org"
162.0.235.240 - - [14/Oct/2025:08:42:35 -0400] "GET /wp-content/plugins/contact-form-7-style/admin/predefined-templates.json HTTP/1.1" 200 1323 "-" "WordPress/6.8.3; https://batconpakistan.org"
162.0.235.240 - - [14/Oct/2025:08:42:36 -0400] "POST /wp-cron.php?doing_wp_cron=1760445755.9662880897521972656250 HTTP/1.1" 200 0 "-" "WordPress/6.8.3; https://batconpakistan.org"
157.55.39.61 - - [14/Oct/2025:08:42:31 -0400] "GET /Hydraulics-Pneumatics-&-Plumbing-Meter-In-from-NPT-to-OD-Tubing-Clippard-186552-Control-Valves/ HTTP/1.1" 404 15664 "-" "Mozilla/5.0 AppleWebKit/537.36 (KHTML, like Gecko; compatible; bingbot/2.0; +http://www.bing.com/bingbot.htm) Chrome/116.0.1938.76 Safari/537.36"
162.0.235.240 - - [14/Oct/2025:08:42:36 -0400] "GET /wp-content/plugins/contact-form-7-style/admin/predefined-templates.json HTTP/1.1" 200 1323 "-" "WordPress/6.8.3; https://batconpakistan.org"
162.0.235.240 - - [14/Oct/2025:08:43:01 -0400] "GET /wp-content/plugins/contact-form-7-style/admin/predefined-templates.json HTTP/1.1" 200 1323 "-" "WordPress/6.8.3; https://batconpakistan.org"
162.0.235.240 - - [14/Oct/2025:08:43:01 -0400] "POST /wp-cron.php?doing_wp_cron=1760445781.8548181056976318359375 HTTP/1.1" 200 0 "-" "WordPress/6.8.3; https://batconpakistan.org"
20.40.40.110 - - [14/Oct/2025:08:43:01 -0400] "POST /wp-login.php HTTP/1.1" 200 2041 "-" "Mozilla/5.0"
162.0.235.240 - - [14/Oct/2025:08:43:02 -0400] "GET /wp-content/plugins/contact-form-7-style/admin/predefined-templates.json HTTP/1.1" 200 1323 "-" "WordPress/6.8.3; https://batconpakistan.org"
162.0.235.240 - - [14/Oct/2025:08:46:20 -0400] "GET /wp-content/plugins/contact-form-7-style/admin/predefined-templates.json HTTP/1.1" 200 1323 "-" "WordPress/6.8.3; https://batconpakistan.org"
162.0.235.240 - - [14/Oct/2025:08:46:21 -0400] "POST /wp-cron.php?doing_wp_cron=1760445981.4978199005126953125000 HTTP/1.1" 200 0 "-" "WordPress/6.8.3; https://batconpakistan.org"
51.89.129.170 - - [14/Oct/2025:08:46:17 -0400] "GET /sitemap_index.xml HTTP/1.1" 200 512 "-" "Mozilla/5.0 (compatible; AhrefsBot/7.0; +http://ahrefs.com/robot/)"
162.0.235.240 - - [14/Oct/2025:08:46:22 -0400] "GET /wp-content/plugins/contact-form-7-style/admin/predefined-templates.json HTTP/1.1" 200 1323 "-" "WordPress/6.8.3; https://batconpakistan.org"
162.0.235.240 - - [14/Oct/2025:08:46:23 -0400] "GET /wp-content/plugins/contact-form-7-style/admin/predefined-templates.json HTTP/1.1" 200 1323 "-" "WordPress/6.8.3; https://batconpakistan.org"
198.244.168.98 - - [14/Oct/2025:08:46:22 -0400] "GET /post-sitemap.xml HTTP/1.1" 200 976 "-" "Mozilla/5.0 (compatible; AhrefsBot/7.0; +http://ahrefs.com/robot/)"
162.0.235.240 - - [14/Oct/2025:08:46:24 -0400] "GET /wp-content/plugins/contact-form-7-style/admin/predefined-templates.json HTTP/1.1" 200 1323 "-" "WordPress/6.8.3; https://batconpakistan.org"
198.244.183.193 - - [14/Oct/2025:08:46:24 -0400] "GET /page-sitemap.xml HTTP/1.1" 200 1544 "-" "Mozilla/5.0 (compatible; AhrefsBot/7.0; +http://ahrefs.com/robot/)"
162.0.235.240 - - [14/Oct/2025:08:46:26 -0400] "GET /wp-content/plugins/contact-form-7-style/admin/predefined-templates.json HTTP/1.1" 200 1323 "-" "WordPress/6.8.3; https://batconpakistan.org"
198.244.240.172 - - [14/Oct/2025:08:46:25 -0400] "GET /testimonial-sitemap.xml HTTP/1.1" 200 391 "-" "Mozilla/5.0 (compatible; AhrefsBot/7.0; +http://ahrefs.com/robot/)"
162.0.235.240 - - [14/Oct/2025:08:46:27 -0400] "GET /wp-content/plugins/contact-form-7-style/admin/predefined-templates.json HTTP/1.1" 200 1323 "-" "WordPress/6.8.3; https://batconpakistan.org"
54.38.147.28 - - [14/Oct/2025:08:46:27 -0400] "GET /gallery-sitemap.xml HTTP/1.1" 200 560 "-" "Mozilla/5.0 (compatible; AhrefsBot/7.0; +http://ahrefs.com/robot/)"
162.0.235.240 - - [14/Oct/2025:08:46:29 -0400] "GET /wp-content/plugins/contact-form-7-style/admin/predefined-templates.json HTTP/1.1" 200 1323 "-" "WordPress/6.8.3; https://batconpakistan.org"
51.89.129.23 - - [14/Oct/2025:08:46:29 -0400] "GET /event-sitemap.xml HTTP/1.1" 200 452 "-" "Mozilla/5.0 (compatible; AhrefsBot/7.0; +http://ahrefs.com/robot/)"
162.0.235.240 - - [14/Oct/2025:08:46:31 -0400] "GET /wp-content/plugins/contact-form-7-style/admin/predefined-templates.json HTTP/1.1" 200 1323 "-" "WordPress/6.8.3; https://batconpakistan.org"
198.244.226.126 - - [14/Oct/2025:08:46:30 -0400] "GET /team-sitemap.xml HTTP/1.1" 200 818 "-" "Mozilla/5.0 (compatible; AhrefsBot/7.0; +http://ahrefs.com/robot/)"
162.0.235.240 - - [14/Oct/2025:08:46:32 -0400] "GET /wp-content/plugins/contact-form-7-style/admin/predefined-templates.json HTTP/1.1" 200 1323 "-" "WordPress/6.8.3; https://batconpakistan.org"
51.195.215.107 - - [14/Oct/2025:08:46:32 -0400] "GET /product-sitemap.xml HTTP/1.1" 200 532 "-" "Mozilla/5.0 (compatible; AhrefsBot/7.0; +http://ahrefs.com/robot/)"
162.0.235.240 - - [14/Oct/2025:08:46:33 -0400] "GET /wp-content/plugins/contact-form-7-style/admin/predefined-templates.json HTTP/1.1" 200 1323 "-" "WordPress/6.8.3; https://batconpakistan.org"
54.38.147.114 - - [14/Oct/2025:08:46:33 -0400] "GET /campaign-sitemap.xml HTTP/1.1" 200 478 "-" "Mozilla/5.0 (compatible; AhrefsBot/7.0; +http://ahrefs.com/robot/)"
162.0.235.240 - - [14/Oct/2025:08:46:35 -0400] "GET /wp-content/plugins/contact-form-7-style/admin/predefined-templates.json HTTP/1.1" 200 1323 "-" "WordPress/6.8.3; https://batconpakistan.org"
54.38.147.166 - - [14/Oct/2025:08:46:35 -0400] "GET /event_registrants-sitemap.xml HTTP/1.1" 200 379 "-" "Mozilla/5.0 (compatible; AhrefsBot/7.0; +http://ahrefs.com/robot/)"
162.0.235.240 - - [14/Oct/2025:08:46:37 -0400] "GET /wp-content/plugins/contact-form-7-style/admin/predefined-templates.json HTTP/1.1" 200 1323 "-" "WordPress/6.8.3; https://batconpakistan.org"
198.244.226.246 - - [14/Oct/2025:08:46:36 -0400] "GET /category-sitemap.xml HTTP/1.1" 200 393 "-" "Mozilla/5.0 (compatible; AhrefsBot/7.0; +http://ahrefs.com/robot/)"
162.0.235.240 - - [14/Oct/2025:08:46:38 -0400] "GET /wp-content/plugins/contact-form-7-style/admin/predefined-templates.json HTTP/1.1" 200 1323 "-" "WordPress/6.8.3; https://batconpakistan.org"
198.244.183.166 - - [14/Oct/2025:08:46:38 -0400] "GET /post_tag-sitemap.xml HTTP/1.1" 200 450 "-" "Mozilla/5.0 (compatible; AhrefsBot/7.0; +http://ahrefs.com/robot/)"
162.0.235.240 - - [14/Oct/2025:08:46:40 -0400] "GET /wp-content/plugins/contact-form-7-style/admin/predefined-templates.json HTTP/1.1" 200 1323 "-" "WordPress/6.8.3; https://batconpakistan.org"
162.0.235.240 - - [14/Oct/2025:08:46:40 -0400] "POST /wp-cron.php?doing_wp_cron=1760446000.3981189727783203125000 HTTP/1.1" 200 0 "-" "WordPress/6.8.3; https://batconpakistan.org"
51.89.129.236 - - [14/Oct/2025:08:46:39 -0400] "GET /gallery-category-sitemap.xml HTTP/1.1" 200 393 "-" "Mozilla/5.0 (compatible; AhrefsBot/7.0; +http://ahrefs.com/robot/)"
162.0.235.240 - - [14/Oct/2025:08:46:40 -0400] "GET /wp-content/plugins/contact-form-7-style/admin/predefined-templates.json HTTP/1.1" 200 1323 "-" "WordPress/6.8.3; https://batconpakistan.org"
162.0.235.240 - - [14/Oct/2025:08:46:41 -0400] "GET /wp-content/plugins/contact-form-7-style/admin/predefined-templates.json HTTP/1.1" 200 1323 "-" "WordPress/6.8.3; https://batconpakistan.org"
198.244.242.178 - - [14/Oct/2025:08:46:41 -0400] "GET /event-category-sitemap.xml HTTP/1.1" 200 378 "-" "Mozilla/5.0 (compatible; AhrefsBot/7.0; +http://ahrefs.com/robot/)"
162.0.235.240 - - [14/Oct/2025:08:46:43 -0400] "GET /wp-content/plugins/contact-form-7-style/admin/predefined-templates.json HTTP/1.1" 200 1323 "-" "WordPress/6.8.3; https://batconpakistan.org"
51.195.244.211 - - [14/Oct/2025:08:46:42 -0400] "GET /event-tag-sitemap.xml HTTP/1.1" 200 372 "-" "Mozilla/5.0 (compatible; AhrefsBot/7.0; +http://ahrefs.com/robot/)"
162.0.235.240 - - [14/Oct/2025:08:46:44 -0400] "GET /wp-content/plugins/contact-form-7-style/admin/predefined-templates.json HTTP/1.1" 200 1323 "-" "WordPress/6.8.3; https://batconpakistan.org"
51.89.129.205 - - [14/Oct/2025:08:46:44 -0400] "GET /team-category-sitemap.xml HTTP/1.1" 200 499 "-" "Mozilla/5.0 (compatible; AhrefsBot/7.0; +http://ahrefs.com/robot/)"
162.0.235.240 - - [14/Oct/2025:08:46:46 -0400] "GET /wp-content/plugins/contact-form-7-style/admin/predefined-templates.json HTTP/1.1" 200 1323 "-" "WordPress/6.8.3; https://batconpakistan.org"
198.244.242.163 - - [14/Oct/2025:08:46:45 -0400] "GET /product_cat-sitemap.xml HTTP/1.1" 200 381 "-" "Mozilla/5.0 (compatible; AhrefsBot/7.0; +http://ahrefs.com/robot/)"
162.0.235.240 - - [14/Oct/2025:08:46:47 -0400] "GET /wp-content/plugins/contact-form-7-style/admin/predefined-templates.json HTTP/1.1" 200 1323 "-" "WordPress/6.8.3; https://batconpakistan.org"
198.244.226.172 - - [14/Oct/2025:08:46:47 -0400] "GET /campaign_category-sitemap.xml HTTP/1.1" 200 425 "-" "Mozilla/5.0 (compatible; AhrefsBot/7.0; +http://ahrefs.com/robot/)"
162.0.235.240 - - [14/Oct/2025:08:46:49 -0400] "GET /wp-content/plugins/contact-form-7-style/admin/predefined-templates.json HTTP/1.1" 200 1323 "-" "WordPress/6.8.3; https://batconpakistan.org"
162.0.235.240 - - [14/Oct/2025:08:46:49 -0400] "POST /wp-cron.php?doing_wp_cron=1760446009.2393031120300292968750 HTTP/1.1" 200 0 "-" "WordPress/6.8.3; https://batconpakistan.org"
54.38.147.14 - - [14/Oct/2025:08:46:48 -0400] "GET /campaign_tag-sitemap.xml HTTP/1.1" 200 413 "-" "Mozilla/5.0 (compatible; AhrefsBot/7.0; +http://ahrefs.com/robot/)"
162.0.235.240 - - [14/Oct/2025:08:46:49 -0400] "GET /wp-content/plugins/contact-form-7-style/admin/predefined-templates.json HTTP/1.1" 200 1323 "-" "WordPress/6.8.3; https://batconpakistan.org"
162.0.235.240 - - [14/Oct/2025:08:46:50 -0400] "GET /wp-content/plugins/contact-form-7-style/admin/predefined-templates.json HTTP/1.1" 200 1323 "-" "WordPress/6.8.3; https://batconpakistan.org"
51.89.129.222 - - [14/Oct/2025:08:46:50 -0400] "GET /registrant-event-sitemap.xml HTTP/1.1" 200 364 "-" "Mozilla/5.0 (compatible; AhrefsBot/7.0; +http://ahrefs.com/robot/)"
162.0.235.240 - - [14/Oct/2025:08:46:52 -0400] "GET /wp-content/plugins/contact-form-7-style/admin/predefined-templates.json HTTP/1.1" 200 1323 "-" "WordPress/6.8.3; https://batconpakistan.org"
198.244.226.66 - - [14/Oct/2025:08:46:51 -0400] "GET /style_category-sitemap.xml HTTP/1.1" 200 384 "-" "Mozilla/5.0 (compatible; AhrefsBot/7.0; +http://ahrefs.com/robot/)"
162.0.235.240 - - [14/Oct/2025:08:46:53 -0400] "GET /wp-content/plugins/contact-form-7-style/admin/predefined-templates.json HTTP/1.1" 200 1323 "-" "WordPress/6.8.3; https://batconpakistan.org"
198.244.240.249 - - [14/Oct/2025:08:46:52 -0400] "GET /author-sitemap.xml HTTP/1.1" 200 341 "-" "Mozilla/5.0 (compatible; AhrefsBot/7.0; +http://ahrefs.com/robot/)"
162.0.235.240 - - [14/Oct/2025:08:50:49 -0400] "GET /wp-content/plugins/contact-form-7-style/admin/predefined-templates.json HTTP/1.1" 200 1323 "-" "WordPress/6.8.3; https://batconpakistan.org"
162.0.235.240 - - [14/Oct/2025:08:50:50 -0400] "POST /wp-cron.php?doing_wp_cron=1760446250.2751069068908691406250 HTTP/1.1" 200 0 "-" "WordPress/6.8.3; https://batconpakistan.org"
66.249.66.70 - - [14/Oct/2025:08:50:45 -0400] "GET /team/page/2/ HTTP/1.1" 200 16823 "-" "Mozilla/5.0 (Linux; Android 6.0.1; Nexus 5X Build/MMB29P) AppleWebKit/537.36 (KHTML, like Gecko) Chrome/140.0.7339.207 Mobile Safari/537.36 (compatible; Googlebot/2.1; +http://www.google.com/bot.html)"
162.0.235.240 - - [14/Oct/2025:08:50:51 -0400] "GET /wp-content/plugins/contact-form-7-style/admin/predefined-templates.json HTTP/1.1" 200 1323 "-" "WordPress/6.8.3; https://batconpakistan.org"
66.249.66.72 - - [14/Oct/2025:08:51:02 -0400] "GET /wp-content/uploads/dynamic-mobmenu.css?ver=2.8.8-545 HTTP/1.1" 200 1744 "https://batconpakistan.org/team/page/2/" "Mozilla/5.0 (Linux; Android 6.0.1; Nexus 5X Build/MMB29P) AppleWebKit/537.36 (KHTML, like Gecko) Chrome/140.0.7339.207 Mobile Safari/537.36 (compatible; Googlebot/2.1; +http://www.google.com/bot.html)"
66.249.66.71 - - [14/Oct/2025:08:51:09 -0400] "GET /wp-content/plugins/woocommerce/assets/js/frontend/woocommerce.min.js?ver=10.2.2 HTTP/1.1" 304 0 "https://batconpakistan.org/team/page/2/" "Mozilla/5.0 (Linux; Android 6.0.1; Nexus 5X Build/MMB29P) AppleWebKit/537.36 (KHTML, like Gecko) Chrome/140.0.7339.207 Mobile Safari/537.36 (compatible; Googlebot/2.1; +http://www.google.com/bot.html)"
162.0.235.240 - - [14/Oct/2025:08:55:42 -0400] "GET /wp-content/plugins/contact-form-7-style/admin/predefined-templates.json HTTP/1.1" 200 1323 "-" "WordPress/6.8.3; https://batconpakistan.org"
162.0.235.240 - - [14/Oct/2025:08:55:43 -0400] "POST /wp-cron.php?doing_wp_cron=1760446543.0781428813934326171875 HTTP/1.1" 200 0 "-" "WordPress/6.8.3; https://batconpakistan.org"
20.40.40.110 - - [14/Oct/2025:08:55:38 -0400] "POST /wp-login.php HTTP/1.1" 200 2041 "-" "Mozilla/5.0"
162.0.235.240 - - [14/Oct/2025:08:55:43 -0400] "GET /wp-content/plugins/contact-form-7-style/admin/predefined-templates.json HTTP/1.1" 200 1323 "-" "WordPress/6.8.3; https://batconpakistan.org"
162.0.235.240 - - [14/Oct/2025:08:57:20 -0400] "GET /wp-content/plugins/contact-form-7-style/admin/predefined-templates.json HTTP/1.1" 200 1323 "-" "WordPress/6.8.3; https://batconpakistan.org"
162.0.235.240 - - [14/Oct/2025:08:57:21 -0400] "POST /wp-cron.php?doing_wp_cron=1760446640.9348599910736083984375 HTTP/1.1" 200 0 "-" "WordPress/6.8.3; https://batconpakistan.org"
40.81.227.89 - - [14/Oct/2025:08:57:17 -0400] "POST /wp-login.php HTTP/1.1" 200 2041 "-" "Mozilla/5.0"
162.0.235.240 - - [14/Oct/2025:08:57:21 -0400] "GET /wp-content/plugins/contact-form-7-style/admin/predefined-templates.json HTTP/1.1" 200 1323 "-" "WordPress/6.8.3; https://batconpakistan.org"
43.153.12.58 - - [14/Oct/2025:08:57:34 -0400] "GET / HTTP/1.1" 200 23130 "http://batconpakistan.org" "Mozilla/5.0 (iPhone; CPU iPhone OS 13_2_3 like Mac OS X) AppleWebKit/605.1.15 (KHTML, like Gecko) Version/13.0.3 Mobile/15E148 Safari/604.1"
162.0.235.240 - - [14/Oct/2025:08:58:58 -0400] "GET /wp-content/plugins/contact-form-7-style/admin/predefined-templates.json HTTP/1.1" 200 1323 "-" "WordPress/6.8.3; https://batconpakistan.org"
162.0.235.240 - - [14/Oct/2025:08:58:59 -0400] "POST /wp-cron.php?doing_wp_cron=1760446739.6229789257049560546875 HTTP/1.1" 200 0 "-" "WordPress/6.8.3; https://batconpakistan.org"
103.163.208.106 - - [14/Oct/2025:08:58:55 -0400] "GET /index/ajax/lang?lang=..//..//application/database HTTP/1.1" 301 0 "-" "Mozilla/5.0 (Windows NT 10.0; WOW64; rv:48.0) Gecko/20100101 Firefox/48.0"
162.0.235.240 - - [14/Oct/2025:08:59:00 -0400] "GET /wp-content/plugins/contact-form-7-style/admin/predefined-templates.json HTTP/1.1" 200 1323 "-" "WordPress/6.8.3; https://batconpakistan.org"
162.0.235.240 - - [14/Oct/2025:08:59:00 -0400] "GET /wp-content/plugins/contact-form-7-style/admin/predefined-templates.json HTTP/1.1" 200 1323 "-" "WordPress/6.8.3; https://batconpakistan.org"
103.163.208.106 - - [14/Oct/2025:08:59:00 -0400] "GET /index/ajax/lang?lang=..//..//application/database HTTP/1.1" 404 15667 "-" "Mozilla/5.0 (Windows NT 10.0; WOW64; rv:48.0) Gecko/20100101 Firefox/48.0"
162.0.235.240 - - [14/Oct/2025:09:00:56 -0400] "GET /wp-content/plugins/contact-form-7-style/admin/predefined-templates.json HTTP/1.1" 200 1323 "-" "WordPress/6.8.3; https://batconpakistan.org"
162.0.235.240 - - [14/Oct/2025:09:00:58 -0400] "POST /wp-cron.php?doing_wp_cron=1760446858.0417048931121826171875 HTTP/1.1" 200 0 "-" "WordPress/6.8.3; https://batconpakistan.org"
216.73.216.20 - - [14/Oct/2025:09:00:52 -0400] "GET /sitemap_index.xml HTTP/1.1" 200 512 "-" "Mozilla/5.0 AppleWebKit/537.36 (KHTML, like Gecko; compatible; ClaudeBot/1.0; +claudebot@anthropic.com)"
162.0.235.240 - - [14/Oct/2025:09:00:59 -0400] "GET /wp-content/plugins/contact-form-7-style/admin/predefined-templates.json HTTP/1.1" 200 1323 "-" "WordPress/6.8.3; https://batconpakistan.org"
185.193.156.147 - - [14/Oct/2025:09:02:46 -0400] "GET / HTTP/1.1" 200 23130 "-" "Mozilla/5.0 (Windows NT 10.0; Win64; x64) AppleWebKit/537.36 (KHTML, like Gecko) Chrome/78.0.3904.108 Safari/537.36"
162.0.235.240 - - [14/Oct/2025:09:02:50 -0400] "GET /wp-content/plugins/contact-form-7-style/admin/predefined-templates.json HTTP/1.1" 200 1323 "-" "WordPress/6.8.3; https://batconpakistan.org"
162.0.235.240 - - [14/Oct/2025:09:02:51 -0400] "POST /wp-cron.php?doing_wp_cron=1760446971.3382809162139892578125 HTTP/1.1" 200 0 "-" "WordPress/6.8.3; https://batconpakistan.org"
185.193.156.147 - - [14/Oct/2025:09:02:46 -0400] "GET //wp-includes/wlwmanifest.xml HTTP/1.1" 301 0 "-" "Mozilla/5.0 (Windows NT 10.0; Win64; x64) AppleWebKit/537.36 (KHTML, like Gecko) Chrome/78.0.3904.108 Safari/537.36"
185.193.156.147 - - [14/Oct/2025:09:02:51 -0400] "GET //xmlrpc.php?rsd HTTP/1.1" 403 1242 "-" "Mozilla/5.0 (Windows NT 10.0; Win64; x64) AppleWebKit/537.36 (KHTML, like Gecko) Chrome/78.0.3904.108 Safari/537.36"
185.193.156.147 - - [14/Oct/2025:09:02:51 -0400] "GET / HTTP/1.1" 200 23130 "-" "Mozilla/5.0 (Windows NT 10.0; Win64; x64) AppleWebKit/537.36 (KHTML, like Gecko) Chrome/78.0.3904.108 Safari/537.36"
185.193.156.147 - - [14/Oct/2025:09:02:51 -0400] "GET //?author=1 HTTP/1.1" 403 1242 "-" "Mozilla/5.0 (Windows NT 10.0; Win64; x64) AppleWebKit/537.36 (KHTML, like Gecko) Chrome/78.0.3904.108 Safari/537.36"
185.193.156.147 - - [14/Oct/2025:09:02:52 -0400] "GET //?author=2 HTTP/1.1" 403 1242 "-" "Mozilla/5.0 (Windows NT 10.0; Win64; x64) AppleWebKit/537.36 (KHTML, like Gecko) Chrome/78.0.3904.108 Safari/537.36"
185.193.156.147 - - [14/Oct/2025:09:02:52 -0400] "GET //wp-json/wp/v2/users/ HTTP/1.1" 403 1242 "-" "Mozilla/5.0 (Windows NT 10.0; Win64; x64) AppleWebKit/537.36 (KHTML, like Gecko) Chrome/78.0.3904.108 Safari/537.36"
162.0.235.240 - - [14/Oct/2025:09:02:52 -0400] "GET /wp-content/plugins/contact-form-7-style/admin/predefined-templates.json HTTP/1.1" 200 1323 "-" "WordPress/6.8.3; https://batconpakistan.org"
162.0.235.240 - - [14/Oct/2025:09:02:52 -0400] "GET /wp-content/plugins/contact-form-7-style/admin/predefined-templates.json HTTP/1.1" 200 1323 "-" "WordPress/6.8.3; https://batconpakistan.org"
185.193.156.147 - - [14/Oct/2025:09:02:52 -0400] "GET //wp-json/oembed/1.0/embed?url=https://batconpakistan.org/ HTTP/1.1" 200 5971 "-" "Mozilla/5.0 (Windows NT 10.0; Win64; x64) AppleWebKit/537.36 (KHTML, like Gecko) Chrome/78.0.3904.108 Safari/537.36"
185.193.156.147 - - [14/Oct/2025:09:02:54 -0400] "POST //xmlrpc.php HTTP/1.1" 403 1242 "-" "Mozilla/5.0 (Windows NT 10.0; Win64; x64) AppleWebKit/537.36 (KHTML, like Gecko) Chrome/78.0.3904.108 Safari/537.36"
162.0.235.240 - - [14/Oct/2025:09:04:30 -0400] "GET /wp-content/plugins/contact-form-7-style/admin/predefined-templates.json HTTP/1.1" 200 1323 "-" "WordPress/6.8.3; https://batconpakistan.org"
162.0.235.240 - - [14/Oct/2025:09:04:31 -0400] "POST /wp-cron.php?doing_wp_cron=1760447071.4503400325775146484375 HTTP/1.1" 200 0 "-" "WordPress/6.8.3; https://batconpakistan.org"
216.73.216.20 - - [14/Oct/2025:09:04:27 -0400] "GET /sitemap_index.xml HTTP/1.1" 200 512 "-" "Mozilla/5.0 AppleWebKit/537.36 (KHTML, like Gecko; compatible; ClaudeBot/1.0; +claudebot@anthropic.com)"
162.0.235.240 - - [14/Oct/2025:09:04:32 -0400] "GET /wp-content/plugins/contact-form-7-style/admin/predefined-templates.json HTTP/1.1" 200 1323 "-" "WordPress/6.8.3; https://batconpakistan.org"
97.74.210.8 - - [14/Oct/2025:09:08:05 -0400] "GET /wp-login.php HTTP/1.1" 200 1886 "-" "Mozilla/5.0 (Windows NT 6.0; Win64; x64) AppleWebKit/537.36 (KHTML, like Gecko) Chrome/58.0.3029.110 Safari/537.36 Edge/16.16299"
162.0.235.240 - - [14/Oct/2025:09:08:13 -0400] "GET /wp-content/plugins/contact-form-7-style/admin/predefined-templates.json HTTP/1.1" 200 1323 "-" "WordPress/6.8.3; https://batconpakistan.org"
162.0.235.240 - - [14/Oct/2025:09:08:13 -0400] "POST /wp-cron.php?doing_wp_cron=1760447293.7957999706268310546875 HTTP/1.1" 200 0 "-" "WordPress/6.8.3; https://batconpakistan.org"
97.74.210.8 - - [14/Oct/2025:09:08:09 -0400] "POST /wp-login.php HTTP/1.1" 200 2045 "https://batconpakistan.org/wp-login.php" "Mozilla/5.0 (Windows NT 6.0; Win64; x64) AppleWebKit/537.36 (KHTML, like Gecko) Chrome/58.0.3029.110 Safari/537.36 Edge/16.16299"
162.0.235.240 - - [14/Oct/2025:09:08:14 -0400] "GET /wp-content/plugins/contact-form-7-style/admin/predefined-templates.json HTTP/1.1" 200 1323 "-" "WordPress/6.8.3; https://batconpakistan.org"
162.0.235.240 - - [14/Oct/2025:09:08:18 -0400] "GET /wp-content/plugins/contact-form-7-style/admin/predefined-templates.json HTTP/1.1" 200 1323 "-" "WordPress/6.8.3; https://batconpakistan.org"
20.40.40.110 - - [14/Oct/2025:09:08:18 -0400] "POST /wp-login.php HTTP/1.1" 200 2041 "-" "Mozilla/5.0"
185.202.223.11 - - [14/Oct/2025:09:11:17 -0400] "GET /wp-login.php HTTP/1.1" 200 1886 "-" "Mozilla/5.0 (Windows NT 10.0; WOW64) AppleWebKit/537.36 (KHTML, like Gecko) Chrome/67.0.3396.62 Safari/537.36"
162.0.235.240 - - [14/Oct/2025:09:11:22 -0400] "GET /wp-content/plugins/contact-form-7-style/admin/predefined-templates.json HTTP/1.1" 200 1323 "-" "WordPress/6.8.3; https://batconpakistan.org"
162.0.235.240 - - [14/Oct/2025:09:11:22 -0400] "POST /wp-cron.php?doing_wp_cron=1760447482.8501598834991455078125 HTTP/1.1" 200 0 "-" "WordPress/6.8.3; https://batconpakistan.org"
185.202.223.11 - - [14/Oct/2025:09:11:18 -0400] "POST /wp-login.php HTTP/1.1" 200 2045 "https://batconpakistan.org/wp-login.php" "Mozilla/5.0 (Windows NT 10.0; WOW64) AppleWebKit/537.36 (KHTML, like Gecko) Chrome/67.0.3396.62 Safari/537.36"
162.0.235.240 - - [14/Oct/2025:09:11:23 -0400] "GET /wp-content/plugins/contact-form-7-style/admin/predefined-templates.json HTTP/1.1" 200 1323 "-" "WordPress/6.8.3; https://batconpakistan.org"
2a03:2880:f800:19:: - - [14/Oct/2025:09:13:02 -0400] "GET /bat-convervation-pakistan/our-team/ HTTP/1.1" 200 24041 "-" "meta-externalagent/1.1 (+https://developers.facebook.com/docs/sharing/webmasters/crawler)"
162.0.235.240 - - [14/Oct/2025:09:20:59 -0400] "GET /wp-content/plugins/contact-form-7-style/admin/predefined-templates.json HTTP/1.1" 200 1323 "-" "WordPress/6.8.3; https://batconpakistan.org"
162.0.235.240 - - [14/Oct/2025:09:21:00 -0400] "POST /wp-cron.php?doing_wp_cron=1760448060.4796979427337646484375 HTTP/1.1" 200 0 "-" "WordPress/6.8.3; https://batconpakistan.org"
20.40.40.110 - - [14/Oct/2025:09:20:54 -0400] "POST /wp-login.php HTTP/1.1" 200 2041 "-" "Mozilla/5.0"
162.0.235.240 - - [14/Oct/2025:09:21:01 -0400] "GET /wp-content/plugins/contact-form-7-style/admin/predefined-templates.json HTTP/1.1" 200 1323 "-" "WordPress/6.8.3; https://batconpakistan.org"
162.0.235.240 - - [14/Oct/2025:09:29:51 -0400] "GET /wp-content/plugins/contact-form-7-style/admin/predefined-templates.json HTTP/1.1" 200 1323 "-" "WordPress/6.8.3; https://batconpakistan.org"
162.0.235.240 - - [14/Oct/2025:09:29:52 -0400] "POST /wp-cron.php?doing_wp_cron=1760448592.5707769393920898437500 HTTP/1.1" 200 0 "-" "WordPress/6.8.3; https://batconpakistan.org"
162.0.235.240 - - [14/Oct/2025:09:29:53 -0400] "GET /wp-content/plugins/contact-form-7-style/admin/predefined-templates.json HTTP/1.1" 200 1323 "-" "WordPress/6.8.3; https://batconpakistan.org"
185.191.171.18 - - [14/Oct/2025:09:29:48 -0400] "GET /campaigns/education-for-everyone/ HTTP/1.1" 200 18074 "-" "Mozilla/5.0 (compatible; SemrushBot/7~bl; +http://www.semrush.com/bot.html)"
162.0.235.240 - - [14/Oct/2025:09:33:39 -0400] "GET /wp-content/plugins/contact-form-7-style/admin/predefined-templates.json HTTP/1.1" 200 1323 "-" "WordPress/6.8.3; https://batconpakistan.org"
162.0.235.240 - - [14/Oct/2025:09:33:39 -0400] "GET /wp-content/plugins/contact-form-7-style/admin/predefined-templates.json HTTP/1.1" 200 1323 "-" "WordPress/6.8.3; https://batconpakistan.org"
162.0.235.240 - - [14/Oct/2025:09:33:40 -0400] "POST /wp-cron.php?doing_wp_cron=1760448820.2872419357299804687500 HTTP/1.1" 200 0 "-" "WordPress/6.8.3; https://batconpakistan.org"
162.0.235.240 - - [14/Oct/2025:09:33:40 -0400] "POST /wp-cron.php?doing_wp_cron=1760448820.2866508960723876953125 HTTP/1.1" 200 0 "-" "WordPress/6.8.3; https://batconpakistan.org"
20.40.40.110 - - [14/Oct/2025:09:33:38 -0400] "POST /wp-login.php HTTP/1.1" 200 2041 "-" "Mozilla/5.0"
198.244.240.242 - - [14/Oct/2025:09:33:36 -0400] "GET /vision-mission/ HTTP/1.1" 200 17647 "-" "Mozilla/5.0 (compatible; AhrefsBot/7.0; +http://ahrefs.com/robot/)"
162.0.235.240 - - [14/Oct/2025:09:33:40 -0400] "GET /wp-content/plugins/contact-form-7-style/admin/predefined-templates.json HTTP/1.1" 200 1323 "-" "WordPress/6.8.3; https://batconpakistan.org"
162.0.235.240 - - [14/Oct/2025:09:33:41 -0400] "GET /wp-content/plugins/contact-form-7-style/admin/predefined-templates.json HTTP/1.1" 200 1323 "-" "WordPress/6.8.3; https://batconpakistan.org"
162.0.235.240 - - [14/Oct/2025:09:34:03 -0400] "GET /wp-content/plugins/contact-form-7-style/admin/predefined-templates.json HTTP/1.1" 200 1323 "-" "WordPress/6.8.3; https://batconpakistan.org"
162.0.235.240 - - [14/Oct/2025:09:34:03 -0400] "POST /wp-cron.php?doing_wp_cron=1760448843.7697460651397705078125 HTTP/1.1" 200 0 "-" "WordPress/6.8.3; https://batconpakistan.org"
40.81.227.89 - - [14/Oct/2025:09:34:03 -0400] "POST /wp-login.php HTTP/1.1" 200 2041 "-" "Mozilla/5.0"
162.0.235.240 - - [14/Oct/2025:09:34:04 -0400] "GET /wp-content/plugins/contact-form-7-style/admin/predefined-templates.json HTTP/1.1" 200 1323 "-" "WordPress/6.8.3; https://batconpakistan.org"
196.251.86.68 - - [14/Oct/2025:09:34:21 -0400] "GET / HTTP/1.1" 200 23130 "-" "Mozilla/5.0 (Windows NT 10.0; Win64; x64) AppleWebKit/537.36 (KHTML, like Gecko) Chrome/80.0.3987.149 Safari/537.36"
162.0.235.240 - - [14/Oct/2025:09:34:27 -0400] "GET /wp-content/plugins/contact-form-7-style/admin/predefined-templates.json HTTP/1.1" 200 1323 "-" "WordPress/6.8.3; https://batconpakistan.org"
162.0.235.240 - - [14/Oct/2025:09:34:28 -0400] "POST /wp-cron.php?doing_wp_cron=1760448868.0461859703063964843750 HTTP/1.1" 200 0 "-" "WordPress/6.8.3; https://batconpakistan.org"
196.251.86.68 - - [14/Oct/2025:09:34:27 -0400] "GET //wp-includes/wlwmanifest.xml HTTP/1.1" 301 0 "-" "Mozilla/5.0 (Windows NT 10.0; Win64; x64) AppleWebKit/537.36 (KHTML, like Gecko) Chrome/80.0.3987.149 Safari/537.36"
162.0.235.240 - - [14/Oct/2025:09:34:28 -0400] "GET /wp-content/plugins/contact-form-7-style/admin/predefined-templates.json HTTP/1.1" 200 1323 "-" "WordPress/6.8.3; https://batconpakistan.org"
196.251.86.68 - - [14/Oct/2025:09:34:33 -0400] "GET //xmlrpc.php?rsd HTTP/1.1" 403 1242 "-" "Mozilla/5.0 (Windows NT 10.0; Win64; x64) AppleWebKit/537.36 (KHTML, like Gecko) Chrome/80.0.3987.149 Safari/537.36"
196.251.86.68 - - [14/Oct/2025:09:34:33 -0400] "GET / HTTP/1.1" 200 23130 "-" "Mozilla/5.0 (Windows NT 10.0; Win64; x64) AppleWebKit/537.36 (KHTML, like Gecko) Chrome/80.0.3987.149 Safari/537.36"
196.251.86.68 - - [14/Oct/2025:09:34:34 -0400] "GET //?author=1 HTTP/1.1" 403 1242 "-" "Mozilla/5.0 (Windows NT 10.0; Win64; x64) AppleWebKit/537.36 (KHTML, like Gecko) Chrome/80.0.3987.149 Safari/537.36"
196.251.86.68 - - [14/Oct/2025:09:34:35 -0400] "GET //?author=2 HTTP/1.1" 403 1242 "-" "Mozilla/5.0 (Windows NT 10.0; Win64; x64) AppleWebKit/537.36 (KHTML, like Gecko) Chrome/80.0.3987.149 Safari/537.36"
196.251.86.68 - - [14/Oct/2025:09:34:36 -0400] "GET //wp-json/wp/v2/users/ HTTP/1.1" 403 1242 "-" "Mozilla/5.0 (Windows NT 10.0; Win64; x64) AppleWebKit/537.36 (KHTML, like Gecko) Chrome/80.0.3987.149 Safari/537.36"
196.251.86.68 - - [14/Oct/2025:09:34:36 -0400] "GET //wp-json/oembed/1.0/embed?url=https://batconpakistan.org/ HTTP/1.1" 200 5971 "-" "Mozilla/5.0 (Windows NT 10.0; Win64; x64) AppleWebKit/537.36 (KHTML, like Gecko) Chrome/80.0.3987.149 Safari/537.36"
196.251.86.68 - - [14/Oct/2025:09:34:43 -0400] "POST //xmlrpc.php HTTP/1.1" 403 1242 "-" "Mozilla/5.0 (Windows NT 10.0; Win64; x64) AppleWebKit/537.36 (KHTML, like Gecko) Chrome/80.0.3987.149 Safari/537.36"
162.0.235.240 - - [14/Oct/2025:09:36:05 -0400] "GET /wp-content/plugins/contact-form-7-style/admin/predefined-templates.json HTTP/1.1" 200 1323 "-" "WordPress/6.8.3; https://batconpakistan.org"
162.0.235.240 - - [14/Oct/2025:09:36:06 -0400] "POST /wp-cron.php?doing_wp_cron=1760448966.2743279933929443359375 HTTP/1.1" 200 0 "-" "WordPress/6.8.3; https://batconpakistan.org"
216.73.216.20 - - [14/Oct/2025:09:36:01 -0400] "GET /sitemap_index.xml HTTP/1.1" 200 512 "-" "Mozilla/5.0 AppleWebKit/537.36 (KHTML, like Gecko; compatible; ClaudeBot/1.0; +claudebot@anthropic.com)"
