45.141.215.250 - - [15/Oct/2025:00:07:24 -0400] "GET /gifclass.php HTTP/1.1" 404 15665 "http://batconpakistan.org/gifclass.php#888xyz999" "Go-http-client/2.0"
162.0.235.240 - - [15/Oct/2025:00:07:26 -0400] "GET /wp-content/plugins/contact-form-7-style/admin/predefined-templates.json HTTP/1.1" 200 1323 "-" "WordPress/6.8.3; https://batconpakistan.org"
45.141.215.250 - - [15/Oct/2025:00:07:26 -0400] "GET /bless.php HTTP/1.1" 404 15666 "http://batconpakistan.org/bless.php#888xyz999" "Go-http-client/2.0"
162.0.235.240 - - [15/Oct/2025:00:07:27 -0400] "GET /wp-content/plugins/contact-form-7-style/admin/predefined-templates.json HTTP/1.1" 200 1323 "-" "WordPress/6.8.3; https://batconpakistan.org"
45.141.215.250 - - [15/Oct/2025:00:07:27 -0400] "GET /class-t.api.php HTTP/1.1" 404 15667 "http://batconpakistan.org/class-t.api.php#888xyz999" "Go-http-client/2.0"
162.0.235.240 - - [15/Oct/2025:00:07:28 -0400] "GET /wp-content/plugins/contact-form-7-style/admin/predefined-templates.json HTTP/1.1" 200 1323 "-" "WordPress/6.8.3; https://batconpakistan.org"
45.141.215.250 - - [15/Oct/2025:00:07:28 -0400] "GET /blurbs.php HTTP/1.1" 404 15667 "http://batconpakistan.org/blurbs.php#888xyz999" "Go-http-client/2.0"
162.0.235.240 - - [15/Oct/2025:00:07:29 -0400] "GET /wp-content/plugins/contact-form-7-style/admin/predefined-templates.json HTTP/1.1" 200 1323 "-" "WordPress/6.8.3; https://batconpakistan.org"
45.141.215.250 - - [15/Oct/2025:00:07:29 -0400] "GET /akcc.php HTTP/1.1" 404 15665 "http://batconpakistan.org/akcc.php" "Go-http-client/2.0"
162.0.235.240 - - [15/Oct/2025:00:07:30 -0400] "GET /wp-content/plugins/contact-form-7-style/admin/predefined-templates.json HTTP/1.1" 200 1323 "-" "WordPress/6.8.3; https://batconpakistan.org"
45.141.215.250 - - [15/Oct/2025:00:07:30 -0400] "GET /abcd.php HTTP/1.1" 404 15666 "http://batconpakistan.org/abcd.php" "Go-http-client/2.0"
162.0.235.240 - - [15/Oct/2025:00:07:31 -0400] "GET /wp-content/plugins/contact-form-7-style/admin/predefined-templates.json HTTP/1.1" 200 1323 "-" "WordPress/6.8.3; https://batconpakistan.org"
45.141.215.250 - - [15/Oct/2025:00:07:31 -0400] "GET /flex.php HTTP/1.1" 404 15666 "http://batconpakistan.org/flex.php" "Go-http-client/2.0"
162.0.235.240 - - [15/Oct/2025:00:07:33 -0400] "GET /wp-content/plugins/contact-form-7-style/admin/predefined-templates.json HTTP/1.1" 200 1323 "-" "WordPress/6.8.3; https://batconpakistan.org"
45.141.215.250 - - [15/Oct/2025:00:07:32 -0400] "GET /doc.php HTTP/1.1" 404 15667 "http://batconpakistan.org/doc.php" "Go-http-client/2.0"
162.0.235.240 - - [15/Oct/2025:00:07:34 -0400] "GET /wp-content/plugins/contact-form-7-style/admin/predefined-templates.json HTTP/1.1" 200 1323 "-" "WordPress/6.8.3; https://batconpakistan.org"
45.141.215.250 - - [15/Oct/2025:00:07:33 -0400] "GET /wp-includes/js/thickbox/thickbox.php HTTP/1.1" 404 15666 "http://batconpakistan.org/wp-includes/js/thickbox/thickbox.php" "Go-http-client/2.0"
162.0.235.240 - - [15/Oct/2025:00:07:35 -0400] "GET /wp-content/plugins/contact-form-7-style/admin/predefined-templates.json HTTP/1.1" 200 1323 "-" "WordPress/6.8.3; https://batconpakistan.org"
45.141.215.250 - - [15/Oct/2025:00:07:35 -0400] "GET /akc.php HTTP/1.1" 404 15666 "http://batconpakistan.org/akc.php" "Go-http-client/2.0"
162.0.235.240 - - [15/Oct/2025:00:07:36 -0400] "GET /wp-content/plugins/contact-form-7-style/admin/predefined-templates.json HTTP/1.1" 200 1323 "-" "WordPress/6.8.3; https://batconpakistan.org"
45.141.215.250 - - [15/Oct/2025:00:07:36 -0400] "GET /zoo.php HTTP/1.1" 404 15665 "http://batconpakistan.org/zoo.php" "Go-http-client/2.0"
162.0.235.240 - - [15/Oct/2025:00:07:37 -0400] "GET /wp-content/plugins/contact-form-7-style/admin/predefined-templates.json HTTP/1.1" 200 1323 "-" "WordPress/6.8.3; https://batconpakistan.org"
45.141.215.250 - - [15/Oct/2025:00:07:37 -0400] "GET //zwso.php HTTP/1.1" 301 0 "http://batconpakistan.org//zwso.php" "Go-http-client/2.0"
162.0.235.240 - - [15/Oct/2025:00:07:38 -0400] "GET /wp-content/plugins/contact-form-7-style/admin/predefined-templates.json HTTP/1.1" 200 1323 "-" "WordPress/6.8.3; https://batconpakistan.org"
45.141.215.250 - - [15/Oct/2025:00:07:38 -0400] "GET /zwso.php HTTP/1.1" 404 15667 "https://batconpakistan.org//zwso.php" "Go-http-client/2.0"
162.0.235.240 - - [15/Oct/2025:00:07:39 -0400] "GET /wp-content/plugins/contact-form-7-style/admin/predefined-templates.json HTTP/1.1" 200 1323 "-" "WordPress/6.8.3; https://batconpakistan.org"
45.141.215.250 - - [15/Oct/2025:00:07:39 -0400] "GET /wp-content/plugins/hellopress/wp_mna.php HTTP/1.1" 404 15668 "http://batconpakistan.org/wp-content/plugins/hellopress/wp_mna.php" "Go-http-client/2.0"
162.0.235.240 - - [15/Oct/2025:00:07:40 -0400] "GET /wp-content/plugins/contact-form-7-style/admin/predefined-templates.json HTTP/1.1" 200 1323 "-" "WordPress/6.8.3; https://batconpakistan.org"
162.0.235.240 - - [15/Oct/2025:00:07:40 -0400] "POST /wp-cron.php?doing_wp_cron=1760501260.6473269462585449218750 HTTP/1.1" 200 0 "-" "WordPress/6.8.3; https://batconpakistan.org"
45.141.215.250 - - [15/Oct/2025:00:07:40 -0400] "GET /bolt.php HTTP/1.1" 404 15667 "http://batconpakistan.org/bolt.php" "Go-http-client/2.0"
162.0.235.240 - - [15/Oct/2025:00:07:41 -0400] "GET /wp-content/plugins/contact-form-7-style/admin/predefined-templates.json HTTP/1.1" 200 1323 "-" "WordPress/6.8.3; https://batconpakistan.org"
162.0.235.240 - - [15/Oct/2025:00:07:41 -0400] "GET /wp-content/plugins/contact-form-7-style/admin/predefined-templates.json HTTP/1.1" 200 1323 "-" "WordPress/6.8.3; https://batconpakistan.org"
45.141.215.250 - - [15/Oct/2025:00:07:41 -0400] "GET /shlo.php HTTP/1.1" 404 15667 "http://batconpakistan.org/shlo.php#lufix" "Go-http-client/2.0"
162.0.235.240 - - [15/Oct/2025:00:07:42 -0400] "GET /wp-content/plugins/contact-form-7-style/admin/predefined-templates.json HTTP/1.1" 200 1323 "-" "WordPress/6.8.3; https://batconpakistan.org"
45.141.215.250 - - [15/Oct/2025:00:07:42 -0400] "GET /files.php HTTP/1.1" 404 15667 "http://batconpakistan.org/files.php#admin@3tu/T?TJ8v?N" "Go-http-client/2.0"
162.0.235.240 - - [15/Oct/2025:00:07:43 -0400] "GET /wp-content/plugins/contact-form-7-style/admin/predefined-templates.json HTTP/1.1" 200 1323 "-" "WordPress/6.8.3; https://batconpakistan.org"
45.141.215.250 - - [15/Oct/2025:00:07:43 -0400] "GET /wp-editor.php HTTP/1.1" 404 15665 "http://batconpakistan.org/wp-editor.php#lufix" "Go-http-client/2.0"
2a03:2880:f800:2e:: - - [15/Oct/2025:00:08:22 -0400] "GET /tag/pakistan/ HTTP/1.1" 200 20885 "-" "meta-externalagent/1.1 (+https://developers.facebook.com/docs/sharing/webmasters/crawler)"
43.153.67.21 - - [15/Oct/2025:00:10:41 -0400] "GET /bat-convervation-pakistan/our-team/ HTTP/1.1" 200 24043 "-" "Mozilla/5.0 (iPhone; CPU iPhone OS 13_2_3 like Mac OS X) AppleWebKit/605.1.15 (KHTML, like Gecko) Version/13.0.3 Mobile/15E148 Safari/604.1"
113.195.58.202 - - [15/Oct/2025:00:12:43 -0400] "GET /category/uncategorized/ HTTP/1.1" 200 24791 "-" "Mozilla/5.0 (Windows NT 6.1; Win64; x64) AppleWebKit/537.36 (KHTML, like Gecko) Chrome/94.0.1794.73 Safari/537.36"
113.195.58.202 - - [15/Oct/2025:00:12:45 -0400] "GET /wp-content/uploads/redux/custom-fonts/fonts.css?ver=1674155651 HTTP/1.1" 200 0 "https://batconpakistan.org/category/uncategorized/" "Mozilla/5.0 (Windows NT 6.1; Win64; x64) AppleWebKit/537.36 (KHTML, like Gecko) Chrome/94.0.1794.73 Safari/537.36"
162.0.235.240 - - [15/Oct/2025:00:19:35 -0400] "GET /wp-content/plugins/contact-form-7-style/admin/predefined-templates.json HTTP/1.1" 200 1323 "-" "WordPress/6.8.3; https://batconpakistan.org"
162.0.235.240 - - [15/Oct/2025:00:19:35 -0400] "POST /wp-cron.php?doing_wp_cron=1760501975.9067718982696533203125 HTTP/1.1" 200 0 "-" "WordPress/6.8.3; https://batconpakistan.org"
149.56.160.130 - - [15/Oct/2025:00:19:32 -0400] "GET / HTTP/1.1" 301 0 "-" "Mozilla/5.0 (compatible; Dataprovider.com)"
149.56.160.130 - - [15/Oct/2025:00:19:36 -0400] "GET / HTTP/1.1" 200 23132 "-" "Mozilla/5.0 (compatible; Dataprovider.com)"
162.0.235.240 - - [15/Oct/2025:00:19:36 -0400] "GET /wp-content/plugins/contact-form-7-style/admin/predefined-templates.json HTTP/1.1" 200 1323 "-" "WordPress/6.8.3; https://batconpakistan.org"
162.0.235.240 - - [15/Oct/2025:00:19:37 -0400] "GET /wp-content/plugins/contact-form-7-style/admin/predefined-templates.json HTTP/1.1" 200 1323 "-" "WordPress/6.8.3; https://batconpakistan.org"
149.56.160.130 - - [15/Oct/2025:00:19:37 -0400] "GET /sitemap_index.xml HTTP/1.1" 200 512 "-" "Mozilla/5.0 (compatible; Dataprovider.com)"
149.56.160.130 - - [15/Oct/2025:00:19:37 -0400] "GET / HTTP/1.1" 200 23132 "-" "Mozilla/5.0 (compatible; Dataprovider.com)"
149.56.160.130 - - [15/Oct/2025:00:19:38 -0400] "GET /contact-us/ HTTP/1.1" 200 17316 "-" "Mozilla/5.0 (compatible; Dataprovider.com)"
149.56.160.130 - - [15/Oct/2025:00:19:39 -0400] "GET /bat-convervation-pakistan/our-team/ HTTP/1.1" 200 24043 "-" "Mozilla/5.0 (compatible; Dataprovider.com)"
149.56.160.130 - - [15/Oct/2025:00:19:40 -0400] "GET /career-opportunities/ HTTP/1.1" 200 18579 "-" "Mozilla/5.0 (compatible; Dataprovider.com)"
149.56.160.130 - - [15/Oct/2025:00:19:41 -0400] "GET /bat-convervation-pakistan/ HTTP/1.1" 200 20201 "-" "Mozilla/5.0 (compatible; Dataprovider.com)"
149.56.160.130 - - [15/Oct/2025:00:19:42 -0400] "GET /vision-mission/ HTTP/1.1" 200 17645 "-" "Mozilla/5.0 (compatible; Dataprovider.com)"
149.56.160.130 - - [15/Oct/2025:00:19:43 -0400] "GET /board-members/ HTTP/1.1" 200 21589 "-" "Mozilla/5.0 (compatible; Dataprovider.com)"
149.56.160.130 - - [15/Oct/2025:00:19:44 -0400] "GET /team/dr-touseef-ahmed-awan/ HTTP/1.1" 200 17452 "-" "Mozilla/5.0 (compatible; Dataprovider.com)"
149.56.160.130 - - [15/Oct/2025:00:19:45 -0400] "GET /team/prof-tigga-kingston/ HTTP/1.1" 200 17444 "-" "Mozilla/5.0 (compatible; Dataprovider.com)"
149.56.160.130 - - [15/Oct/2025:00:19:46 -0400] "GET /team/dr-muhammad-naeem-awan/ HTTP/1.1" 200 16862 "-" "Mozilla/5.0 (compatible; Dataprovider.com)"
162.0.235.240 - - [15/Oct/2025:00:19:47 -0400] "GET /wp-content/plugins/contact-form-7-style/admin/predefined-templates.json HTTP/1.1" 200 1323 "-" "WordPress/6.8.3; https://batconpakistan.org"
162.0.235.240 - - [15/Oct/2025:00:19:47 -0400] "POST /wp-cron.php?doing_wp_cron=1760501987.8695559501647949218750 HTTP/1.1" 200 0 "-" "WordPress/6.8.3; https://batconpakistan.org"
149.56.160.130 - - [15/Oct/2025:00:19:47 -0400] "GET /llms.txt HTTP/1.1" 404 15667 "-" "Mozilla/5.0 (compatible; Dataprovider.com)"
162.0.235.240 - - [15/Oct/2025:00:19:48 -0400] "GET /wp-content/plugins/contact-form-7-style/admin/predefined-templates.json HTTP/1.1" 200 1323 "-" "WordPress/6.8.3; https://batconpakistan.org"
162.0.235.240 - - [15/Oct/2025:00:19:48 -0400] "GET /wp-content/plugins/contact-form-7-style/admin/predefined-templates.json HTTP/1.1" 200 1323 "-" "WordPress/6.8.3; https://batconpakistan.org"
149.56.160.130 - - [15/Oct/2025:00:19:48 -0400] "GET /humans.txt HTTP/1.1" 404 15665 "-" "Mozilla/5.0 (compatible; Dataprovider.com)"
162.0.235.240 - - [15/Oct/2025:00:19:50 -0400] "GET /wp-content/plugins/contact-form-7-style/admin/predefined-templates.json HTTP/1.1" 200 1323 "-" "WordPress/6.8.3; https://batconpakistan.org"
149.56.160.130 - - [15/Oct/2025:00:19:49 -0400] "GET /ads.txt HTTP/1.1" 404 15667 "-" "Mozilla/5.0 (compatible; Dataprovider.com)"
162.0.235.240 - - [15/Oct/2025:00:19:51 -0400] "GET /wp-content/plugins/contact-form-7-style/admin/predefined-templates.json HTTP/1.1" 200 1323 "-" "WordPress/6.8.3; https://batconpakistan.org"
149.56.160.130 - - [15/Oct/2025:00:19:50 -0400] "GET /security.txt HTTP/1.1" 404 15667 "-" "Mozilla/5.0 (compatible; Dataprovider.com)"
162.0.235.240 - - [15/Oct/2025:00:19:52 -0400] "GET /wp-content/plugins/contact-form-7-style/admin/predefined-templates.json HTTP/1.1" 200 1323 "-" "WordPress/6.8.3; https://batconpakistan.org"
149.56.160.130 - - [15/Oct/2025:00:19:51 -0400] "GET /.well-known/security.txt HTTP/1.1" 404 15666 "-" "Mozilla/5.0 (compatible; Dataprovider.com)"
149.56.160.130 - - [15/Oct/2025:00:19:52 -0400] "GET / HTTP/1.1" 200 23132 "-" "Mozilla/5.0 (Linux; Android 10; SM-G981B) AppleWebKit/537.36 (KHTML, like Gecko) Chrome/80.0.3987.162 Mobile Safari/537.36"
149.56.160.215 - - [15/Oct/2025:00:19:59 -0400] "GET / HTTP/1.1" 301 0 "-" "Mozilla/5.0 (compatible; Dataprovider.com)"
149.56.160.215 - - [15/Oct/2025:00:19:59 -0400] "GET / HTTP/1.1" 200 23132 "-" "Mozilla/5.0 (compatible; Dataprovider.com)"
149.56.160.215 - - [15/Oct/2025:00:20:00 -0400] "GET /wp-content/cache/autoptimize/css/autoptimize_single_c239a19ab97fc5c3a9185c6f4769b642.css?ver=1.8.8.3 HTTP/1.1" 200 501 "https://batconpakistan.org/" "Mozilla/5.0 (compatible; Dataprovider.com)"
149.56.160.215 - - [15/Oct/2025:00:20:00 -0400] "GET /wp-content/cache/autoptimize/css/autoptimize_single_64ac31699f5326cb3c76122498b76f66.css?ver=6.1.2 HTTP/1.1" 200 772 "https://batconpakistan.org/" "Mozilla/5.0 (compatible; Dataprovider.com)"
149.56.160.215 - - [15/Oct/2025:00:20:00 -0400] "GET /wp-content/cache/autoptimize/css/autoptimize_single_e41c8b843d0a67ae2fd223ba1ef4c4b0.css?ver=5.3.1.5 HTTP/1.1" 200 6634 "https://batconpakistan.org/" "Mozilla/5.0 (compatible; Dataprovider.com)"
149.56.160.215 - - [15/Oct/2025:00:20:00 -0400] "GET /wp-content/cache/autoptimize/css/autoptimize_single_0a5cfa15a1c3bce6319a071a84e71e83.css?ver=10.2.2 HTTP/1.1" 200 10379 "https://batconpakistan.org/" "Mozilla/5.0 (compatible; Dataprovider.com)"
149.56.160.215 - - [15/Oct/2025:00:20:00 -0400] "GET /wp-includes/css/dist/block-library/style.min.css?ver=6.8.3 HTTP/1.1" 200 14360 "https://batconpakistan.org/" "Mozilla/5.0 (compatible; Dataprovider.com)"
149.56.160.215 - - [15/Oct/2025:00:20:00 -0400] "GET /wp-content/cache/autoptimize/css/autoptimize_single_bb19cc3e4cecbebaea2b5a331bcd0a22.css?ver=3.19.1 HTTP/1.1" 200 10177 "https://batconpakistan.org/" "Mozilla/5.0 (compatible; Dataprovider.com)"
149.56.160.215 - - [15/Oct/2025:00:20:00 -0400] "GET /wp-content/plugins/charitable/assets/css/charitable.min.css?ver=1.8.8.3 HTTP/1.1" 200 4214 "https://batconpakistan.org/" "Mozilla/5.0 (compatible; Dataprovider.com)"
149.56.160.215 - - [15/Oct/2025:00:20:00 -0400] "GET /wp-content/cache/autoptimize/css/autoptimize_single_4c7a484dea14abf84b68c05eaafd62ba.css?ver=3.1.9 HTTP/1.1" 200 1522 "https://batconpakistan.org/" "Mozilla/5.0 (compatible; Dataprovider.com)"
149.56.160.215 - - [15/Oct/2025:00:20:00 -0400] "GET /wp-content/cache/autoptimize/css/autoptimize_single_740b535c88c3adf32f31bb4b2c9a75cb.css?ver=3.1.9 HTTP/1.1" 200 6100 "https://batconpakistan.org/" "Mozilla/5.0 (compatible; Dataprovider.com)"
149.56.160.215 - - [15/Oct/2025:00:20:00 -0400] "GET /wp-content/cache/autoptimize/css/autoptimize_single_e98f5279cacaef826050eb2595082e77.css?ver=10.2.2 HTTP/1.1" 200 3152 "https://batconpakistan.org/" "Mozilla/5.0 (compatible; Dataprovider.com)"
149.56.160.215 - - [15/Oct/2025:00:20:00 -0400] "GET /wp-includes/css/dashicons.min.css?ver=6.8.3 HTTP/1.1" 200 35110 "https://batconpakistan.org/" "Mozilla/5.0 (compatible; Dataprovider.com)"
149.56.160.215 - - [15/Oct/2025:00:20:00 -0400] "GET /wp-content/cache/autoptimize/css/autoptimize_single_be24b512aeb25f89583bd525a706d329.css?ver=2.3.1.8 HTTP/1.1" 200 851 "https://batconpakistan.org/" "Mozilla/5.0 (compatible; Dataprovider.com)"
149.56.160.215 - - [15/Oct/2025:00:20:00 -0400] "GET /wp-content/cache/autoptimize/css/autoptimize_single_f462d22dd9213b04c9b8447b2bb0f416.css?ver=2.3.1.8 HTTP/1.1" 200 2401 "https://batconpakistan.org/" "Mozilla/5.0 (compatible; Dataprovider.com)"
149.56.160.215 - - [15/Oct/2025:00:20:00 -0400] "GET /wp-content/plugins/js_composer/assets/css/js_composer.min.css?ver=6.5.0 HTTP/1.1" 200 42001 "https://batconpakistan.org/" "Mozilla/5.0 (compatible; Dataprovider.com)"
149.56.160.215 - - [15/Oct/2025:00:20:00 -0400] "GET /wp-content/cache/autoptimize/css/autoptimize_single_6ab2aa128673eda7d59c1118dc16bc54.css?ver=2.3.1.8 HTTP/1.1" 200 18267 "https://batconpakistan.org/" "Mozilla/5.0 (compatible; Dataprovider.com)"
149.56.160.215 - - [15/Oct/2025:00:20:00 -0400] "GET /wp-content/cache/autoptimize/css/autoptimize_single_1418901a19797ba546efd0b84d4bd748.css?ver=2.3.1.8 HTTP/1.1" 200 676 "https://batconpakistan.org/" "Mozilla/5.0 (compatible; Dataprovider.com)"
149.56.160.215 - - [15/Oct/2025:00:20:00 -0400] "GET /wp-content/uploads/dynamic-mobmenu.css?ver=2.8.8-839 HTTP/1.1" 200 1744 "https://batconpakistan.org/" "Mozilla/5.0 (compatible; Dataprovider.com)"
149.56.160.215 - - [15/Oct/2025:00:20:00 -0400] "GET /wp-content/plugins/simple-twitter-tweets/css/stt.min.css?ver=6.8.3 HTTP/1.1" 200 3164 "https://batconpakistan.org/" "Mozilla/5.0 (compatible; Dataprovider.com)"
149.56.160.215 - - [15/Oct/2025:00:20:00 -0400] "GET /wp-content/cache/autoptimize/css/autoptimize_single_62bd0bbb7661b81231fdf47aa5e637c7.css?ver=2.8.8 HTTP/1.1" 200 1650 "https://batconpakistan.org/" "Mozilla/5.0 (compatible; Dataprovider.com)"
149.56.160.215 - - [15/Oct/2025:00:20:00 -0400] "GET /wp-content/plugins/elementor/assets/lib/font-awesome/css/font-awesome.min.css?ver=4.7.0 HTTP/1.1" 200 6657 "https://batconpakistan.org/" "Mozilla/5.0 (compatible; Dataprovider.com)"
149.56.160.215 - - [15/Oct/2025:00:20:00 -0400] "GET /wp-content/cache/autoptimize/css/autoptimize_single_41bed9c277a6b639b745014db1865334.css?ver=2.3.1.8 HTTP/1.1" 200 1420 "https://batconpakistan.org/" "Mozilla/5.0 (compatible; Dataprovider.com)"
149.56.160.215 - - [15/Oct/2025:00:20:00 -0400] "GET /wp-content/cache/autoptimize/css/autoptimize_single_fa405951d3709790743a1d47db0a0bd8.css?ver=2.3.1.8 HTTP/1.1" 200 4272 "https://batconpakistan.org/" "Mozilla/5.0 (compatible; Dataprovider.com)"
149.56.160.215 - - [15/Oct/2025:00:20:00 -0400] "GET /wp-content/cache/autoptimize/css/autoptimize_single_48d56016b20f151be4f24ba6d0eb1be4.css?ver=10.2.2 HTTP/1.1" 200 579 "https://batconpakistan.org/" "Mozilla/5.0 (compatible; Dataprovider.com)"
149.56.160.215 - - [15/Oct/2025:00:20:00 -0400] "GET /wp-content/cache/autoptimize/css/autoptimize_single_718fe426387df8914538d894c0655f81.css?ver=6.8.3 HTTP/1.1" 200 760 "https://batconpakistan.org/" "Mozilla/5.0 (compatible; Dataprovider.com)"
149.56.160.215 - - [15/Oct/2025:00:20:00 -0400] "GET /wp-content/cache/autoptimize/css/autoptimize_single_31001bbf717ff68857a56812c578f4a5.css?ver=2.3.1.8 HTTP/1.1" 200 1513 "https://batconpakistan.org/" "Mozilla/5.0 (compatible; Dataprovider.com)"
149.56.160.215 - - [15/Oct/2025:00:20:00 -0400] "GET /wp-content/cache/autoptimize/css/autoptimize_single_f0ba34586dd51597fa8cf260d3ada2d6.css?ver=2.3.1.8 HTTP/1.1" 200 1975 "https://batconpakistan.org/" "Mozilla/5.0 (compatible; Dataprovider.com)"
149.56.160.215 - - [15/Oct/2025:00:20:00 -0400] "GET /wp-content/cache/autoptimize/css/autoptimize_single_3c9de2f0e06c3381cd1c472cb67eaa36.css?ver=2.3.1.8 HTTP/1.1" 200 18235 "https://batconpakistan.org/" "Mozilla/5.0 (compatible; Dataprovider.com)"
149.56.160.215 - - [15/Oct/2025:00:20:00 -0400] "GET /wp-content/uploads/redux/custom-fonts/fonts.css?ver=1674155651 HTTP/1.1" 200 0 "https://batconpakistan.org/" "Mozilla/5.0 (compatible; Dataprovider.com)"
149.56.160.215 - - [15/Oct/2025:00:20:00 -0400] "GET /wp-content/cache/autoptimize/css/autoptimize_single_72ba61ecd0b8e60524b78ef58d16ea3c.css?ver=2.3.1.8 HTTP/1.1" 200 560 "https://batconpakistan.org/" "Mozilla/5.0 (compatible; Dataprovider.com)"
149.56.160.215 - - [15/Oct/2025:00:20:00 -0400] "GET /wp-content/cache/autoptimize/css/autoptimize_single_59d266c0ea580aae1113acb3761f7ad5.css?ver=10.2.2 HTTP/1.1" 200 1163 "https://batconpakistan.org/" "Mozilla/5.0 (compatible; Dataprovider.com)"
149.56.160.215 - - [15/Oct/2025:00:20:00 -0400] "GET /wp-content/cache/autoptimize/css/autoptimize_single_e2d671c403c7e2bd09b3b298c748d0db.css?ver=wc-10.2.2 HTTP/1.1" 200 2388 "https://batconpakistan.org/" "Mozilla/5.0 (compatible; Dataprovider.com)"
149.56.160.215 - - [15/Oct/2025:00:20:00 -0400] "GET /wp-content/plugins/elementor/assets/lib/font-awesome/fonts/fontawesome-webfont.woff2?v=4.7.0 HTTP/1.1" 200 77160 "https://batconpakistan.org/wp-content/plugins/elementor/assets/lib/font-awesome/css/font-awesome.min.css?ver=4.7.0" "Mozilla/5.0 (compatible; Dataprovider.com)"
149.56.160.215 - - [15/Oct/2025:00:20:00 -0400] "GET /wp-content/uploads/2023/02/bat-infographic-urdu.jpeg HTTP/1.1" 200 667348 "https://batconpakistan.org/" "Mozilla/5.0 (compatible; Dataprovider.com)"
149.56.160.215 - - [15/Oct/2025:00:20:00 -0400] "GET /wp-content/uploads/2023/02/Bat1.jpg?id=1846 HTTP/1.1" 200 549395 "https://batconpakistan.org/" "Mozilla/5.0 (compatible; Dataprovider.com)"
149.56.160.215 - - [15/Oct/2025:00:20:00 -0400] "GET /wp-content/uploads/2021/01/obBrWQr60P.jpg HTTP/1.1" 200 375182 "https://batconpakistan.org/" "Mozilla/5.0 (compatible; Dataprovider.com)"
149.56.160.215 - - [15/Oct/2025:00:20:00 -0400] "GET /wp-content/uploads/2021/01/EIg9iHBOAL.jpg HTTP/1.1" 200 765524 "https://batconpakistan.org/" "Mozilla/5.0 (compatible; Dataprovider.com)"
149.56.160.215 - - [15/Oct/2025:00:20:00 -0400] "GET /wp-content/cache/autoptimize/js/autoptimize_single_84accf917a322d8a1d3512174b85c47b.js?ver=2.3.1.8 HTTP/1.1" 200 4314 "https://batconpakistan.org/" "Mozilla/5.0 (compatible; Dataprovider.com)"
149.56.160.215 - - [15/Oct/2025:00:20:01 -0400] "GET /wp-content/cache/autoptimize/js/autoptimize_single_969e914314dae24fa843b8c6e0efced9.js?ver=1.8.8.3 HTTP/1.1" 200 450 "https://batconpakistan.org/" "Mozilla/5.0 (compatible; Dataprovider.com)"
149.56.160.215 - - [15/Oct/2025:00:20:01 -0400] "GET /wp-includes/js/dist/i18n.min.js?ver=5e580eb46a90c2b997e6 HTTP/1.1" 200 3542 "https://batconpakistan.org/" "Mozilla/5.0 (compatible; Dataprovider.com)"
149.56.160.215 - - [15/Oct/2025:00:20:01 -0400] "GET /wp-content/cache/autoptimize/js/autoptimize_single_1a7a1c044f6f8909b5ea70ca382daaaa.js?ver=2.8.8 HTTP/1.1" 200 2964 "https://batconpakistan.org/" "Mozilla/5.0 (compatible; Dataprovider.com)"
149.56.160.215 - - [15/Oct/2025:00:20:01 -0400] "GET /wp-content/plugins/charitable/assets/js/libraries/js-cookie.min.js?ver=2.1.4 HTTP/1.1" 200 813 "https://batconpakistan.org/" "Mozilla/5.0 (compatible; Dataprovider.com)"
149.56.160.215 - - [15/Oct/2025:00:20:01 -0400] "GET /wp-content/plugins/charitable/assets/js/charitable-session.min.js?ver=1.8.8.3 HTTP/1.1" 200 731 "https://batconpakistan.org/" "Mozilla/5.0 (compatible; Dataprovider.com)"
149.56.160.215 - - [15/Oct/2025:00:20:01 -0400] "GET /wp-content/cache/autoptimize/js/autoptimize_single_4b8e19f3dc3a22572352e6abc41762b3.js?ver=2.3.1.8 HTTP/1.1" 200 5551 "https://batconpakistan.org/" "Mozilla/5.0 (compatible; Dataprovider.com)"
149.56.160.215 - - [15/Oct/2025:00:20:01 -0400] "GET /wp-content/plugins/js_composer/assets/js/dist/js_composer_front.min.js?ver=6.5.0 HTTP/1.1" 200 5547 "https://batconpakistan.org/" "Mozilla/5.0 (compatible; Dataprovider.com)"
149.56.160.215 - - [15/Oct/2025:00:20:01 -0400] "GET /wp-content/plugins/woocommerce/assets/js/frontend/order-attribution.min.js?ver=10.2.2 HTTP/1.1" 200 998 "https://batconpakistan.org/" "Mozilla/5.0 (compatible; Dataprovider.com)"
149.56.160.215 - - [15/Oct/2025:00:20:01 -0400] "GET /wp-content/plugins/woocommerce/assets/js/sourcebuster/sourcebuster.min.js?ver=10.2.2 HTTP/1.1" 200 4609 "https://batconpakistan.org/" "Mozilla/5.0 (compatible; Dataprovider.com)"
149.56.160.215 - - [15/Oct/2025:00:20:01 -0400] "GET /wp-content/plugins/js_composer/assets/lib/bower/skrollr/dist/skrollr.min.js?ver=6.5.0 HTTP/1.1" 200 5547 "https://batconpakistan.org/" "Mozilla/5.0 (compatible; Dataprovider.com)"
149.56.160.215 - - [15/Oct/2025:00:20:01 -0400] "GET /wp-content/cache/autoptimize/js/autoptimize_single_8ae7178cf20641be616ed86446ce2e1a.js?ver=2.3.1.8 HTTP/1.1" 200 610 "https://batconpakistan.org/" "Mozilla/5.0 (compatible; Dataprovider.com)"
149.56.160.215 - - [15/Oct/2025:00:20:01 -0400] "GET /wp-content/themes/born-to-give/vendor/owl-carousel/js/owl.carousel.min.js?ver=2.3.1.8 HTTP/1.1" 200 8177 "https://batconpakistan.org/" "Mozilla/5.0 (compatible; Dataprovider.com)"
149.56.160.215 - - [15/Oct/2025:00:20:01 -0400] "GET /wp-content/cache/autoptimize/js/autoptimize_single_e81b167a57f599ae32ec05dee0d870bb.js?ver=2.3.1.8 HTTP/1.1" 200 1092 "https://batconpakistan.org/" "Mozilla/5.0 (compatible; Dataprovider.com)"
149.56.160.215 - - [15/Oct/2025:00:20:01 -0400] "GET /wp-content/themes/born-to-give/vendor/fullcalendar/fullcalendar.min.js?ver=2.3.1.8 HTTP/1.1" 200 23350 "https://batconpakistan.org/" "Mozilla/5.0 (compatible; Dataprovider.com)"
149.56.160.215 - - [15/Oct/2025:00:20:01 -0400] "GET /wp-content/cache/autoptimize/js/autoptimize_single_bb564b6df727c922151209f51dbcbfc7.js?ver=2.3.1.8 HTTP/1.1" 200 18384 "https://batconpakistan.org/" "Mozilla/5.0 (compatible; Dataprovider.com)"
149.56.160.215 - - [15/Oct/2025:00:20:01 -0400] "GET /wp-content/cache/autoptimize/js/autoptimize_single_af5c4849ea3dc106841421aa1cbe85f4.js?ver=2.3.1.8 HTTP/1.1" 200 1634 "https://batconpakistan.org/" "Mozilla/5.0 (compatible; Dataprovider.com)"
149.56.160.215 - - [15/Oct/2025:00:20:01 -0400] "GET /wp-content/themes/born-to-give/vendor/magnific/jquery.magnific-popup.min.js?ver=2.3.1.8 HTTP/1.1" 200 7368 "https://batconpakistan.org/" "Mozilla/5.0 (compatible; Dataprovider.com)"
149.56.160.215 - - [15/Oct/2025:00:20:01 -0400] "GET /wp-content/cache/autoptimize/js/autoptimize_single_c5b5b2fa19bd66ff23211d9f844e0131.js?ver=2.3.1.8 HTTP/1.1" 200 9446 "https://batconpakistan.org/" "Mozilla/5.0 (compatible; Dataprovider.com)"
149.56.160.215 - - [15/Oct/2025:00:20:01 -0400] "GET /wp-content/cache/autoptimize/js/autoptimize_single_bbdaec2b95562cd9430b262d3320c7b4.js?ver=2.3.1.8 HTTP/1.1" 200 15610 "https://batconpakistan.org/" "Mozilla/5.0 (compatible; Dataprovider.com)"
149.56.160.215 - - [15/Oct/2025:00:20:01 -0400] "GET /wp-content/cache/autoptimize/js/autoptimize_single_96e7dc3f0e8559e4a3f3ca40b17ab9c3.js?ver=6.1.2 HTTP/1.1" 200 3369 "https://batconpakistan.org/" "Mozilla/5.0 (compatible; Dataprovider.com)"
149.56.160.215 - - [15/Oct/2025:00:20:01 -0400] "GET /wp-content/cache/autoptimize/js/autoptimize_single_2912c657d0592cc532dff73d0d2ce7bb.js?ver=6.1.2 HTTP/1.1" 200 4008 "https://batconpakistan.org/" "Mozilla/5.0 (compatible; Dataprovider.com)"
149.56.160.215 - - [15/Oct/2025:00:20:01 -0400] "GET /wp-content/plugins/contact-form-7-style/js/frontend-min.js?ver=3.1.9 HTTP/1.1" 200 370 "https://batconpakistan.org/" "Mozilla/5.0 (compatible; Dataprovider.com)"
149.56.160.215 - - [15/Oct/2025:00:20:01 -0400] "GET /wp-content/plugins/revslider/public/assets/js/jquery.themepunch.revolution.min.js?ver=5.3.1.5 HTTP/1.1" 200 16585 "https://batconpakistan.org/" "Mozilla/5.0 (compatible; Dataprovider.com)"
149.56.160.215 - - [15/Oct/2025:00:20:01 -0400] "GET /wp-content/themes/born-to-give/vendor/fullcalendar/lib/moment.min.js?ver=2.3.1.8 HTTP/1.1" 200 11327 "https://batconpakistan.org/" "Mozilla/5.0 (compatible; Dataprovider.com)"
149.56.160.215 - - [15/Oct/2025:00:20:01 -0400] "GET /wp-content/plugins/revslider/public/assets/js/jquery.themepunch.tools.min.js?ver=5.3.1.5 HTTP/1.1" 200 36107 "https://batconpakistan.org/" "Mozilla/5.0 (compatible; Dataprovider.com)"
149.56.160.215 - - [15/Oct/2025:00:20:01 -0400] "GET /wp-content/cache/autoptimize/js/autoptimize_single_cf6d24b271a128c1564697131d29cd07.js?ver=2.3.1.8 HTTP/1.1" 200 5603 "https://batconpakistan.org/" "Mozilla/5.0 (compatible; Dataprovider.com)"
149.56.160.215 - - [15/Oct/2025:00:20:01 -0400] "GET /wp-includes/js/jquery/jquery-migrate.min.js?ver=3.4.1 HTTP/1.1" 200 4678 "https://batconpakistan.org/" "Mozilla/5.0 (compatible; Dataprovider.com)"
149.56.160.215 - - [15/Oct/2025:00:20:01 -0400] "GET /wp-content/plugins/autoptimize/classes/external/js/lazysizes.min.js?ao_version=3.1.13 HTTP/1.1" 200 3973 "https://batconpakistan.org/" "Mozilla/5.0 (compatible; Dataprovider.com)"
149.56.160.215 - - [15/Oct/2025:00:20:01 -0400] "GET /wp-includes/js/dist/hooks.min.js?ver=4d63a3d491d11ffd8ac6 HTTP/1.1" 200 1571 "https://batconpakistan.org/" "Mozilla/5.0 (compatible; Dataprovider.com)"
149.56.160.215 - - [15/Oct/2025:00:20:01 -0400] "GET /wp-content/plugins/woocommerce/assets/js/frontend/add-to-cart.min.js?ver=10.2.2 HTTP/1.1" 200 1225 "https://batconpakistan.org/" "Mozilla/5.0 (compatible; Dataprovider.com)"
149.56.160.215 - - [15/Oct/2025:00:20:01 -0400] "GET /wp-content/plugins/charitable/assets/js/charitable-frontend.min.js?ver=1.8.8.3 HTTP/1.1" 200 918 "https://batconpakistan.org/" "Mozilla/5.0 (compatible; Dataprovider.com)"
149.56.160.215 - - [15/Oct/2025:00:20:01 -0400] "GET /wp-content/plugins/woocommerce/assets/js/jquery-blockui/jquery.blockUI.min.js?ver=2.7.0-wc.10.2.2 HTTP/1.1" 200 3277 "https://batconpakistan.org/" "Mozilla/5.0 (compatible; Dataprovider.com)"
149.56.160.215 - - [15/Oct/2025:00:20:01 -0400] "GET /wp-content/cache/autoptimize/js/autoptimize_single_787fe4f547a6cb7f4ce4934641085910.js?ver=6.5.0 HTTP/1.1" 200 272 "https://batconpakistan.org/" "Mozilla/5.0 (compatible; Dataprovider.com)"
149.56.160.215 - - [15/Oct/2025:00:20:01 -0400] "GET /wp-content/cache/autoptimize/js/autoptimize_single_f5aea4f1174cb7d3dff10c987969b96c.js?ver=3.19.1 HTTP/1.1" 200 10689 "https://batconpakistan.org/" "Mozilla/5.0 (compatible; Dataprovider.com)"
149.56.160.215 - - [15/Oct/2025:00:20:01 -0400] "GET /wp-content/plugins/woocommerce/assets/js/frontend/woocommerce.min.js?ver=10.2.2 HTTP/1.1" 200 1275 "https://batconpakistan.org/" "Mozilla/5.0 (compatible; Dataprovider.com)"
149.56.160.215 - - [15/Oct/2025:00:20:01 -0400] "GET /wp-includes/js/jquery/jquery.min.js?ver=3.7.1 HTTP/1.1" 200 29744 "https://batconpakistan.org/" "Mozilla/5.0 (compatible; Dataprovider.com)"
149.56.160.215 - - [15/Oct/2025:00:20:02 -0400] "GET /wp-content/plugins/revslider/public/assets/js/extensions/revolution.extension.navigation.min.js?version=5.3.1.4 HTTP/1.1" 200 6722 "https://batconpakistan.org/" "Mozilla/5.0 (compatible; Dataprovider.com)"
149.56.160.215 - - [15/Oct/2025:00:20:02 -0400] "GET /wp-content/plugins/revslider/public/assets/js/extensions/revolution.extension.slideanims.min.js?version=5.3.1.4 HTTP/1.1" 200 6402 "https://batconpakistan.org/" "Mozilla/5.0 (compatible; Dataprovider.com)"
149.56.160.215 - - [15/Oct/2025:00:20:03 -0400] "GET /wp-content/plugins/revslider/public/assets/js/extensions/revolution.extension.layeranimation.min.js?version=5.3.1.4 HTTP/1.1" 200 12349 "https://batconpakistan.org/" "Mozilla/5.0 (compatible; Dataprovider.com)"
149.56.160.215 - - [15/Oct/2025:00:20:03 -0400] "GET /wp-content/plugins/revslider/public/assets/js/extensions/revolution.extension.actions.min.js?version=5.3.1.4 HTTP/1.1" 200 2343 "https://batconpakistan.org/" "Mozilla/5.0 (compatible; Dataprovider.com)"
149.56.160.215 - - [15/Oct/2025:00:20:03 -0400] "GET /wp-content/uploads/2021/01/Batcon-Pakistan-Transparent-150-px.png HTTP/1.1" 200 6628 "https://batconpakistan.org/" "Mozilla/5.0 (compatible; Dataprovider.com)"
149.56.160.215 - - [15/Oct/2025:00:20:03 -0400] "GET / HTTP/1.1" 301 0 "-" "Mozilla/5.0 (compatible; Dataprovider.com)"
149.56.160.215 - - [15/Oct/2025:00:20:03 -0400] "GET /wp-content/plugins/revslider/public/assets/assets/loader.gif HTTP/1.1" 200 2545 "https://batconpakistan.org/wp-content/cache/autoptimize/css/autoptimize_single_e41c8b843d0a67ae2fd223ba1ef4c4b0.css?ver=5.3.1.5" "Mozilla/5.0 (compatible; Dataprovider.com)"
149.56.160.215 - - [15/Oct/2025:00:20:03 -0400] "GET /wp-content/plugins/revslider/public/assets/fonts/revicons/revicons.woff?5510888 HTTP/1.1" 200 7536 "https://batconpakistan.org/wp-content/cache/autoptimize/css/autoptimize_single_e41c8b843d0a67ae2fd223ba1ef4c4b0.css?ver=5.3.1.5" "Mozilla/5.0 (compatible; Dataprovider.com)"
149.56.160.215 - - [15/Oct/2025:00:20:03 -0400] "GET / HTTP/1.1" 200 23132 "-" "Mozilla/5.0 (compatible; Dataprovider.com)"
149.56.160.215 - - [15/Oct/2025:00:20:03 -0400] "GET /wp-content/uploads/2021/01/btm2-bg-3.jpg HTTP/1.1" 200 384985 "https://batconpakistan.org/" "Mozilla/5.0 (compatible; Dataprovider.com)"
149.56.160.215 - - [15/Oct/2025:00:20:04 -0400] "GET /robots.txt HTTP/1.1" 301 0 "-" "Mozilla/5.0 (compatible; Dataprovider.com)"
149.56.160.215 - - [15/Oct/2025:00:20:04 -0400] "GET /wp-content/uploads/2021/01/EIg9iHBOAL-100x50.jpg HTTP/1.1" 200 2593 "https://batconpakistan.org/" "Mozilla/5.0 (compatible; Dataprovider.com)"
149.56.160.215 - - [15/Oct/2025:00:20:05 -0400] "OPTIONS / HTTP/1.1" 200 0 "-" "Mozilla/5.0 (compatible; Dataprovider.com)"
149.56.160.215 - - [15/Oct/2025:00:20:14 -0400] "GET /wp-content/uploads/2021/01/obBrWQr60P-100x50.jpg HTTP/1.1" 200 1424 "https://batconpakistan.org/" "Mozilla/5.0 (compatible; Dataprovider.com)"
43.157.191.20 - - [15/Oct/2025:00:20:18 -0400] "GET /2023/10/03/nipah-virus-alert-heightened-risks-and-precautionary-measures-in-pakistan/ HTTP/1.1" 200 23131 "-" "Mozilla/5.0 (iPhone; CPU iPhone OS 13_2_3 like Mac OS X) AppleWebKit/605.1.15 (KHTML, like Gecko) Version/13.0.3 Mobile/15E148 Safari/604.1"
162.0.235.240 - - [15/Oct/2025:00:22:47 -0400] "GET /wp-content/plugins/contact-form-7-style/admin/predefined-templates.json HTTP/1.1" 200 1323 "-" "WordPress/6.8.3; https://batconpakistan.org"
162.0.235.240 - - [15/Oct/2025:00:22:48 -0400] "POST /wp-cron.php?doing_wp_cron=1760502168.0337269306182861328125 HTTP/1.1" 200 0 "-" "WordPress/6.8.3; https://batconpakistan.org"
66.29.132.74 - - [15/Oct/2025:00:22:44 -0400] "POST /wp-login.php HTTP/1.1" 200 2040 "https://batconpakistan.org" "Mozilla/5.0 (Macintosh; Intel Mac OS X 10_15_7) AppleWebKit/537.36 (KHTML, like Gecko) Chrome/112.0.5615.138 Safari/537.36"
162.0.235.240 - - [15/Oct/2025:00:22:48 -0400] "GET /wp-content/plugins/contact-form-7-style/admin/predefined-templates.json HTTP/1.1" 200 1323 "-" "WordPress/6.8.3; https://batconpakistan.org"
15.235.140.141 - - [15/Oct/2025:00:25:12 -0400] "GET /wp-login.php HTTP/1.1" 200 1885 "-" "Mozilla/5.0 (Windows NT 10.0; WOW64) AppleWebKit/537.36 (KHTML, like Gecko) Chrome/65.0.3325.181 Safari/537.36 OPR/52.0.2871.40"
162.0.235.240 - - [15/Oct/2025:00:25:18 -0400] "GET /wp-content/plugins/contact-form-7-style/admin/predefined-templates.json HTTP/1.1" 200 1323 "-" "WordPress/6.8.3; https://batconpakistan.org"
162.0.235.240 - - [15/Oct/2025:00:25:19 -0400] "POST /wp-cron.php?doing_wp_cron=1760502319.2693409919738769531250 HTTP/1.1" 200 0 "-" "WordPress/6.8.3; https://batconpakistan.org"
15.235.140.141 - - [15/Oct/2025:00:25:15 -0400] "POST /wp-login.php HTTP/1.1" 200 2045 "https://batconpakistan.org/wp-login.php" "Mozilla/5.0 (Windows NT 10.0; WOW64) AppleWebKit/537.36 (KHTML, like Gecko) Chrome/65.0.3325.181 Safari/537.36 OPR/52.0.2871.40"
162.0.235.240 - - [15/Oct/2025:00:25:19 -0400] "GET /wp-content/plugins/contact-form-7-style/admin/predefined-templates.json HTTP/1.1" 200 1323 "-" "WordPress/6.8.3; https://batconpakistan.org"
162.0.235.240 - - [15/Oct/2025:00:28:00 -0400] "GET /wp-content/plugins/contact-form-7-style/admin/predefined-templates.json HTTP/1.1" 200 1323 "-" "WordPress/6.8.3; https://batconpakistan.org"
162.0.235.240 - - [15/Oct/2025:00:28:01 -0400] "POST /wp-cron.php?doing_wp_cron=1760502481.3734290599822998046875 HTTP/1.1" 200 0 "-" "WordPress/6.8.3; https://batconpakistan.org"
104.236.74.180 - - [15/Oct/2025:00:27:58 -0400] "POST /wp-login.php HTTP/1.1" 200 1986 "https://batconpakistan.org" "Mozilla/5.0 (Windows NT 10.0; Win64; x64) AppleWebKit/537.36 (KHTML, like Gecko) Chrome/112.0.5615.138 Safari/537.36"
162.0.235.240 - - [15/Oct/2025:00:28:01 -0400] "GET /wp-content/plugins/contact-form-7-style/admin/predefined-templates.json HTTP/1.1" 200 1323 "-" "WordPress/6.8.3; https://batconpakistan.org"
147.135.104.173 - - [15/Oct/2025:00:30:19 -0400] "GET /wp-login.php HTTP/1.1" 200 1885 "-" "Mozilla/5.0 (Macintosh; Intel Mac OS X 10_12) AppleWebKit/602.1.40 (KHTML, like Gecko) Version/10.0 Safari/602.1.40"
162.0.235.240 - - [15/Oct/2025:00:30:27 -0400] "GET /wp-content/plugins/contact-form-7-style/admin/predefined-templates.json HTTP/1.1" 200 1323 "-" "WordPress/6.8.3; https://batconpakistan.org"
162.0.235.240 - - [15/Oct/2025:00:30:28 -0400] "POST /wp-cron.php?doing_wp_cron=1760502628.2262809276580810546875 HTTP/1.1" 200 0 "-" "WordPress/6.8.3; https://batconpakistan.org"
147.135.104.173 - - [15/Oct/2025:00:30:23 -0400] "POST /wp-login.php HTTP/1.1" 200 2045 "https://batconpakistan.org/wp-login.php" "Mozilla/5.0 (Macintosh; Intel Mac OS X 10_12) AppleWebKit/602.1.40 (KHTML, like Gecko) Version/10.0 Safari/602.1.40"
162.0.235.240 - - [15/Oct/2025:00:30:28 -0400] "GET /wp-content/plugins/contact-form-7-style/admin/predefined-templates.json HTTP/1.1" 200 1323 "-" "WordPress/6.8.3; https://batconpakistan.org"
170.106.165.76 - - [15/Oct/2025:00:30:30 -0400] "GET /xmlrpc.php HTTP/1.1" 403 1242 "-" "Mozilla/5.0 (iPhone; CPU iPhone OS 13_2_3 like Mac OS X) AppleWebKit/605.1.15 (KHTML, like Gecko) Version/13.0.3 Mobile/15E148 Safari/604.1"
162.0.235.240 - - [15/Oct/2025:00:33:20 -0400] "GET /wp-content/plugins/contact-form-7-style/admin/predefined-templates.json HTTP/1.1" 200 1323 "-" "WordPress/6.8.3; https://batconpakistan.org"
162.0.235.240 - - [15/Oct/2025:00:33:21 -0400] "POST /wp-cron.php?doing_wp_cron=1760502801.3206379413604736328125 HTTP/1.1" 200 0 "-" "WordPress/6.8.3; https://batconpakistan.org"
2603:3:610c:f090:: - - [15/Oct/2025:00:33:18 -0400] "POST /wp-login.php HTTP/1.1" 200 1986 "https://batconpakistan.org" "Mozilla/5.0 (Windows NT 10.0; Win64; x64) AppleWebKit/537.36 (KHTML, like Gecko) Chrome/116.0.5845.96 Safari/537.36 Edg/116.0.1938.62"
162.0.235.240 - - [15/Oct/2025:00:33:21 -0400] "GET /wp-content/plugins/contact-form-7-style/admin/predefined-templates.json HTTP/1.1" 200 1323 "-" "WordPress/6.8.3; https://batconpakistan.org"
137.184.193.136 - - [15/Oct/2025:00:35:10 -0400] "GET /wp-login.php HTTP/1.1" 200 1885 "-" "Mozilla/5.0 (Windows NT 10.0; WOW64; Trident/7.0; MALNJS; rv:11.0) like Gecko"
162.0.235.240 - - [15/Oct/2025:00:35:15 -0400] "GET /wp-content/plugins/contact-form-7-style/admin/predefined-templates.json HTTP/1.1" 200 1323 "-" "WordPress/6.8.3; https://batconpakistan.org"
162.0.235.240 - - [15/Oct/2025:00:35:15 -0400] "POST /wp-cron.php?doing_wp_cron=1760502915.8220369815826416015625 HTTP/1.1" 200 0 "-" "WordPress/6.8.3; https://batconpakistan.org"
137.184.193.136 - - [15/Oct/2025:00:35:11 -0400] "POST /wp-login.php HTTP/1.1" 200 2045 "https://batconpakistan.org/wp-login.php" "Mozilla/5.0 (Windows NT 10.0; WOW64; Trident/7.0; MALNJS; rv:11.0) like Gecko"
162.0.235.240 - - [15/Oct/2025:00:35:16 -0400] "GET /wp-content/plugins/contact-form-7-style/admin/predefined-templates.json HTTP/1.1" 200 1323 "-" "WordPress/6.8.3; https://batconpakistan.org"
162.0.235.240 - - [15/Oct/2025:00:38:41 -0400] "GET /wp-content/plugins/contact-form-7-style/admin/predefined-templates.json HTTP/1.1" 200 1323 "-" "WordPress/6.8.3; https://batconpakistan.org"
162.0.235.240 - - [15/Oct/2025:00:38:42 -0400] "POST /wp-cron.php?doing_wp_cron=1760503122.1454689502716064453125 HTTP/1.1" 200 0 "-" "WordPress/6.8.3; https://batconpakistan.org"
173.236.218.94 - - [15/Oct/2025:00:38:38 -0400] "POST /wp-login.php HTTP/1.1" 200 1986 "https://batconpakistan.org" "Mozilla/5.0 (Windows NT 10.0; Win64; x64; rv:125.0.1) Gecko/20100101 Firefox/125.0.1"
162.0.235.240 - - [15/Oct/2025:00:38:42 -0400] "GET /wp-content/plugins/contact-form-7-style/admin/predefined-templates.json HTTP/1.1" 200 1323 "-" "WordPress/6.8.3; https://batconpakistan.org"
162.0.235.240 - - [15/Oct/2025:00:38:50 -0400] "GET /wp-content/plugins/contact-form-7-style/admin/predefined-templates.json HTTP/1.1" 200 1323 "-" "WordPress/6.8.3; https://batconpakistan.org"
162.0.235.240 - - [15/Oct/2025:00:38:50 -0400] "POST /wp-cron.php?doing_wp_cron=1760503130.8306000232696533203125 HTTP/1.1" 200 0 "-" "WordPress/6.8.3; https://batconpakistan.org"
162.0.235.240 - - [15/Oct/2025:00:38:51 -0400] "GET /wp-content/plugins/contact-form-7-style/admin/predefined-templates.json HTTP/1.1" 200 1323 "-" "WordPress/6.8.3; https://batconpakistan.org"
43.167.245.18 - - [15/Oct/2025:00:38:50 -0400] "GET /wp-json/oembed/1.0/embed?url=https%3A%2F%2Fbatconpakistan.org%2F HTTP/1.1" 200 5971 "-" "Mozilla/5.0 (iPhone; CPU iPhone OS 13_2_3 like Mac OS X) AppleWebKit/605.1.15 (KHTML, like Gecko) Version/13.0.3 Mobile/15E148 Safari/604.1"
162.0.235.240 - - [15/Oct/2025:00:40:59 -0400] "GET /wp-content/plugins/contact-form-7-style/admin/predefined-templates.json HTTP/1.1" 200 1323 "-" "WordPress/6.8.3; https://batconpakistan.org"
103.171.180.119 - - [15/Oct/2025:00:40:59 -0400] "GET /wp-login.php HTTP/1.1" 200 1885 "-" "Mozilla/5.0 (Windows NT 6.3; WOW64; Trident/7.0; MAMIJS; rv:11.0) like Gecko"
162.0.235.240 - - [15/Oct/2025:00:41:00 -0400] "POST /wp-cron.php?doing_wp_cron=1760503260.0713570117950439453125 HTTP/1.1" 200 0 "-" "WordPress/6.8.3; https://batconpakistan.org"
66.249.66.72 - - [15/Oct/2025:00:40:56 -0400] "GET /category-sitemap.xml HTTP/1.1" 200 393 "-" "Mozilla/5.0 (compatible; Googlebot/2.1; +http://www.google.com/bot.html)"
162.0.235.240 - - [15/Oct/2025:00:41:00 -0400] "GET /wp-content/plugins/contact-form-7-style/admin/predefined-templates.json HTTP/1.1" 200 1323 "-" "WordPress/6.8.3; https://batconpakistan.org"
162.0.235.240 - - [15/Oct/2025:00:41:01 -0400] "GET /wp-content/plugins/contact-form-7-style/admin/predefined-templates.json HTTP/1.1" 200 1323 "-" "WordPress/6.8.3; https://batconpakistan.org"
103.171.180.119 - - [15/Oct/2025:00:41:01 -0400] "POST /wp-login.php HTTP/1.1" 200 2045 "https://batconpakistan.org/wp-login.php" "Mozilla/5.0 (Windows NT 6.3; WOW64; Trident/7.0; MAMIJS; rv:11.0) like Gecko"
44.210.213.220 - - [15/Oct/2025:00:41:36 -0400] "GET /2021/02/07/a-new-research-project-will-explore-how-extreme-heat-events-impact-indian-flying-foxes-in-pakistan/ HTTP/1.1" 200 23107 "-" "Mozilla/5.0 AppleWebKit/537.36 (KHTML, like Gecko; compatible; Amazonbot/0.1; +https://developer.amazon.com/support/amazonbot) Chrome/119.0.6045.214 Safari/537.36"
162.0.235.240 - - [15/Oct/2025:00:42:14 -0400] "GET /wp-content/plugins/contact-form-7-style/admin/predefined-templates.json HTTP/1.1" 200 1323 "-" "WordPress/6.8.3; https://batconpakistan.org"
162.0.235.240 - - [15/Oct/2025:00:42:15 -0400] "POST /wp-cron.php?doing_wp_cron=1760503335.0433430671691894531250 HTTP/1.1" 200 0 "-" "WordPress/6.8.3; https://batconpakistan.org"
216.73.216.20 - - [15/Oct/2025:00:42:14 -0400] "GET /2023/10/03/nipah-virus-alert-heightened-risks-and-precautionary-measures-in-pakistan HTTP/1.1" 301 0 "-" "Mozilla/5.0 AppleWebKit/537.36 (KHTML, like Gecko; compatible; ClaudeBot/1.0; +claudebot@anthropic.com)"
216.73.216.20 - - [15/Oct/2025:00:42:15 -0400] "GET /2023/10/03/nipah-virus-alert-heightened-risks-and-precautionary-measures-in-pakistan/ HTTP/1.1" 200 23131 "https://batconpakistan.org/2023/10/03/nipah-virus-alert-heightened-risks-and-precautionary-measures-in-pakistan" "Mozilla/5.0 AppleWebKit/537.36 (KHTML, like Gecko; compatible; ClaudeBot/1.0; +claudebot@anthropic.com)"
162.0.235.240 - - [15/Oct/2025:00:42:15 -0400] "GET /wp-content/plugins/contact-form-7-style/admin/predefined-templates.json HTTP/1.1" 200 1323 "-" "WordPress/6.8.3; https://batconpakistan.org"
198.244.226.50 - - [15/Oct/2025:00:43:26 -0400] "GET /robots.txt HTTP/1.1" 200 183 "-" "Mozilla/5.0 (compatible; AhrefsBot/7.0; +http://ahrefs.com/robot/)"
162.0.235.240 - - [15/Oct/2025:00:43:41 -0400] "GET /wp-content/plugins/contact-form-7-style/admin/predefined-templates.json HTTP/1.1" 200 1323 "-" "WordPress/6.8.3; https://batconpakistan.org"
162.0.235.240 - - [15/Oct/2025:00:43:41 -0400] "POST /wp-cron.php?doing_wp_cron=1760503421.6955440044403076171875 HTTP/1.1" 200 0 "-" "WordPress/6.8.3; https://batconpakistan.org"
51.89.129.76 - - [15/Oct/2025:00:43:37 -0400] "GET /sitemap_index.xml HTTP/1.1" 200 512 "-" "Mozilla/5.0 (compatible; AhrefsBot/7.0; +http://ahrefs.com/robot/)"
162.0.235.240 - - [15/Oct/2025:00:43:42 -0400] "GET /wp-content/plugins/contact-form-7-style/admin/predefined-templates.json HTTP/1.1" 200 1323 "-" "WordPress/6.8.3; https://batconpakistan.org"
162.0.235.240 - - [15/Oct/2025:00:43:46 -0400] "GET /wp-content/plugins/contact-form-7-style/admin/predefined-templates.json HTTP/1.1" 200 1323 "-" "WordPress/6.8.3; https://batconpakistan.org"
51.195.244.132 - - [15/Oct/2025:00:43:45 -0400] "GET /post-sitemap.xml HTTP/1.1" 200 976 "-" "Mozilla/5.0 (compatible; AhrefsBot/7.0; +http://ahrefs.com/robot/)"
162.0.235.240 - - [15/Oct/2025:00:43:57 -0400] "GET /wp-content/plugins/contact-form-7-style/admin/predefined-templates.json HTTP/1.1" 200 1323 "-" "WordPress/6.8.3; https://batconpakistan.org"
162.0.235.240 - - [15/Oct/2025:00:43:58 -0400] "POST /wp-cron.php?doing_wp_cron=1760503438.1556301116943359375000 HTTP/1.1" 200 0 "-" "WordPress/6.8.3; https://batconpakistan.org"
85.215.36.85 - - [15/Oct/2025:00:43:57 -0400] "POST /wp-login.php HTTP/1.1" 200 1986 "https://batconpakistan.org" "Mozilla/5.0 (Windows NT 10.0; Win64; x64; rv:127.0) Gecko/20100101 Firefox/127.0"
162.0.235.240 - - [15/Oct/2025:00:43:58 -0400] "GET /wp-content/plugins/contact-form-7-style/admin/predefined-templates.json HTTP/1.1" 200 1323 "-" "WordPress/6.8.3; https://batconpakistan.org"
162.0.235.240 - - [15/Oct/2025:00:44:00 -0400] "GET /wp-content/plugins/contact-form-7-style/admin/predefined-templates.json HTTP/1.1" 200 1323 "-" "WordPress/6.8.3; https://batconpakistan.org"
51.89.129.196 - - [15/Oct/2025:00:44:00 -0400] "GET /page-sitemap.xml HTTP/1.1" 200 1544 "-" "Mozilla/5.0 (compatible; AhrefsBot/7.0; +http://ahrefs.com/robot/)"
54.187.104.178 - - [15/Oct/2025:00:44:08 -0400] "GET / HTTP/1.1" 200 23132 "-" "Mozilla/5.0 (Macintosh; Intel Mac OS X 10_15_7) AppleWebKit/537.36 (KHTML, like Gecko) Chrome/113.0.0.0 Safari/537.36"
54.187.104.178 - - [15/Oct/2025:00:44:09 -0400] "GET /wp-content/cache/autoptimize/css/autoptimize_single_c239a19ab97fc5c3a9185c6f4769b642.css?ver=1.8.8.3 HTTP/1.1" 200 501 "https://batconpakistan.org/" "Mozilla/5.0 (Macintosh; Intel Mac OS X 10_15_7) AppleWebKit/537.36 (KHTML, like Gecko) Chrome/113.0.0.0 Safari/537.36"
54.187.104.178 - - [15/Oct/2025:00:44:09 -0400] "GET /wp-content/plugins/simple-twitter-tweets/css/stt.min.css?ver=6.8.3 HTTP/1.1" 200 3164 "https://batconpakistan.org/" "Mozilla/5.0 (Macintosh; Intel Mac OS X 10_15_7) AppleWebKit/537.36 (KHTML, like Gecko) Chrome/113.0.0.0 Safari/537.36"
54.187.104.178 - - [15/Oct/2025:00:44:09 -0400] "GET /wp-content/cache/autoptimize/css/autoptimize_single_bb19cc3e4cecbebaea2b5a331bcd0a22.css?ver=3.19.1 HTTP/1.1" 200 10177 "https://batconpakistan.org/" "Mozilla/5.0 (Macintosh; Intel Mac OS X 10_15_7) AppleWebKit/537.36 (KHTML, like Gecko) Chrome/113.0.0.0 Safari/537.36"
54.187.104.178 - - [15/Oct/2025:00:44:09 -0400] "GET /wp-includes/css/dashicons.min.css?ver=6.8.3 HTTP/1.1" 200 35110 "https://batconpakistan.org/" "Mozilla/5.0 (Macintosh; Intel Mac OS X 10_15_7) AppleWebKit/537.36 (KHTML, like Gecko) Chrome/113.0.0.0 Safari/537.36"
54.187.104.178 - - [15/Oct/2025:00:44:09 -0400] "GET /wp-content/uploads/dynamic-mobmenu.css?ver=2.8.8-839 HTTP/1.1" 200 1744 "https://batconpakistan.org/" "Mozilla/5.0 (Macintosh; Intel Mac OS X 10_15_7) AppleWebKit/537.36 (KHTML, like Gecko) Chrome/113.0.0.0 Safari/537.36"
54.187.104.178 - - [15/Oct/2025:00:44:09 -0400] "GET /wp-content/plugins/woocommerce/assets/js/sourcebuster/sourcebuster.min.js?ver=10.2.2 HTTP/1.1" 304 0 "https://batconpakistan.org/" "Mozilla/5.0 (Macintosh; Intel Mac OS X 10_15_7) AppleWebKit/537.36 (KHTML, like Gecko) Chrome/113.0.0.0 Safari/537.36"
54.187.104.178 - - [15/Oct/2025:00:44:09 -0400] "GET /wp-content/themes/born-to-give/vendor/fullcalendar/fullcalendar.min.js?ver=2.3.1.8 HTTP/1.1" 304 0 "https://batconpakistan.org/" "Mozilla/5.0 (Macintosh; Intel Mac OS X 10_15_7) AppleWebKit/537.36 (KHTML, like Gecko) Chrome/113.0.0.0 Safari/537.36"
54.187.104.178 - - [15/Oct/2025:00:44:09 -0400] "GET /wp-content/themes/born-to-give/vendor/owl-carousel/js/owl.carousel.min.js?ver=2.3.1.8 HTTP/1.1" 304 0 "https://batconpakistan.org/" "Mozilla/5.0 (Macintosh; Intel Mac OS X 10_15_7) AppleWebKit/537.36 (KHTML, like Gecko) Chrome/113.0.0.0 Safari/537.36"
54.187.104.178 - - [15/Oct/2025:00:44:09 -0400] "GET /wp-includes/js/dist/i18n.min.js?ver=5e580eb46a90c2b997e6 HTTP/1.1" 304 0 "https://batconpakistan.org/" "Mozilla/5.0 (Macintosh; Intel Mac OS X 10_15_7) AppleWebKit/537.36 (KHTML, like Gecko) Chrome/113.0.0.0 Safari/537.36"
54.187.104.178 - - [15/Oct/2025:00:44:09 -0400] "GET /wp-content/plugins/revslider/public/assets/js/jquery.themepunch.tools.min.js?ver=5.3.1.5 HTTP/1.1" 304 0 "https://batconpakistan.org/" "Mozilla/5.0 (Macintosh; Intel Mac OS X 10_15_7) AppleWebKit/537.36 (KHTML, like Gecko) Chrome/113.0.0.0 Safari/537.36"
54.187.104.178 - - [15/Oct/2025:00:44:09 -0400] "GET /wp-content/themes/born-to-give/vendor/fullcalendar/lib/moment.min.js?ver=2.3.1.8 HTTP/1.1" 304 0 "https://batconpakistan.org/" "Mozilla/5.0 (Macintosh; Intel Mac OS X 10_15_7) AppleWebKit/537.36 (KHTML, like Gecko) Chrome/113.0.0.0 Safari/537.36"
54.187.104.178 - - [15/Oct/2025:00:44:09 -0400] "GET /wp-content/plugins/revslider/public/assets/js/jquery.themepunch.revolution.min.js?ver=5.3.1.5 HTTP/1.1" 304 0 "https://batconpakistan.org/" "Mozilla/5.0 (Macintosh; Intel Mac OS X 10_15_7) AppleWebKit/537.36 (KHTML, like Gecko) Chrome/113.0.0.0 Safari/537.36"
54.187.104.178 - - [15/Oct/2025:00:44:09 -0400] "GET /wp-content/plugins/woocommerce/assets/js/frontend/woocommerce.min.js?ver=10.2.2 HTTP/1.1" 304 0 "https://batconpakistan.org/" "Mozilla/5.0 (Macintosh; Intel Mac OS X 10_15_7) AppleWebKit/537.36 (KHTML, like Gecko) Chrome/113.0.0.0 Safari/537.36"
54.187.104.178 - - [15/Oct/2025:00:44:09 -0400] "GET /wp-content/plugins/js_composer/assets/lib/bower/skrollr/dist/skrollr.min.js?ver=6.5.0 HTTP/1.1" 304 0 "https://batconpakistan.org/" "Mozilla/5.0 (Macintosh; Intel Mac OS X 10_15_7) AppleWebKit/537.36 (KHTML, like Gecko) Chrome/113.0.0.0 Safari/537.36"
