162.0.235.240 - - [15/Oct/2025:03:00:41 -0400] "POST /wp-cron.php?doing_wp_cron=1760511641.1189188957214355468750 HTTP/1.1" 200 0 "-" "WordPress/6.8.3; https://batconpakistan.org"
52.167.144.177 - - [15/Oct/2025:03:00:39 -0400] "GET /Power-Transmission-Products-Cylindrical-Roller-Bearing-607048-Cylindrical/ HTTP/1.1" 404 15664 "-" "Mozilla/5.0 AppleWebKit/537.36 (KHTML, like Gecko; compatible; bingbot/2.0; +http://www.bing.com/bingbot.htm) Chrome/116.0.1938.76 Safari/537.36"
162.0.235.240 - - [15/Oct/2025:03:00:42 -0400] "GET /wp-content/plugins/contact-form-7-style/admin/predefined-templates.json HTTP/1.1" 200 1323 "-" "WordPress/6.8.3; https://batconpakistan.org"
66.249.66.72 - - [15/Oct/2025:03:01:55 -0400] "GET /wp-content/uploads/2021/01/Batcon-Pakistan-Transparent-200-px.png HTTP/1.1" 200 7727 "-" "Googlebot-Image/1.0"
157.15.203.39 - - [15/Oct/2025:03:05:25 -0400] "GET /wp-login.php HTTP/1.1" 200 1885 "-" "Mozilla/5.0 (Macintosh; Intel Mac OS X 10_10_5) AppleWebKit/602.1.50 (KHTML, like Gecko) Version/10.0 Safari/602.1.50"
162.0.235.240 - - [15/Oct/2025:03:05:32 -0400] "GET /wp-content/plugins/contact-form-7-style/admin/predefined-templates.json HTTP/1.1" 200 1323 "-" "WordPress/6.8.3; https://batconpakistan.org"
162.0.235.240 - - [15/Oct/2025:03:05:33 -0400] "POST /wp-cron.php?doing_wp_cron=1760511933.8574829101562500000000 HTTP/1.1" 200 0 "-" "WordPress/6.8.3; https://batconpakistan.org"
157.15.203.39 - - [15/Oct/2025:03:05:27 -0400] "POST /wp-login.php HTTP/1.1" 200 2045 "https://batconpakistan.org/wp-login.php" "Mozilla/5.0 (Macintosh; Intel Mac OS X 10_10_5) AppleWebKit/602.1.50 (KHTML, like Gecko) Version/10.0 Safari/602.1.50"
162.0.235.240 - - [15/Oct/2025:03:05:34 -0400] "GET /wp-content/plugins/contact-form-7-style/admin/predefined-templates.json HTTP/1.1" 200 1323 "-" "WordPress/6.8.3; https://batconpakistan.org"
46.245.76.50 - - [15/Oct/2025:03:09:46 -0400] "GET /xmlrpc.php HTTP/1.1" 403 1242 "http://batconpakistan.org" "Mozilla/5.0 (Windows NT 10.0; Win64; x64) AppleWebKit/537.36 (KHTML, like Gecko) Chrome/115.0.5790.171 Safari/537.36 Edg/115.0.1901.203"
182.43.31.128 - - [15/Oct/2025:03:14:15 -0400] "GET /wp-login.php HTTP/1.1" 200 1885 "-" "Apache-HttpClient/4.5.2 (Java/1.8.0_151)"
182.43.31.128 - - [15/Oct/2025:03:14:16 -0400] "GET /?author=1 HTTP/1.1" 403 1242 "-" "Apache-HttpClient/4.5.2 (Java/1.8.0_151)"
182.43.31.128 - - [15/Oct/2025:03:14:16 -0400] "GET /?author=2 HTTP/1.1" 403 1242 "-" "Apache-HttpClient/4.5.2 (Java/1.8.0_151)"
182.43.31.128 - - [15/Oct/2025:03:14:16 -0400] "GET /?author=3 HTTP/1.1" 403 1242 "-" "Apache-HttpClient/4.5.2 (Java/1.8.0_151)"
182.43.31.128 - - [15/Oct/2025:03:14:17 -0400] "GET /?author=4 HTTP/1.1" 403 1242 "-" "Apache-HttpClient/4.5.2 (Java/1.8.0_151)"
182.43.31.128 - - [15/Oct/2025:03:14:17 -0400] "GET /?author=5 HTTP/1.1" 403 1242 "-" "Apache-HttpClient/4.5.2 (Java/1.8.0_151)"
182.43.31.128 - - [15/Oct/2025:03:14:18 -0400] "GET /?author=6 HTTP/1.1" 403 1242 "-" "Apache-HttpClient/4.5.2 (Java/1.8.0_151)"
182.43.31.128 - - [15/Oct/2025:03:14:19 -0400] "GET /?author=7 HTTP/1.1" 403 1242 "-" "Apache-HttpClient/4.5.2 (Java/1.8.0_151)"
182.43.31.128 - - [15/Oct/2025:03:14:19 -0400] "GET /?author=8 HTTP/1.1" 403 1242 "-" "Apache-HttpClient/4.5.2 (Java/1.8.0_151)"
182.43.31.128 - - [15/Oct/2025:03:14:19 -0400] "GET /?author=9 HTTP/1.1" 403 1242 "-" "Apache-HttpClient/4.5.2 (Java/1.8.0_151)"
89.22.111.56 - - [15/Oct/2025:03:14:20 -0400] "GET /xmlrpc.php HTTP/1.1" 403 1242 "http://batconpakistan.org/xmlrpc.php" "Mozilla/5.0 (X11; Ubuntu; Linux x86_64; rv:85.0) Gecko/20100101 Firefox/91.0"
182.43.31.128 - - [15/Oct/2025:03:14:20 -0400] "GET /?author=10 HTTP/1.1" 403 1242 "-" "Apache-HttpClient/4.5.2 (Java/1.8.0_151)"
182.43.31.128 - - [15/Oct/2025:03:14:20 -0400] "GET /?author=11 HTTP/1.1" 403 1242 "-" "Apache-HttpClient/4.5.2 (Java/1.8.0_151)"
182.43.31.128 - - [15/Oct/2025:03:14:21 -0400] "GET /?author=12 HTTP/1.1" 403 1242 "-" "Apache-HttpClient/4.5.2 (Java/1.8.0_151)"
182.43.31.128 - - [15/Oct/2025:03:14:22 -0400] "GET /?author=13 HTTP/1.1" 403 1242 "-" "Apache-HttpClient/4.5.2 (Java/1.8.0_151)"
182.43.31.128 - - [15/Oct/2025:03:14:22 -0400] "GET /?author=14 HTTP/1.1" 403 1242 "-" "Apache-HttpClient/4.5.2 (Java/1.8.0_151)"
182.43.31.128 - - [15/Oct/2025:03:14:23 -0400] "GET /?author=15 HTTP/1.1" 403 1242 "-" "Apache-HttpClient/4.5.2 (Java/1.8.0_151)"
182.43.31.128 - - [15/Oct/2025:03:14:23 -0400] "GET /?author=16 HTTP/1.1" 403 1242 "-" "Apache-HttpClient/4.5.2 (Java/1.8.0_151)"
182.43.31.128 - - [15/Oct/2025:03:14:24 -0400] "GET /?author=17 HTTP/1.1" 403 1242 "-" "Apache-HttpClient/4.5.2 (Java/1.8.0_151)"
182.43.31.128 - - [15/Oct/2025:03:14:24 -0400] "GET /?author=18 HTTP/1.1" 403 1242 "-" "Apache-HttpClient/4.5.2 (Java/1.8.0_151)"
182.43.31.128 - - [15/Oct/2025:03:14:25 -0400] "GET /?author=19 HTTP/1.1" 403 1242 "-" "Apache-HttpClient/4.5.2 (Java/1.8.0_151)"
182.43.31.128 - - [15/Oct/2025:03:14:26 -0400] "GET /?author=20 HTTP/1.1" 403 1242 "-" "Apache-HttpClient/4.5.2 (Java/1.8.0_151)"
64.227.37.170 - - [15/Oct/2025:03:29:05 -0400] "GET /xmlrpc.php HTTP/1.1" 403 1242 "http://batconpakistan.org" "Mozilla/5.0 (Windows NT 10.0; Win64; x64; rv:129.0) Gecko/20100101 Firefox/129.0"
185.244.36.159 - - [15/Oct/2025:03:38:42 -0400] "GET /wp-login.php HTTP/1.1" 200 1885 "-" "Mozilla/5.0 (Macintosh; Intel Mac OS X 10_12_6) AppleWebKit/537.36 (KHTML, like Gecko) Chrome/66.0.3359.139 Safari/537.36"
162.0.235.240 - - [15/Oct/2025:03:38:51 -0400] "GET /wp-content/plugins/contact-form-7-style/admin/predefined-templates.json HTTP/1.1" 200 1323 "-" "WordPress/6.8.3; https://batconpakistan.org"
162.0.235.240 - - [15/Oct/2025:03:38:52 -0400] "POST /wp-cron.php?doing_wp_cron=1760513932.2516670227050781250000 HTTP/1.1" 200 0 "-" "WordPress/6.8.3; https://batconpakistan.org"
185.244.36.159 - - [15/Oct/2025:03:38:46 -0400] "POST /wp-login.php HTTP/1.1" 200 2045 "https://batconpakistan.org/wp-login.php" "Mozilla/5.0 (Macintosh; Intel Mac OS X 10_12_6) AppleWebKit/537.36 (KHTML, like Gecko) Chrome/66.0.3359.139 Safari/537.36"
162.0.235.240 - - [15/Oct/2025:03:38:52 -0400] "GET /wp-content/plugins/contact-form-7-style/admin/predefined-templates.json HTTP/1.1" 200 1323 "-" "WordPress/6.8.3; https://batconpakistan.org"
162.0.235.240 - - [15/Oct/2025:03:38:57 -0400] "GET /wp-content/plugins/contact-form-7-style/admin/predefined-templates.json HTTP/1.1" 200 1323 "-" "WordPress/6.8.3; https://batconpakistan.org"
162.0.235.240 - - [15/Oct/2025:03:38:57 -0400] "GET /?wp_scrape_key=ffc3b41a72f499b63d15575f76942390&wp_scrape_nonce=1760513935 HTTP/1.1" 200 23210 "-" "WordPress/6.8.3; https://batconpakistan.org"
162.0.235.240 - - [15/Oct/2025:03:39:01 -0400] "GET /?wp_scrape_key=ffc3b41a72f499b63d15575f76942390&wp_scrape_nonce=1760513935 HTTP/1.1" 200 23210 "-" "WordPress/6.8.3; https://batconpakistan.org"
162.0.235.240 - - [15/Oct/2025:03:39:14 -0400] "GET /wp-content/plugins/contact-form-7-style/admin/predefined-templates.json HTTP/1.1" 200 1323 "-" "WordPress/6.8.3; https://batconpakistan.org"
162.0.235.240 - - [15/Oct/2025:03:39:14 -0400] "POST /wp-cron.php?doing_wp_cron=1760513954.7462909221649169921875 HTTP/1.1" 200 0 "-" "WordPress/6.8.3; https://batconpakistan.org"
43.153.73.200 - - [15/Oct/2025:03:39:11 -0400] "GET / HTTP/1.1" 301 0 "http://www.batconpakistan.org" "Mozilla/5.0 (iPhone; CPU iPhone OS 13_2_3 like Mac OS X) AppleWebKit/605.1.15 (KHTML, like Gecko) Version/13.0.3 Mobile/15E148 Safari/604.1"
162.0.235.240 - - [15/Oct/2025:03:39:15 -0400] "GET /wp-content/plugins/contact-form-7-style/admin/predefined-templates.json HTTP/1.1" 200 1323 "-" "WordPress/6.8.3; https://batconpakistan.org"
162.0.235.240 - - [15/Oct/2025:03:39:16 -0400] "GET /wp-content/plugins/contact-form-7-style/admin/predefined-templates.json HTTP/1.1" 200 1323 "-" "WordPress/6.8.3; https://batconpakistan.org"
43.153.73.200 - - [15/Oct/2025:03:39:15 -0400] "GET / HTTP/1.1" 200 23132 "https://www.batconpakistan.org/" "Mozilla/5.0 (iPhone; CPU iPhone OS 13_2_3 like Mac OS X) AppleWebKit/605.1.15 (KHTML, like Gecko) Version/13.0.3 Mobile/15E148 Safari/604.1"
162.0.235.240 - - [15/Oct/2025:03:42:06 -0400] "GET /wp-content/plugins/contact-form-7-style/admin/predefined-templates.json HTTP/1.1" 200 1323 "-" "WordPress/6.8.3; https://batconpakistan.org"
162.0.235.240 - - [15/Oct/2025:03:42:07 -0400] "POST /wp-cron.php?doing_wp_cron=1760514127.0173530578613281250000 HTTP/1.1" 200 0 "-" "WordPress/6.8.3; https://batconpakistan.org"
52.167.144.185 - - [15/Oct/2025:03:42:03 -0400] "GET /Retail-Store-Fixtures-&-Equipment-with-Drawstring-and-Tags-for-Wedding-DustProof-EcoFriendly-Reusable-WearResistant-NonFading-683308-Gift-Bags/ HTTP/1.1" 404 15665 "-" "Mozilla/5.0 AppleWebKit/537.36 (KHTML, like Gecko; compatible; bingbot/2.0; +http://www.bing.com/bingbot.htm) Chrome/116.0.1938.76 Safari/537.36"
162.0.235.240 - - [15/Oct/2025:03:42:07 -0400] "GET /wp-content/plugins/contact-form-7-style/admin/predefined-templates.json HTTP/1.1" 200 1323 "-" "WordPress/6.8.3; https://batconpakistan.org"
162.0.235.240 - - [15/Oct/2025:03:46:06 -0400] "GET /wp-content/plugins/contact-form-7-style/admin/predefined-templates.json HTTP/1.1" 200 1323 "-" "WordPress/6.8.3; https://batconpakistan.org"
162.0.235.240 - - [15/Oct/2025:03:46:07 -0400] "POST /wp-cron.php?doing_wp_cron=1760514367.2078900337219238281250 HTTP/1.1" 200 0 "-" "WordPress/6.8.3; https://batconpakistan.org"
162.240.155.58 - - [15/Oct/2025:03:46:02 -0400] "GET /wp-login.php HTTP/1.1" 200 1885 "-" "Mozilla/4.0 (compatible; MSIE 7.0; Windows NT 6.2; WOW64; Trident/7.0; .NET4.0C; .NET4.0E; InfoPath.3; .NET CLR 2.0.50727; .NET CLR 3.0.30729; .NET CLR 3.5.30729)"
162.0.235.240 - - [15/Oct/2025:03:46:07 -0400] "GET /wp-content/plugins/contact-form-7-style/admin/predefined-templates.json HTTP/1.1" 200 1323 "-" "WordPress/6.8.3; https://batconpakistan.org"
162.0.235.240 - - [15/Oct/2025:03:46:10 -0400] "GET /wp-content/plugins/contact-form-7-style/admin/predefined-templates.json HTTP/1.1" 200 1323 "-" "WordPress/6.8.3; https://batconpakistan.org"
162.240.155.58 - - [15/Oct/2025:03:46:09 -0400] "POST /wp-login.php HTTP/1.1" 200 2045 "https://batconpakistan.org/wp-login.php" "Mozilla/4.0 (compatible; MSIE 7.0; Windows NT 6.2; WOW64; Trident/7.0; .NET4.0C; .NET4.0E; InfoPath.3; .NET CLR 2.0.50727; .NET CLR 3.0.30729; .NET CLR 3.5.30729)"
162.0.235.240 - - [15/Oct/2025:03:51:19 -0400] "GET /wp-content/plugins/contact-form-7-style/admin/predefined-templates.json HTTP/1.1" 200 1323 "-" "WordPress/6.8.3; https://batconpakistan.org"
162.0.235.240 - - [15/Oct/2025:03:51:20 -0400] "POST /wp-cron.php?doing_wp_cron=1760514680.1579608917236328125000 HTTP/1.1" 200 0 "-" "WordPress/6.8.3; https://batconpakistan.org"
2a03:2880:f800:31:: - - [15/Oct/2025:03:51:15 -0400] "GET /team/dr-muhammad-farooq-tahir/ HTTP/1.1" 200 18063 "-" "meta-externalagent/1.1 (+https://developers.facebook.com/docs/sharing/webmasters/crawler)"
162.0.235.240 - - [15/Oct/2025:03:51:21 -0400] "GET /wp-content/plugins/contact-form-7-style/admin/predefined-templates.json HTTP/1.1" 200 1323 "-" "WordPress/6.8.3; https://batconpakistan.org"
162.0.235.240 - - [15/Oct/2025:03:54:06 -0400] "GET /wp-content/plugins/contact-form-7-style/admin/predefined-templates.json HTTP/1.1" 200 1323 "-" "WordPress/6.8.3; https://batconpakistan.org"
162.0.235.240 - - [15/Oct/2025:03:54:07 -0400] "POST /wp-cron.php?doing_wp_cron=1760514847.4321320056915283203125 HTTP/1.1" 200 0 "-" "WordPress/6.8.3; https://batconpakistan.org"
2a03:2880:f800:3a:: - - [15/Oct/2025:03:54:03 -0400] "GET /team/dr-muhammad-naeem-awan/ HTTP/1.1" 200 16859 "-" "meta-externalagent/1.1 (+https://developers.facebook.com/docs/sharing/webmasters/crawler)"
162.0.235.240 - - [15/Oct/2025:03:54:07 -0400] "GET /wp-content/plugins/contact-form-7-style/admin/predefined-templates.json HTTP/1.1" 200 1323 "-" "WordPress/6.8.3; https://batconpakistan.org"
103.90.235.93 - - [15/Oct/2025:03:55:42 -0400] "GET /wp-login.php HTTP/1.1" 200 1885 "-" "Mozilla/4.0 (compatible; MSIE 7.0; Windows NT 6.2; WOW64; Trident/7.0; .NET4.0E; .NET4.0C; Tablet PC 2.0; .NET CLR 3.5.30729; .NET CLR 2.0.50727; .NET CLR 3.0.30729; McAfee; LCJB)"
162.0.235.240 - - [15/Oct/2025:03:55:47 -0400] "GET /wp-content/plugins/contact-form-7-style/admin/predefined-templates.json HTTP/1.1" 200 1323 "-" "WordPress/6.8.3; https://batconpakistan.org"
162.0.235.240 - - [15/Oct/2025:03:55:48 -0400] "POST /wp-cron.php?doing_wp_cron=1760514948.4725339412689208984375 HTTP/1.1" 200 0 "-" "WordPress/6.8.3; https://batconpakistan.org"
103.90.235.93 - - [15/Oct/2025:03:55:44 -0400] "POST /wp-login.php HTTP/1.1" 200 2045 "https://batconpakistan.org/wp-login.php" "Mozilla/4.0 (compatible; MSIE 7.0; Windows NT 6.2; WOW64; Trident/7.0; .NET4.0E; .NET4.0C; Tablet PC 2.0; .NET CLR 3.5.30729; .NET CLR 2.0.50727; .NET CLR 3.0.30729; McAfee; LCJB)"
162.0.235.240 - - [15/Oct/2025:03:55:49 -0400] "GET /wp-content/plugins/contact-form-7-style/admin/predefined-templates.json HTTP/1.1" 200 1323 "-" "WordPress/6.8.3; https://batconpakistan.org"
162.0.235.240 - - [15/Oct/2025:03:59:32 -0400] "GET /wp-content/plugins/contact-form-7-style/admin/predefined-templates.json HTTP/1.1" 200 1323 "-" "WordPress/6.8.3; https://batconpakistan.org"
162.0.235.240 - - [15/Oct/2025:03:59:33 -0400] "POST /wp-cron.php?doing_wp_cron=1760515173.4338099956512451171875 HTTP/1.1" 200 0 "-" "WordPress/6.8.3; https://batconpakistan.org"
47.128.38.229 - - [15/Oct/2025:03:59:29 -0400] "GET /robots.txt HTTP/1.1" 200 183 "-" "Mozilla/5.0 (Linux; Android 5.0) AppleWebKit/537.36 (KHTML, like Gecko) Mobile Safari/537.36 (compatible; Bytespider; spider-feedback@bytedance.com)"
162.0.235.240 - - [15/Oct/2025:03:59:33 -0400] "GET /wp-content/plugins/contact-form-7-style/admin/predefined-templates.json HTTP/1.1" 200 1323 "-" "WordPress/6.8.3; https://batconpakistan.org"
162.0.235.240 - - [15/Oct/2025:04:00:13 -0400] "GET /wp-content/plugins/contact-form-7-style/admin/predefined-templates.json HTTP/1.1" 200 1323 "-" "WordPress/6.8.3; https://batconpakistan.org"
162.0.235.240 - - [15/Oct/2025:04:00:13 -0400] "POST /wp-cron.php?doing_wp_cron=1760515213.6229469776153564453125 HTTP/1.1" 200 0 "-" "WordPress/6.8.3; https://batconpakistan.org"
52.167.144.185 - - [15/Oct/2025:04:00:12 -0400] "GET /Retail-Store-Fixtures-&-Equipment-x-inches-Furniture-LED-748580-Store-Signs/ HTTP/1.1" 404 15665 "-" "Mozilla/5.0 AppleWebKit/537.36 (KHTML, like Gecko; compatible; bingbot/2.0; +http://www.bing.com/bingbot.htm) Chrome/116.0.1938.76 Safari/537.36"
162.0.235.240 - - [15/Oct/2025:04:00:14 -0400] "GET /wp-content/plugins/contact-form-7-style/admin/predefined-templates.json HTTP/1.1" 200 1323 "-" "WordPress/6.8.3; https://batconpakistan.org"
62.146.234.58 - - [15/Oct/2025:04:01:27 -0400] "GET /wp-login.php HTTP/1.1" 200 1885 "-" "Mozilla/5.0 (Macintosh; Intel Mac OS X 10.11; rv:60.0) Gecko/20100101 Firefox/60.0"
162.0.235.240 - - [15/Oct/2025:04:01:32 -0400] "GET /wp-content/plugins/contact-form-7-style/admin/predefined-templates.json HTTP/1.1" 200 1323 "-" "WordPress/6.8.3; https://batconpakistan.org"
162.0.235.240 - - [15/Oct/2025:04:01:32 -0400] "POST /wp-cron.php?doing_wp_cron=1760515292.2066640853881835937500 HTTP/1.1" 200 0 "-" "WordPress/6.8.3; https://batconpakistan.org"
62.146.234.58 - - [15/Oct/2025:04:01:31 -0400] "POST /wp-login.php HTTP/1.1" 200 2045 "https://batconpakistan.org/wp-login.php" "Mozilla/5.0 (Macintosh; Intel Mac OS X 10.11; rv:60.0) Gecko/20100101 Firefox/60.0"
162.0.235.240 - - [15/Oct/2025:04:01:32 -0400] "GET /wp-content/plugins/contact-form-7-style/admin/predefined-templates.json HTTP/1.1" 200 1323 "-" "WordPress/6.8.3; https://batconpakistan.org"
162.0.235.240 - - [15/Oct/2025:04:03:38 -0400] "GET /wp-content/plugins/contact-form-7-style/admin/predefined-templates.json HTTP/1.1" 200 1323 "-" "WordPress/6.8.3; https://batconpakistan.org"
162.0.235.240 - - [15/Oct/2025:04:03:39 -0400] "POST /wp-cron.php?doing_wp_cron=1760515419.0109109878540039062500 HTTP/1.1" 200 0 "-" "WordPress/6.8.3; https://batconpakistan.org"
43.156.168.214 - - [15/Oct/2025:04:03:34 -0400] "GET /our-activities/ HTTP/1.1" 200 17308 "-" "Mozilla/5.0 (iPhone; CPU iPhone OS 13_2_3 like Mac OS X) AppleWebKit/605.1.15 (KHTML, like Gecko) Version/13.0.3 Mobile/15E148 Safari/604.1"
162.0.235.240 - - [15/Oct/2025:04:03:39 -0400] "GET /wp-content/plugins/contact-form-7-style/admin/predefined-templates.json HTTP/1.1" 200 1323 "-" "WordPress/6.8.3; https://batconpakistan.org"
91.224.90.83 - - [15/Oct/2025:04:03:42 -0400] "GET /xmlrpc.php HTTP/1.1" 403 1242 "http://batconpakistan.org" "Mozilla/5.0 (Windows NT 10.0; Win64; x64) AppleWebKit/537.36 (KHTML, like Gecko) Chrome/126.0.0.0 Safari/537.36 Edg/126.0.0.0"
2400:8902::f03c:92ff:fe74:bd39 - - [15/Oct/2025:04:04:34 -0400] "GET /xmlrpc.php HTTP/1.1" 403 1242 "http://batconpakistan.org/xmlrpc.php" "Mozilla/5.0 (X11; Ubuntu; Linux x86_64; rv:85.0) Gecko/20100101 Firefox/91.0"
182.43.64.48 - - [15/Oct/2025:04:11:12 -0400] "GET /wp-login.php HTTP/1.1" 200 1885 "-" "Apache-HttpClient/4.5.2 (Java/1.8.0_161)"
182.43.64.48 - - [15/Oct/2025:04:11:13 -0400] "GET /?author=1 HTTP/1.1" 403 1242 "-" "Apache-HttpClient/4.5.2 (Java/1.8.0_161)"
182.43.64.48 - - [15/Oct/2025:04:11:13 -0400] "GET /?author=2 HTTP/1.1" 403 1242 "-" "Apache-HttpClient/4.5.2 (Java/1.8.0_161)"
182.43.64.48 - - [15/Oct/2025:04:11:14 -0400] "GET /?author=3 HTTP/1.1" 403 1242 "-" "Apache-HttpClient/4.5.2 (Java/1.8.0_161)"
182.43.64.48 - - [15/Oct/2025:04:11:14 -0400] "GET /?author=4 HTTP/1.1" 403 1242 "-" "Apache-HttpClient/4.5.2 (Java/1.8.0_161)"
182.43.64.48 - - [15/Oct/2025:04:11:14 -0400] "GET /?author=5 HTTP/1.1" 403 1242 "-" "Apache-HttpClient/4.5.2 (Java/1.8.0_161)"
182.43.64.48 - - [15/Oct/2025:04:11:15 -0400] "GET /?author=6 HTTP/1.1" 403 1242 "-" "Apache-HttpClient/4.5.2 (Java/1.8.0_161)"
182.43.64.48 - - [15/Oct/2025:04:11:15 -0400] "GET /?author=7 HTTP/1.1" 403 1242 "-" "Apache-HttpClient/4.5.2 (Java/1.8.0_161)"
182.43.64.48 - - [15/Oct/2025:04:11:16 -0400] "GET /?author=8 HTTP/1.1" 403 1242 "-" "Apache-HttpClient/4.5.2 (Java/1.8.0_161)"
182.43.64.48 - - [15/Oct/2025:04:11:16 -0400] "GET /?author=9 HTTP/1.1" 403 1242 "-" "Apache-HttpClient/4.5.2 (Java/1.8.0_161)"
182.43.64.48 - - [15/Oct/2025:04:11:16 -0400] "GET /?author=10 HTTP/1.1" 403 1242 "-" "Apache-HttpClient/4.5.2 (Java/1.8.0_161)"
182.43.64.48 - - [15/Oct/2025:04:11:17 -0400] "GET /?author=11 HTTP/1.1" 403 1242 "-" "Apache-HttpClient/4.5.2 (Java/1.8.0_161)"
182.43.64.48 - - [15/Oct/2025:04:11:17 -0400] "GET /?author=12 HTTP/1.1" 403 1242 "-" "Apache-HttpClient/4.5.2 (Java/1.8.0_161)"
182.43.64.48 - - [15/Oct/2025:04:11:18 -0400] "GET /?author=13 HTTP/1.1" 403 1242 "-" "Apache-HttpClient/4.5.2 (Java/1.8.0_161)"
182.43.64.48 - - [15/Oct/2025:04:11:18 -0400] "GET /?author=14 HTTP/1.1" 403 1242 "-" "Apache-HttpClient/4.5.2 (Java/1.8.0_161)"
182.43.64.48 - - [15/Oct/2025:04:11:18 -0400] "GET /?author=15 HTTP/1.1" 403 1242 "-" "Apache-HttpClient/4.5.2 (Java/1.8.0_161)"
182.43.64.48 - - [15/Oct/2025:04:11:19 -0400] "GET /?author=16 HTTP/1.1" 403 1242 "-" "Apache-HttpClient/4.5.2 (Java/1.8.0_161)"
182.43.64.48 - - [15/Oct/2025:04:11:19 -0400] "GET /?author=17 HTTP/1.1" 403 1242 "-" "Apache-HttpClient/4.5.2 (Java/1.8.0_161)"
182.43.64.48 - - [15/Oct/2025:04:11:20 -0400] "GET /?author=18 HTTP/1.1" 403 1242 "-" "Apache-HttpClient/4.5.2 (Java/1.8.0_161)"
182.43.64.48 - - [15/Oct/2025:04:11:20 -0400] "GET /?author=19 HTTP/1.1" 403 1242 "-" "Apache-HttpClient/4.5.2 (Java/1.8.0_161)"
182.43.64.48 - - [15/Oct/2025:04:11:20 -0400] "GET /?author=20 HTTP/1.1" 403 1242 "-" "Apache-HttpClient/4.5.2 (Java/1.8.0_161)"
157.66.56.84 - - [15/Oct/2025:04:12:36 -0400] "GET /sftp-config.json HTTP/1.1" 403 1242 "-" "Mozilla/5.0 (Macintosh; Intel Mac OS X 10.15; rv:77.0) Gecko/20100101 Firefox/77.0"
185.49.20.76 - - [15/Oct/2025:04:12:37 -0400] "GET /xmlrpc.php HTTP/1.1" 403 1242 "http://batconpakistan.org" "Mozilla/5.0 (Macintosh; Intel Mac OS X 13.3; rv:126.0) Gecko/20100101 Firefox/126.0"
157.66.56.84 - - [15/Oct/2025:04:12:37 -0400] "GET /.vscode/sftp.json HTTP/1.1" 200 0 "-" "Mozilla/5.0 (Macintosh; Intel Mac OS X 10.15; rv:77.0) Gecko/20100101 Firefox/77.0"
162.0.235.240 - - [15/Oct/2025:04:12:43 -0400] "GET /wp-content/plugins/contact-form-7-style/admin/predefined-templates.json HTTP/1.1" 200 1323 "-" "WordPress/6.8.3; https://batconpakistan.org"
162.0.235.240 - - [15/Oct/2025:04:12:44 -0400] "POST /wp-cron.php?doing_wp_cron=1760515964.2805669307708740234375 HTTP/1.1" 200 0 "-" "WordPress/6.8.3; https://batconpakistan.org"
162.0.235.240 - - [15/Oct/2025:04:12:44 -0400] "GET /wp-content/plugins/contact-form-7-style/admin/predefined-templates.json HTTP/1.1" 200 1323 "-" "WordPress/6.8.3; https://batconpakistan.org"
162.0.235.240 - - [15/Oct/2025:04:15:58 -0400] "GET /wp-content/plugins/contact-form-7-style/admin/predefined-templates.json HTTP/1.1" 200 1323 "-" "WordPress/6.8.3; https://batconpakistan.org"
162.0.235.240 - - [15/Oct/2025:04:15:59 -0400] "POST /wp-cron.php?doing_wp_cron=1760516158.9866600036621093750000 HTTP/1.1" 200 0 "-" "WordPress/6.8.3; https://batconpakistan.org"
162.0.235.240 - - [15/Oct/2025:04:15:59 -0400] "GET /wp-content/plugins/contact-form-7-style/admin/predefined-templates.json HTTP/1.1" 200 1323 "-" "WordPress/6.8.3; https://batconpakistan.org"
43.130.32.245 - - [15/Oct/2025:04:15:54 -0400] "GET /campaigns/ HTTP/1.1" 200 19948 "-" "Mozilla/5.0 (iPhone; CPU iPhone OS 13_2_3 like Mac OS X) AppleWebKit/605.1.15 (KHTML, like Gecko) Version/13.0.3 Mobile/15E148 Safari/604.1"
162.0.235.240 - - [15/Oct/2025:04:23:46 -0400] "GET /wp-content/plugins/contact-form-7-style/admin/predefined-templates.json HTTP/1.1" 200 1323 "-" "WordPress/6.8.3; https://batconpakistan.org"
162.0.235.240 - - [15/Oct/2025:04:23:47 -0400] "POST /wp-cron.php?doing_wp_cron=1760516627.8867959976196289062500 HTTP/1.1" 200 0 "-" "WordPress/6.8.3; https://batconpakistan.org"
162.0.235.240 - - [15/Oct/2025:04:23:48 -0400] "GET /wp-content/plugins/contact-form-7-style/admin/predefined-templates.json HTTP/1.1" 200 1323 "-" "WordPress/6.8.3; https://batconpakistan.org"
170.106.193.108 - - [15/Oct/2025:04:23:41 -0400] "GET /author/admin/ HTTP/1.1" 200 40218 "-" "Mozilla/5.0 (iPhone; CPU iPhone OS 13_2_3 like Mac OS X) AppleWebKit/605.1.15 (KHTML, like Gecko) Version/13.0.3 Mobile/15E148 Safari/604.1"
162.0.235.240 - - [15/Oct/2025:04:24:04 -0400] "GET /wp-content/plugins/contact-form-7-style/admin/predefined-templates.json HTTP/1.1" 200 1323 "-" "WordPress/6.8.3; https://batconpakistan.org"
162.0.235.240 - - [15/Oct/2025:04:24:05 -0400] "POST /wp-cron.php?doing_wp_cron=1760516645.1081869602203369140625 HTTP/1.1" 200 0 "-" "WordPress/6.8.3; https://batconpakistan.org"
207.46.13.14 - - [15/Oct/2025:04:24:04 -0400] "GET /Power-Transmission-Products-inch-Rubber-Seal-Premium-RS-RS-x-587286-DeepGroove-Ball-Bearings/ HTTP/1.1" 404 15666 "-" "Mozilla/5.0 AppleWebKit/537.36 (KHTML, like Gecko; compatible; bingbot/2.0; +http://www.bing.com/bingbot.htm) Chrome/116.0.1938.76 Safari/537.36"
162.0.235.240 - - [15/Oct/2025:04:24:05 -0400] "GET /wp-content/plugins/contact-form-7-style/admin/predefined-templates.json HTTP/1.1" 200 1323 "-" "WordPress/6.8.3; https://batconpakistan.org"
162.0.235.240 - - [15/Oct/2025:04:24:50 -0400] "GET /wp-content/plugins/contact-form-7-style/admin/predefined-templates.json HTTP/1.1" 200 1323 "-" "WordPress/6.8.3; https://batconpakistan.org"
162.0.235.240 - - [15/Oct/2025:04:24:50 -0400] "POST /wp-cron.php?doing_wp_cron=1760516690.5721659660339355468750 HTTP/1.1" 200 0 "-" "WordPress/6.8.3; https://batconpakistan.org"
188.213.202.18 - - [15/Oct/2025:04:24:49 -0400] "GET /contact-us/ HTTP/1.1" 200 17302 "-" "Mozilla/5.0 (Macintosh; Intel Mac OS X 12_5) AppleWebKit/537.36 (KHTML, like Gecko) Chrome/114.0.0.0 YaBrowser/22.7.0 Yowser/2.5 Safari/537.36"
162.0.235.240 - - [15/Oct/2025:04:24:51 -0400] "GET /wp-content/plugins/contact-form-7-style/admin/predefined-templates.json HTTP/1.1" 200 1323 "-" "WordPress/6.8.3; https://batconpakistan.org"
162.0.235.240 - - [15/Oct/2025:04:24:53 -0400] "GET /wp-content/plugins/contact-form-7-style/admin/predefined-templates.json HTTP/1.1" 200 1323 "-" "WordPress/6.8.3; https://batconpakistan.org"
188.213.202.22 - - [15/Oct/2025:04:24:52 -0400] "POST /wp-json/contact-form-7/v1/contact-forms/1324/feedback HTTP/1.1" 200 235 "https://batconpakistan.org/contact-us/" "Mozilla/5.0 (Macintosh; Intel Mac OS X 12_5) AppleWebKit/537.36 (KHTML, like Gecko) Chrome/114.0.0.0 YaBrowser/22.7.0 Yowser/2.5 Safari/537.36"
162.0.235.240 - - [15/Oct/2025:04:25:29 -0400] "GET /wp-content/plugins/contact-form-7-style/admin/predefined-templates.json HTTP/1.1" 200 1323 "-" "WordPress/6.8.3; https://batconpakistan.org"
162.0.235.240 - - [15/Oct/2025:04:25:29 -0400] "POST /wp-cron.php?doing_wp_cron=1760516729.6798419952392578125000 HTTP/1.1" 200 0 "-" "WordPress/6.8.3; https://batconpakistan.org"
162.0.235.240 - - [15/Oct/2025:04:25:30 -0400] "GET /wp-content/plugins/contact-form-7-style/admin/predefined-templates.json HTTP/1.1" 200 1323 "-" "WordPress/6.8.3; https://batconpakistan.org"
51.195.183.236 - - [15/Oct/2025:04:25:28 -0400] "GET /product/woo-logo/ HTTP/1.1" 200 19419 "-" "Mozilla/5.0 (compatible; AhrefsBot/7.0; +http://ahrefs.com/robot/)"
162.0.235.240 - - [15/Oct/2025:04:25:43 -0400] "GET / HTTP/1.1" 200 23132 "-" "Mozilla/5.0 (Windows NT 10.0; Win64; x64; rv:122.0) Gecko/20100101 Firefox/122.0"
213.171.211.93 - - [15/Oct/2025:04:27:03 -0400] "GET /wp-login.php HTTP/1.1" 200 1885 "-" "Mozilla/4.0 (compatible; MSIE 7.0; Windows NT 6.1; Trident/7.0; SLCC2; .NET CLR 2.0.50727; .NET CLR 3.5.30729; .NET CLR 3.0.30729; .NET4.0C; .NET4.0E; Media Center PC 6.0; InfoPath.3; BRI/2)"
162.0.235.240 - - [15/Oct/2025:04:27:10 -0400] "GET /wp-content/plugins/contact-form-7-style/admin/predefined-templates.json HTTP/1.1" 200 1323 "-" "WordPress/6.8.3; https://batconpakistan.org"
162.0.235.240 - - [15/Oct/2025:04:27:11 -0400] "POST /wp-cron.php?doing_wp_cron=1760516830.9663069248199462890625 HTTP/1.1" 200 0 "-" "WordPress/6.8.3; https://batconpakistan.org"
213.171.211.93 - - [15/Oct/2025:04:27:05 -0400] "POST /wp-login.php HTTP/1.1" 200 2045 "https://batconpakistan.org/wp-login.php" "Mozilla/4.0 (compatible; MSIE 7.0; Windows NT 6.1; Trident/7.0; SLCC2; .NET CLR 2.0.50727; .NET CLR 3.5.30729; .NET CLR 3.0.30729; .NET4.0C; .NET4.0E; Media Center PC 6.0; InfoPath.3; BRI/2)"
162.0.235.240 - - [15/Oct/2025:04:27:12 -0400] "GET /wp-content/plugins/contact-form-7-style/admin/predefined-templates.json HTTP/1.1" 200 1323 "-" "WordPress/6.8.3; https://batconpakistan.org"
195.88.252.196 - - [15/Oct/2025:04:28:03 -0400] "GET / HTTP/1.1" 200 23132 "-" "Mozilla/5.0 (Windows NT 10.0; Win64; x64) AppleWebKit/537.36 (KHTML, like Gecko) Chrome/110.0.0.0 Safari/537.36"
162.0.235.240 - - [15/Oct/2025:04:30:11 -0400] "GET /wp-content/plugins/contact-form-7-style/admin/predefined-templates.json HTTP/1.1" 200 1323 "-" "WordPress/6.8.3; https://batconpakistan.org"
162.0.235.240 - - [15/Oct/2025:04:30:11 -0400] "POST /wp-cron.php?doing_wp_cron=1760517011.8833260536193847656250 HTTP/1.1" 200 0 "-" "WordPress/6.8.3; https://batconpakistan.org"
162.0.235.240 - - [15/Oct/2025:04:30:13 -0400] "GET /wp-content/plugins/contact-form-7-style/admin/predefined-templates.json HTTP/1.1" 200 1323 "-" "WordPress/6.8.3; https://batconpakistan.org"
207.46.13.14 - - [15/Oct/2025:04:30:05 -0400] "GET /Hydraulics-Pneumatics-&-Plumbing-Coupler-IM-LockOn-ID-172530-Quick-Connect-Hose-Fittings/ HTTP/1.1" 404 15666 "-" "Mozilla/5.0 AppleWebKit/537.36 (KHTML, like Gecko; compatible; bingbot/2.0; +http://www.bing.com/bingbot.htm) Chrome/116.0.1938.76 Safari/537.36"
198.244.226.218 - - [15/Oct/2025:04:30:18 -0400] "GET /wp-content/uploads/dynamic-mobmenu.css?ver=2.8.8-508 HTTP/1.1" 302 771 "-" "Mozilla/5.0 (compatible; AhrefsBot/7.0; +http://ahrefs.com/robot/)"
101.100.194.71 - - [15/Oct/2025:04:31:27 -0400] "GET /wp-login.php HTTP/1.1" 200 1885 "-" "Mozilla/5.0 (Windows NT 10.0; Win64; x64) AppleWebKit/537.36 (KHTML, like Gecko) Chrome/67.0.3396.87 Safari/537.36"
162.0.235.240 - - [15/Oct/2025:04:31:31 -0400] "GET /wp-content/plugins/contact-form-7-style/admin/predefined-templates.json HTTP/1.1" 200 1323 "-" "WordPress/6.8.3; https://batconpakistan.org"
162.0.235.240 - - [15/Oct/2025:04:31:31 -0400] "POST /wp-cron.php?doing_wp_cron=1760517091.4652440547943115234375 HTTP/1.1" 200 0 "-" "WordPress/6.8.3; https://batconpakistan.org"
101.100.194.71 - - [15/Oct/2025:04:31:29 -0400] "POST /wp-login.php HTTP/1.1" 200 2045 "https://batconpakistan.org/wp-login.php" "Mozilla/5.0 (Windows NT 10.0; Win64; x64) AppleWebKit/537.36 (KHTML, like Gecko) Chrome/67.0.3396.87 Safari/537.36"
162.0.235.240 - - [15/Oct/2025:04:31:32 -0400] "GET /wp-content/plugins/contact-form-7-style/admin/predefined-templates.json HTTP/1.1" 200 1323 "-" "WordPress/6.8.3; https://batconpakistan.org"
151.80.151.56 - - [15/Oct/2025:04:31:43 -0400] "GET /xmlrpc.php HTTP/1.1" 403 1242 "http://batconpakistan.org" "Mozilla/5.0 (Macintosh; Intel Mac OS X 10_15_7) AppleWebKit/537.36 (KHTML, like Gecko) Chrome/113.0.5672.93 Safari/537.36"
177.157.200.177 - - [15/Oct/2025:04:35:01 -0400] "GET / HTTP/1.1" 200 23132 "-" "Mozilla/5.0 (Windows NT 11.0; Win64; x64) AppleWebKit/537.36 (KHTML, like Gecko) Chrome/138.0.7204.158 Safari/537.36"
162.0.235.240 - - [15/Oct/2025:04:36:07 -0400] "GET /wp-content/plugins/contact-form-7-style/admin/predefined-templates.json HTTP/1.1" 200 1323 "-" "WordPress/6.8.3; https://batconpakistan.org"
162.0.235.240 - - [15/Oct/2025:04:36:09 -0400] "POST /wp-cron.php?doing_wp_cron=1760517369.7652750015258789062500 HTTP/1.1" 200 0 "-" "WordPress/6.8.3; https://batconpakistan.org"
162.0.235.240 - - [15/Oct/2025:04:36:10 -0400] "GET /wp-content/plugins/contact-form-7-style/admin/predefined-templates.json HTTP/1.1" 200 1323 "-" "WordPress/6.8.3; https://batconpakistan.org"
43.130.53.252 - - [15/Oct/2025:04:36:00 -0400] "GET /?s= HTTP/1.1" 200 24632 "-" "Mozilla/5.0 (iPhone; CPU iPhone OS 13_2_3 like Mac OS X) AppleWebKit/605.1.15 (KHTML, like Gecko) Version/13.0.3 Mobile/15E148 Safari/604.1"
103.152.165.148 - - [15/Oct/2025:04:37:08 -0400] "GET /wp-login.php HTTP/1.1" 200 1885 "-" "Mozilla/5.0 (Windows NT 6.3; Win64; x64; Trident/7.0; Touch; ASU2JS; rv:11.0) like Gecko"
162.0.235.240 - - [15/Oct/2025:04:37:10 -0400] "GET /wp-content/plugins/contact-form-7-style/admin/predefined-templates.json HTTP/1.1" 200 1323 "-" "WordPress/6.8.3; https://batconpakistan.org"
162.0.235.240 - - [15/Oct/2025:04:37:11 -0400] "POST /wp-cron.php?doing_wp_cron=1760517430.4886260032653808593750 HTTP/1.1" 200 0 "-" "WordPress/6.8.3; https://batconpakistan.org"
103.152.165.148 - - [15/Oct/2025:04:37:09 -0400] "POST /wp-login.php HTTP/1.1" 200 2045 "https://batconpakistan.org/wp-login.php" "Mozilla/5.0 (Windows NT 6.3; Win64; x64; Trident/7.0; Touch; ASU2JS; rv:11.0) like Gecko"
162.0.235.240 - - [15/Oct/2025:04:37:11 -0400] "GET /wp-content/plugins/contact-form-7-style/admin/predefined-templates.json HTTP/1.1" 200 1323 "-" "WordPress/6.8.3; https://batconpakistan.org"
116.204.78.140 - - [15/Oct/2025:04:40:45 -0400] "GET /xmlrpc.php HTTP/1.1" 403 1242 "http://batconpakistan.org" "Mozilla/5.0 (Windows NT 11.0; Win64; x64) AppleWebKit/537.36 (KHTML, like Gecko) Chrome/126.0.0.0 Safari/537.36 Edg/126.0.0.0"
14.248.80.79 - - [15/Oct/2025:04:42:31 -0400] "GET /wp-login.php HTTP/1.1" 200 1885 "-" "Mozilla/4.0 (compatible; MSIE 7.0; Windows NT 6.3; WOW64; Trident/7.0; .NET4.0E; .NET4.0C; InfoPath.3)"
162.0.235.240 - - [15/Oct/2025:04:42:38 -0400] "GET /wp-content/plugins/contact-form-7-style/admin/predefined-templates.json HTTP/1.1" 200 1323 "-" "WordPress/6.8.3; https://batconpakistan.org"
162.0.235.240 - - [15/Oct/2025:04:42:40 -0400] "POST /wp-cron.php?doing_wp_cron=1760517760.1264500617980957031250 HTTP/1.1" 200 0 "-" "WordPress/6.8.3; https://batconpakistan.org"
14.248.80.79 - - [15/Oct/2025:04:42:33 -0400] "POST /wp-login.php HTTP/1.1" 200 2045 "https://batconpakistan.org/wp-login.php" "Mozilla/4.0 (compatible; MSIE 7.0; Windows NT 6.3; WOW64; Trident/7.0; .NET4.0E; .NET4.0C; InfoPath.3)"
162.0.235.240 - - [15/Oct/2025:04:42:40 -0400] "GET /wp-content/plugins/contact-form-7-style/admin/predefined-templates.json HTTP/1.1" 200 1323 "-" "WordPress/6.8.3; https://batconpakistan.org"
162.0.235.240 - - [15/Oct/2025:04:42:41 -0400] "GET /wp-content/plugins/contact-form-7-style/admin/predefined-templates.json HTTP/1.1" 200 1323 "-" "WordPress/6.8.3; https://batconpakistan.org"
43.153.54.138 - - [15/Oct/2025:04:42:41 -0400] "GET /?p=1141 HTTP/1.1" 301 0 "-" "Mozilla/5.0 (iPhone; CPU iPhone OS 13_2_3 like Mac OS X) AppleWebKit/605.1.15 (KHTML, like Gecko) Version/13.0.3 Mobile/15E148 Safari/604.1"
43.153.54.138 - - [15/Oct/2025:04:42:47 -0400] "GET /our-activities/ HTTP/1.1" 200 17308 "https://batconpakistan.org/?p=1141" "Mozilla/5.0 (iPhone; CPU iPhone OS 13_2_3 like Mac OS X) AppleWebKit/605.1.15 (KHTML, like Gecko) Version/13.0.3 Mobile/15E148 Safari/604.1"
2a03:2880:f800:1:: - - [15/Oct/2025:04:43:39 -0400] "GET /our-activities/ HTTP/1.1" 200 17308 "-" "meta-externalagent/1.1 (+https://developers.facebook.com/docs/sharing/webmasters/crawler)"
187.52.241.210 - - [15/Oct/2025:04:46:23 -0400] "GET / HTTP/1.1" 200 23132 "-" "Mozilla/5.0 (Windows NT 11.0; Win64; x64) AppleWebKit/537.36 (KHTML, like Gecko) Chrome/138.0.7204.158 Safari/537.36"
138.84.62.150 - - [15/Oct/2025:04:46:24 -0400] "GET /campaigns/ HTTP/1.1" 200 19948 "-" "Mozilla/5.0 (Windows NT 11.0; Win64; x64) AppleWebKit/537.36 (KHTML, like Gecko) Chrome/138.0.7204.158 Safari/537.36"
170.78.248.199 - - [15/Oct/2025:04:46:24 -0400] "GET /our-activities/ HTTP/1.1" 200 17308 "-" "Mozilla/5.0 (Windows NT 11.0; Win64; x64) AppleWebKit/537.36 (KHTML, like Gecko) Chrome/138.0.7204.158 Safari/537.36"
102.66.181.187 - - [15/Oct/2025:04:46:25 -0400] "GET /contact-us/ HTTP/1.1" 200 17302 "-" "Mozilla/5.0 (Windows NT 11.0; Win64; x64) AppleWebKit/537.36 (KHTML, like Gecko) Chrome/138.0.7204.158 Safari/537.36"
162.0.235.240 - - [15/Oct/2025:04:46:34 -0400] "GET /wp-content/plugins/contact-form-7-style/admin/predefined-templates.json HTTP/1.1" 200 1323 "-" "WordPress/6.8.3; https://batconpakistan.org"
162.0.235.240 - - [15/Oct/2025:04:46:34 -0400] "GET /wp-content/plugins/contact-form-7-style/admin/predefined-templates.json HTTP/1.1" 200 1323 "-" "WordPress/6.8.3; https://batconpakistan.org"
162.0.235.240 - - [15/Oct/2025:04:46:34 -0400] "GET /wp-content/plugins/contact-form-7-style/admin/predefined-templates.json HTTP/1.1" 200 1323 "-" "WordPress/6.8.3; https://batconpakistan.org"
162.0.235.240 - - [15/Oct/2025:04:46:34 -0400] "GET /wp-content/plugins/contact-form-7-style/admin/predefined-templates.json HTTP/1.1" 200 1323 "-" "WordPress/6.8.3; https://batconpakistan.org"
162.0.235.240 - - [15/Oct/2025:04:46:34 -0400] "GET /wp-content/plugins/contact-form-7-style/admin/predefined-templates.json HTTP/1.1" 200 1323 "-" "WordPress/6.8.3; https://batconpakistan.org"
162.0.235.240 - - [15/Oct/2025:04:46:34 -0400] "GET /wp-content/plugins/contact-form-7-style/admin/predefined-templates.json HTTP/1.1" 200 1323 "-" "WordPress/6.8.3; https://batconpakistan.org"
162.0.235.240 - - [15/Oct/2025:04:46:34 -0400] "GET /wp-content/plugins/contact-form-7-style/admin/predefined-templates.json HTTP/1.1" 200 1323 "-" "WordPress/6.8.3; https://batconpakistan.org"
162.0.235.240 - - [15/Oct/2025:04:46:34 -0400] "GET /wp-content/plugins/contact-form-7-style/admin/predefined-templates.json HTTP/1.1" 200 1323 "-" "WordPress/6.8.3; https://batconpakistan.org"
162.0.235.240 - - [15/Oct/2025:04:46:34 -0400] "GET /wp-content/plugins/contact-form-7-style/admin/predefined-templates.json HTTP/1.1" 200 1323 "-" "WordPress/6.8.3; https://batconpakistan.org"
162.0.235.240 - - [15/Oct/2025:04:46:34 -0400] "GET /wp-content/plugins/contact-form-7-style/admin/predefined-templates.json HTTP/1.1" 200 1323 "-" "WordPress/6.8.3; https://batconpakistan.org"
162.0.235.240 - - [15/Oct/2025:04:46:34 -0400] "GET /wp-content/plugins/contact-form-7-style/admin/predefined-templates.json HTTP/1.1" 200 1323 "-" "WordPress/6.8.3; https://batconpakistan.org"
162.0.235.240 - - [15/Oct/2025:04:46:34 -0400] "GET /wp-content/plugins/contact-form-7-style/admin/predefined-templates.json HTTP/1.1" 200 1323 "-" "WordPress/6.8.3; https://batconpakistan.org"
162.0.235.240 - - [15/Oct/2025:04:46:36 -0400] "POST /wp-cron.php?doing_wp_cron=1760517996.0191910266876220703125 HTTP/1.1" 200 0 "-" "WordPress/6.8.3; https://batconpakistan.org"
162.0.235.240 - - [15/Oct/2025:04:46:36 -0400] "POST /wp-cron.php?doing_wp_cron=1760517996.0204439163208007812500 HTTP/1.1" 200 0 "-" "WordPress/6.8.3; https://batconpakistan.org"
177.5.56.21 - - [15/Oct/2025:04:46:24 -0400] "GET /2023/01/12/indian-flying-fox-thermoregulatory-behaviors-visual-guide/ HTTP/1.1" 200 18382 "-" "Mozilla/5.0 (Windows NT 11.0; Win64; x64) AppleWebKit/537.36 (KHTML, like Gecko) Chrome/138.0.7204.158 Safari/537.36"
186.132.123.224 - - [15/Oct/2025:04:46:26 -0400] "GET /partners/ HTTP/1.1" 200 16977 "-" "Mozilla/5.0 (Windows NT 11.0; Win64; x64) AppleWebKit/537.36 (KHTML, like Gecko) Chrome/138.0.7204.158 Safari/537.36"
105.191.76.216 - - [15/Oct/2025:04:46:24 -0400] "GET /our-approach/ HTTP/1.1" 200 19463 "-" "Mozilla/5.0 (Windows NT 11.0; Win64; x64) AppleWebKit/537.36 (KHTML, like Gecko) Chrome/138.0.7204.158 Safari/537.36"
179.98.100.95 - - [15/Oct/2025:04:46:24 -0400] "GET /publish/ HTTP/1.1" 200 16840 "-" "Mozilla/5.0 (Windows NT 11.0; Win64; x64) AppleWebKit/537.36 (KHTML, like Gecko) Chrome/138.0.7204.158 Safari/537.36"
200.207.31.166 - - [15/Oct/2025:04:46:24 -0400] "GET /media-coverage/ HTTP/1.1" 200 18151 "-" "Mozilla/5.0 (Windows NT 11.0; Win64; x64) AppleWebKit/537.36 (KHTML, like Gecko) Chrome/138.0.7204.158 Safari/537.36"
164.163.179.132 - - [15/Oct/2025:04:46:24 -0400] "GET /vision-mission/ HTTP/1.1" 200 17647 "-" "Mozilla/5.0 (Windows NT 11.0; Win64; x64) AppleWebKit/537.36 (KHTML, like Gecko) Chrome/138.0.7204.158 Safari/537.36"
45.182.163.228 - - [15/Oct/2025:04:46:24 -0400] "GET /2021/09/05/project-completion/ HTTP/1.1" 200 21531 "-" "Mozilla/5.0 (Windows NT 11.0; Win64; x64) AppleWebKit/537.36 (KHTML, like Gecko) Chrome/138.0.7204.158 Safari/537.36"
170.245.10.227 - - [15/Oct/2025:04:46:24 -0400] "GET /2023/10/03/nipah-virus-alert-heightened-risks-and-precautionary-measures-in-pakistan/ HTTP/1.1" 200 23121 "-" "Mozilla/5.0 (Windows NT 11.0; Win64; x64) AppleWebKit/537.36 (KHTML, like Gecko) Chrome/138.0.7204.158 Safari/537.36"
152.244.79.129 - - [15/Oct/2025:04:46:24 -0400] "GET /career-opportunities/ HTTP/1.1" 200 18581 "-" "Mozilla/5.0 (Windows NT 11.0; Win64; x64) AppleWebKit/537.36 (KHTML, like Gecko) Chrome/138.0.7204.158 Safari/537.36"
197.95.86.253 - - [15/Oct/2025:04:46:24 -0400] "GET /bat-convervation-pakistan/ HTTP/1.1" 200 20202 "-" "Mozilla/5.0 (Windows NT 11.0; Win64; x64) AppleWebKit/537.36 (KHTML, like Gecko) Chrome/138.0.7204.158 Safari/537.36"
162.0.235.240 - - [15/Oct/2025:04:46:38 -0400] "GET /wp-content/plugins/contact-form-7-style/admin/predefined-templates.json HTTP/1.1" 200 1323 "-" "WordPress/6.8.3; https://batconpakistan.org"
45.189.249.76 - - [15/Oct/2025:04:46:24 -0400] "GET /bat-convervation-pakistan/our-team/ HTTP/1.1" 200 24047 "-" "Mozilla/5.0 (Windows NT 11.0; Win64; x64) AppleWebKit/537.36 (KHTML, like Gecko) Chrome/138.0.7204.158 Safari/537.36"
162.0.235.240 - - [15/Oct/2025:04:46:38 -0400] "GET /wp-content/plugins/contact-form-7-style/admin/predefined-templates.json HTTP/1.1" 200 1323 "-" "WordPress/6.8.3; https://batconpakistan.org"
190.70.111.124 - - [15/Oct/2025:04:46:23 -0400] "GET /board-members/ HTTP/1.1" 200 21590 "-" "Mozilla/5.0 (Windows NT 11.0; Win64; x64) AppleWebKit/537.36 (KHTML, like Gecko) Chrome/138.0.7204.158 Safari/537.36"
162.144.234.153 - - [15/Oct/2025:04:46:42 -0400] "GET /wp-login.php HTTP/1.1" 200 1885 "-" "Mozilla/4.0 (compatible; MSIE 7.0; Windows NT 6.3; WOW64; Trident/7.0; .NET4.0E; .NET4.0C; .NET CLR 3.5.30729; .NET CLR 2.0.50727; .NET CLR 3.0.30729; InfoPath.3)"
162.0.235.240 - - [15/Oct/2025:04:46:44 -0400] "GET /wp-content/plugins/contact-form-7-style/admin/predefined-templates.json HTTP/1.1" 200 1323 "-" "WordPress/6.8.3; https://batconpakistan.org"
162.0.235.240 - - [15/Oct/2025:04:46:45 -0400] "POST /wp-cron.php?doing_wp_cron=1760518005.0375320911407470703125 HTTP/1.1" 200 0 "-" "WordPress/6.8.3; https://batconpakistan.org"
162.144.234.153 - - [15/Oct/2025:04:46:44 -0400] "POST /wp-login.php HTTP/1.1" 200 2045 "https://batconpakistan.org/wp-login.php" "Mozilla/4.0 (compatible; MSIE 7.0; Windows NT 6.3; WOW64; Trident/7.0; .NET4.0E; .NET4.0C; .NET CLR 3.5.30729; .NET CLR 2.0.50727; .NET CLR 3.0.30729; InfoPath.3)"
162.0.235.240 - - [15/Oct/2025:04:46:45 -0400] "GET /wp-content/plugins/contact-form-7-style/admin/predefined-templates.json HTTP/1.1" 200 1323 "-" "WordPress/6.8.3; https://batconpakistan.org"
20.204.164.126 - - [15/Oct/2025:04:49:22 -0400] "GET /xmlrpc.php HTTP/1.1" 403 1242 "http://batconpakistan.org" "Mozilla/5.0 (Macintosh; Intel Mac OS X 10_15_7) AppleWebKit/537.36 (KHTML, like Gecko) Chrome/112.0.5615.138 Safari/537.36"
104.167.27.6 - - [15/Oct/2025:04:51:28 -0400] "GET /xmlrpc.php HTTP/1.1" 403 1242 "http://batconpakistan.org/xmlrpc.php" "Mozilla/5.0 (X11; Ubuntu; Linux x86_64; rv:85.0) Gecko/20100101 Firefox/91.0"
2a03:2880:f800:5:: - - [15/Oct/2025:04:54:55 -0400] "GET / HTTP/1.1" 200 23132 "-" "meta-externalagent/1.1 (+https://developers.facebook.com/docs/sharing/webmasters/crawler)"
162.0.235.240 - - [15/Oct/2025:04:55:15 -0400] "GET /wp-content/plugins/contact-form-7-style/admin/predefined-templates.json HTTP/1.1" 200 1323 "-" "WordPress/6.8.3; https://batconpakistan.org"
162.0.235.240 - - [15/Oct/2025:04:55:17 -0400] "POST /wp-cron.php?doing_wp_cron=1760518516.9522089958190917968750 HTTP/1.1" 200 0 "-" "WordPress/6.8.3; https://batconpakistan.org"
162.0.235.240 - - [15/Oct/2025:04:55:17 -0400] "GET /wp-content/plugins/contact-form-7-style/admin/predefined-templates.json HTTP/1.1" 200 1323 "-" "WordPress/6.8.3; https://batconpakistan.org"
43.157.181.189 - - [15/Oct/2025:04:55:05 -0400] "GET /wp-json/oembed/1.0/embed?url=https%3A%2F%2Fbatconpakistan.org%2Four-activities%2F HTTP/1.1" 200 2603 "-" "Mozilla/5.0 (iPhone; CPU iPhone OS 13_2_3 like Mac OS X) AppleWebKit/605.1.15 (KHTML, like Gecko) Version/13.0.3 Mobile/15E148 Safari/604.1"
162.241.217.111 - - [15/Oct/2025:04:57:40 -0400] "GET /xmlrpc.php HTTP/1.1" 403 1242 "http://batconpakistan.org" "Mozilla/5.0 (Macintosh; Intel Mac OS X 10.15; rv:126.0) Gecko/20100101 Firefox/126.0"
167.99.90.179 - - [15/Oct/2025:04:59:19 -0400] "GET / HTTP/1.1" 200 23132 "-" "Mozilla/5.0 (X11; Linux x86_64; rv:139.0) Gecko/20100101 Firefox/139.0"
167.99.90.179 - - [15/Oct/2025:04:59:20 -0400] "GET /wp-content/uploads/2021/01/Favicon_2.png HTTP/1.1" 200 11011 "https://batconpakistan.org/" "Mozilla/5.0 (X11; Linux x86_64; rv:139.0) Gecko/20100101 Firefox/139.0"
54.236.119.214 - - [15/Oct/2025:05:00:36 -0400] "GET /campaigns/ HTTP/1.1" 200 19948 "-" "Grammarly/1.0 (http://www.grammarly.com)"
162.0.235.240 - - [15/Oct/2025:05:04:05 -0400] "GET /wp-content/plugins/contact-form-7-style/admin/predefined-templates.json HTTP/1.1" 200 1323 "-" "WordPress/6.8.3; https://batconpakistan.org"
162.0.235.240 - - [15/Oct/2025:05:04:06 -0400] "POST /wp-cron.php?doing_wp_cron=1760519046.0067811012268066406250 HTTP/1.1" 200 0 "-" "WordPress/6.8.3; https://batconpakistan.org"
162.0.235.240 - - [15/Oct/2025:05:04:06 -0400] "GET /wp-content/plugins/contact-form-7-style/admin/predefined-templates.json HTTP/1.1" 200 1323 "-" "WordPress/6.8.3; https://batconpakistan.org"
49.51.204.74 - - [15/Oct/2025:05:04:01 -0400] "GET /wp-json/oembed/1.0/embed?url=https%3A%2F%2Fbatconpakistan.org%2Four-activities%2F&format=xml HTTP/1.1" 200 1255 "-" "Mozilla/5.0 (iPhone; CPU iPhone OS 13_2_3 like Mac OS X) AppleWebKit/605.1.15 (KHTML, like Gecko) Version/13.0.3 Mobile/15E148 Safari/604.1"
2001:1bb0:e000:1e::e9 - - [15/Oct/2025:05:06:23 -0400] "GET /xmlrpc.php HTTP/1.1" 403 1242 "http://batconpakistan.org" "Mozilla/5.0 (Windows NT 11.0; Win64; x64) AppleWebKit/537.36 (KHTML, like Gecko) Chrome/126.0.0.0 Safari/537.36 Edg/126.0.0.0"
139.59.88.54 - - [15/Oct/2025:05:06:24 -0400] "GET /wp-login.php HTTP/1.1" 200 1885 "-" "Mozilla/5.0 (Windows NT 6.1; Win64; x64) AppleWebKit/537.36 (KHTML, like Gecko) Chrome/65.0.3325.181 Safari/537.36 OPR/52.0.2871.64"
162.0.235.240 - - [15/Oct/2025:05:06:28 -0400] "GET /wp-content/plugins/contact-form-7-style/admin/predefined-templates.json HTTP/1.1" 200 1323 "-" "WordPress/6.8.3; https://batconpakistan.org"
162.0.235.240 - - [15/Oct/2025:05:06:29 -0400] "POST /wp-cron.php?doing_wp_cron=1760519189.1267409324645996093750 HTTP/1.1" 200 0 "-" "WordPress/6.8.3; https://batconpakistan.org"
139.59.88.54 - - [15/Oct/2025:05:06:25 -0400] "POST /wp-login.php HTTP/1.1" 200 2045 "https://batconpakistan.org/wp-login.php" "Mozilla/5.0 (Windows NT 6.1; Win64; x64) AppleWebKit/537.36 (KHTML, like Gecko) Chrome/65.0.3325.181 Safari/537.36 OPR/52.0.2871.64"
162.0.235.240 - - [15/Oct/2025:05:06:29 -0400] "GET /wp-content/plugins/contact-form-7-style/admin/predefined-templates.json HTTP/1.1" 200 1323 "-" "WordPress/6.8.3; https://batconpakistan.org"
162.240.38.165 - - [15/Oct/2025:05:11:51 -0400] "GET /wp-login.php HTTP/1.1" 200 1885 "-" "Mozilla/5.0 (Windows NT 10.0; WOW64) AppleWebKit/537.36 (KHTML, like Gecko) Chrome/67.0.3396.87 Safari/537.36"
162.0.235.240 - - [15/Oct/2025:05:11:59 -0400] "GET /wp-content/plugins/contact-form-7-style/admin/predefined-templates.json HTTP/1.1" 200 1323 "-" "WordPress/6.8.3; https://batconpakistan.org"
162.0.235.240 - - [15/Oct/2025:05:12:01 -0400] "POST /wp-cron.php?doing_wp_cron=1760519520.9539899826049804687500 HTTP/1.1" 200 0 "-" "WordPress/6.8.3; https://batconpakistan.org"
162.240.38.165 - - [15/Oct/2025:05:11:54 -0400] "POST /wp-login.php HTTP/1.1" 200 2045 "https://batconpakistan.org/wp-login.php" "Mozilla/5.0 (Windows NT 10.0; WOW64) AppleWebKit/537.36 (KHTML, like Gecko) Chrome/67.0.3396.87 Safari/537.36"
162.0.235.240 - - [15/Oct/2025:05:12:01 -0400] "GET /wp-content/plugins/contact-form-7-style/admin/predefined-templates.json HTTP/1.1" 200 1323 "-" "WordPress/6.8.3; https://batconpakistan.org"
195.248.241.180 - - [15/Oct/2025:05:15:22 -0400] "GET /xmlrpc.php HTTP/1.1" 403 1242 "http://batconpakistan.org" "Mozilla/5.0 (Macintosh; Intel Mac OS X 10_15_7) AppleWebKit/537.36 (KHTML, like Gecko) Chrome/126.0.0.0 Safari/537.36"
162.0.235.240 - - [15/Oct/2025:05:15:42 -0400] "GET /wp-content/plugins/contact-form-7-style/admin/predefined-templates.json HTTP/1.1" 200 1323 "-" "WordPress/6.8.3; https://batconpakistan.org"
162.0.235.240 - - [15/Oct/2025:05:15:42 -0400] "POST /wp-cron.php?doing_wp_cron=1760519742.5627899169921875000000 HTTP/1.1" 200 0 "-" "WordPress/6.8.3; https://batconpakistan.org"
162.0.235.240 - - [15/Oct/2025:05:15:43 -0400] "GET /wp-content/plugins/contact-form-7-style/admin/predefined-templates.json HTTP/1.1" 200 1323 "-" "WordPress/6.8.3; https://batconpakistan.org"
43.130.57.46 - - [15/Oct/2025:05:15:38 -0400] "GET /wp-json/oembed/1.0/embed?url=https%3A%2F%2Fbatconpakistan.org%2Fcampaigns%2F HTTP/1.1" 200 6038 "-" "Mozilla/5.0 (iPhone; CPU iPhone OS 13_2_3 like Mac OS X) AppleWebKit/605.1.15 (KHTML, like Gecko) Version/13.0.3 Mobile/15E148 Safari/604.1"
34.247.172.200 - - [15/Oct/2025:05:16:50 -0400] "GET /wp-login.php HTTP/1.1" 200 1885 "-" "Mozilla/5.0 (Windows NT 6.1; WOW64; Trident/7.0; HO32600; HO32600R; rv:11.0) like Gecko"
162.0.235.240 - - [15/Oct/2025:05:16:52 -0400] "GET /wp-content/plugins/contact-form-7-style/admin/predefined-templates.json HTTP/1.1" 200 1323 "-" "WordPress/6.8.3; https://batconpakistan.org"
162.0.235.240 - - [15/Oct/2025:05:16:53 -0400] "POST /wp-cron.php?doing_wp_cron=1760519813.0996119976043701171875 HTTP/1.1" 200 0 "-" "WordPress/6.8.3; https://batconpakistan.org"
34.247.172.200 - - [15/Oct/2025:05:16:52 -0400] "POST /wp-login.php HTTP/1.1" 200 2045 "https://batconpakistan.org/wp-login.php" "Mozilla/5.0 (Windows NT 6.1; WOW64; Trident/7.0; HO32600; HO32600R; rv:11.0) like Gecko"
162.0.235.240 - - [15/Oct/2025:05:16:53 -0400] "GET /wp-content/plugins/contact-form-7-style/admin/predefined-templates.json HTTP/1.1" 200 1323 "-" "WordPress/6.8.3; https://batconpakistan.org"
162.0.235.240 - - [15/Oct/2025:05:19:08 -0400] "GET /wp-content/plugins/contact-form-7-style/admin/predefined-templates.json HTTP/1.1" 200 1323 "-" "WordPress/6.8.3; https://batconpakistan.org"
162.0.235.240 - - [15/Oct/2025:05:19:08 -0400] "POST /wp-cron.php?doing_wp_cron=1760519948.5889739990234375000000 HTTP/1.1" 200 0 "-" "WordPress/6.8.3; https://batconpakistan.org"
162.0.235.240 - - [15/Oct/2025:05:19:09 -0400] "GET /wp-content/plugins/contact-form-7-style/admin/predefined-templates.json HTTP/1.1" 200 1323 "-" "WordPress/6.8.3; https://batconpakistan.org"
40.77.167.20 - - [15/Oct/2025:05:19:04 -0400] "GET /Industrial-Electrical-Replacement-for-Dell-PowerEdge-R-GinTai-344238-Power-Cables/ HTTP/1.1" 404 15666 "-" "Mozilla/5.0 AppleWebKit/537.36 (KHTML, like Gecko; compatible; bingbot/2.0; +http://www.bing.com/bingbot.htm) Chrome/116.0.1938.76 Safari/537.36"
213.175.211.175 - - [15/Oct/2025:05:21:11 -0400] "GET /wp-login.php HTTP/1.1" 200 1885 "-" "Mozilla/5.0 (Macintosh; Intel Mac OS X 10_11_6) AppleWebKit/537.36 (KHTML, like Gecko) Chrome/65.0.3325.181 Safari/537.36"
162.0.235.240 - - [15/Oct/2025:05:21:17 -0400] "GET /wp-content/plugins/contact-form-7-style/admin/predefined-templates.json HTTP/1.1" 200 1323 "-" "WordPress/6.8.3; https://batconpakistan.org"
162.0.235.240 - - [15/Oct/2025:05:21:17 -0400] "POST /wp-cron.php?doing_wp_cron=1760520077.8909990787506103515625 HTTP/1.1" 200 0 "-" "WordPress/6.8.3; https://batconpakistan.org"
