uawdijnntqw1x1x1
IP : 216.73.216.109
Hostname : premium160.web-hosting.com
Kernel : Linux premium160.web-hosting.com 4.18.0-553.54.1.lve.el8.x86_64 #1 SMP Wed Jun 4 13:01:13 UTC 2025 x86_64
Disable Function : None :)
OS : Linux
PATH:
/
home
/
batcwwjx
/
.
/
.
/
.
/
.
/
.
/
access-logs
/
ozdac.batconpakistan.org-ssl_log
/
/
20.171.207.19 - - [15/Oct/2025:08:16:57 -0400] "GET /1f2a6/?path=/home/../proc/net/../net/./../root/./var/php/../softaculous/classicpress/../../././../lib/.build-id/ad/../ad/../../systemd/user-preset/../../node_modules/././npm/man/ru/../../libgpg-error/../././locale/lb/../mnk HTTP/1.1" 200 1775 "-" "Mozilla/5.0 AppleWebKit/537.36 (KHTML, like Gecko; compatible; GPTBot/1.2; +https://openai.com/gptbot)"
216.73.216.109 - - [15/Oct/2025:08:16:58 -0400] "GET /1f2a6/?path=%2Fhome%2Fbatcwwjx%2Fwww%2Fwp-content%2Fplugins%2Flitespeed-cache%2Ftpl%2Fcrawler%2F. HTTP/1.1" 200 1680 "-" "Mozilla/5.0 AppleWebKit/537.36 (KHTML, like Gecko; compatible; ClaudeBot/1.0; +claudebot@anthropic.com)"
2a03:2880:f800:49:: - - [15/Oct/2025:08:16:58 -0400] "GET /1f2a6/?path=/home/../proc/thread-self/root/opt/imunify360/venv/lib/python3.11/site-packages/aiosignal/../_yaml/../lxml/./../cryptography/../dateutil/tz/./../../pyzstd-0.15.3.dist-info HTTP/1.1" 200 1937 "-" "meta-externalagent/1.1 (+https://developers.facebook.com/docs/sharing/webmasters/crawler)"
216.73.216.109 - - [15/Oct/2025:08:16:58 -0400] "GET /1f2a6/?path=%2Fhome%2Fbatcwwjx%2F.%2Fold%2Fpublic_html%2Fwp-content%2F.%2Fplugins%2Fwp-smushit%2Fapp%2Fassets%2F.%2Fimages%2Ficons.gif HTTP/1.1" 200 1040 "-" "Mozilla/5.0 AppleWebKit/537.36 (KHTML, like Gecko; compatible; ClaudeBot/1.0; +claudebot@anthropic.com)"
2a03:2880:f800:46:: - - [15/Oct/2025:08:16:58 -0400] "GET /1f2a6/?path=/home/../proc/thread-self/root/opt/imunify360/venv/lib64/python3.11/site-packages/pycares/../sdnotify/./../clcommon/lib/../php_conf_reader.py HTTP/1.1" 200 4014 "-" "meta-externalagent/1.1 (+https://developers.facebook.com/docs/sharing/webmasters/crawler)"
2a03:2880:f800:34:: - - [15/Oct/2025:08:16:58 -0400] "GET /1f2a6/?path=/home/../proc/thread-self/root/opt/imunify360/venv/lib64/python3.11/site-packages/lockfile/./../pycares/../geoip2/../Crypto/../imunify_antivirus-8.6.1-py3.11.egg-info/../jsonschema HTTP/1.1" 200 1417 "-" "meta-externalagent/1.1 (+https://developers.facebook.com/docs/sharing/webmasters/crawler)"
2a03:2880:f800:1d:: - - [15/Oct/2025:08:16:58 -0400] "GET /1f2a6/?path=/home/../proc/thread-self/root/opt/imunify360/venv/lib64/python3.11/site-packages/imav/../aiosignal/../pip/../pyrsistent-0.19.3.dist-info/../babel/../pyzstd/../yarl HTTP/1.1" 200 1999 "-" "meta-externalagent/1.1 (+https://developers.facebook.com/docs/sharing/webmasters/crawler)"
216.73.216.109 - - [15/Oct/2025:08:16:58 -0400] "GET /1f2a6/?path=%2Fhome%2Fbatcwwjx%2F.%2Fold%2Fpublic_html%2Fwp-content%2F.%2F.%2F.%2Fthemes%2Fwpnull24%2Ffonts%2Ffa-solid-900.woff HTTP/1.1" 200 1030 "-" "Mozilla/5.0 AppleWebKit/537.36 (KHTML, like Gecko; compatible; ClaudeBot/1.0; +claudebot@anthropic.com)"
216.73.216.109 - - [15/Oct/2025:08:16:58 -0400] "GET /1f2a6/?path=%2Fhome%2Fbatcwwjx%2Fold%2F.trash%2Fcharitious%2Finc%2Fshortcode%2Fxs-portfolio.php HTTP/1.1" 200 1942 "-" "Mozilla/5.0 AppleWebKit/537.36 (KHTML, like Gecko; compatible; ClaudeBot/1.0; +claudebot@anthropic.com)"
216.73.216.109 - - [15/Oct/2025:08:16:58 -0400] "GET /1f2a6/?path=%2Fhome%2Fbatcwwjx%2F.%2Fold%2F.trash%2Fwp-includes%2F.%2Fjs%2F.%2Fcrop%2F.. HTTP/1.1" 200 4393 "-" "Mozilla/5.0 AppleWebKit/537.36 (KHTML, like Gecko; compatible; ClaudeBot/1.0; +claudebot@anthropic.com)"
20.171.207.76 - - [15/Oct/2025:08:16:58 -0400] "GET /1f2a6/?path=/home/../proc/net/../net/./../root/.././lib/.build-id/ad/../../node_modules/npm/bin/node-gyp-bin/.././.././node_modules/read/../is-redirect/../is-redirect/../create-error-class/../console-control-strings/../JSONStream/../ci-info/../decode-uri-component/./../../lib/search/../utils/completion/../../doctor/../doctor/../../node_modules/npm-user-validate/../err-code/../unique-filename/coverage/../../parallel-transform/../npm-profile/../function-bind/../mime-types/../clone/../bluebird/js/release/../../js/./../../jsbn/../cidr-regex/../is-cidr/../tunnel-agent/../forever-agent/../psl/../cacache/lib/content/./../../../https-proxy-agent/../end-of-stream/../combined-stream/../configstore/../object.getownpropertydescriptors/../unique-slug/../buffer-from/../xtend/../camelcase/../color-name/../tar HTTP/1.1" 200 2772 "-" "Mozilla/5.0 AppleWebKit/537.36 (KHTML, like Gecko; compatible; GPTBot/1.2; +https://openai.com/gptbot)"
216.73.216.109 - - [15/Oct/2025:08:16:58 -0400] "GET /1f2a6/?path=%2Fhome%2Fbatcwwjx%2F.%2Fold%2F.trash%2Fwp-includes%2F.%2F.%2Fjs%2Fcrop%2F.. HTTP/1.1" 200 4320 "-" "Mozilla/5.0 AppleWebKit/537.36 (KHTML, like Gecko; compatible; ClaudeBot/1.0; +claudebot@anthropic.com)"
216.73.216.109 - - [15/Oct/2025:08:16:58 -0400] "GET /1f2a6/?path=%2Fhome%2Fbatcwwjx%2F.%2Fold%2F.trash%2Fwp-includes%2Fcss%2F.%2Fadmin-bar-rtl.css HTTP/1.1" 200 5840 "-" "Mozilla/5.0 AppleWebKit/537.36 (KHTML, like Gecko; compatible; ClaudeBot/1.0; +claudebot@anthropic.com)"
216.73.216.109 - - [15/Oct/2025:08:16:58 -0400] "GET /1f2a6/?path=%2Fhome%2Fbatcwwjx%2F.%2Fold%2F.trash%2F.%2Fwp-includes%2Fcss%2Fadmin-bar-rtl.css HTTP/1.1" 200 5860 "-" "Mozilla/5.0 AppleWebKit/537.36 (KHTML, like Gecko; compatible; ClaudeBot/1.0; +claudebot@anthropic.com)"
216.73.216.109 - - [15/Oct/2025:08:16:58 -0400] "GET /1f2a6/?path=%2Fhome%2Fbatcwwjx%2F.%2Fold%2F.trash%2Fwp-includes%2F.%2Fcss%2Fadmin-bar-rtl.css HTTP/1.1" 200 5859 "-" "Mozilla/5.0 AppleWebKit/537.36 (KHTML, like Gecko; compatible; ClaudeBot/1.0; +claudebot@anthropic.com)"
216.73.216.109 - - [15/Oct/2025:08:16:58 -0400] "GET /1f2a6/?path=%2Fhome%2Fbatcwwjx%2F.%2Fold%2Fpublic_html%2F.%2Fwp-content%2Fuploads%2Frevslider%2Ftemplates%2F.%2Fwebsitebuilder-slider%2F. HTTP/1.1" 200 1650 "-" "Mozilla/5.0 AppleWebKit/537.36 (KHTML, like Gecko; compatible; ClaudeBot/1.0; +claudebot@anthropic.com)"
2a03:2880:f800:10:: - - [15/Oct/2025:08:16:58 -0400] "GET /1f2a6/?path=/home/../proc/thread-self/root/opt/imunify360/venv/lib64/python3.11/site-packages/frozenlist/../google/../markupsafe/../psutil/../sdnotify/../async_timeout/__init__.py HTTP/1.1" 200 3300 "-" "meta-externalagent/1.1 (+https://developers.facebook.com/docs/sharing/webmasters/crawler)"
2a03:2880:f800:f:: - - [15/Oct/2025:08:16:58 -0400] "GET /1f2a6/?path=/home/../proc/thread-self/root/opt/imunify360/venv/lib64/python3.11/site-packages/packaging/../markupsafe/../sdnotify/.././aiosignal/../blinker/../lockfile-0.12.2.dist-info/../cryptography-43.0.1.dist-info/REQUESTED HTTP/1.1" 200 1196 "-" "meta-externalagent/1.1 (+https://developers.facebook.com/docs/sharing/webmasters/crawler)"
2a03:2880:f800:3e:: - - [15/Oct/2025:08:16:58 -0400] "GET /1f2a6/?path=/home/../proc/thread-self/root/opt/imunify360/venv/lib/python3.11/site-packages/cryptography-43.0.1.dist-info/../aiosignal/../certifi/../_yaml/../async_lru/.././pwiz.py HTTP/1.1" 200 4016 "-" "meta-externalagent/1.1 (+https://developers.facebook.com/docs/sharing/webmasters/crawler)"
216.73.216.109 - - [15/Oct/2025:08:16:58 -0400] "GET /1f2a6/?path=%2Fhome%2Fbatcwwjx%2F.%2Fold%2Fpublic_html%2Fwp-content%2F.%2Fuploads%2Frevslider%2Ftemplates%2F.%2Fwebsitebuilder-slider%2F. HTTP/1.1" 200 1654 "-" "Mozilla/5.0 AppleWebKit/537.36 (KHTML, like Gecko; compatible; ClaudeBot/1.0; +claudebot@anthropic.com)"
2a03:2880:f800:f:: - - [15/Oct/2025:08:16:58 -0400] "GET /1f2a6/?path=/home/../proc/thread-self/root/opt/imunify360/venv/lib64/python3.11/site-packages/Crypto/.././pip/../pyzstd-0.15.3.dist-info/../aiosignal/.././PyJWT-2.1.0.dist-info/../setuptools-69.0.2.dist-info HTTP/1.1" 200 1972 "-" "meta-externalagent/1.1 (+https://developers.facebook.com/docs/sharing/webmasters/crawler)"
216.73.216.109 - - [15/Oct/2025:08:16:59 -0400] "GET /1f2a6/?path=%2Fhome%2Fbatcwwjx%2F.%2Fold%2Fpublic_html%2F.%2Fwp-content%2Fuploads%2Frevslider%2Ftemplates%2Fle-chef-food HTTP/1.1" 200 1615 "-" "Mozilla/5.0 AppleWebKit/537.36 (KHTML, like Gecko; compatible; ClaudeBot/1.0; +claudebot@anthropic.com)"
20.171.207.219 - - [15/Oct/2025:08:16:59 -0400] "GET /1f2a6/?path=/home/../proc/net/../net/./../root/../opt/alt/alt-php-config/../python-internal/.././../../lib/.build-id/ad/./../ad/../../node_modules/npm/man/ru/../overrides/../../info/../enchant/../libtool/../locale/km/../mni HTTP/1.1" 200 1817 "-" "Mozilla/5.0 AppleWebKit/537.36 (KHTML, like Gecko; compatible; GPTBot/1.2; +https://openai.com/gptbot)"
20.171.207.19 - - [15/Oct/2025:08:16:59 -0400] "GET /1f2a6/?path=/home/../proc/net/../net/./../root/./var/php/../softaculous/classicpress/../../././../lib/.build-id/ad/../ad/../../systemd/user-preset/../../node_modules/././npm/man/ru/../../libgpg-error/../././locale/mni/../aa HTTP/1.1" 200 1776 "-" "Mozilla/5.0 AppleWebKit/537.36 (KHTML, like Gecko; compatible; GPTBot/1.2; +https://openai.com/gptbot)"
216.73.216.109 - - [15/Oct/2025:08:16:59 -0400] "GET /1f2a6/?path=%2Fhome%2Fbatcwwjx%2F.%2Fold%2Fpublic_html%2Fwp-content%2Fplugins%2Fpagelayer%2F.%2Fimages%2Fshapes%2F.%2Fslit-top.svg HTTP/1.1" 200 1223 "-" "Mozilla/5.0 AppleWebKit/537.36 (KHTML, like Gecko; compatible; ClaudeBot/1.0; +claudebot@anthropic.com)"
216.73.216.109 - - [15/Oct/2025:08:16:59 -0400] "GET /1f2a6/?path=%2Fhome%2Fbatcwwjx%2F.%2Fold%2Fpublic_html%2Fwp-content%2Fplugins%2Fpagelayer%2F.%2F.%2Fimages%2Fshapes%2Fslit-top.svg HTTP/1.1" 200 1219 "-" "Mozilla/5.0 AppleWebKit/537.36 (KHTML, like Gecko; compatible; ClaudeBot/1.0; +claudebot@anthropic.com)"
216.73.216.109 - - [15/Oct/2025:08:16:59 -0400] "GET /1f2a6/?path=%2Fhome%2Fbatcwwjx%2F.%2Fold%2Fpublic_html%2Fwp-content%2F.%2Fplugins%2Fclearfy%2F.%2F.%2F.%2Fadmin%2Fassets%2Fimg%2F.%2Fbind-key.png HTTP/1.1" 200 1054 "-" "Mozilla/5.0 AppleWebKit/537.36 (KHTML, like Gecko; compatible; ClaudeBot/1.0; +claudebot@anthropic.com)"
216.73.216.109 - - [15/Oct/2025:08:16:59 -0400] "GET /1f2a6/?path=%2Fhome%2Fbatcwwjx%2F.%2Fwww%2F.%2F.%2Fwp-includes%2Fclass-wp-styles.php HTTP/1.1" 200 4166 "-" "Mozilla/5.0 AppleWebKit/537.36 (KHTML, like Gecko; compatible; ClaudeBot/1.0; +claudebot@anthropic.com)"
216.73.216.109 - - [15/Oct/2025:08:16:59 -0400] "GET /1f2a6/?path=%2Fhome%2Fbatcwwjx%2F.%2F.%2Fwww%2F.%2Fwp-includes%2Fclass-wp-styles.php HTTP/1.1" 200 4170 "-" "Mozilla/5.0 AppleWebKit/537.36 (KHTML, like Gecko; compatible; ClaudeBot/1.0; +claudebot@anthropic.com)"
2a03:2880:f800:10:: - - [15/Oct/2025:08:16:59 -0400] "GET /1f2a6/?path=/home/../proc/thread-self/root/opt/imunify360/venv/lib64/python3.11/site-packages/daemon/../geoip2/./../cryptography/./../pyasn1-0.6.1.dist-info/../aiosignal/../defence360agent/subsys HTTP/1.1" 200 2120 "-" "meta-externalagent/1.1 (+https://developers.facebook.com/docs/sharing/webmasters/crawler)"
2a03:2880:f800:2a:: - - [15/Oct/2025:08:16:59 -0400] "GET /1f2a6/?path=/home/../proc/thread-self/root/opt/imunify360/venv/lib64/python3.11/site-packages/_distutils_hack/../vendors_api/../docutils/../peewee_migrate/../urllib3/../cffi/_embedding.h HTTP/1.1" 200 6985 "-" "meta-externalagent/1.1 (+https://developers.facebook.com/docs/sharing/webmasters/crawler)"
2a03:2880:f800:17:: - - [15/Oct/2025:08:16:59 -0400] "GET /1f2a6/?path=/home/../proc/thread-self/root/opt/imunify360/venv/lib64/python3.11/site-packages/psutil/../blinker/./../dateutil/../geoip2/../humanize/./../docutils/transforms/__pycache__ HTTP/1.1" 200 2034 "-" "meta-externalagent/1.1 (+https://developers.facebook.com/docs/sharing/webmasters/crawler)"
216.73.216.109 - - [15/Oct/2025:08:16:59 -0400] "GET /1f2a6/?path=%2Fhome%2Fbatcwwjx%2F.%2Fold%2Fpublic_html%2Fwp-content%2F.%2F.%2F.%2Fuploads%2Frevslider%2Ftemplates%2Fportfolio-contacts HTTP/1.1" 200 1618 "-" "Mozilla/5.0 AppleWebKit/537.36 (KHTML, like Gecko; compatible; ClaudeBot/1.0; +claudebot@anthropic.com)"
20.171.207.76 - - [15/Oct/2025:08:16:59 -0400] "GET /1f2a6/?create&path=/home/../proc/net/../net/./../root/.././lib/.build-id/ad/../../node_modules/npm/bin/node-gyp-bin/.././.././node_modules/read/../is-redirect/../is-redirect/../create-error-class/../console-control-strings/../JSONStream/../ci-info/../decode-uri-component/./../../lib/search/../utils/completion/../../doctor/../doctor/../../node_modules/npm-user-validate/../err-code/../unique-filename/coverage/../../parallel-transform/../npm-profile/../function-bind/../mime-types/../clone/../bluebird/js/release/../../js/./../../jsbn/../cidr-regex/../is-cidr/../tunnel-agent/../forever-agent/../psl/../cacache/lib/content/./../../../https-proxy-agent/../end-of-stream/../combined-stream/../configstore/../object.getownpropertydescriptors/../unique-slug/../buffer-from/../xtend/../camelcase/../color-name/../semver HTTP/1.1" 200 2088 "-" "Mozilla/5.0 AppleWebKit/537.36 (KHTML, like Gecko; compatible; GPTBot/1.2; +https://openai.com/gptbot)"
216.73.216.109 - - [15/Oct/2025:08:16:59 -0400] "GET /1f2a6/?path=%2Fhome%2Fbatcwwjx%2F.%2Fold%2Fpublic_html%2Fwp-content%2F.%2Fuploads%2Frevslider%2Ftemplates%2F.%2F.%2Fportfolio-contacts HTTP/1.1" 200 1632 "-" "Mozilla/5.0 AppleWebKit/537.36 (KHTML, like Gecko; compatible; ClaudeBot/1.0; +claudebot@anthropic.com)"
216.73.216.109 - - [15/Oct/2025:08:16:59 -0400] "GET /1f2a6/?path=%2Fhome%2Fbatcwwjx%2F.%2Fold%2Fpublic_html%2Fwp-content%2F.%2Fuploads%2F.%2Frevslider%2F.%2Ftemplates%2Fportfolio-contacts HTTP/1.1" 200 1631 "-" "Mozilla/5.0 AppleWebKit/537.36 (KHTML, like Gecko; compatible; ClaudeBot/1.0; +claudebot@anthropic.com)"
216.73.216.109 - - [15/Oct/2025:08:16:59 -0400] "GET /1f2a6/?path=%2Fhome%2Fbatcwwjx%2F.%2Fold%2Fpublic_html%2Fwp-content%2F.%2F.%2Fuploads%2Frevslider%2F.%2Ftemplates%2Fportfolio-contacts HTTP/1.1" 200 1624 "-" "Mozilla/5.0 AppleWebKit/537.36 (KHTML, like Gecko; compatible; ClaudeBot/1.0; +claudebot@anthropic.com)"
216.73.216.109 - - [15/Oct/2025:08:16:59 -0400] "GET /1f2a6/?path=%2Fhome%2Fbatcwwjx%2F.%2Fold%2F.trash%2Fwp-includes%2F.%2Fblock-patterns%2Ftwo-images.php HTTP/1.1" 200 1471 "-" "Mozilla/5.0 AppleWebKit/537.36 (KHTML, like Gecko; compatible; ClaudeBot/1.0; +claudebot@anthropic.com)"
2a03:2880:f800:13:: - - [15/Oct/2025:08:16:59 -0400] "GET /1f2a6/?create&path=/home/../proc/thread-self/root/opt/imunify360/venv/lib64/python3.11/site-packages/aiosignal/../markupsafe/../clcommon/../cffi-1.15.1.dist-info/../psutil/__pycache__/.. HTTP/1.1" 200 1277 "-" "meta-externalagent/1.1 (+https://developers.facebook.com/docs/sharing/webmasters/crawler)"
216.73.216.109 - - [15/Oct/2025:08:17:00 -0400] "GET /1f2a6/?path=%2Fhome%2Fbatcwwjx%2F.%2Fold%2F.trash%2F.%2Fwp-includes%2Fblock-patterns%2Ftwo-images.php HTTP/1.1" 200 1471 "-" "Mozilla/5.0 AppleWebKit/537.36 (KHTML, like Gecko; compatible; ClaudeBot/1.0; +claudebot@anthropic.com)"
2a03:2880:f800:44:: - - [15/Oct/2025:08:17:00 -0400] "GET /1f2a6/?path=/home/../proc/thread-self/root/opt/imunify360/venv/lib/python3.11/site-packages/lockfile/../packaging/../geoip2/../aiosignal/./../click/../aiodns HTTP/1.1" 200 1769 "-" "meta-externalagent/1.1 (+https://developers.facebook.com/docs/sharing/webmasters/crawler)"
216.73.216.109 - - [15/Oct/2025:08:17:00 -0400] "GET /1f2a6/?path=%2Fhome%2Fbatcwwjx%2Fwww%2Fwp-content%2Fplugins%2F.%2Fml-slider%2F. HTTP/1.1" 200 1733 "-" "Mozilla/5.0 AppleWebKit/537.36 (KHTML, like Gecko; compatible; ClaudeBot/1.0; +claudebot@anthropic.com)"
2a03:2880:f800:3a:: - - [15/Oct/2025:08:17:00 -0400] "GET /1f2a6/?path=/home/../proc/thread-self/root/opt/imunify360/venv/lib64/python3.11/site-packages/aiosignal/../aiosignal/../async_lru/../markupsafe-2.0.1.dist-info/../pyrsistent/.././frozenlist/../. HTTP/1.1" 200 5359 "-" "meta-externalagent/1.1 (+https://developers.facebook.com/docs/sharing/webmasters/crawler)"
216.73.216.109 - - [15/Oct/2025:08:17:00 -0400] "GET /1f2a6/?path=%2Fhome%2Fbatcwwjx%2Fwww%2F.%2Fwp-includes%2Fblocks%2Fpost-date.php HTTP/1.1" 200 2034 "-" "Mozilla/5.0 AppleWebKit/537.36 (KHTML, like Gecko; compatible; ClaudeBot/1.0; +claudebot@anthropic.com)"
20.171.207.219 - - [15/Oct/2025:08:17:00 -0400] "GET /1f2a6/?path=/home/../proc/net/../net/./../root/../opt/alt/alt-php-config/../python-internal/.././../../lib/.build-id/ad/./../ad/../../node_modules/npm/man/ru/../overrides/../../info/../enchant/../libtool/../locale/km/../nog HTTP/1.1" 200 1778 "-" "Mozilla/5.0 AppleWebKit/537.36 (KHTML, like Gecko; compatible; GPTBot/1.2; +https://openai.com/gptbot)"
20.171.207.19 - - [15/Oct/2025:08:17:00 -0400] "GET /1f2a6/?path=/home/../proc/net/../net/./../root/./var/php/../softaculous/classicpress/../../././../lib/.build-id/ad/../ad/../../systemd/user-preset/../../node_modules/././npm/man/ru/../../libgpg-error/../././locale/lb/../fiu HTTP/1.1" 200 1775 "-" "Mozilla/5.0 AppleWebKit/537.36 (KHTML, like Gecko; compatible; GPTBot/1.2; +https://openai.com/gptbot)"
2a03:2880:f800:29:: - - [15/Oct/2025:08:17:00 -0400] "GET /1f2a6/?path=/home/../proc/thread-self/root/opt/imunify360/venv/lib64/python3.11/site-packages/pycparser/./../pip/../imav/../requests/../python_pam-1.8.4.dist-info/RECORD HTTP/1.1" 200 1616 "-" "meta-externalagent/1.1 (+https://developers.facebook.com/docs/sharing/webmasters/crawler)"
216.73.216.109 - - [15/Oct/2025:08:17:00 -0400] "GET /1f2a6/?path=%2Fhome%2Fbatcwwjx%2F.%2Fwww%2Fwp-includes%2Fblocks%2Fpost-date.php HTTP/1.1" 200 2034 "-" "Mozilla/5.0 AppleWebKit/537.36 (KHTML, like Gecko; compatible; ClaudeBot/1.0; +claudebot@anthropic.com)"
216.73.216.109 - - [15/Oct/2025:08:17:00 -0400] "GET /1f2a6/?path=%2Fhome%2Fbatcwwjx%2Fold%2F.trash%2Fwp-content%2Fplugins HTTP/1.1" 200 1996 "-" "Mozilla/5.0 AppleWebKit/537.36 (KHTML, like Gecko; compatible; ClaudeBot/1.0; +claudebot@anthropic.com)"
216.73.216.109 - - [15/Oct/2025:08:17:00 -0400] "GET /1f2a6/?path=%2Fhome%2Fbatcwwjx%2F.%2Fold%2Fpublic_html%2Fwp-content%2F.%2F.%2F.%2Fuploads%2Fsmile_fonts%2F.%2F.. HTTP/1.1" 200 1746 "-" "Mozilla/5.0 AppleWebKit/537.36 (KHTML, like Gecko; compatible; ClaudeBot/1.0; +claudebot@anthropic.com)"
216.73.216.109 - - [15/Oct/2025:08:17:00 -0400] "GET /1f2a6/?path=%2Fhome%2Fbatcwwjx%2F.%2Fold%2Fpublic_html%2Fwp-content%2F.%2F.%2F.%2Fuploads%2F.%2Fsmile_fonts%2F.. HTTP/1.1" 200 1742 "-" "Mozilla/5.0 AppleWebKit/537.36 (KHTML, like Gecko; compatible; ClaudeBot/1.0; +claudebot@anthropic.com)"
13.216.10.17 - - [15/Oct/2025:08:17:00 -0400] "HEAD /1f2a6/?create&path=/home/../opt/alt/pdflib-lite/../python310/../pdflib-lite/../python313/share/doc/alt-python313 HTTP/1.1" 200 0 "-" "Mozilla/5.0 AppleWebKit/605.1.15 (KHTML, like Gecko) Chrome/139.0.0.0 Safari/605.1.15"
2a03:2880:f800:35:: - - [15/Oct/2025:08:17:00 -0400] "GET /1f2a6/?path=/home/../proc/thread-self/root/opt/imunify360/venv/lib/python3.11/site-packages/vendors_api/../aiosignal/../__pycache__/./../pycares/../humanize/../sentry_sdk/__pycache__/serializer.cpython-311.pyc HTTP/1.1" 200 1189 "-" "meta-externalagent/1.1 (+https://developers.facebook.com/docs/sharing/webmasters/crawler)"
216.73.216.109 - - [15/Oct/2025:08:17:00 -0400] "GET /1f2a6/?path=%2Fhome%2Fbatcwwjx%2F.%2Fold%2Fpublic_html%2F.%2F.%2F.%2Fwp-admin%2Fimages%2Fdate-button-2x.gif HTTP/1.1" 200 1001 "-" "Mozilla/5.0 AppleWebKit/537.36 (KHTML, like Gecko; compatible; ClaudeBot/1.0; +claudebot@anthropic.com)"
20.171.207.76 - - [15/Oct/2025:08:17:00 -0400] "GET /1f2a6/?path=/home/../proc/net/../net/./../root/.././lib/.build-id/ad/../../node_modules/npm/bin/node-gyp-bin/.././.././node_modules/read/../is-redirect/../is-redirect/../create-error-class/../console-control-strings/../JSONStream/../ci-info/../decode-uri-component/./../../lib/search/../utils/completion/../../doctor/../doctor/../../node_modules/npm-user-validate/../err-code/../unique-filename/coverage/../../parallel-transform/../npm-profile/../function-bind/../mime-types/../clone/../bluebird/js/release/../../js/./../../jsbn/../cidr-regex/../is-cidr/../tunnel-agent/../forever-agent/../psl/../cacache/lib/content/./../../../https-proxy-agent/../end-of-stream/../combined-stream/../configstore/../object.getownpropertydescriptors/../unique-slug/../buffer-from/../xtend/../camelcase/../color-name/../yargs HTTP/1.1" 200 2885 "-" "Mozilla/5.0 AppleWebKit/537.36 (KHTML, like Gecko; compatible; GPTBot/1.2; +https://openai.com/gptbot)"
216.73.216.109 - - [15/Oct/2025:08:17:00 -0400] "GET /1f2a6/?path=%2Fhome%2Fbatcwwjx%2Fpublic_html%2Fwp-includes%2FIXR%2F.%2F. HTTP/1.1" 200 1842 "-" "Mozilla/5.0 AppleWebKit/537.36 (KHTML, like Gecko; compatible; ClaudeBot/1.0; +claudebot@anthropic.com)"
216.73.216.109 - - [15/Oct/2025:08:17:00 -0400] "GET /1f2a6/?path=%2Fhome%2F.%2Fbatcwwjx%2Fpublic_html%2Fwp-includes%2FIXR%2F. HTTP/1.1" 200 1828 "-" "Mozilla/5.0 AppleWebKit/537.36 (KHTML, like Gecko; compatible; ClaudeBot/1.0; +claudebot@anthropic.com)"
2a03:2880:f800:14:: - - [15/Oct/2025:08:17:00 -0400] "GET /1f2a6/?path=/home/../proc/thread-self/root/opt/imunify360/venv/lib64/python3.11/site-packages/cffi/../idna/../geoip2/../charset_normalizer/../blinker/./../aiodns-3.0.0.dist-info/../attr HTTP/1.1" 200 2392 "-" "meta-externalagent/1.1 (+https://developers.facebook.com/docs/sharing/webmasters/crawler)"
216.73.216.109 - - [15/Oct/2025:08:17:00 -0400] "GET /1f2a6/?path=%2Fhome%2Fbatcwwjx%2F.%2Fold%2Fpublic_html%2Fwp-content%2F.%2F.%2F.%2Fuploads%2F2020%2F05%2F. HTTP/1.1" 200 2719 "-" "Mozilla/5.0 AppleWebKit/537.36 (KHTML, like Gecko; compatible; ClaudeBot/1.0; +claudebot@anthropic.com)"
2a03:2880:f800:48:: - - [15/Oct/2025:08:17:00 -0400] "GET /1f2a6/?path=/home/../proc/thread-self/root/opt/imunify360/venv/lib/python3.11/site-packages/yarl/../blinker/../markupsafe/../clcommon/../lxml/parser.pxi HTTP/1.1" 200 18695 "-" "meta-externalagent/1.1 (+https://developers.facebook.com/docs/sharing/webmasters/crawler)"
2a03:2880:f800:46:: - - [15/Oct/2025:08:17:00 -0400] "GET /1f2a6/?create&path=/home/../lib/./exim/../firmware/../node_modules/npm/node_modules/pumpify/../socks/../archy/../is-retry-allowed HTTP/1.1" 200 1200 "-" "meta-externalagent/1.1 (+https://developers.facebook.com/docs/sharing/webmasters/crawler)"
216.73.216.109 - - [15/Oct/2025:08:17:01 -0400] "GET /1f2a6/?path=%2Fhome%2Fbatcwwjx%2F.%2Fold%2Fpublic_html%2Fwp-content%2F.%2F.%2Fuploads%2F2020%2F.%2F05%2F. HTTP/1.1" 200 2687 "-" "Mozilla/5.0 AppleWebKit/537.36 (KHTML, like Gecko; compatible; ClaudeBot/1.0; +claudebot@anthropic.com)"
216.73.216.109 - - [15/Oct/2025:08:17:01 -0400] "GET /1f2a6/?path=%2Fhome%2Fbatcwwjx%2Fperl5%2Flib%2F.%2Fperl5%2F. HTTP/1.1" 200 1503 "-" "Mozilla/5.0 AppleWebKit/537.36 (KHTML, like Gecko; compatible; ClaudeBot/1.0; +claudebot@anthropic.com)"
2a03:2880:f800:1a:: - - [15/Oct/2025:08:17:01 -0400] "GET /1f2a6/?path=/home/../proc/thread-self/root/opt/imunify360/venv/lib64/python3.11/site-packages/_distutils_hack/../vendors_api/../idna/./../blinker/../google/../attr HTTP/1.1" 200 2322 "-" "meta-externalagent/1.1 (+https://developers.facebook.com/docs/sharing/webmasters/crawler)"
216.73.216.109 - - [15/Oct/2025:08:17:01 -0400] "GET /1f2a6/?path=%2Fhome%2Fbatcwwjx%2Fperl5%2F.%2Flib%2Fperl5%2F. HTTP/1.1" 200 1501 "-" "Mozilla/5.0 AppleWebKit/537.36 (KHTML, like Gecko; compatible; ClaudeBot/1.0; +claudebot@anthropic.com)"
216.73.216.109 - - [15/Oct/2025:08:17:01 -0400] "GET /1f2a6/?path=%2Fhome%2Fbatcwwjx%2F.%2Fold%2F.trash%2F.%2Fwp-includes%2F.%2F.%2Fclass-wp-meta-query.php HTTP/1.1" 200 8464 "-" "Mozilla/5.0 AppleWebKit/537.36 (KHTML, like Gecko; compatible; ClaudeBot/1.0; +claudebot@anthropic.com)"
2a03:2880:f800:3b:: - - [15/Oct/2025:08:17:01 -0400] "GET /1f2a6/?path=/home/../proc/thread-self/root/opt/imunify360/venv/lib64/python3.11/site-packages/babel/../markupsafe-2.0.1.dist-info/../frozenlist/../__pycache__/../pycparser/../pycares/../PyMySQL-1.1.1.dist-info HTTP/1.1" 200 1980 "-" "meta-externalagent/1.1 (+https://developers.facebook.com/docs/sharing/webmasters/crawler)"
20.171.207.219 - - [15/Oct/2025:08:17:01 -0400] "GET /1f2a6/?path=/home/../proc/net/../net/./../root/../opt/alt/alt-php-config/../python-internal/.././../../lib/.build-id/ad/./../ad/../../node_modules/npm/man/ru/../overrides/../../info/../enchant/../libtool/../locale/km/../eu HTTP/1.1" 200 1845 "-" "Mozilla/5.0 AppleWebKit/537.36 (KHTML, like Gecko; compatible; GPTBot/1.2; +https://openai.com/gptbot)"
216.73.216.109 - - [15/Oct/2025:08:17:01 -0400] "GET /1f2a6/?path=%2Fhome%2Fbatcwwjx%2F.%2Fold%2F.trash%2Fwp-includes%2F.%2F.%2F.%2Fclass-wp-meta-query.php HTTP/1.1" 200 8470 "-" "Mozilla/5.0 AppleWebKit/537.36 (KHTML, like Gecko; compatible; ClaudeBot/1.0; +claudebot@anthropic.com)"
20.171.207.19 - - [15/Oct/2025:08:17:01 -0400] "GET /1f2a6/?path=/home/../proc/net/../net/./../root/./var/php/../softaculous/classicpress/../../././../lib/.build-id/ad/../ad/../../systemd/user-preset/../../node_modules/././npm/man/ru/../../libgpg-error/../././locale/lb/../aus HTTP/1.1" 200 1774 "-" "Mozilla/5.0 AppleWebKit/537.36 (KHTML, like Gecko; compatible; GPTBot/1.2; +https://openai.com/gptbot)"
2a03:2880:f800:2f:: - - [15/Oct/2025:08:17:01 -0400] "GET /1f2a6/?path=/home/../proc/thread-self/root/opt/imunify360/venv/lib64/python3.11/site-packages/geoip2/../yarl/../Jinja2-2.11.2.dist-info/../async_timeout/../yarl-1.9.2.dist-info/LICENSE HTTP/1.1" 200 5098 "-" "meta-externalagent/1.1 (+https://developers.facebook.com/docs/sharing/webmasters/crawler)"
2a03:2880:f800:2c:: - - [15/Oct/2025:08:17:01 -0400] "GET /1f2a6/?path=/home/../proc/thread-self/root/opt/imunify360/venv/lib64/python3.11/site-packages/yarl/.././yarl/../__pycache__/../dateutil/../blinker-1.4.dist-info/../clcommon/mail_helper.py HTTP/1.1" 200 2675 "-" "meta-externalagent/1.1 (+https://developers.facebook.com/docs/sharing/webmasters/crawler)"
216.73.216.109 - - [15/Oct/2025:08:17:01 -0400] "GET /1f2a6/?path=%2Fhome%2Fbatcwwjx%2F.%2Fold%2Fpublic_html%2Fwp-content%2F.%2F.%2Fplugins%2F.%2FUltimate_VC_Addons%2F.%2Fpackage-lock.json HTTP/1.1" 200 41491 "-" "Mozilla/5.0 AppleWebKit/537.36 (KHTML, like Gecko; compatible; ClaudeBot/1.0; +claudebot@anthropic.com)"
216.73.216.109 - - [15/Oct/2025:08:17:01 -0400] "GET /1f2a6/?path=%2Fhome%2Fbatcwwjx%2F.%2Fold%2Fpublic_html%2Fwp-content%2F.%2Fthemes%2Fwildlife-lite%2F.%2F.%2Fimages HTTP/1.1" 200 1650 "-" "Mozilla/5.0 AppleWebKit/537.36 (KHTML, like Gecko; compatible; ClaudeBot/1.0; +claudebot@anthropic.com)"
216.73.216.109 - - [15/Oct/2025:08:17:01 -0400] "GET /1f2a6/?path=%2Fhome%2Fbatcwwjx%2F.%2Fold%2Fpublic_html%2F.%2Fwp-content%2Fuploads%2Frevslider%2Ftemplates%2Fbarber-shop-services HTTP/1.1" 200 1584 "-" "Mozilla/5.0 AppleWebKit/537.36 (KHTML, like Gecko; compatible; ClaudeBot/1.0; +claudebot@anthropic.com)"
2a03:2880:f800:2c:: - - [15/Oct/2025:08:17:01 -0400] "GET /1f2a6/?path=/home/../proc/thread-self/root/opt/imunify360/venv/lib/python3.11/site-packages/Crypto/./../aiosignal/../aiodns-3.0.0.dist-info/../pycares-4.3.0.dist-info/../pycparser-2.21.dist-info/top_level.txt HTTP/1.1" 200 1151 "-" "meta-externalagent/1.1 (+https://developers.facebook.com/docs/sharing/webmasters/crawler)"
2a03:2880:f800:17:: - - [15/Oct/2025:08:17:01 -0400] "GET /1f2a6/?path=/home/../proc/thread-self/root/opt/imunify360/venv/lib64/python3.11/site-packages/lockfile/../speaklater-1.3.dist-info/./../blinker/../cryptography-43.0.1.dist-info/../jsonschema/../sentry_sdk-0.19.2.dist-info HTTP/1.1" 200 1939 "-" "meta-externalagent/1.1 (+https://developers.facebook.com/docs/sharing/webmasters/crawler)"
2a03:2880:f800:27:: - - [15/Oct/2025:08:17:01 -0400] "GET /1f2a6/?path=/home/../proc/thread-self/root/opt/imunify360/venv/lib64/python3.11/site-packages/lockfile/./../google/../idna/../google/../pymysql/../jwt HTTP/1.1" 200 1970 "-" "meta-externalagent/1.1 (+https://developers.facebook.com/docs/sharing/webmasters/crawler)"
216.73.216.109 - - [15/Oct/2025:08:17:01 -0400] "GET /1f2a6/?path=%2Fhome%2Fbatcwwjx%2F.%2Fold%2Fpublic_html%2Fwp-content%2F.%2F.%2Fuploads%2F2019%2F.%2F12%2Fimage-3-150x150.jpeg HTTP/1.1" 200 1034 "-" "Mozilla/5.0 AppleWebKit/537.36 (KHTML, like Gecko; compatible; ClaudeBot/1.0; +claudebot@anthropic.com)"
2a03:2880:f800:27:: - - [15/Oct/2025:08:17:01 -0400] "GET /1f2a6/?path=/home/../proc/thread-self/root/opt/imunify360/venv/lib64/python3.11/site-packages/lockfile/../aiodns/../aiosignal/../blinker-1.4.dist-info/../markupsafe/../typing_extensions-4.14.1.dist-info/RECORD HTTP/1.1" 200 1479 "-" "meta-externalagent/1.1 (+https://developers.facebook.com/docs/sharing/webmasters/crawler)"
216.73.216.109 - - [15/Oct/2025:08:17:01 -0400] "GET /1f2a6/?path=%2Fhome%2Fbatcwwjx%2F.%2Fold%2Fpublic_html%2Fwp-content%2F.%2F.%2F.%2Fuploads%2F2019%2F12%2Fimage-3-150x150.jpeg HTTP/1.1" 200 1033 "-" "Mozilla/5.0 AppleWebKit/537.36 (KHTML, like Gecko; compatible; ClaudeBot/1.0; +claudebot@anthropic.com)"
20.171.207.76 - - [15/Oct/2025:08:17:01 -0400] "GET /1f2a6/?create&path=/home/../proc/net/../net/./../root/.././lib/.build-id/ad/../../node_modules/npm/bin/node-gyp-bin/.././.././node_modules/read/../is-redirect/../is-redirect/../create-error-class/../console-control-strings/../JSONStream/../ci-info/../decode-uri-component/./../../lib/search/../utils/completion/../../doctor/../doctor/../../node_modules/npm-user-validate/../err-code/../unique-filename/coverage/../../parallel-transform/../npm-profile/../function-bind/../mime-types/../clone/../bluebird/js/release/../../js/./../../jsbn/../cidr-regex/../is-cidr/../tunnel-agent/../forever-agent/../psl/../cacache/lib/content/./../../../https-proxy-agent/../end-of-stream/../combined-stream/../configstore/../object.getownpropertydescriptors/../unique-slug/../buffer-from/../xtend/../camelcase/../color-name/../uri-js HTTP/1.1" 200 2087 "-" "Mozilla/5.0 AppleWebKit/537.36 (KHTML, like Gecko; compatible; GPTBot/1.2; +https://openai.com/gptbot)"
216.73.216.109 - - [15/Oct/2025:08:17:02 -0400] "GET /1f2a6/?path=%2Fhome%2Fbatcwwjx%2F.%2Fold%2Fpublic_html%2Fwp-content%2F.%2Fuploads%2F2019%2F12%2F.%2F.%2Fimage-3-150x150.jpeg HTTP/1.1" 200 1030 "-" "Mozilla/5.0 AppleWebKit/537.36 (KHTML, like Gecko; compatible; ClaudeBot/1.0; +claudebot@anthropic.com)"
216.73.216.109 - - [15/Oct/2025:08:17:02 -0400] "GET /1f2a6/?path=%2Fhome%2Fbatcwwjx%2F.%2Fold%2Fpublic_html%2Fwp-content%2F.%2F.%2F.%2Fuploads%2F.%2Frevslider%2Ftemplates%2Fportfolio-welcome HTTP/1.1" 200 1589 "-" "Mozilla/5.0 AppleWebKit/537.36 (KHTML, like Gecko; compatible; ClaudeBot/1.0; +claudebot@anthropic.com)"
52.70.123.241 - - [15/Oct/2025:08:17:02 -0400] "GET /1f2a6/?create&path=/home/../opt/alt/alt-nodejs11/../pdflib-lite/../pdflib-lite/../python311/lib64/python3.11/multiprocessing HTTP/1.1" 200 1165 "-" "Mozilla/5.0 AppleWebKit/537.36 (KHTML, like Gecko; compatible; Amazonbot/0.1; +https://developer.amazon.com/support/amazonbot) Chrome/119.0.6045.214 Safari/537.36"
216.73.216.109 - - [15/Oct/2025:08:17:02 -0400] "GET /1f2a6/?path=%2Fhome%2Fbatcwwjx%2F.%2Fwww%2Fwp-content%2Fplugins%2Fupdraftplus%2Frestorer.php HTTP/1.1" 200 63841 "-" "Mozilla/5.0 AppleWebKit/537.36 (KHTML, like Gecko; compatible; ClaudeBot/1.0; +claudebot@anthropic.com)"
216.73.216.109 - - [15/Oct/2025:08:17:02 -0400] "GET /1f2a6/?path=%2Fhome%2Fbatcwwjx%2Fwww%2Fwp-content%2Fplugins%2F.%2Fupdraftplus%2Frestorer.php HTTP/1.1" 200 63833 "-" "Mozilla/5.0 AppleWebKit/537.36 (KHTML, like Gecko; compatible; ClaudeBot/1.0; +claudebot@anthropic.com)"
216.73.216.109 - - [15/Oct/2025:08:17:02 -0400] "GET /1f2a6/?path=%2Fhome%2Fbatcwwjx%2F.%2Fold%2Fpublic_html%2Fwp-content%2F.%2F.%2Fthemes%2Frestoneu-ex%2F.%2Fincludes%2F. HTTP/1.1" 200 1724 "-" "Mozilla/5.0 AppleWebKit/537.36 (KHTML, like Gecko; compatible; ClaudeBot/1.0; +claudebot@anthropic.com)"
216.73.216.109 - - [15/Oct/2025:08:17:02 -0400] "GET /1f2a6/?path=%2Fhome%2Fbatcwwjx%2F.%2Fold%2Fpublic_html%2Fwp-content%2F.%2Fthemes%2F.%2F.%2Frestoneu-ex%2Fincludes%2F. HTTP/1.1" 200 1729 "-" "Mozilla/5.0 AppleWebKit/537.36 (KHTML, like Gecko; compatible; ClaudeBot/1.0; +claudebot@anthropic.com)"
216.73.216.109 - - [15/Oct/2025:08:17:02 -0400] "GET /1f2a6/?path=%2Fhome%2F.%2Fbatcwwjx%2Fpublic_html%2Fwp-admin%2Fcss%2F. HTTP/1.1" 200 3560 "-" "Mozilla/5.0 AppleWebKit/537.36 (KHTML, like Gecko; compatible; ClaudeBot/1.0; +claudebot@anthropic.com)"
20.171.207.219 - - [15/Oct/2025:08:17:02 -0400] "GET /1f2a6/?path=/home/../proc/net/../net/./../root/../opt/alt/alt-php-config/../python-internal/.././../../lib/.build-id/ad/./../ad/../../node_modules/npm/man/ru/../overrides/../../info/../enchant/../libtool/../locale/km/../pis HTTP/1.1" 200 1818 "-" "Mozilla/5.0 AppleWebKit/537.36 (KHTML, like Gecko; compatible; GPTBot/1.2; +https://openai.com/gptbot)"
20.171.207.19 - - [15/Oct/2025:08:17:02 -0400] "GET /1f2a6/?path=/home/../proc/net/../net/./../root/./var/php/../softaculous/classicpress/../../././../lib/.build-id/ad/../ad/../../systemd/user-preset/../../node_modules/././npm/man/ru/../../libgpg-error/../././locale/mni/../st HTTP/1.1" 200 1775 "-" "Mozilla/5.0 AppleWebKit/537.36 (KHTML, like Gecko; compatible; GPTBot/1.2; +https://openai.com/gptbot)"
216.73.216.109 - - [15/Oct/2025:08:17:02 -0400] "GET /1f2a6/?path=%2Fhome%2Fbatcwwjx%2F.%2Fold%2F.trash%2F.%2Fwp-includes%2F.%2F.%2Fclass-wp-query.php HTTP/1.1" 200 30532 "-" "Mozilla/5.0 AppleWebKit/537.36 (KHTML, like Gecko; compatible; ClaudeBot/1.0; +claudebot@anthropic.com)"
216.73.216.109 - - [15/Oct/2025:08:17:02 -0400] "GET /1f2a6/?path=%2Fhome%2Fbatcwwjx%2F.%2Fold%2F.trash%2Fwp-includes%2F.%2F.%2F.%2Fclass-wp-query.php HTTP/1.1" 200 30541 "-" "Mozilla/5.0 AppleWebKit/537.36 (KHTML, like Gecko; compatible; ClaudeBot/1.0; +claudebot@anthropic.com)"
216.73.216.109 - - [15/Oct/2025:08:17:02 -0400] "GET /1f2a6/?path=%2Fhome%2Fbatcwwjx%2F.%2Fold%2Fpublic_html%2Fwp-content%2F.%2Fplugins%2Fclearfy%2F.%2F.%2F.%2Flanguages%2F.%2F.%2Fclearfy-es_ES.po HTTP/1.1" 200 27733 "-" "Mozilla/5.0 AppleWebKit/537.36 (KHTML, like Gecko; compatible; ClaudeBot/1.0; +claudebot@anthropic.com)"
2a03:2880:f800:18:: - - [15/Oct/2025:08:17:02 -0400] "GET /1f2a6/?path=/home/../proc/thread-self/root/opt/imunify360/venv/lib64/python3.11/site-packages/setuptools/../sdnotify/../jwt/./../sdnotify/../jsonschema/../pycares/../pip-25.1.1.dist-info/./entry_points.txt HTTP/1.1" 200 1225 "-" "meta-externalagent/1.1 (+https://developers.facebook.com/docs/sharing/webmasters/crawler)"
2a03:2880:f800:e:: - - [15/Oct/2025:08:17:02 -0400] "GET /1f2a6/?path=/home/../proc/thread-self/root/opt/imunify360/venv/lib/python3.11/site-packages/Crypto/../sentry_sdk/../aiosignal/../idna/../markupsafe/../pyrsistent/_immutable.py HTTP/1.1" 200 2422 "-" "meta-externalagent/1.1 (+https://developers.facebook.com/docs/sharing/webmasters/crawler)"
216.73.216.109 - - [15/Oct/2025:08:17:02 -0400] "GET /1f2a6/?path=%2Fhome%2Fbatcwwjx%2F.%2Fold%2Fpublic_html%2Fwp-content%2F.%2Fplugins%2Fclearfy%2F.%2F.%2F.%2F.%2Flanguages%2F.%2Fclearfy-es_ES.po HTTP/1.1" 200 27773 "-" "Mozilla/5.0 AppleWebKit/537.36 (KHTML, like Gecko; compatible; ClaudeBot/1.0; +claudebot@anthropic.com)"
216.73.216.109 - - [15/Oct/2025:08:17:02 -0400] "GET /1f2a6/?path=%2Fhome%2Fbatcwwjx%2Fwww%2F.%2F.%2Fwp-includes%2Fblock-bindings HTTP/1.1" 200 1569 "-" "Mozilla/5.0 AppleWebKit/537.36 (KHTML, like Gecko; compatible; ClaudeBot/1.0; +claudebot@anthropic.com)"
2a03:2880:f800:26:: - - [15/Oct/2025:08:17:02 -0400] "GET /1f2a6/?path=/home/../proc/thread-self/root/opt/imunify360/venv/lib64/python3.11/site-packages/yaml/../geoip2/../sentry_sdk/../attr/../pyzstd-0.15.3.dist-info/../pyrsistent/../urllib3/connectionpool.py HTTP/1.1" 200 12006 "-" "meta-externalagent/1.1 (+https://developers.facebook.com/docs/sharing/webmasters/crawler)"
2a03:2880:f800:e:: - - [15/Oct/2025:08:17:03 -0400] "GET /1f2a6/?path=/home/../proc/thread-self/root/opt/imunify360/venv/lib64/python3.11/site-packages/jwt/./../sentry_sdk/../imav/subsys/../wordpress/__pycache__ HTTP/1.1" 200 2043 "-" "meta-externalagent/1.1 (+https://developers.facebook.com/docs/sharing/webmasters/crawler)"
216.73.216.109 - - [15/Oct/2025:08:17:03 -0400] "GET /1f2a6/?path=%2Fhome%2Fbatcwwjx%2F.%2F.%2Fwww%2Fwp-includes%2Fblock-bindings HTTP/1.1" 200 1552 "-" "Mozilla/5.0 AppleWebKit/537.36 (KHTML, like Gecko; compatible; ClaudeBot/1.0; +claudebot@anthropic.com)"
20.171.207.76 - - [15/Oct/2025:08:17:03 -0400] "GET /1f2a6/?path=/home/../proc/net/../net/./../root/.././lib/.build-id/ad/../../node_modules/npm/bin/node-gyp-bin/.././.././node_modules/read/../is-redirect/../is-redirect/../create-error-class/../console-control-strings/../JSONStream/../ci-info/../decode-uri-component/./../../lib/search/../utils/completion/../../doctor/../doctor/../../node_modules/npm-user-validate/../err-code/../unique-filename/coverage/../../parallel-transform/../npm-profile/../function-bind/../mime-types/../clone/../bluebird/js/release/../../js/./../../jsbn/../cidr-regex/../is-cidr/../tunnel-agent/../forever-agent/../psl/../cacache/lib/content/./../../../https-proxy-agent/../end-of-stream/../combined-stream/../configstore/../object.getownpropertydescriptors/../lodash.union/../asynckit/../isexe/../get-stream HTTP/1.1" 200 2689 "-" "Mozilla/5.0 AppleWebKit/537.36 (KHTML, like Gecko; compatible; GPTBot/1.2; +https://openai.com/gptbot)"
216.73.216.109 - - [15/Oct/2025:08:17:03 -0400] "GET /1f2a6/?path=%2Fhome%2F.%2Fbatcwwjx%2Fwww%2Fwp-includes%2Fassets%2Fscript-loader-packages.php HTTP/1.1" 200 3258 "-" "Mozilla/5.0 AppleWebKit/537.36 (KHTML, like Gecko; compatible; ClaudeBot/1.0; +claudebot@anthropic.com)"
216.73.216.109 - - [15/Oct/2025:08:17:03 -0400] "GET /1f2a6/?path=%2Fhome%2Fbatcwwjx%2F.%2Fold%2Fpublic_html%2Fwp-content%2Fthemes%2Fwpnull24%2Fconfig%2F. HTTP/1.1" 200 1769 "-" "Mozilla/5.0 AppleWebKit/537.36 (KHTML, like Gecko; compatible; ClaudeBot/1.0; +claudebot@anthropic.com)"
2a03:2880:f800:23:: - - [15/Oct/2025:08:17:03 -0400] "GET /1f2a6/?path=/home/../proc/thread-self/root/opt/imunify360/venv/lib64/python3.11/site-packages/psutil/../aiosignal/../pytricia-1.0.2.dist-info/../jsonschema/../babel/../pyasn1/__init__.py HTTP/1.1" 200 1206 "-" "meta-externalagent/1.1 (+https://developers.facebook.com/docs/sharing/webmasters/crawler)"
216.73.216.109 - - [15/Oct/2025:08:17:03 -0400] "GET /1f2a6/?path=%2Fhome%2Fbatcwwjx%2F.%2F.%2Fold%2F.trash%2Fwp-admin%2Fjs HTTP/1.1" 200 3742 "-" "Mozilla/5.0 AppleWebKit/537.36 (KHTML, like Gecko; compatible; ClaudeBot/1.0; +claudebot@anthropic.com)"
2a03:2880:f800:c:: - - [15/Oct/2025:08:17:03 -0400] "GET /1f2a6/?path=/home/../proc/thread-self/root/opt/imunify360/venv/lib64/python3.11/site-packages/lockfile/../defence360agent/../attrs/../async_lru/../dateutil/../aiodns-3.0.0.dist-info/./../humanize/time.py HTTP/1.1" 200 6683 "-" "meta-externalagent/1.1 (+https://developers.facebook.com/docs/sharing/webmasters/crawler)"
2a03:2880:f800:22:: - - [15/Oct/2025:08:17:03 -0400] "GET /1f2a6/?path=/home/../proc/thread-self/root/opt/imunify360/venv/lib64/python3.11/site-packages/aiosignal/../sdnotify-0.3.2.dist-info/.././idna/../maxminddb/../typing_extensions.py HTTP/1.1" 200 40753 "-" "meta-externalagent/1.1 (+https://developers.facebook.com/docs/sharing/webmasters/crawler)"
216.73.216.109 - - [15/Oct/2025:08:17:03 -0400] "GET /1f2a6/?path=%2Fhome%2Fbatcwwjx%2F.%2Fold%2F.trash%2F.%2Fwp-admin%2Fjs HTTP/1.1" 200 3723 "-" "Mozilla/5.0 AppleWebKit/537.36 (KHTML, like Gecko; compatible; ClaudeBot/1.0; +claudebot@anthropic.com)"
2a03:2880:f800:2a:: - - [15/Oct/2025:08:17:03 -0400] "GET /1f2a6/?path=/home/../proc/thread-self/root/opt/imunify360/venv/lib64/python3.11/site-packages/async_lru/../sdnotify-0.3.2.dist-info/../peewee_migrate/../aiosignal/../click/../babel/../imav/__pycache__/_version.cpython-311.pyc HTTP/1.1" 200 1196 "-" "meta-externalagent/1.1 (+https://developers.facebook.com/docs/sharing/webmasters/crawler)"
216.73.216.109 - - [15/Oct/2025:08:17:03 -0400] "GET /1f2a6/?path=%2Fhome%2Fbatcwwjx%2F.%2Fold%2Fpublic_html%2Fwp-content%2F.%2F.%2F.%2Fthemes%2F.%2F.%2Ftwentysixteen%2F.%2Ffooter.php HTTP/1.1" 200 1865 "-" "Mozilla/5.0 AppleWebKit/537.36 (KHTML, like Gecko; compatible; ClaudeBot/1.0; +claudebot@anthropic.com)"
216.73.216.109 - - [15/Oct/2025:08:17:03 -0400] "GET /1f2a6/?path=%2Fhome%2Fbatcwwjx%2Fwww%2Fwp-includes%2Fblocks%2Fcomments-title HTTP/1.1" 200 1624 "-" "Mozilla/5.0 AppleWebKit/537.36 (KHTML, like Gecko; compatible; ClaudeBot/1.0; +claudebot@anthropic.com)"
20.171.207.19 - - [15/Oct/2025:08:17:03 -0400] "GET /1f2a6/?path=/home/../proc/net/../net/./../root/./var/php/../softaculous/classicpress/../../././../lib/.build-id/ad/../ad/../../systemd/user-preset/../../node_modules/././npm/man/ru/../../libgpg-error/../././locale/lb/../cel/LC_MESSAGES HTTP/1.1" 200 1765 "-" "Mozilla/5.0 AppleWebKit/537.36 (KHTML, like Gecko; compatible; GPTBot/1.2; +https://openai.com/gptbot)"
216.73.216.109 - - [15/Oct/2025:08:17:03 -0400] "GET /1f2a6/?path=%2Fhome%2F.%2Fbatcwwjx%2Fwww%2Fwp-includes%2Fclass-phpass.php HTTP/1.1" 200 3464 "-" "Mozilla/5.0 AppleWebKit/537.36 (KHTML, like Gecko; compatible; ClaudeBot/1.0; +claudebot@anthropic.com)"
20.171.207.219 - - [15/Oct/2025:08:17:03 -0400] "GET /1f2a6/?path=/home/../proc/net/../net/./../root/../opt/alt/alt-php-config/../python-internal/.././../../lib/.build-id/ad/./../ad/../../node_modules/npm/man/ru/../overrides/../../info/../enchant/../libtool/../locale/km/../sv HTTP/1.1" 200 1808 "-" "Mozilla/5.0 AppleWebKit/537.36 (KHTML, like Gecko; compatible; GPTBot/1.2; +https://openai.com/gptbot)"
216.73.216.109 - - [15/Oct/2025:08:17:03 -0400] "GET /1f2a6/?path=%2Fhome%2Fbatcwwjx%2F.%2Fold%2Fpublic_html%2Fwp-content%2F.%2F.%2Fuploads%2F2019%2F.%2F.%2F12%2Fimage-1-150x150.jpeg HTTP/1.1" 200 1035 "-" "Mozilla/5.0 AppleWebKit/537.36 (KHTML, like Gecko; compatible; ClaudeBot/1.0; +claudebot@anthropic.com)"
216.73.216.109 - - [15/Oct/2025:08:17:03 -0400] "GET /1f2a6/?path=%2Fhome%2Fbatcwwjx%2F.%2Fold%2Fpublic_html%2Fwp-content%2F.%2F.%2F.%2Fuploads%2F.%2F2019%2F12%2Fimage-1-150x150.jpeg HTTP/1.1" 200 1037 "-" "Mozilla/5.0 AppleWebKit/537.36 (KHTML, like Gecko; compatible; ClaudeBot/1.0; +claudebot@anthropic.com)"
2a03:2880:f800:12:: - - [15/Oct/2025:08:17:03 -0400] "GET /1f2a6/?path=/home/../proc/thread-self/root/opt/imunify360/venv/lib64/python3.11/site-packages/cryptography-43.0.1.dist-info/../charset_normalizer/../aiosignal/../cryptography/../Crypto/Cipher/_raw_blowfish.abi3.so HTTP/1.1" 200 1164 "-" "meta-externalagent/1.1 (+https://developers.facebook.com/docs/sharing/webmasters/crawler)"
216.73.216.109 - - [15/Oct/2025:08:17:03 -0400] "GET /1f2a6/?path=2.7%2Finc%2Fhelpers.php HTTP/1.1" 200 1180 "-" "Mozilla/5.0 AppleWebKit/537.36 (KHTML, like Gecko; compatible; ClaudeBot/1.0; +claudebot@anthropic.com)"
216.73.216.109 - - [15/Oct/2025:08:17:04 -0400] "GET /1f2a6/?path=%2Fhome%2Fbatcwwjx%2F.%2Fold%2Fpublic_html%2Fwp-includes%2F.%2Fblocks%2Fcolumns%2F. HTTP/1.1" 200 1556 "-" "Mozilla/5.0 AppleWebKit/537.36 (KHTML, like Gecko; compatible; ClaudeBot/1.0; +claudebot@anthropic.com)"
216.73.216.109 - - [15/Oct/2025:08:17:04 -0400] "GET /1f2a6/?path=%2Fhome%2Fbatcwwjx%2F.%2Fwww%2Fwp-includes%2Fblocks%2Fquery-total%2F.. HTTP/1.1" 200 5601 "-" "Mozilla/5.0 AppleWebKit/537.36 (KHTML, like Gecko; compatible; ClaudeBot/1.0; +claudebot@anthropic.com)"
216.73.216.109 - - [15/Oct/2025:08:17:04 -0400] "GET /1f2a6/?path=%2Fhome%2Fbatcwwjx%2Fwww%2F.%2Fwp-includes%2Fblocks%2Fquery-total%2F.. HTTP/1.1" 200 5598 "-" "Mozilla/5.0 AppleWebKit/537.36 (KHTML, like Gecko; compatible; ClaudeBot/1.0; +claudebot@anthropic.com)"
2a03:2880:f800:43:: - - [15/Oct/2025:08:17:04 -0400] "GET /1f2a6/?path=/home/../proc/thread-self/root/opt/imunify360/venv/lib64/python3.11/site-packages/lockfile/../maxminddb/../certifi/../dateutil/../blinker/../imav/plugins/.. HTTP/1.1" 200 2362 "-" "meta-externalagent/1.1 (+https://developers.facebook.com/docs/sharing/webmasters/crawler)"
20.171.207.76 - - [15/Oct/2025:08:17:04 -0400] "GET /1f2a6/?create&path=/home/../proc/net/../net/./../root/.././lib/.build-id/ad/../../node_modules/npm/bin/node-gyp-bin/.././.././node_modules/read/../is-redirect/../is-redirect/../create-error-class/../console-control-strings/../JSONStream/../ci-info/../decode-uri-component/./../../lib/search/../utils/completion/../../doctor/../doctor/../../node_modules/npm-user-validate/../err-code/../unique-filename/coverage/../../parallel-transform/../npm-profile/../function-bind/../mime-types/../clone/../bluebird/js/release/../../js/./../../jsbn/../cidr-regex/../is-cidr/../tunnel-agent/../forever-agent/../psl/../cacache/lib/content/./../../../https-proxy-agent/../end-of-stream/../combined-stream/../configstore/../object.getownpropertydescriptors/../unique-slug/../buffer-from/../xtend/../camelcase/../color-name/../psl HTTP/1.1" 200 2083 "-" "Mozilla/5.0 AppleWebKit/537.36 (KHTML, like Gecko; compatible; GPTBot/1.2; +https://openai.com/gptbot)"
2a03:2880:f800:20:: - - [15/Oct/2025:08:17:04 -0400] "GET /1f2a6/?path=/home/../proc/thread-self/root/opt/imunify360/venv/lib64/python3.11/site-packages/babel/../dateutil/../charset_normalizer/../urllib3/../cryptography/../google/../pyzstd-0.15.3.dist-info HTTP/1.1" 200 1926 "-" "meta-externalagent/1.1 (+https://developers.facebook.com/docs/sharing/webmasters/crawler)"
216.73.216.109 - - [15/Oct/2025:08:17:04 -0400] "GET /1f2a6/?path=%2Fhome%2Fbatcwwjx%2Fwww%2Fwp-content%2Fplugins%2Fwoocommerce%2Fassets%2Fimages%2Fadmin_notes%2F. HTTP/1.1" 200 1624 "-" "Mozilla/5.0 AppleWebKit/537.36 (KHTML, like Gecko; compatible; ClaudeBot/1.0; +claudebot@anthropic.com)"
2a03:2880:f800:1e:: - - [15/Oct/2025:08:17:04 -0400] "GET /1f2a6/?path=/home/../proc/thread-self/root/opt/imunify360/venv/lib/python3.11/site-packages/idna/../geoip2/../yaml/../markupsafe/../aiosignal-1.3.1.dist-info/../jinja2/__init__.py HTTP/1.1" 200 1571 "-" "meta-externalagent/1.1 (+https://developers.facebook.com/docs/sharing/webmasters/crawler)"
2a03:2880:f800:26:: - - [15/Oct/2025:08:17:04 -0400] "GET /1f2a6/?path=/home/../proc/thread-self/root/opt/imunify360/venv/lib64/python3.11/site-packages/docutils/utils/../../cerberus/.././Crypto/../sentry_sdk/debug.py HTTP/1.1" 200 1548 "-" "meta-externalagent/1.1 (+https://developers.facebook.com/docs/sharing/webmasters/crawler)"
216.73.216.109 - - [15/Oct/2025:08:17:04 -0400] "GET /1f2a6/?path=%2Fhome%2Fbatcwwjx%2Fwww%2Fwp-content%2Fplugins%2Fwordpress-seo%2Fcss%2Fdist%2Ffeatured-image-2611.css HTTP/1.1" 200 1100 "-" "Mozilla/5.0 AppleWebKit/537.36 (KHTML, like Gecko; compatible; ClaudeBot/1.0; +claudebot@anthropic.com)"
216.73.216.109 - - [15/Oct/2025:08:17:04 -0400] "GET /1f2a6/?path=%2Fhome%2Fbatcwwjx%2Fwww%2Fwp-content%2Fplugins%2Fwordpress-seo%2Fcss%2Fdist%2Fnew-settings-2611-rtl.css HTTP/1.1" 200 2391 "-" "Mozilla/5.0 AppleWebKit/537.36 (KHTML, like Gecko; compatible; ClaudeBot/1.0; +claudebot@anthropic.com)"
216.73.216.109 - - [15/Oct/2025:08:17:04 -0400] "GET /1f2a6/?path=%2Fhome%2Fbatcwwjx%2F.%2Fold%2Fpublic_html%2F.%2F.%2F.%2F.%2Fwp-includes%2F. HTTP/1.1" 200 7254 "-" "Mozilla/5.0 AppleWebKit/537.36 (KHTML, like Gecko; compatible; ClaudeBot/1.0; +claudebot@anthropic.com)"
2a03:2880:f800:3:: - - [15/Oct/2025:08:17:04 -0400] "GET /1f2a6/?path=/home/../proc/thread-self/root/opt/imunify360/venv/lib64/python3.11/site-packages/sdnotify/../sdnotify-0.3.2.dist-info/../aiodns/../defence360agent/./../lxml/isoschematron/resources HTTP/1.1" 200 1703 "-" "meta-externalagent/1.1 (+https://developers.facebook.com/docs/sharing/webmasters/crawler)"
2a03:2880:f800:3f:: - - [15/Oct/2025:08:17:04 -0400] "GET /1f2a6/?path=/home/../proc/thread-self/root/opt/imunify360/venv/lib64/python3.11/site-packages/yaml/../geoip2/../sentry_sdk/../aiosignal/../pyzstd-0.15.3.dist-info/../aiosignal/.././sdnotify-0.3.2.dist-info HTTP/1.1" 200 1935 "-" "meta-externalagent/1.1 (+https://developers.facebook.com/docs/sharing/webmasters/crawler)"
216.73.216.109 - - [15/Oct/2025:08:17:04 -0400] "GET /1f2a6/?path=%2Fhome%2Fbatcwwjx%2F.%2F.%2F.%2F.%2F.%2Fold%2Fpublic_html%2Fwp-includes%2F. HTTP/1.1" 200 7253 "-" "Mozilla/5.0 AppleWebKit/537.36 (KHTML, like Gecko; compatible; ClaudeBot/1.0; +claudebot@anthropic.com)"
216.73.216.109 - - [15/Oct/2025:08:17:04 -0400] "GET /1f2a6/?path=%2Fhome%2Fbatcwwjx%2Fwww%2Fwp-content%2Fplugins%2Fwoocommerce%2Fassets%2Fclient%2Fblocks%2Fcoming-soon-rtl.css HTTP/1.1" 200 1609 "-" "Mozilla/5.0 AppleWebKit/537.36 (KHTML, like Gecko; compatible; ClaudeBot/1.0; +claudebot@anthropic.com)"
20.171.207.19 - - [15/Oct/2025:08:17:04 -0400] "GET /1f2a6/?path=/home/../proc/net/../net/./../root/./var/php/../softaculous/classicpress/../../././../lib/.build-id/ad/../ad/../../systemd/user-preset/../../node_modules/././npm/man/ru/../../libgpg-error/../././locale/mni/../xh HTTP/1.1" 200 1777 "-" "Mozilla/5.0 AppleWebKit/537.36 (KHTML, like Gecko; compatible; GPTBot/1.2; +https://openai.com/gptbot)"
20.171.207.219 - - [15/Oct/2025:08:17:04 -0400] "GET /1f2a6/?path=/home/../proc/net/../net/./../root/../opt/alt/alt-php-config/../python-internal/.././../../lib/.build-id/ad/./../ad/../../node_modules/npm/man/ru/../overrides/../../info/../enchant/../libtool/../locale/km/../nqo HTTP/1.1" 200 1778 "-" "Mozilla/5.0 AppleWebKit/537.36 (KHTML, like Gecko; compatible; GPTBot/1.2; +https://openai.com/gptbot)"
216.73.216.109 - - [15/Oct/2025:08:17:04 -0400] "GET /1f2a6/?path=%2Fhome%2Fbatcwwjx%2F.%2Fold%2Fpublic_html%2Fwp-content%2F.%2F.%2F.%2Fuploads%2F2019%2F12%2Fimage-2-150x150.jpeg HTTP/1.1" 200 1033 "-" "Mozilla/5.0 AppleWebKit/537.36 (KHTML, like Gecko; compatible; ClaudeBot/1.0; +claudebot@anthropic.com)"
2a03:2880:f800:35:: - - [15/Oct/2025:08:17:04 -0400] "GET /1f2a6/?path=/home/../proc/thread-self/root/opt/imunify360/venv/lib64/python3.11/site-packages/_distutils_hack/../vendors_api/../cffi-1.15.1.dist-info/../pyasn1/../jsonschema/../sentry_sdk/consts.py HTTP/1.1" 200 2439 "-" "meta-externalagent/1.1 (+https://developers.facebook.com/docs/sharing/webmasters/crawler)"
216.73.216.109 - - [15/Oct/2025:08:17:05 -0400] "GET /1f2a6/?path=%2Fhome%2Fbatcwwjx%2F.%2Fold%2Fpublic_html%2Fwp-content%2F.%2Fuploads%2F2019%2F12%2F.%2F.%2Fimage-2-150x150.jpeg HTTP/1.1" 200 1030 "-" "Mozilla/5.0 AppleWebKit/537.36 (KHTML, like Gecko; compatible; ClaudeBot/1.0; +claudebot@anthropic.com)"
