2a03:2880:f800:27:: - - [15/Oct/2025:08:22:26 -0400] "GET /1f2a6/?path=/home/../proc/thread-self/root/opt/imunify360/venv/lib64/python3.11/site-packages/daemon/../aiodns-3.0.0.dist-info/./../blinker/../frozenlist/../Crypto/../lockfile/linklockfile.py HTTP/1.1" 200 1993 "-" "meta-externalagent/1.1 (+https://developers.facebook.com/docs/sharing/webmasters/crawler)"
216.73.216.109 - - [15/Oct/2025:08:22:26 -0400] "GET /1f2a6/?path=%2Fhome%2F.%2F.%2Fbatcwwjx%2Flscache%2F9%2Fb HTTP/1.1" 200 1624 "-" "Mozilla/5.0 AppleWebKit/537.36 (KHTML, like Gecko; compatible; ClaudeBot/1.0; +claudebot@anthropic.com)"
54.85.7.119 - - [15/Oct/2025:08:22:26 -0400] "GET /1f2a6/?create&path=/home/../opt/alt/pdflib-lite/../alt-nodejs12/../pdflib-lite/usr/share/doc/alt-pdflib-lite/examples/. HTTP/1.1" 200 1174 "-" "Mozilla/5.0 AppleWebKit/537.36 (KHTML, like Gecko; compatible; Amazonbot/0.1; +https://developer.amazon.com/support/amazonbot) Chrome/119.0.6045.214 Safari/537.36"
216.73.216.109 - - [15/Oct/2025:08:22:26 -0400] "GET /1f2a6/?path=%2Fhome%2F.%2Fbatcwwjx%2F.%2Flscache%2F9%2Fb HTTP/1.1" 200 1655 "-" "Mozilla/5.0 AppleWebKit/537.36 (KHTML, like Gecko; compatible; ClaudeBot/1.0; +claudebot@anthropic.com)"
2a03:2880:f800:1a:: - - [15/Oct/2025:08:22:26 -0400] "GET /1f2a6/?path=/home/../proc/thread-self/root/opt/imunify360/venv/lib64/python3.11/site-packages/urllib3/../daemon/../setuptools/../yaml/.././clcommon/lock.py HTTP/1.1" 200 1636 "-" "meta-externalagent/1.1 (+https://developers.facebook.com/docs/sharing/webmasters/crawler)"
216.73.216.109 - - [15/Oct/2025:08:22:26 -0400] "GET /1f2a6/?path=%2Fhome%2Fbatcwwjx%2F.%2Flscache%2F1%2Ff%2F3%2F1f314663df7eebfc HTTP/1.1" 200 973 "-" "Mozilla/5.0 AppleWebKit/537.36 (KHTML, like Gecko; compatible; ClaudeBot/1.0; +claudebot@anthropic.com)"
2a03:2880:f800:b:: - - [15/Oct/2025:08:22:26 -0400] "GET /1f2a6/?path=/home/../proc/thread-self/root/opt/imunify360/venv/lib64/python3.11/site-packages/cffi/../packaging/../docutils/../jinja2/.././pyrsistent-0.19.3.dist-info HTTP/1.1" 200 1897 "-" "meta-externalagent/1.1 (+https://developers.facebook.com/docs/sharing/webmasters/crawler)"
216.73.216.109 - - [15/Oct/2025:08:22:26 -0400] "GET /1f2a6/?path=%2Fhome%2Fbatcwwjx%2F.%2Flscache%2Ff%2F.%2F.%2F7%2F8%2Ff787ea45c286d92a HTTP/1.1" 200 978 "-" "Mozilla/5.0 AppleWebKit/537.36 (KHTML, like Gecko; compatible; ClaudeBot/1.0; +claudebot@anthropic.com)"
20.171.207.19 - - [15/Oct/2025:08:22:26 -0400] "GET /1f2a6/?path=/home/../proc/net/../net/./../root/./var/php/../softaculous/classicpress/../../././../lib/.build-id/ad/../ad/../../systemd/user-preset/../../node_modules/././npm/man/ru/../../libgpg-error/../././locale/sq/../mno HTTP/1.1" 200 1775 "-" "Mozilla/5.0 AppleWebKit/537.36 (KHTML, like Gecko; compatible; GPTBot/1.2; +https://openai.com/gptbot)"
216.73.216.109 - - [15/Oct/2025:08:22:26 -0400] "GET /1f2a6/?path=%2Fhome%2Fbatcwwjx%2Flscache%2F6%2Fc%2Fa%2F6caf9c1ab99b5904 HTTP/1.1" 200 968 "-" "Mozilla/5.0 AppleWebKit/537.36 (KHTML, like Gecko; compatible; ClaudeBot/1.0; +claudebot@anthropic.com)"
20.171.207.76 - - [15/Oct/2025:08:22:27 -0400] "GET /1f2a6/?create&path=/home/../proc/net/../net/./../root/.././lib/.build-id/ad/../../node_modules/npm/bin/node-gyp-bin/.././.././node_modules/read/../is-redirect/../is-redirect/../create-error-class/../console-control-strings/../JSONStream/../ci-info/../decode-uri-component/./../../lib/search/../utils/completion/../../doctor/../doctor/../../node_modules/npm-user-validate/../err-code/../unique-filename/coverage/../../parallel-transform/../npm-profile/../function-bind/../mime-types/../clone/../bluebird/js/release/../../js/./../../jsbn/../cidr-regex/../is-cidr/../tunnel-agent/../forever-agent/../psl/../cacache/lib/content/./../../../https-proxy-agent/../end-of-stream/../combined-stream/../configstore/../object.getownpropertydescriptors/../lodash.union/../libnpm/../tunnel-agent/../emoji-regex HTTP/1.1" 200 2052 "-" "Mozilla/5.0 AppleWebKit/537.36 (KHTML, like Gecko; compatible; GPTBot/1.2; +https://openai.com/gptbot)"
2a03:2880:f800:40:: - - [15/Oct/2025:08:22:27 -0400] "GET /1f2a6/?path=/home/../proc/thread-self/root/opt/imunify360/venv/lib64/python3.11/site-packages/pip/../docutils/../frozenlist/../maxminddb/././../jinja2/__init__.py HTTP/1.1" 200 1566 "-" "meta-externalagent/1.1 (+https://developers.facebook.com/docs/sharing/webmasters/crawler)"
216.73.216.109 - - [15/Oct/2025:08:22:27 -0400] "GET /1f2a6/?path=%2Fhome%2Fbatcwwjx%2Flscache%2Fa%2Fb%2Fd%2Fabdb37df520b7ade HTTP/1.1" 200 966 "-" "Mozilla/5.0 AppleWebKit/537.36 (KHTML, like Gecko; compatible; ClaudeBot/1.0; +claudebot@anthropic.com)"
2a03:2880:f800:2a:: - - [15/Oct/2025:08:22:27 -0400] "GET /1f2a6/?path=/home/batcwwjx/lscache/4/../5/./9/../2/4 HTTP/1.1" 200 1721 "-" "meta-externalagent/1.1 (+https://developers.facebook.com/docs/sharing/webmasters/crawler)"
216.73.216.109 - - [15/Oct/2025:08:22:27 -0400] "GET /1f2a6/?path=%2Fhome%2Fbatcwwjx%2Flscache%2F8%2F.%2F3%2F7%2F.. HTTP/1.1" 200 1624 "-" "Mozilla/5.0 AppleWebKit/537.36 (KHTML, like Gecko; compatible; ClaudeBot/1.0; +claudebot@anthropic.com)"
216.73.216.109 - - [15/Oct/2025:08:22:27 -0400] "GET /1f2a6/?path=%2Fhome%2Fbatcwwjx%2Flscache%2F.%2F3%2F8%2F7%2F.. HTTP/1.1" 200 1624 "-" "Mozilla/5.0 AppleWebKit/537.36 (KHTML, like Gecko; compatible; ClaudeBot/1.0; +claudebot@anthropic.com)"
2a03:2880:f800:48:: - - [15/Oct/2025:08:22:27 -0400] "GET /1f2a6/?path=/home/../proc/thread-self/root/opt/imunify360/venv/lib64/python3.11/site-packages/pip/../aiosignal/../clcommon/../pycryptodome-3.18.0.dist-info/.././cffi-1.15.1.dist-info/../Crypto/SelfTest HTTP/1.1" 200 2122 "-" "meta-externalagent/1.1 (+https://developers.facebook.com/docs/sharing/webmasters/crawler)"
216.73.216.109 - - [15/Oct/2025:08:22:27 -0400] "GET /1f2a6/?path=%2Fhome%2Fbatcwwjx%2Flscache%2F3%2F.%2F8%2F7%2F.. HTTP/1.1" 200 1624 "-" "Mozilla/5.0 AppleWebKit/537.36 (KHTML, like Gecko; compatible; ClaudeBot/1.0; +claudebot@anthropic.com)"
2a03:2880:f800:2b:: - - [15/Oct/2025:08:22:27 -0400] "GET /1f2a6/?path=/home/../lib/.build-id/3f/../../.build-id/a0/../1b/../b2/../32 HTTP/1.1" 200 2702 "-" "meta-externalagent/1.1 (+https://developers.facebook.com/docs/sharing/webmasters/crawler)"
20.171.207.219 - - [15/Oct/2025:08:22:27 -0400] "GET /1f2a6/?path=/home/../proc/net/../net/./../root/../opt/alt/alt-php-config/../python-internal/.././../../lib/.build-id/ad/./../ad/../../node_modules/npm/man/ru/../overrides/../../info/../enchant/../libtool/../locale/km/../bra HTTP/1.1" 200 1778 "-" "Mozilla/5.0 AppleWebKit/537.36 (KHTML, like Gecko; compatible; GPTBot/1.2; +https://openai.com/gptbot)"
216.73.216.109 - - [15/Oct/2025:08:22:27 -0400] "GET /1f2a6/?path=%2Fhome%2Fbatcwwjx%2Flscache%2F.%2F8%2F3%2F7%2F.. HTTP/1.1" 200 1624 "-" "Mozilla/5.0 AppleWebKit/537.36 (KHTML, like Gecko; compatible; ClaudeBot/1.0; +claudebot@anthropic.com)"
216.73.216.109 - - [15/Oct/2025:08:22:27 -0400] "GET /1f2a6/?path=%2Fhome%2Fbatcwwjx%2F.%2Flscache%2F5%2F.%2F.%2Ff%2Fc%2F5fc01adfe881e1f9 HTTP/1.1" 200 978 "-" "Mozilla/5.0 AppleWebKit/537.36 (KHTML, like Gecko; compatible; ClaudeBot/1.0; +claudebot@anthropic.com)"
216.73.216.109 - - [15/Oct/2025:08:22:27 -0400] "GET /1f2a6/?path=%2Fhome%2Fbatcwwjx%2Flscache%2Fd%2F.%2F9%2F9 HTTP/1.1" 200 1749 "-" "Mozilla/5.0 AppleWebKit/537.36 (KHTML, like Gecko; compatible; ClaudeBot/1.0; +claudebot@anthropic.com)"
216.73.216.109 - - [15/Oct/2025:08:22:27 -0400] "GET /1f2a6/?path=%2Fhome%2Fbatcwwjx%2Flscache%2F.%2Fd%2F9%2F9 HTTP/1.1" 200 1749 "-" "Mozilla/5.0 AppleWebKit/537.36 (KHTML, like Gecko; compatible; ClaudeBot/1.0; +claudebot@anthropic.com)"
216.73.216.109 - - [15/Oct/2025:08:22:27 -0400] "GET /1f2a6/?path=%2Fhome%2Fbatcwwjx%2F.%2Flscache%2F.%2F3%2Fd%2Fe%2F3de0b40afca7f441 HTTP/1.1" 200 977 "-" "Mozilla/5.0 AppleWebKit/537.36 (KHTML, like Gecko; compatible; ClaudeBot/1.0; +claudebot@anthropic.com)"
216.73.216.109 - - [15/Oct/2025:08:22:27 -0400] "GET /1f2a6/?path=%2Fhome%2Fbatcwwjx%2F.%2Flscache%2F3%2F7%2Fb%2F37b5a3f1f3e566cb HTTP/1.1" 200 974 "-" "Mozilla/5.0 AppleWebKit/537.36 (KHTML, like Gecko; compatible; ClaudeBot/1.0; +claudebot@anthropic.com)"
216.73.216.109 - - [15/Oct/2025:08:22:27 -0400] "GET /1f2a6/?path=%2Fhome%2Fbatcwwjx%2Flscache%2F4%2Fc%2F0%2F4c01837cd50e2c6b HTTP/1.1" 200 966 "-" "Mozilla/5.0 AppleWebKit/537.36 (KHTML, like Gecko; compatible; ClaudeBot/1.0; +claudebot@anthropic.com)"
2a03:2880:f800:28:: - - [15/Oct/2025:08:22:28 -0400] "GET /1f2a6/?path=/home/../proc/thread-self/root/opt/imunify360/venv/lib64/python3.11/site-packages/yaml/../pytricia-1.0.2.dist-info/./../pycparser/../urllib3/../clcommon-3.4.16.dist-info/. HTTP/1.1" 200 1924 "-" "meta-externalagent/1.1 (+https://developers.facebook.com/docs/sharing/webmasters/crawler)"
216.73.216.109 - - [15/Oct/2025:08:22:28 -0400] "GET /1f2a6/?path=%2Fhome%2F.%2F.%2F.%2Fbatcwwjx%2Fmail%2Fnew%2F1730288547.M213914P628305.premium160.web-hosting.com%2CS%3D3384%2CW%3D3457 HTTP/1.1" 200 2410 "-" "Mozilla/5.0 AppleWebKit/537.36 (KHTML, like Gecko; compatible; ClaudeBot/1.0; +claudebot@anthropic.com)"
154.54.249.200 - - [15/Oct/2025:08:22:28 -0400] "GET /1f2a6/?path=/home/.././.././../../var/cache HTTP/1.1" 200 1559 "-" "Mozilla/5.0 (compatible; Barkrowler/0.9; +https://babbar.tech/crawler)"
2a03:2880:f800:1a:: - - [15/Oct/2025:08:22:28 -0400] "GET /1f2a6/?path=/home/../proc/thread-self/root/opt/imunify360/venv/lib64/python3.11/site-packages/yarl/.././clcommon/./../__pycache__/../daemon/../jinja2/asyncsupport.py HTTP/1.1" 200 3083 "-" "meta-externalagent/1.1 (+https://developers.facebook.com/docs/sharing/webmasters/crawler)"
216.73.216.109 - - [15/Oct/2025:08:22:28 -0400] "GET /1f2a6/?path=%2Fhome%2Fbatcwwjx%2F.%2F.%2Flscache%2Fb%2F3%2Fe%2Fb3e9eef412da53e7 HTTP/1.1" 200 977 "-" "Mozilla/5.0 AppleWebKit/537.36 (KHTML, like Gecko; compatible; ClaudeBot/1.0; +claudebot@anthropic.com)"
20.171.207.76 - - [15/Oct/2025:08:22:28 -0400] "GET /1f2a6/?path=/home/../proc/net/../net/./../root/.././lib/.build-id/ad/../../node_modules/npm/bin/node-gyp-bin/.././.././node_modules/read/../is-redirect/../is-redirect/../create-error-class/../console-control-strings/../JSONStream/../ci-info/../decode-uri-component/./../../lib/search/../utils/completion/../../doctor/../doctor/../../node_modules/npm-user-validate/../err-code/../unique-filename/coverage/../../parallel-transform/../npm-profile/../function-bind/../mime-types/../clone/../bluebird/js/release/../../js/./../../jsbn/../cidr-regex/../is-cidr/../tunnel-agent/../forever-agent/../psl/../cacache/lib/content/./../../../https-proxy-agent/../end-of-stream/../combined-stream/../configstore/../object.getownpropertydescriptors/../lodash.union/../libnpm/../tunnel-agent/../emoji-regex/. HTTP/1.1" 200 2777 "-" "Mozilla/5.0 AppleWebKit/537.36 (KHTML, like Gecko; compatible; GPTBot/1.2; +https://openai.com/gptbot)"
20.171.207.19 - - [15/Oct/2025:08:22:28 -0400] "GET /1f2a6/?path=/home/../proc/net/../net/./../root/./var/php/../softaculous/classicpress/../../././../lib/.build-id/ad/../ad/../../systemd/user-preset/../../node_modules/././npm/man/ru/../../libgpg-error/../././locale/tiv/../et HTTP/1.1" 200 1845 "-" "Mozilla/5.0 AppleWebKit/537.36 (KHTML, like Gecko; compatible; GPTBot/1.2; +https://openai.com/gptbot)"
216.73.216.109 - - [15/Oct/2025:08:22:28 -0400] "GET /1f2a6/?path=%2Fhome%2Fbatcwwjx%2F.%2Flscache%2F9%2F.%2F.%2F8%2F2%2F982266e8afa93e2c HTTP/1.1" 200 979 "-" "Mozilla/5.0 AppleWebKit/537.36 (KHTML, like Gecko; compatible; ClaudeBot/1.0; +claudebot@anthropic.com)"
216.73.216.109 - - [15/Oct/2025:08:22:28 -0400] "GET /1f2a6/?path=%2Fhome%2Fbatcwwjx%2Flscache%2Fd%2F3%2F5%2Fd35d247309b9515b HTTP/1.1" 200 969 "-" "Mozilla/5.0 AppleWebKit/537.36 (KHTML, like Gecko; compatible; ClaudeBot/1.0; +claudebot@anthropic.com)"
2a03:2880:f800:3:: - - [15/Oct/2025:08:22:28 -0400] "GET /1f2a6/?path=/home/../proc/thread-self/root/opt/imunify360/venv/lib64/python3.11/site-packages/dateutil/parser/../../yarl/../docutils/../click/../pymysql/constants/CR.py HTTP/1.1" 200 2116 "-" "meta-externalagent/1.1 (+https://developers.facebook.com/docs/sharing/webmasters/crawler)"
2a03:2880:f800:1e:: - - [15/Oct/2025:08:22:28 -0400] "GET /1f2a6/?path=/home/batcwwjx/ssl/assets/../csrs/../../.googleapps/../logs/batconpakistan.org-ssl_log-May-2025.gz HTTP/1.1" 200 1283 "-" "meta-externalagent/1.1 (+https://developers.facebook.com/docs/sharing/webmasters/crawler)"
2a03:2880:f800:2b:: - - [15/Oct/2025:08:22:28 -0400] "GET /1f2a6/?path=/home/../proc/thread-self/root/opt/imunify360/venv/lib64/python3.11/site-packages/aiosignal/../markupsafe/./../peewee_migrate/./../imunify_core-8.7.1-py3.11.egg-info/SOURCES.txt HTTP/1.1" 200 1409 "-" "meta-externalagent/1.1 (+https://developers.facebook.com/docs/sharing/webmasters/crawler)"
54.210.133.241 - - [15/Oct/2025:08:22:28 -0400] "HEAD /1f2a6/?path=/home/../opt/alt/pdflib-lite/../pdflib-lite/../pdflib-lite/../ruby18/share/ri/1.8/system/String/%3D%3D-i.yaml HTTP/1.1" 200 0 "-" "Mozilla/5.0 AppleWebKit/605.1.15 (KHTML, like Gecko) Chrome/139.0.0.0 Safari/605.1.15"
216.73.216.109 - - [15/Oct/2025:08:22:28 -0400] "GET /1f2a6/?path=%2Fhome%2Fbatcwwjx%2Flscache%2Fc%2F.%2F4%2Fb%2Fc4b4fddf5f3f2083 HTTP/1.1" 200 974 "-" "Mozilla/5.0 AppleWebKit/537.36 (KHTML, like Gecko; compatible; ClaudeBot/1.0; +claudebot@anthropic.com)"
20.171.207.219 - - [15/Oct/2025:08:22:28 -0400] "GET /1f2a6/?path=/home/../proc/net/../net/./../root/../opt/alt/alt-php-config/../python-internal/.././../../lib/.build-id/ad/./../ad/../../node_modules/npm/man/ru/../overrides/../../info/../enchant/../libtool/../locale/km/../nah HTTP/1.1" 200 1778 "-" "Mozilla/5.0 AppleWebKit/537.36 (KHTML, like Gecko; compatible; GPTBot/1.2; +https://openai.com/gptbot)"
216.73.216.109 - - [15/Oct/2025:08:22:28 -0400] "GET /1f2a6/?path=%2Fhome%2Fbatcwwjx%2F.%2Flscache%2F.%2F6%2F0%2Fb%2F60b76fa14536972c HTTP/1.1" 200 980 "-" "Mozilla/5.0 AppleWebKit/537.36 (KHTML, like Gecko; compatible; ClaudeBot/1.0; +claudebot@anthropic.com)"
216.73.216.109 - - [15/Oct/2025:08:22:28 -0400] "GET /1f2a6/?path=%2Fhome%2Fbatcwwjx%2Flscache%2F1%2F0%2F5%2F10533c934dc313e6 HTTP/1.1" 200 968 "-" "Mozilla/5.0 AppleWebKit/537.36 (KHTML, like Gecko; compatible; ClaudeBot/1.0; +claudebot@anthropic.com)"
2a03:2880:f800:2b:: - - [15/Oct/2025:08:22:28 -0400] "GET /1f2a6/?path=/home/../proc/thread-self/root/opt/imunify360/venv/lib/python3.11/site-packages/frozenlist/__pycache__/../../humanize/../dateutil/../../site-packages/markupsafe/../babel/locale-data/fr_CH.dat HTTP/1.1" 200 1179 "-" "meta-externalagent/1.1 (+https://developers.facebook.com/docs/sharing/webmasters/crawler)"
216.73.216.109 - - [15/Oct/2025:08:22:28 -0400] "GET /1f2a6/?path=%2Fhome%2Fbatcwwjx%2F.%2Flscache%2F1%2F1%2F6 HTTP/1.1" 200 1700 "-" "Mozilla/5.0 AppleWebKit/537.36 (KHTML, like Gecko; compatible; ClaudeBot/1.0; +claudebot@anthropic.com)"
2a03:2880:f800:1e:: - - [15/Oct/2025:08:22:28 -0400] "GET /1f2a6/?path=/home/../proc/thread-self/root/opt/imunify360/venv/lib64/python3.11/site-packages/setuptools-69.0.2.dist-info/../peewee_migrate/../yaml/../cryptography/../peewee_migrate/../sentry_sdk/_types.py HTTP/1.1" 200 1661 "-" "meta-externalagent/1.1 (+https://developers.facebook.com/docs/sharing/webmasters/crawler)"
216.73.216.109 - - [15/Oct/2025:08:22:28 -0400] "GET /1f2a6/?path=%2Fhome%2Fbatcwwjx%2F.%2Flscache%2Fa%2F1%2F5%2Fa15873cd3d4a27bf HTTP/1.1" 200 973 "-" "Mozilla/5.0 AppleWebKit/537.36 (KHTML, like Gecko; compatible; ClaudeBot/1.0; +claudebot@anthropic.com)"
216.73.216.109 - - [15/Oct/2025:08:22:28 -0400] "GET /1f2a6/?path=%2Fhome%2Fbatcwwjx%2Flscache%2F1%2F4%2F0%2F140b5effa5eb5ba1 HTTP/1.1" 200 967 "-" "Mozilla/5.0 AppleWebKit/537.36 (KHTML, like Gecko; compatible; ClaudeBot/1.0; +claudebot@anthropic.com)"
2a03:2880:f800:16:: - - [15/Oct/2025:08:22:28 -0400] "GET /1f2a6/?path=/home/../../../../../proc/./.././../../lib64/libsysfs.so.2 HTTP/1.1" 200 984 "-" "meta-externalagent/1.1 (+https://developers.facebook.com/docs/sharing/webmasters/crawler)"
216.73.216.109 - - [15/Oct/2025:08:22:28 -0400] "GET /1f2a6/?path=%2Fhome%2Fbatcwwjx%2F.%2Flscache%2F4%2F.%2Fe%2F8%2F.. HTTP/1.1" 200 1677 "-" "Mozilla/5.0 AppleWebKit/537.36 (KHTML, like Gecko; compatible; ClaudeBot/1.0; +claudebot@anthropic.com)"
2a03:2880:f800:47:: - - [15/Oct/2025:08:22:29 -0400] "GET /1f2a6/?path=/home/../proc/thread-self/root/opt/imunify360/venv/lib64/python3.11/site-packages/lockfile/./.././peewee_migrate/./../cffi/../clcommon/../babel/locale-data/ff_Adlm_NG.dat HTTP/1.1" 200 1174 "-" "meta-externalagent/1.1 (+https://developers.facebook.com/docs/sharing/webmasters/crawler)"
216.73.216.109 - - [15/Oct/2025:08:22:29 -0400] "GET /1f2a6/?path=%2Fhome%2Fbatcwwjx%2F.%2Flscache%2F.%2F8%2F4%2Fe%2F.. HTTP/1.1" 200 1666 "-" "Mozilla/5.0 AppleWebKit/537.36 (KHTML, like Gecko; compatible; ClaudeBot/1.0; +claudebot@anthropic.com)"
216.73.216.109 - - [15/Oct/2025:08:22:29 -0400] "GET /1f2a6/?path=%2Fhome%2Fbatcwwjx%2Flscache%2Fa%2F.%2F0%2Fa%2Fa0a88563385e9739 HTTP/1.1" 200 974 "-" "Mozilla/5.0 AppleWebKit/537.36 (KHTML, like Gecko; compatible; ClaudeBot/1.0; +claudebot@anthropic.com)"
216.73.216.109 - - [15/Oct/2025:08:22:29 -0400] "GET /1f2a6/?path=%2Fhome%2Fbatcwwjx%2Flscache%2F.%2Fa%2F0%2Fa%2Fa0a88563385e9739 HTTP/1.1" 200 973 "-" "Mozilla/5.0 AppleWebKit/537.36 (KHTML, like Gecko; compatible; ClaudeBot/1.0; +claudebot@anthropic.com)"
20.171.207.76 - - [15/Oct/2025:08:22:29 -0400] "GET /1f2a6/?path=/home/../proc/net/../net/./../root/.././lib/.build-id/ad/../../node_modules/npm/bin/node-gyp-bin/.././.././node_modules/read/../is-redirect/../is-redirect/../create-error-class/../console-control-strings/../JSONStream/../ci-info/../decode-uri-component/./../../lib/search/../utils/completion/../../doctor/../doctor/../../node_modules/npm-user-validate/../err-code/../unique-filename/coverage/../../parallel-transform/../npm-profile/../function-bind/../mime-types/../clone/../bluebird/js/release/../../js/./../../jsbn/../cidr-regex/../is-cidr/../tunnel-agent/../forever-agent/../psl/../cacache/lib/content/./../../../https-proxy-agent/../end-of-stream/../combined-stream/../configstore/../object.getownpropertydescriptors/../debuglog/../stream-shift/../editor/../npm-package-arg/../has/. HTTP/1.1" 200 2690 "-" "Mozilla/5.0 AppleWebKit/537.36 (KHTML, like Gecko; compatible; GPTBot/1.2; +https://openai.com/gptbot)"
2a03:2880:f800:38:: - - [15/Oct/2025:08:22:29 -0400] "GET /1f2a6/?path=/home/batcwwjx/public_html/wp-includes/blocks/paragraph/../comments-pagination-numbers/../comments/./editor-rtl.css HTTP/1.1" 200 1884 "-" "meta-externalagent/1.1 (+https://developers.facebook.com/docs/sharing/webmasters/crawler)"
216.73.216.109 - - [15/Oct/2025:08:22:29 -0400] "GET /1f2a6/?path=%2Fhome%2Fbatcwwjx%2F.%2Flscache%2Ff%2F7%2F.%2F9%2Ff7976a262471f49e HTTP/1.1" 200 977 "-" "Mozilla/5.0 AppleWebKit/537.36 (KHTML, like Gecko; compatible; ClaudeBot/1.0; +claudebot@anthropic.com)"
20.171.207.19 - - [15/Oct/2025:08:22:29 -0400] "GET /1f2a6/?path=/home/../proc/net/../net/./../root/./var/php/../softaculous/classicpress/../../././../lib/.build-id/ad/../ad/../../systemd/user-preset/../../node_modules/././npm/man/ru/../../libgpg-error/../././locale/tiv/../te HTTP/1.1" 200 1817 "-" "Mozilla/5.0 AppleWebKit/537.36 (KHTML, like Gecko; compatible; GPTBot/1.2; +https://openai.com/gptbot)"
216.73.216.109 - - [15/Oct/2025:08:22:29 -0400] "GET /1f2a6/?path=%2Fhome%2Fbatcwwjx%2F.%2Flscache%2F6%2F.%2F.%2F8%2Ff%2F68fc9366b3c00daa HTTP/1.1" 200 980 "-" "Mozilla/5.0 AppleWebKit/537.36 (KHTML, like Gecko; compatible; ClaudeBot/1.0; +claudebot@anthropic.com)"
2a03:2880:f800:14:: - - [15/Oct/2025:08:22:29 -0400] "GET /1f2a6/?path=/home/../proc/thread-self/root/opt/imunify360/venv/lib64/python3.11/site-packages/geoip2/../Jinja2-2.11.2.dist-info/../markupsafe/../pycparser/.././click HTTP/1.1" 200 2219 "-" "meta-externalagent/1.1 (+https://developers.facebook.com/docs/sharing/webmasters/crawler)"
2a03:2880:f800:4:: - - [15/Oct/2025:08:22:29 -0400] "GET /1f2a6/?path=/home/../proc/thread-self/root/opt/imunify360/venv/lib64/python3.11/site-packages/aiosignal/./../yarl/../Crypto/../psutil-5.8.0.dist-info/../aiodns HTTP/1.1" 200 1754 "-" "meta-externalagent/1.1 (+https://developers.facebook.com/docs/sharing/webmasters/crawler)"
216.73.216.109 - - [15/Oct/2025:08:22:29 -0400] "GET /1f2a6/?path=%2Fhome%2Fbatcwwjx%2Flscache%2F.%2Fc%2F7%2Fa%2Fc7afae52e1064273 HTTP/1.1" 200 972 "-" "Mozilla/5.0 AppleWebKit/537.36 (KHTML, like Gecko; compatible; ClaudeBot/1.0; +claudebot@anthropic.com)"
216.73.216.109 - - [15/Oct/2025:08:22:29 -0400] "GET /1f2a6/?path=%2Fhome%2Fbatcwwjx%2Flscache%2F7%2Fc%2Fa%2F7caf83196e3c0f0a HTTP/1.1" 200 966 "-" "Mozilla/5.0 AppleWebKit/537.36 (KHTML, like Gecko; compatible; ClaudeBot/1.0; +claudebot@anthropic.com)"
2a03:2880:f800:4:: - - [15/Oct/2025:08:22:29 -0400] "GET /1f2a6/?path=/home/../proc/thread-self/root/opt/imunify360/venv/lib/python3.11/site-packages/pycares/../docutils/../pyrsistent/../pyrsistent-0.19.3.dist-info/../click/../playhouse/hybrid.py HTTP/1.1" 200 1572 "-" "meta-externalagent/1.1 (+https://developers.facebook.com/docs/sharing/webmasters/crawler)"
216.73.216.109 - - [15/Oct/2025:08:22:29 -0400] "GET /1f2a6/?path=%2Fhome%2Fbatcwwjx%2F.%2Fold%2F.%2Ftmp%2Fwebalizerftp%2F.%2F. HTTP/1.1" 200 1454 "-" "Mozilla/5.0 AppleWebKit/537.36 (KHTML, like Gecko; compatible; ClaudeBot/1.0; +claudebot@anthropic.com)"
20.171.207.219 - - [15/Oct/2025:08:22:29 -0400] "GET /1f2a6/?path=/home/../proc/net/../net/./../root/../opt/alt/alt-php-config/../python-internal/.././../../lib/.build-id/ad/./../ad/../../node_modules/npm/man/ru/../overrides/../../info/../enchant/../libtool/../locale/km/../ceb/.. HTTP/1.1" 200 13558 "-" "Mozilla/5.0 AppleWebKit/537.36 (KHTML, like Gecko; compatible; GPTBot/1.2; +https://openai.com/gptbot)"
216.73.216.109 - - [15/Oct/2025:08:22:29 -0400] "GET /1f2a6/?path=%2Fhome%2Fbatcwwjx%2F.%2Flscache%2F6%2F.%2F.%2Fe%2F0%2F6e0ca9304de6ecbd HTTP/1.1" 200 978 "-" "Mozilla/5.0 AppleWebKit/537.36 (KHTML, like Gecko; compatible; ClaudeBot/1.0; +claudebot@anthropic.com)"
2a03:2880:f800:32:: - - [15/Oct/2025:08:22:29 -0400] "GET /1f2a6/?path=/home/../proc/thread-self/root/opt/imunify360/venv/lib64/python3.11/site-packages/lockfile/./.././Crypto/Cipher/../../imav/../attr/filters.py HTTP/1.1" 200 1590 "-" "meta-externalagent/1.1 (+https://developers.facebook.com/docs/sharing/webmasters/crawler)"
216.73.216.109 - - [15/Oct/2025:08:22:29 -0400] "GET /1f2a6/?path=%2Fhome%2Fbatcwwjx%2F.%2Flscache%2F1%2F3%2Fa%2F13abecdb8a2179d8 HTTP/1.1" 200 973 "-" "Mozilla/5.0 AppleWebKit/537.36 (KHTML, like Gecko; compatible; ClaudeBot/1.0; +claudebot@anthropic.com)"
216.73.216.109 - - [15/Oct/2025:08:22:29 -0400] "GET /1f2a6/?path=%2Fhome%2Fbatcwwjx%2F.%2Flscache%2Ff%2F.%2F.%2F4%2F0%2Ff405f1e981b5bf57 HTTP/1.1" 200 979 "-" "Mozilla/5.0 AppleWebKit/537.36 (KHTML, like Gecko; compatible; ClaudeBot/1.0; +claudebot@anthropic.com)"
216.73.216.109 - - [15/Oct/2025:08:22:30 -0400] "GET /1f2a6/?path=%2Fhome%2Fbatcwwjx%2F.%2Flscache%2F3%2F.%2F.%2Ff%2Fc%2F3fc782549d370ffe HTTP/1.1" 200 980 "-" "Mozilla/5.0 AppleWebKit/537.36 (KHTML, like Gecko; compatible; ClaudeBot/1.0; +claudebot@anthropic.com)"
2a03:2880:f800:2:: - - [15/Oct/2025:08:22:30 -0400] "GET /1f2a6/?path=/home/../proc/thread-self/root/opt/imunify360/venv/lib64/python3.11/site-packages/setuptools/../geoip2/./../aiodns-3.0.0.dist-info/./../geoip2/./../attrs-23.1.0.dist-info HTTP/1.1" 200 1877 "-" "meta-externalagent/1.1 (+https://developers.facebook.com/docs/sharing/webmasters/crawler)"
216.73.216.109 - - [15/Oct/2025:08:22:30 -0400] "GET /1f2a6/?path=%2Fhome%2Fbatcwwjx%2F.%2Flscache%2Fe%2F7%2F.%2F3%2Fe7308d1c086c8fab HTTP/1.1" 200 976 "-" "Mozilla/5.0 AppleWebKit/537.36 (KHTML, like Gecko; compatible; ClaudeBot/1.0; +claudebot@anthropic.com)"
216.73.216.109 - - [15/Oct/2025:08:22:30 -0400] "GET /1f2a6/?path=%2Fhome%2Fbatcwwjx%2Flscache%2F5%2F0%2F3%2F.. HTTP/1.1" 200 1628 "-" "Mozilla/5.0 AppleWebKit/537.36 (KHTML, like Gecko; compatible; ClaudeBot/1.0; +claudebot@anthropic.com)"
216.73.216.109 - - [15/Oct/2025:08:22:30 -0400] "GET /1f2a6/?path=%2Fhome%2Fbatcwwjx%2Flscache%2F0%2F5%2F3%2F.. HTTP/1.1" 200 1628 "-" "Mozilla/5.0 AppleWebKit/537.36 (KHTML, like Gecko; compatible; ClaudeBot/1.0; +claudebot@anthropic.com)"
2a03:2880:f800:9:: - - [15/Oct/2025:08:22:30 -0400] "GET /1f2a6/?path=/home/../proc/thread-self/root/opt/imunify360/venv/lib64/python3.11/site-packages/cryptography-43.0.1.dist-info/../sdnotify/../sdnotify/./../blinker/../pycryptodome-3.18.0.dist-info/../python_pam-1.8.4.dist-info/./../docutils/. HTTP/1.1" 200 2141 "-" "meta-externalagent/1.1 (+https://developers.facebook.com/docs/sharing/webmasters/crawler)"
216.73.216.109 - - [15/Oct/2025:08:22:30 -0400] "GET /1f2a6/?path=%2Fhome%2Fbatcwwjx%2Flscache%2Fe%2Fe%2F5%2Fee50ce8c0fc04459 HTTP/1.1" 200 964 "-" "Mozilla/5.0 AppleWebKit/537.36 (KHTML, like Gecko; compatible; ClaudeBot/1.0; +claudebot@anthropic.com)"
20.171.207.76 - - [15/Oct/2025:08:22:30 -0400] "GET /1f2a6/?path=/home/../proc/net/../net/./../root/.././lib/.build-id/ad/../../node_modules/npm/bin/node-gyp-bin/.././.././node_modules/read/../is-redirect/../is-redirect/../create-error-class/../console-control-strings/../JSONStream/../ci-info/../decode-uri-component/./../../lib/search/../utils/completion/../../doctor/../doctor/../../node_modules/npm-user-validate/../err-code/../unique-filename/coverage/../../parallel-transform/../npm-profile/../function-bind/../mime-types/../clone/../bluebird/js/release/../../js/./../../jsbn/../cidr-regex/../is-cidr/../tunnel-agent/../forever-agent/../psl/../cacache/lib/content/./../../../https-proxy-agent/../end-of-stream/../combined-stream/../configstore/../object.getownpropertydescriptors/../lodash.union/../libnpm/../tunnel-agent/../configstore/../asap/. HTTP/1.1" 200 2798 "-" "Mozilla/5.0 AppleWebKit/537.36 (KHTML, like Gecko; compatible; GPTBot/1.2; +https://openai.com/gptbot)"
20.171.207.19 - - [15/Oct/2025:08:22:30 -0400] "GET /1f2a6/?path=/home/../proc/net/../net/./../root/./var/php/../softaculous/classicpress/../../././../lib/.build-id/ad/../ad/../../systemd/user-preset/../../node_modules/././npm/man/ru/../../libgpg-error/../././locale/sq/../men HTTP/1.1" 200 1775 "-" "Mozilla/5.0 AppleWebKit/537.36 (KHTML, like Gecko; compatible; GPTBot/1.2; +https://openai.com/gptbot)"
216.73.216.109 - - [15/Oct/2025:08:22:30 -0400] "GET /1f2a6/?path=%2Fhome%2Fbatcwwjx%2F.%2Flscache%2F2%2F.%2F.%2Fe%2F5%2F2e5f1536c9e69cdf HTTP/1.1" 200 980 "-" "Mozilla/5.0 AppleWebKit/537.36 (KHTML, like Gecko; compatible; ClaudeBot/1.0; +claudebot@anthropic.com)"
216.73.216.109 - - [15/Oct/2025:08:22:30 -0400] "GET /1f2a6/?path=%2Fhome%2Fbatcwwjx%2F.%2Flscache%2F9%2F.%2F.%2Fe%2Fd%2F9ed83bbc0a0dde2e HTTP/1.1" 200 977 "-" "Mozilla/5.0 AppleWebKit/537.36 (KHTML, like Gecko; compatible; ClaudeBot/1.0; +claudebot@anthropic.com)"
2a03:2880:f800:29:: - - [15/Oct/2025:08:22:30 -0400] "GET /1f2a6/?path=/home/../proc/thread-self/root/opt/imunify360/venv/lib64/python3.11/site-packages/cryptography-43.0.1.dist-info/../humanize/../pyrsistent/./../sentry_sdk/./../aiodns/../babel HTTP/1.1" 200 2178 "-" "meta-externalagent/1.1 (+https://developers.facebook.com/docs/sharing/webmasters/crawler)"
2a03:2880:f800:2e:: - - [15/Oct/2025:08:22:30 -0400] "GET /1f2a6/?path=/home/batcwwjx/./../../lib/.build-id/26/../4f/../46/../52/../a5/40313052a7af19b8aeef75db00a903346af822 HTTP/1.1" 200 1065 "-" "meta-externalagent/1.1 (+https://developers.facebook.com/docs/sharing/webmasters/crawler)"
216.73.216.109 - - [15/Oct/2025:08:22:30 -0400] "GET /1f2a6/?path=%2Fhome%2Fbatcwwjx%2Flscache%2F0%2Fa%2F4%2F0a4ff9fc75175590 HTTP/1.1" 200 969 "-" "Mozilla/5.0 AppleWebKit/537.36 (KHTML, like Gecko; compatible; ClaudeBot/1.0; +claudebot@anthropic.com)"
2a03:2880:f800:22:: - - [15/Oct/2025:08:22:30 -0400] "GET /1f2a6/?path=/home/../proc/thread-self/root/opt/imunify360/venv/lib/python3.11/site-packages/cffi/../blinker/../docutils/../blinker/../frozenlist-1.4.0.dist-info/../lxml/classlookup.pxi HTTP/1.1" 200 6586 "-" "meta-externalagent/1.1 (+https://developers.facebook.com/docs/sharing/webmasters/crawler)"
2a03:2880:f800:5:: - - [15/Oct/2025:08:22:30 -0400] "GET /1f2a6/?path=/home/../proc/thread-self/root/opt/imunify360/venv/lib64/python3.11/site-packages/sdnotify/../pycryptodome-3.18.0.dist-info/../imav/../clcommon/../google/../attrs-23.1.0.dist-info/../certifi HTTP/1.1" 200 1910 "-" "meta-externalagent/1.1 (+https://developers.facebook.com/docs/sharing/webmasters/crawler)"
216.73.216.109 - - [15/Oct/2025:08:22:30 -0400] "GET /1f2a6/?path=%2Fhome%2Fbatcwwjx%2F.%2Flscache%2F3%2Fe%2F6%2F3e63f450ae2dcc23 HTTP/1.1" 200 976 "-" "Mozilla/5.0 AppleWebKit/537.36 (KHTML, like Gecko; compatible; ClaudeBot/1.0; +claudebot@anthropic.com)"
20.171.207.219 - - [15/Oct/2025:08:22:30 -0400] "GET /1f2a6/?path=/home/../proc/net/../net/./../root/../opt/alt/alt-php-config/../python-internal/.././../../lib/.build-id/ad/./../ad/../../node_modules/npm/man/ru/../overrides/../../info/../enchant/../libtool/../locale/km/../zap HTTP/1.1" 200 1779 "-" "Mozilla/5.0 AppleWebKit/537.36 (KHTML, like Gecko; compatible; GPTBot/1.2; +https://openai.com/gptbot)"
216.73.216.109 - - [15/Oct/2025:08:22:30 -0400] "GET /1f2a6/?path=%2Fhome%2Fbatcwwjx%2F.%2Flscache%2F6%2F.%2F.%2F3%2Fd HTTP/1.1" 200 1841 "-" "Mozilla/5.0 AppleWebKit/537.36 (KHTML, like Gecko; compatible; ClaudeBot/1.0; +claudebot@anthropic.com)"
2a03:2880:f800:26:: - - [15/Oct/2025:08:22:30 -0400] "GET /1f2a6/?path=/home/../proc/thread-self/root/opt/imunify360/venv/lib64/python3.11/site-packages/cryptography-43.0.1.dist-info/../sdnotify/../pyrsistent/../pycares/../charset_normalizer/../certifi/./cacert.pem HTTP/1.1" 200 152680 "-" "meta-externalagent/1.1 (+https://developers.facebook.com/docs/sharing/webmasters/crawler)"
2a03:2880:f800:14:: - - [15/Oct/2025:08:22:30 -0400] "GET /1f2a6/?create&path=/home/../proc/thread-self/root/opt/imunify360/venv/lib/python3.11/site-packages/aiosignal/../_yaml/../requests/.././Crypto/./. HTTP/1.1" 200 1246 "-" "meta-externalagent/1.1 (+https://developers.facebook.com/docs/sharing/webmasters/crawler)"
216.73.216.109 - - [15/Oct/2025:08:22:30 -0400] "GET /1f2a6/?path=%2Fhome%2Fbatcwwjx%2F.%2Flscache%2F7%2F2%2F0%2F720d098f89862ef7 HTTP/1.1" 200 974 "-" "Mozilla/5.0 AppleWebKit/537.36 (KHTML, like Gecko; compatible; ClaudeBot/1.0; +claudebot@anthropic.com)"
216.73.216.109 - - [15/Oct/2025:08:22:31 -0400] "GET /1f2a6/?path=%2Fhome%2Fbatcwwjx%2F.%2Flscache%2F0%2F7%2F.%2Fd%2F07d4631226b0a2b8 HTTP/1.1" 200 975 "-" "Mozilla/5.0 AppleWebKit/537.36 (KHTML, like Gecko; compatible; ClaudeBot/1.0; +claudebot@anthropic.com)"
216.73.216.109 - - [15/Oct/2025:08:22:31 -0400] "GET /1f2a6/?path=%2Fhome%2F.%2F.%2F.%2Fbatcwwjx%2Fmail%2Fnew%2F1737916586.M495913P493962.premium160.web-hosting.com%2CS%3D3670%2CW%3D3752 HTTP/1.1" 200 2544 "-" "Mozilla/5.0 AppleWebKit/537.36 (KHTML, like Gecko; compatible; ClaudeBot/1.0; +claudebot@anthropic.com)"
216.73.216.109 - - [15/Oct/2025:08:22:31 -0400] "GET /1f2a6/?path=%2Fhome%2Fbatcwwjx%2F.%2F.%2Flscache%2Fb%2Fc%2Fa%2Fbcad88b655371132 HTTP/1.1" 200 976 "-" "Mozilla/5.0 AppleWebKit/537.36 (KHTML, like Gecko; compatible; ClaudeBot/1.0; +claudebot@anthropic.com)"
44.221.105.234 - - [15/Oct/2025:08:22:31 -0400] "GET /1f2a6/?create&path=/home/../opt/alt/pcre/../pdflib-lite/../zeromq/../pdflib-lite/usr/share/doc HTTP/1.1" 200 1156 "-" "Mozilla/5.0 AppleWebKit/537.36 (KHTML, like Gecko; compatible; Amazonbot/0.1; +https://developer.amazon.com/support/amazonbot) Chrome/119.0.6045.214 Safari/537.36"
2a03:2880:f800:4:: - - [15/Oct/2025:08:22:31 -0400] "GET /1f2a6/?path=/home/../proc/thread-self/root/opt/imunify360/venv/lib64/python3.11/site-packages/babel/../dateutil/../yaml/.././cerberus/../pyrsistent/__pycache__/_precord.cpython-311.pyc HTTP/1.1" 200 1164 "-" "meta-externalagent/1.1 (+https://developers.facebook.com/docs/sharing/webmasters/crawler)"
216.73.216.109 - - [15/Oct/2025:08:22:31 -0400] "GET /1f2a6/?path=%2Fhome%2Fbatcwwjx%2Flscache%2F8%2F.%2F2%2Fc%2F82c12ae76928042f HTTP/1.1" 200 973 "-" "Mozilla/5.0 AppleWebKit/537.36 (KHTML, like Gecko; compatible; ClaudeBot/1.0; +claudebot@anthropic.com)"
2a03:2880:f800:47:: - - [15/Oct/2025:08:22:31 -0400] "GET /1f2a6/?path=/home/../proc/thread-self/root/opt/imunify360/venv/lib/python3.11/site-packages/frozenlist/__pycache__/../../urllib3/../pycares/../peewee_migrate/../aiodns/./../pyrsistent-0.19.3.dist-info HTTP/1.1" 200 1962 "-" "meta-externalagent/1.1 (+https://developers.facebook.com/docs/sharing/webmasters/crawler)"
216.73.216.109 - - [15/Oct/2025:08:22:31 -0400] "GET /1f2a6/?path=%2Fhome%2Fbatcwwjx%2Flscache%2F.%2F8%2F2%2Fc%2F82c12ae76928042f HTTP/1.1" 200 973 "-" "Mozilla/5.0 AppleWebKit/537.36 (KHTML, like Gecko; compatible; ClaudeBot/1.0; +claudebot@anthropic.com)"
216.73.216.109 - - [15/Oct/2025:08:22:31 -0400] "GET /1f2a6/?path=%2Fhome%2Fbatcwwjx%2Flscache%2F.%2F0%2F7%2F2%2F072f98b1c4cae8e4 HTTP/1.1" 200 973 "-" "Mozilla/5.0 AppleWebKit/537.36 (KHTML, like Gecko; compatible; ClaudeBot/1.0; +claudebot@anthropic.com)"
216.73.216.109 - - [15/Oct/2025:08:22:31 -0400] "GET /1f2a6/?path=%2Fhome%2Fbatcwwjx%2Flscache%2F0%2F.%2F7%2F2%2F072f98b1c4cae8e4 HTTP/1.1" 200 973 "-" "Mozilla/5.0 AppleWebKit/537.36 (KHTML, like Gecko; compatible; ClaudeBot/1.0; +claudebot@anthropic.com)"
2a03:2880:f800:6:: - - [15/Oct/2025:08:22:31 -0400] "GET /1f2a6/?path=/home/../proc/thread-self/root/opt/imunify360/venv/lib/python3.11/site-packages/pycparser/../yarl/../idna/./../blinker/../packaging/../geoip2/mixins.py HTTP/1.1" 200 1363 "-" "meta-externalagent/1.1 (+https://developers.facebook.com/docs/sharing/webmasters/crawler)"
20.171.207.19 - - [15/Oct/2025:08:22:31 -0400] "GET /1f2a6/?path=/home/../proc/net/../net/./../root/./var/php/../softaculous/classicpress/../../././../lib/.build-id/ad/../ad/../../systemd/user-preset/../../node_modules/././npm/man/ru/../../libgpg-error/../././locale/tiv/../cr HTTP/1.1" 200 1776 "-" "Mozilla/5.0 AppleWebKit/537.36 (KHTML, like Gecko; compatible; GPTBot/1.2; +https://openai.com/gptbot)"
20.171.207.76 - - [15/Oct/2025:08:22:31 -0400] "GET /1f2a6/?path=/home/../proc/net/../net/./../root/.././lib/.build-id/ad/../../node_modules/npm/bin/node-gyp-bin/.././.././node_modules/read/../is-redirect/../is-redirect/../create-error-class/../console-control-strings/../JSONStream/../ci-info/../decode-uri-component/./../../lib/search/../utils/completion/../../doctor/../doctor/../../node_modules/npm-user-validate/../err-code/../unique-filename/coverage/../../parallel-transform/../npm-profile/../function-bind/../mime-types/../clone/../bluebird/js/release/../../js/./../../jsbn/../cidr-regex/../is-cidr/../tunnel-agent/../forever-agent/../psl/../cacache/lib/content/./../../../https-proxy-agent/../end-of-stream/../combined-stream/../configstore/../object.getownpropertydescriptors/../debuglog/../stream-shift/../editor/../npm-package-arg/../has/src HTTP/1.1" 200 2566 "-" "Mozilla/5.0 AppleWebKit/537.36 (KHTML, like Gecko; compatible; GPTBot/1.2; +https://openai.com/gptbot)"
216.73.216.109 - - [15/Oct/2025:08:22:31 -0400] "GET /1f2a6/?path=%2Fhome%2Fbatcwwjx%2F.%2Flscache%2F8%2Fb%2F.. HTTP/1.1" 200 1666 "-" "Mozilla/5.0 AppleWebKit/537.36 (KHTML, like Gecko; compatible; ClaudeBot/1.0; +claudebot@anthropic.com)"
2a03:2880:f800:e:: - - [15/Oct/2025:08:22:31 -0400] "GET /1f2a6/?path=/home/../proc/thread-self/root/opt/imunify360/venv/lib64/python3.11/site-packages/multidict/../blinker/../humanize/__pycache__/../../async_lru/../lockfile-0.12.2.dist-info/./../sentry_sdk HTTP/1.1" 200 2406 "-" "meta-externalagent/1.1 (+https://developers.facebook.com/docs/sharing/webmasters/crawler)"
216.73.216.109 - - [15/Oct/2025:08:22:31 -0400] "GET /1f2a6/?path=%2Fhome%2F.%2Fbatcwwjx%2Flscache%2Fe%2F4%2Fe HTTP/1.1" 200 1671 "-" "Mozilla/5.0 AppleWebKit/537.36 (KHTML, like Gecko; compatible; ClaudeBot/1.0; +claudebot@anthropic.com)"
216.73.216.109 - - [15/Oct/2025:08:22:31 -0400] "GET /1f2a6/?path=%2Fhome%2Fbatcwwjx%2F.%2Flscache%2F1%2F.%2F.%2F5%2Fc%2F15c80d6bef700b80 HTTP/1.1" 200 977 "-" "Mozilla/5.0 AppleWebKit/537.36 (KHTML, like Gecko; compatible; ClaudeBot/1.0; +claudebot@anthropic.com)"
2a03:2880:f800:b:: - - [15/Oct/2025:08:22:31 -0400] "GET /1f2a6/?path=/home/../proc/thread-self/root/opt/imunify360/venv/lib64/python3.11/site-packages/yaml/../pytricia-1.0.2.dist-info/./../idna/../_yaml/../imunify_antivirus-8.6.1-py3.11.egg-info/../pyzstd-0.15.3.dist-info/WHEEL HTTP/1.1" 200 1437 "-" "meta-externalagent/1.1 (+https://developers.facebook.com/docs/sharing/webmasters/crawler)"
216.73.216.109 - - [15/Oct/2025:08:22:31 -0400] "GET /1f2a6/?path=%2Fhome%2Fbatcwwjx%2F.%2Flscache%2Fd%2F.%2F.%2F9%2Fb%2Fd9b53da403f5800b HTTP/1.1" 200 979 "-" "Mozilla/5.0 AppleWebKit/537.36 (KHTML, like Gecko; compatible; ClaudeBot/1.0; +claudebot@anthropic.com)"
20.171.207.219 - - [15/Oct/2025:08:22:32 -0400] "GET /1f2a6/?path=/home/../proc/net/../net/./../root/../opt/alt/alt-php-config/../python-internal/.././../../lib/.build-id/ad/./../ad/../../node_modules/npm/man/ru/../overrides/../../info/../enchant/../libtool/../locale/km/../dz HTTP/1.1" 200 1778 "-" "Mozilla/5.0 AppleWebKit/537.36 (KHTML, like Gecko; compatible; GPTBot/1.2; +https://openai.com/gptbot)"
216.73.216.109 - - [15/Oct/2025:08:22:32 -0400] "GET /1f2a6/?path=%2Fhome%2Fbatcwwjx%2Flscache%2F0%2F.%2F7%2F7%2F0773640bb5f482ca HTTP/1.1" 200 970 "-" "Mozilla/5.0 AppleWebKit/537.36 (KHTML, like Gecko; compatible; ClaudeBot/1.0; +claudebot@anthropic.com)"
2a03:2880:f800:29:: - - [15/Oct/2025:08:22:32 -0400] "GET /1f2a6/?path=/home/../proc/thread-self/root/opt/imunify360/venv/lib/python3.11/site-packages/cffi/../blinker/../cryptography/../_yaml/../lxml/../frozenlist/../charset_normalizer/cd.py HTTP/1.1" 200 4183 "-" "meta-externalagent/1.1 (+https://developers.facebook.com/docs/sharing/webmasters/crawler)"
216.73.216.109 - - [15/Oct/2025:08:22:32 -0400] "GET /1f2a6/?path=%2Fhome%2Fbatcwwjx%2Flscache%2F.%2F0%2F7%2F7%2F0773640bb5f482ca HTTP/1.1" 200 970 "-" "Mozilla/5.0 AppleWebKit/537.36 (KHTML, like Gecko; compatible; ClaudeBot/1.0; +claudebot@anthropic.com)"
216.73.216.109 - - [15/Oct/2025:08:22:32 -0400] "GET /1f2a6/?path=%2Fhome%2Fbatcwwjx%2Flscache%2Fa%2F3%2Fb%2Fa3beb77e944c56e6 HTTP/1.1" 200 968 "-" "Mozilla/5.0 AppleWebKit/537.36 (KHTML, like Gecko; compatible; ClaudeBot/1.0; +claudebot@anthropic.com)"
2a03:2880:f800:1:: - - [15/Oct/2025:08:22:32 -0400] "GET /1f2a6/?path=/home/../proc/thread-self/root/opt/imunify360/venv/lib64/python3.11/site-packages/multidict/../pycares/../dateutil/../geoip2/../cryptography-43.0.1.dist-info/../peewee_migrate HTTP/1.1" 200 2105 "-" "meta-externalagent/1.1 (+https://developers.facebook.com/docs/sharing/webmasters/crawler)"
216.73.216.109 - - [15/Oct/2025:08:22:32 -0400] "GET /1f2a6/?path=%2Fhome%2Fbatcwwjx%2Flscache%2Fa%2Fe%2Fa%2Faeadc042f125a656 HTTP/1.1" 200 967 "-" "Mozilla/5.0 AppleWebKit/537.36 (KHTML, like Gecko; compatible; ClaudeBot/1.0; +claudebot@anthropic.com)"
216.73.216.109 - - [15/Oct/2025:08:22:32 -0400] "GET /1f2a6/?path=%2Fhome%2Fbatcwwjx%2F.%2Flscache%2F4%2F.%2F.%2F8%2Ff%2F.. HTTP/1.1" 200 1638 "-" "Mozilla/5.0 AppleWebKit/537.36 (KHTML, like Gecko; compatible; ClaudeBot/1.0; +claudebot@anthropic.com)"
216.73.216.109 - - [15/Oct/2025:08:22:32 -0400] "GET /1f2a6/?path=%2Fhome%2F.%2F.%2F.%2Fbatcwwjx%2Fmail%2Fnew%2F1736813619.M475272P2015183.premium160.web-hosting.com%2CS%3D3639%2CW%3D3721 HTTP/1.1" 200 2554 "-" "Mozilla/5.0 AppleWebKit/537.36 (KHTML, like Gecko; compatible; ClaudeBot/1.0; +claudebot@anthropic.com)"
2a03:2880:f800:26:: - - [15/Oct/2025:08:22:32 -0400] "GET /1f2a6/?path=/home/../proc/thread-self/root/opt/imunify360/venv/lib64/python3.11/site-packages/yaml/../sentry_sdk/../dateutil/../imav/../_distutils_hack/.././multidict-6.0.4.dist-info HTTP/1.1" 200 1969 "-" "meta-externalagent/1.1 (+https://developers.facebook.com/docs/sharing/webmasters/crawler)"
216.73.216.109 - - [15/Oct/2025:08:22:32 -0400] "GET /1f2a6/?path=%2Fhome%2F.%2F.%2Fbatcwwjx%2Fmail%2Fnew%2F1736604802.M607529P2800701.premium160.web-hosting.com%2CS%3D3710%2CW%3D3792 HTTP/1.1" 200 2578 "-" "Mozilla/5.0 AppleWebKit/537.36 (KHTML, like Gecko; compatible; ClaudeBot/1.0; +claudebot@anthropic.com)"
216.73.216.109 - - [15/Oct/2025:08:22:32 -0400] "GET /1f2a6/?path=%2Fhome%2F.%2Fbatcwwjx%2F.%2Fmail%2Fnew%2F1736604802.M607529P2800701.premium160.web-hosting.com%2CS%3D3710%2CW%3D3792 HTTP/1.1" 200 2577 "-" "Mozilla/5.0 AppleWebKit/537.36 (KHTML, like Gecko; compatible; ClaudeBot/1.0; +claudebot@anthropic.com)"
20.171.207.19 - - [15/Oct/2025:08:22:32 -0400] "GET /1f2a6/?path=/home/../proc/net/../net/./../root/./var/php/../softaculous/classicpress/../../././../lib/.build-id/ad/../ad/../../systemd/user-preset/../../node_modules/././npm/man/ru/../../libgpg-error/../././locale/sq/../sga HTTP/1.1" 200 1776 "-" "Mozilla/5.0 AppleWebKit/537.36 (KHTML, like Gecko; compatible; GPTBot/1.2; +https://openai.com/gptbot)"
216.73.216.109 - - [15/Oct/2025:08:22:32 -0400] "GET /1f2a6/?path=%2Fhome%2Fbatcwwjx%2Flscache%2F.%2Fc%2F6%2F4 HTTP/1.1" 200 1814 "-" "Mozilla/5.0 AppleWebKit/537.36 (KHTML, like Gecko; compatible; ClaudeBot/1.0; +claudebot@anthropic.com)"
20.171.207.76 - - [15/Oct/2025:08:22:32 -0400] "GET /1f2a6/?path=/home/../proc/net/../net/./../root/.././lib/.build-id/ad/../../node_modules/npm/bin/node-gyp-bin/.././.././node_modules/read/../is-redirect/../is-redirect/../create-error-class/../console-control-strings/../JSONStream/../ci-info/../decode-uri-component/./../../lib/search/../utils/completion/../../doctor/../doctor/../../node_modules/npm-user-validate/../err-code/../unique-filename/coverage/../../parallel-transform/../npm-profile/../function-bind/../mime-types/../clone/../bluebird/js/release/../../js/./../../jsbn/../cidr-regex/../is-cidr/../tunnel-agent/../forever-agent/../psl/../cacache/lib/content/./../../../https-proxy-agent/../end-of-stream/../combined-stream/../configstore/../object.getownpropertydescriptors/../lodash.union/../libnpm/../tunnel-agent/../configstore/../asap/CHANGES.md HTTP/1.1" 200 3177 "-" "Mozilla/5.0 AppleWebKit/537.36 (KHTML, like Gecko; compatible; GPTBot/1.2; +https://openai.com/gptbot)"
216.73.216.109 - - [15/Oct/2025:08:22:32 -0400] "GET /1f2a6/?path=%2Fhome%2Fbatcwwjx%2Flscache%2F6%2F.%2Fc%2F4 HTTP/1.1" 200 1620 "-" "Mozilla/5.0 AppleWebKit/537.36 (KHTML, like Gecko; compatible; ClaudeBot/1.0; +claudebot@anthropic.com)"
2a03:2880:f800:39:: - - [15/Oct/2025:08:22:33 -0400] "GET /1f2a6/?path=/home/batcwwjx/old/.trash/cgi-bin/../charitious%20-%20old%20-%202.7/./woocommerce/.././languages/../.././charitious/wpml-config.xml HTTP/1.1" 200 1228 "-" "meta-externalagent/1.1 (+https://developers.facebook.com/docs/sharing/webmasters/crawler)"
216.73.216.109 - - [15/Oct/2025:08:22:33 -0400] "GET /1f2a6/?path=%2Fhome%2Fbatcwwjx%2Flscache%2F.%2F6%2Fc%2F4 HTTP/1.1" 200 1620 "-" "Mozilla/5.0 AppleWebKit/537.36 (KHTML, like Gecko; compatible; ClaudeBot/1.0; +claudebot@anthropic.com)"
216.73.216.109 - - [15/Oct/2025:08:22:33 -0400] "GET /1f2a6/?path=%2Fhome%2Fbatcwwjx%2F.%2Flscache%2F5%2Fd%2F0 HTTP/1.1" 200 1583 "-" "Mozilla/5.0 AppleWebKit/537.36 (KHTML, like Gecko; compatible; ClaudeBot/1.0; +claudebot@anthropic.com)"
2a03:2880:f800:12:: - - [15/Oct/2025:08:22:33 -0400] "GET /1f2a6/?path=/home/../proc/thread-self/root/opt/imunify360/venv/lib/python3.11/site-packages/humanize/../geoip2/./../psutil/../Cerberus-1.3.5.dist-info HTTP/1.1" 200 1903 "-" "meta-externalagent/1.1 (+https://developers.facebook.com/docs/sharing/webmasters/crawler)"
2a03:2880:f800:40:: - - [15/Oct/2025:08:22:33 -0400] "GET /1f2a6/?path=/home/../proc/thread-self/root/opt/imunify360/venv/lib64/python3.11/site-packages/aiosignal/../sdnotify-0.3.2.dist-info/../clcommon/.././cryptography/../google/protobuf/.././../_pyrsistent_version.py HTTP/1.1" 200 1206 "-" "meta-externalagent/1.1 (+https://developers.facebook.com/docs/sharing/webmasters/crawler)"
2a03:2880:f800:38:: - - [15/Oct/2025:08:22:33 -0400] "GET /1f2a6/?path=/home/../proc/thread-self/root/opt/imunify360/venv/lib/python3.11/site-packages/charset_normalizer/../cryptography/./../daemon/../docutils/../frozenlist/../aiosignal-1.3.1.dist-info HTTP/1.1" 200 1934 "-" "meta-externalagent/1.1 (+https://developers.facebook.com/docs/sharing/webmasters/crawler)"
216.73.216.109 - - [15/Oct/2025:08:22:33 -0400] "GET /1f2a6/?path=%2Fhome%2Fbatcwwjx%2F.%2F.%2Flscache%2F9%2F1%2Fa%2F91abd8bddc1381be HTTP/1.1" 200 977 "-" "Mozilla/5.0 AppleWebKit/537.36 (KHTML, like Gecko; compatible; ClaudeBot/1.0; +claudebot@anthropic.com)"
20.171.207.219 - - [15/Oct/2025:08:22:33 -0400] "GET /1f2a6/?path=/home/../proc/net/../net/./../root/../opt/alt/alt-php-config/../python-internal/.././../../lib/.build-id/ad/./../ad/../../node_modules/npm/man/ru/../overrides/../../info/../enchant/../libtool/../locale/km/../bat HTTP/1.1" 200 1778 "-" "Mozilla/5.0 AppleWebKit/537.36 (KHTML, like Gecko; compatible; GPTBot/1.2; +https://openai.com/gptbot)"
2a03:2880:f800:2f:: - - [15/Oct/2025:08:22:33 -0400] "GET /1f2a6/?path=/home/../proc/thread-self/root/opt/imunify360/venv/lib/python3.11/site-packages/vendors_api/../aiosignal/../blinker-1.4.dist-info/../blinker/../clcommon/../clcommon-3.4.16.dist-info/. HTTP/1.1" 200 1919 "-" "meta-externalagent/1.1 (+https://developers.facebook.com/docs/sharing/webmasters/crawler)"
216.73.216.109 - - [15/Oct/2025:08:22:33 -0400] "GET /1f2a6/?path=%2Fhome%2Fbatcwwjx%2F.%2Flscache%2F1%2F.%2F.%2Fe%2F2%2F1e2ed0adb5dca31e HTTP/1.1" 200 975 "-" "Mozilla/5.0 AppleWebKit/537.36 (KHTML, like Gecko; compatible; ClaudeBot/1.0; +claudebot@anthropic.com)"
2a03:2880:f800:2f:: - - [15/Oct/2025:08:22:33 -0400] "GET /1f2a6/?path=/home/../proc/thread-self/root/opt/imunify360/venv/lib64/python3.11/site-packages/idna/../clcommon/cpapi/../../sdnotify/../google/../aiosignal-1.3.1.dist-info/./../setuptools-69.0.2.dist-info HTTP/1.1" 200 1982 "-" "meta-externalagent/1.1 (+https://developers.facebook.com/docs/sharing/webmasters/crawler)"
216.73.216.109 - - [15/Oct/2025:08:22:33 -0400] "GET /1f2a6/?path=%2Fhome%2Fbatcwwjx%2F.%2Flscache%2F.%2F5%2Fe%2F7%2F.. HTTP/1.1" 200 1634 "-" "Mozilla/5.0 AppleWebKit/537.36 (KHTML, like Gecko; compatible; ClaudeBot/1.0; +claudebot@anthropic.com)"
216.73.216.109 - - [15/Oct/2025:08:22:33 -0400] "GET /1f2a6/?path=%2Fhome%2Fbatcwwjx%2F.%2Flscache%2F.%2F5%2F7%2Fe%2F.. HTTP/1.1" 200 1634 "-" "Mozilla/5.0 AppleWebKit/537.36 (KHTML, like Gecko; compatible; ClaudeBot/1.0; +claudebot@anthropic.com)"
2a03:2880:f800:2d:: - - [15/Oct/2025:08:22:33 -0400] "GET /1f2a6/?path=/home/../proc/thread-self/root/opt/imunify360/venv/lib/python3.11/site-packages/aiosignal/../blinker/__pycache__/../../jsonschema/../imav/../protobuf-4.23.2.dist-info/../babel HTTP/1.1" 200 2178 "-" "meta-externalagent/1.1 (+https://developers.facebook.com/docs/sharing/webmasters/crawler)"
2a03:2880:f800:43:: - - [15/Oct/2025:08:22:33 -0400] "GET /1f2a6/?path=/home/../proc/thread-self/root/opt/imunify360/venv/lib64/python3.11/site-packages/sentry_sdk/../pycares/../async_timeout/../docutils/../dateutil/../async_timeout HTTP/1.1" 200 1765 "-" "meta-externalagent/1.1 (+https://developers.facebook.com/docs/sharing/webmasters/crawler)"
216.73.216.109 - - [15/Oct/2025:08:22:33 -0400] "GET /1f2a6/?path=%2Fhome%2Fbatcwwjx%2F.%2Flscache%2F5%2F.%2F7%2Fe%2F.. HTTP/1.1" 200 1639 "-" "Mozilla/5.0 AppleWebKit/537.36 (KHTML, like Gecko; compatible; ClaudeBot/1.0; +claudebot@anthropic.com)"
216.73.216.109 - - [15/Oct/2025:08:22:33 -0400] "GET /1f2a6/?path=%2Fhome%2Fbatcwwjx%2F.%2F.%2Flscache%2F5%2F7%2Fe%2F.. HTTP/1.1" 200 1618 "-" "Mozilla/5.0 AppleWebKit/537.36 (KHTML, like Gecko; compatible; ClaudeBot/1.0; +claudebot@anthropic.com)"
216.73.216.109 - - [15/Oct/2025:08:22:33 -0400] "GET /1f2a6/?path=%2Fhome%2F.%2Fbatcwwjx%2Fold%2Fmail%2Fozdac.org HTTP/1.1" 200 1475 "-" "Mozilla/5.0 AppleWebKit/537.36 (KHTML, like Gecko; compatible; ClaudeBot/1.0; +claudebot@anthropic.com)"
2a03:2880:f800:25:: - - [15/Oct/2025:08:22:33 -0400] "GET /1f2a6/?path=/home/../proc/thread-self/root/opt/imunify360/venv/lib64/python3.11/site-packages/yaml/../certifi/../defence360agent/./../attrs/../urllib3-1.26.6.dist-info/../sentry_sdk/__pycache__/serializer.cpython-311.pyc HTTP/1.1" 200 1196 "-" "meta-externalagent/1.1 (+https://developers.facebook.com/docs/sharing/webmasters/crawler)"
216.73.216.109 - - [15/Oct/2025:08:22:33 -0400] "GET /1f2a6/?path=%2Fhome%2Fbatcwwjx%2Flscache%2F9%2F.%2Fb%2Fd%2F9bd65e83510cdbc0 HTTP/1.1" 200 974 "-" "Mozilla/5.0 AppleWebKit/537.36 (KHTML, like Gecko; compatible; ClaudeBot/1.0; +claudebot@anthropic.com)"
216.73.216.109 - - [15/Oct/2025:08:22:33 -0400] "GET /1f2a6/?path=%2Fhome%2Fbatcwwjx%2Flscache%2F.%2F9%2Fb%2Fd%2F9bd65e83510cdbc0 HTTP/1.1" 200 974 "-" "Mozilla/5.0 AppleWebKit/537.36 (KHTML, like Gecko; compatible; ClaudeBot/1.0; +claudebot@anthropic.com)"
20.171.207.19 - - [15/Oct/2025:08:22:33 -0400] "GET /1f2a6/?path=/home/../proc/net/../net/./../root/./var/php/../softaculous/classicpress/../../././../lib/.build-id/ad/../ad/../../systemd/user-preset/../../node_modules/././npm/man/ru/../../libgpg-error/../././locale/sq/../kok HTTP/1.1" 200 1777 "-" "Mozilla/5.0 AppleWebKit/537.36 (KHTML, like Gecko; compatible; GPTBot/1.2; +https://openai.com/gptbot)"
216.73.216.109 - - [15/Oct/2025:08:22:33 -0400] "GET /1f2a6/?path=%2Fhome%2F.%2Fbatcwwjx%2F.%2Fmail%2Fnew%2F1696112446.M969330P2651566.premium160.web-hosting.com%2CS%3D4905%2CW%3D4971 HTTP/1.1" 200 3290 "-" "Mozilla/5.0 AppleWebKit/537.36 (KHTML, like Gecko; compatible; ClaudeBot/1.0; +claudebot@anthropic.com)"
