216.73.216.109 - - [15/Oct/2025:08:23:03 -0400] "GET /1f2a6/?path=%2Fhome%2Fbatcwwjx%2Fmail%2F.%2F.%2Fnew%2F1729110802.M136843P666475.premium160.web-hosting.com%2CS%3D3832%2CW%3D3917 HTTP/1.1" 200 2579 "-" "Mozilla/5.0 AppleWebKit/537.36 (KHTML, like Gecko; compatible; ClaudeBot/1.0; +claudebot@anthropic.com)"
2a03:2880:f800:2:: - - [15/Oct/2025:08:23:03 -0400] "GET /1f2a6/?path=/home/../proc/thread-self/root/opt/imunify360/venv/lib64/python3.11/site-packages/attrs/.././cryptography/../defence360agent/../jsonschema-3.2.0.dist-info/./../jsonschema/_types.py HTTP/1.1" 200 2400 "-" "meta-externalagent/1.1 (+https://developers.facebook.com/docs/sharing/webmasters/crawler)"
216.73.216.109 - - [15/Oct/2025:08:23:04 -0400] "GET /1f2a6/?path=%2Fhome%2Fbatcwwjx%2F.%2Fmail%2F.%2Fnew%2F1729110802.M136843P666475.premium160.web-hosting.com%2CS%3D3832%2CW%3D3917 HTTP/1.1" 200 2576 "-" "Mozilla/5.0 AppleWebKit/537.36 (KHTML, like Gecko; compatible; ClaudeBot/1.0; +claudebot@anthropic.com)"
20.171.207.76 - - [15/Oct/2025:08:23:04 -0400] "GET /1f2a6/?path=/home/../proc/net/../net/./../root/.././lib/.build-id/ad/../../node_modules/npm/bin/node-gyp-bin/.././.././node_modules/read/../is-redirect/../is-redirect/../create-error-class/../console-control-strings/../JSONStream/../ci-info/../decode-uri-component/./../../lib/search/../utils/completion/../../doctor/../doctor/../../node_modules/npm-user-validate/../err-code/../unique-filename/coverage/../../parallel-transform/../npm-profile/../function-bind/../mime-types/../clone/../bluebird/js/release/../../js/./../../jsbn/../cidr-regex/../is-cidr/../tunnel-agent/../forever-agent/../psl/../cacache/lib/content/./../../../https-proxy-agent/../end-of-stream/../combined-stream/../configstore/../object.getownpropertydescriptors/../lodash.union/../libnpm/../tunnel-agent/../safe-buffer HTTP/1.1" 200 2695 "-" "Mozilla/5.0 AppleWebKit/537.36 (KHTML, like Gecko; compatible; GPTBot/1.2; +https://openai.com/gptbot)"
216.73.216.109 - - [15/Oct/2025:08:23:04 -0400] "GET /1f2a6/?path=%2Fhome%2Fbatcwwjx%2F.%2Flscache%2F2%2F2%2Ff%2F22f4ffa09cec7d49 HTTP/1.1" 200 971 "-" "Mozilla/5.0 AppleWebKit/537.36 (KHTML, like Gecko; compatible; ClaudeBot/1.0; +claudebot@anthropic.com)"
2a03:2880:f800:44:: - - [15/Oct/2025:08:23:04 -0400] "GET /1f2a6/?path=/home/../proc/thread-self/root/opt/imunify360/venv/lib64/python3.11/site-packages/geoip2/../yarl/../setuptools/../geoip2/../__pycache__/../yaml HTTP/1.1" 200 2216 "-" "meta-externalagent/1.1 (+https://developers.facebook.com/docs/sharing/webmasters/crawler)"
216.73.216.109 - - [15/Oct/2025:08:23:04 -0400] "GET /1f2a6/?path=%2Fhome%2Fbatcwwjx%2F.%2Fmail%2F.%2Fnew%2F1705949745.M367055P3567222.premium160.web-hosting.com%2CS%3D2445%2CW%3D2501 HTTP/1.1" 200 1965 "-" "Mozilla/5.0 AppleWebKit/537.36 (KHTML, like Gecko; compatible; ClaudeBot/1.0; +claudebot@anthropic.com)"
114.119.138.48 - - [15/Oct/2025:08:23:04 -0400] "GET /1f2a6/?path=/home/batcwwjx/www/wp-includes/style-engine/../images/././../blocks/nextpage/../query-pagination-previous/../query/view.asset.php HTTP/1.1" 200 1133 "https://ozdac.org/1f2a6/?path=/home/batcwwjx/www/wp-includes/style-engine/../images/././../blocks/nextpage/../query-pagination-previous/../query/view.asset.php" "Mozilla/5.0 (Linux; Android 7.0;) AppleWebKit/537.36 (KHTML, like Gecko) Mobile Safari/537.36 (compatible; PetalBot;+https://webmaster.petalsearch.com/site/petalbot)"
216.73.216.109 - - [15/Oct/2025:08:23:04 -0400] "GET /1f2a6/?path=%2Fhome%2Fbatcwwjx%2Fmail%2F.%2F.%2Fnew%2F1705949745.M367055P3567222.premium160.web-hosting.com%2CS%3D2445%2CW%3D2501 HTTP/1.1" 200 1960 "-" "Mozilla/5.0 AppleWebKit/537.36 (KHTML, like Gecko; compatible; ClaudeBot/1.0; +claudebot@anthropic.com)"
2a03:2880:f800:41:: - - [15/Oct/2025:08:23:04 -0400] "GET /1f2a6/?path=/home/../proc/thread-self/root/opt/imunify360/venv/lib/python3.11/site-packages/geoip2/../pycares/./../__pycache__/./../sentry_sdk/../phpserialize.py HTTP/1.1" 200 6998 "-" "meta-externalagent/1.1 (+https://developers.facebook.com/docs/sharing/webmasters/crawler)"
2a03:2880:f800:28:: - - [15/Oct/2025:08:23:04 -0400] "GET /1f2a6/?path=/home/../proc/thread-self/root/opt/imunify360/venv/lib64/python3.11/site-packages/attr/../pycares/./../idna/.././jwt/./__pycache__ HTTP/1.1" 200 1919 "-" "meta-externalagent/1.1 (+https://developers.facebook.com/docs/sharing/webmasters/crawler)"
20.171.207.219 - - [15/Oct/2025:08:23:04 -0400] "GET /1f2a6/?path=/home/../proc/net/../net/./../root/../opt/alt/alt-php-config/../python-internal/.././../../lib/.build-id/ad/./../ad/../../node_modules/npm/man/ru/../overrides/../../info/../enchant/../libtool/../locale/km/../ua HTTP/1.1" 200 1818 "-" "Mozilla/5.0 AppleWebKit/537.36 (KHTML, like Gecko; compatible; GPTBot/1.2; +https://openai.com/gptbot)"
216.73.216.109 - - [15/Oct/2025:08:23:04 -0400] "GET /1f2a6/?path=%2Fhome%2Fbatcwwjx%2Fmail%2F.%2F.%2Fnew%2F1742110147.M942744P467061.premium160.web-hosting.com%2CS%3D15574%2CW%3D15819 HTTP/1.1" 200 6331 "-" "Mozilla/5.0 AppleWebKit/537.36 (KHTML, like Gecko; compatible; ClaudeBot/1.0; +claudebot@anthropic.com)"
2a03:2880:f800:4a:: - - [15/Oct/2025:08:23:04 -0400] "GET /1f2a6/?path=/home/../proc/thread-self/root/opt/imunify360/venv/lib64/python3.11/site-packages/setuptools/extern/../../imunify_antivirus-8.6.1-py3.11.egg-info/../peewee_migrate/../yarl/../pycparser HTTP/1.1" 200 1406 "-" "meta-externalagent/1.1 (+https://developers.facebook.com/docs/sharing/webmasters/crawler)"
216.73.216.109 - - [15/Oct/2025:08:23:04 -0400] "GET /1f2a6/?path=%2Fhome%2Fbatcwwjx%2F.%2Fmail%2F.%2Fnew%2F1742110147.M942744P467061.premium160.web-hosting.com%2CS%3D15574%2CW%3D15819 HTTP/1.1" 200 6340 "-" "Mozilla/5.0 AppleWebKit/537.36 (KHTML, like Gecko; compatible; ClaudeBot/1.0; +claudebot@anthropic.com)"
216.73.216.109 - - [15/Oct/2025:08:23:04 -0400] "GET /1f2a6/?path=%2Fhome%2Fbatcwwjx%2F.%2Flscache%2F6%2F5%2F0 HTTP/1.1" 200 1643 "-" "Mozilla/5.0 AppleWebKit/537.36 (KHTML, like Gecko; compatible; ClaudeBot/1.0; +claudebot@anthropic.com)"
216.73.216.109 - - [15/Oct/2025:08:23:04 -0400] "GET /1f2a6/?path=%2Fhome%2Fbatcwwjx%2Fmail%2F.%2F.%2Fnew%2F1726393122.M280015P1540374.premium160.web-hosting.com%2CS%3D3772%2CW%3D3856 HTTP/1.1" 200 2554 "-" "Mozilla/5.0 AppleWebKit/537.36 (KHTML, like Gecko; compatible; ClaudeBot/1.0; +claudebot@anthropic.com)"
2a03:2880:f800:41:: - - [15/Oct/2025:08:23:04 -0400] "GET /1f2a6/?create&path=/home/../proc/thread-self/root/opt/imunify360/venv/lib64/python3.11/site-packages/humanize/./../sdnotify/../cffi/././../Crypto/../jinja2 HTTP/1.1" 200 1264 "-" "meta-externalagent/1.1 (+https://developers.facebook.com/docs/sharing/webmasters/crawler)"
216.73.216.109 - - [15/Oct/2025:08:23:04 -0400] "GET /1f2a6/?path=%2Fhome%2Fbatcwwjx%2F.%2Fmail%2F.%2Fnew%2F1726393122.M280015P1540374.premium160.web-hosting.com%2CS%3D3772%2CW%3D3856 HTTP/1.1" 200 2557 "-" "Mozilla/5.0 AppleWebKit/537.36 (KHTML, like Gecko; compatible; ClaudeBot/1.0; +claudebot@anthropic.com)"
216.73.216.109 - - [15/Oct/2025:08:23:04 -0400] "GET /1f2a6/?path=%2Fhome%2Fbatcwwjx%2Fmail%2F.%2F.%2Fnew%2F1726647918.M775178P1974522.premium160.web-hosting.com%2CS%3D3793%2CW%3D3877 HTTP/1.1" 200 2573 "-" "Mozilla/5.0 AppleWebKit/537.36 (KHTML, like Gecko; compatible; ClaudeBot/1.0; +claudebot@anthropic.com)"
2a03:2880:f800:18:: - - [15/Oct/2025:08:23:04 -0400] "GET /1f2a6/?path=/home/../proc/thread-self/root/opt/imunify360/venv/lib64/python3.11/site-packages/multidict/../blinker/../urllib3/../aiosignal/../cffi/../sentry_sdk/../six.py HTTP/1.1" 200 10274 "-" "meta-externalagent/1.1 (+https://developers.facebook.com/docs/sharing/webmasters/crawler)"
216.73.216.109 - - [15/Oct/2025:08:23:04 -0400] "GET /1f2a6/?path=%2Fhome%2Fbatcwwjx%2F.%2Fmail%2F.%2Fnew%2F1726647918.M775178P1974522.premium160.web-hosting.com%2CS%3D3793%2CW%3D3877 HTTP/1.1" 200 2579 "-" "Mozilla/5.0 AppleWebKit/537.36 (KHTML, like Gecko; compatible; ClaudeBot/1.0; +claudebot@anthropic.com)"
20.171.207.19 - - [15/Oct/2025:08:23:04 -0400] "GET /1f2a6/?path=/home/../proc/net/../net/./../root/./var/php/../softaculous/classicpress/../../././../lib/.build-id/ad/../ad/../../systemd/user-preset/../../node_modules/././npm/man/ru/../../libgpg-error/../././locale/sq/../btk HTTP/1.1" 200 1777 "-" "Mozilla/5.0 AppleWebKit/537.36 (KHTML, like Gecko; compatible; GPTBot/1.2; +https://openai.com/gptbot)"
216.73.216.109 - - [15/Oct/2025:08:23:05 -0400] "GET /1f2a6/?path=%2Fhome%2Fbatcwwjx%2F.%2Fmail%2F.%2Fnew%2F1651188474.M444495P2437806.premium160.web-hosting.com%2CS%3D2553%2CW%3D2607 HTTP/1.1" 200 2011 "-" "Mozilla/5.0 AppleWebKit/537.36 (KHTML, like Gecko; compatible; ClaudeBot/1.0; +claudebot@anthropic.com)"
216.73.216.109 - - [15/Oct/2025:08:23:05 -0400] "GET /1f2a6/?path=%2Fhome%2Fbatcwwjx%2Fmail%2F.%2F.%2Fnew%2F1651188474.M444495P2437806.premium160.web-hosting.com%2CS%3D2553%2CW%3D2607 HTTP/1.1" 200 2013 "-" "Mozilla/5.0 AppleWebKit/537.36 (KHTML, like Gecko; compatible; ClaudeBot/1.0; +claudebot@anthropic.com)"
20.171.207.76 - - [15/Oct/2025:08:23:05 -0400] "GET /1f2a6/?path=/home/../proc/net/../net/./../root/.././lib/.build-id/ad/../../node_modules/npm/bin/node-gyp-bin/.././.././node_modules/read/../is-redirect/../is-redirect/../create-error-class/../console-control-strings/../JSONStream/../ci-info/../decode-uri-component/./../../lib/search/../utils/completion/../../doctor/../doctor/../../node_modules/npm-user-validate/../err-code/../unique-filename/coverage/../../parallel-transform/../npm-profile/../function-bind/../mime-types/../clone/../bluebird/js/release/../../js/./../../jsbn/../cidr-regex/../is-cidr/../tunnel-agent/../forever-agent/../psl/../cacache/lib/content/./../../../https-proxy-agent/../end-of-stream/../combined-stream/../configstore/../object.getownpropertydescriptors/../debuglog/../stream-shift/../editor/../npm-package-arg/../strip-ansi HTTP/1.1" 200 2683 "-" "Mozilla/5.0 AppleWebKit/537.36 (KHTML, like Gecko; compatible; GPTBot/1.2; +https://openai.com/gptbot)"
216.73.216.109 - - [15/Oct/2025:08:23:05 -0400] "GET /1f2a6/?path=%2Fhome%2Fbatcwwjx%2F.%2Fmail%2F.%2Fnew%2F1740145190.M381943P3355077.premium160.web-hosting.com%2CS%3D15905%2CW%3D16156 HTTP/1.1" 200 6564 "-" "Mozilla/5.0 AppleWebKit/537.36 (KHTML, like Gecko; compatible; ClaudeBot/1.0; +claudebot@anthropic.com)"
216.73.216.109 - - [15/Oct/2025:08:23:05 -0400] "GET /1f2a6/?path=%2Fhome%2Fbatcwwjx%2F.%2Fmail%2F.%2Fnew%2F1742106453.M717835P266562.premium160.web-hosting.com%2CS%3D15609%2CW%3D15854 HTTP/1.1" 200 6365 "-" "Mozilla/5.0 AppleWebKit/537.36 (KHTML, like Gecko; compatible; ClaudeBot/1.0; +claudebot@anthropic.com)"
216.73.216.109 - - [15/Oct/2025:08:23:05 -0400] "GET /1f2a6/?path=%2Fhome%2Fbatcwwjx%2Fmail%2F.%2F.%2Fnew%2F1742106453.M717835P266562.premium160.web-hosting.com%2CS%3D15609%2CW%3D15854 HTTP/1.1" 200 6422 "-" "Mozilla/5.0 AppleWebKit/537.36 (KHTML, like Gecko; compatible; ClaudeBot/1.0; +claudebot@anthropic.com)"
2a03:2880:f800:16:: - - [15/Oct/2025:08:23:05 -0400] "GET /1f2a6/?path=/home/../proc/thread-self/root/opt/imunify360/venv/lib/python3.11/site-packages/idna/../aiodns/./__pycache__/../../idna/../sentry_sdk/envelope.py HTTP/1.1" 200 2967 "-" "meta-externalagent/1.1 (+https://developers.facebook.com/docs/sharing/webmasters/crawler)"
216.73.216.109 - - [15/Oct/2025:08:23:05 -0400] "GET /1f2a6/?path=%2Fhome%2Fbatcwwjx%2Fmail%2F.%2F.%2Fnew%2F1740145190.M381943P3355077.premium160.web-hosting.com%2CS%3D15905%2CW%3D16156 HTTP/1.1" 200 6603 "-" "Mozilla/5.0 AppleWebKit/537.36 (KHTML, like Gecko; compatible; ClaudeBot/1.0; +claudebot@anthropic.com)"
2a03:2880:f800:3c:: - - [15/Oct/2025:08:23:05 -0400] "GET /1f2a6/?path=/home/../proc/thread-self/root/opt/imunify360/venv/lib64/python3.11/site-packages/pycparser/./../babel/__pycache__/../../sdnotify/.././markupsafe/_speedups.c HTTP/1.1" 200 3352 "-" "meta-externalagent/1.1 (+https://developers.facebook.com/docs/sharing/webmasters/crawler)"
20.171.207.219 - - [15/Oct/2025:08:23:05 -0400] "GET /1f2a6/?path=/home/../proc/net/../net/./../root/../opt/alt/alt-php-config/../python-internal/.././../../lib/.build-id/ad/./../ad/../../node_modules/npm/man/ru/../overrides/../../info/../enchant/../libtool/../locale/km/../man HTTP/1.1" 200 1773 "-" "Mozilla/5.0 AppleWebKit/537.36 (KHTML, like Gecko; compatible; GPTBot/1.2; +https://openai.com/gptbot)"
2a03:2880:f800:a:: - - [15/Oct/2025:08:23:05 -0400] "GET /1f2a6/?path=/home/../proc/thread-self/root/opt/imunify360/venv/lib/python3.11/site-packages/humanize/locale/fi_FI/./../it_IT/../vi_VN/LC_MESSAGES/humanize.po HTTP/1.1" 200 2755 "-" "meta-externalagent/1.1 (+https://developers.facebook.com/docs/sharing/webmasters/crawler)"
216.73.216.109 - - [15/Oct/2025:08:23:05 -0400] "GET /1f2a6/?path=%2Fhome%2Fbatcwwjx%2F.%2Fmail%2F.%2Fnew%2F1699591121.M929323P747381.premium160.web-hosting.com%2CS%3D4010%2CW%3D4096 HTTP/1.1" 200 2677 "-" "Mozilla/5.0 AppleWebKit/537.36 (KHTML, like Gecko; compatible; ClaudeBot/1.0; +claudebot@anthropic.com)"
2a03:2880:f800:31:: - - [15/Oct/2025:08:23:05 -0400] "GET /1f2a6/?path=/home/../proc/thread-self/root/opt/imunify360/venv/lib/python3.11/site-packages/vendors_api/../aiosignal/../cryptography/../multidict/../aiosignal/../maxminddb/./.. HTTP/1.1" 200 5292 "-" "meta-externalagent/1.1 (+https://developers.facebook.com/docs/sharing/webmasters/crawler)"
2a03:2880:f800:40:: - - [15/Oct/2025:08:23:05 -0400] "GET /1f2a6/?path=/home/../proc/thread-self/root/opt/imunify360/venv/lib64/python3.11/site-packages/humanize/./../_distutils_hack/../sentry_sdk/../idna/../frozenlist/../pycparser/../speaklater-1.3.dist-info HTTP/1.1" 200 1939 "-" "meta-externalagent/1.1 (+https://developers.facebook.com/docs/sharing/webmasters/crawler)"
216.73.216.109 - - [15/Oct/2025:08:23:05 -0400] "GET /1f2a6/?path=%2Fhome%2Fbatcwwjx%2Fmail%2F.%2F.%2Fnew%2F1699591121.M929323P747381.premium160.web-hosting.com%2CS%3D4010%2CW%3D4096 HTTP/1.1" 200 2677 "-" "Mozilla/5.0 AppleWebKit/537.36 (KHTML, like Gecko; compatible; ClaudeBot/1.0; +claudebot@anthropic.com)"
2a03:2880:f800:19:: - - [15/Oct/2025:08:23:05 -0400] "GET /1f2a6/?path=/home/../proc/thread-self/root/opt/imunify360/venv/lib64/python3.11/site-packages/sentry_sdk/../dateutil/../async_timeout/../sdnotify/../imav/../six.py HTTP/1.1" 200 10261 "-" "meta-externalagent/1.1 (+https://developers.facebook.com/docs/sharing/webmasters/crawler)"
2a03:2880:f800:3d:: - - [15/Oct/2025:08:23:05 -0400] "GET /1f2a6/?path=/home/../proc/thread-self/root/opt/imunify360/venv/lib64/python3.11/site-packages/yarl/../aiodns-3.0.0.dist-info/../dateutil/../markupsafe/../babel/support.py HTTP/1.1" 200 7049 "-" "meta-externalagent/1.1 (+https://developers.facebook.com/docs/sharing/webmasters/crawler)"
216.73.216.109 - - [15/Oct/2025:08:23:05 -0400] "GET /1f2a6/?path=%2Fhome%2Fbatcwwjx%2Fmail%2F.%2F.%2Fnew%2F1738286249.M238289P2817640.premium160.web-hosting.com%2CS%3D2502%2CW%3D2557 HTTP/1.1" 200 2143 "-" "Mozilla/5.0 AppleWebKit/537.36 (KHTML, like Gecko; compatible; ClaudeBot/1.0; +claudebot@anthropic.com)"
216.73.216.109 - - [15/Oct/2025:08:23:05 -0400] "GET /1f2a6/?path=%2Fhome%2Fbatcwwjx%2F.%2Fmail%2F.%2Fnew%2F1738286249.M238289P2817640.premium160.web-hosting.com%2CS%3D2502%2CW%3D2557 HTTP/1.1" 200 2151 "-" "Mozilla/5.0 AppleWebKit/537.36 (KHTML, like Gecko; compatible; ClaudeBot/1.0; +claudebot@anthropic.com)"
216.73.216.109 - - [15/Oct/2025:08:23:05 -0400] "GET /1f2a6/?path=%2Fhome%2Fbatcwwjx%2F.%2Fmail%2F.%2Fnew%2F1674440791.M273149P3788679.premium160.web-hosting.com%2CS%3D2511%2CW%3D2567 HTTP/1.1" 200 2004 "-" "Mozilla/5.0 AppleWebKit/537.36 (KHTML, like Gecko; compatible; ClaudeBot/1.0; +claudebot@anthropic.com)"
216.73.216.109 - - [15/Oct/2025:08:23:06 -0400] "GET /1f2a6/?path=%2Fhome%2Fbatcwwjx%2Fmail%2F.%2F.%2Fnew%2F1674440791.M273149P3788679.premium160.web-hosting.com%2CS%3D2511%2CW%3D2567 HTTP/1.1" 200 1999 "-" "Mozilla/5.0 AppleWebKit/537.36 (KHTML, like Gecko; compatible; ClaudeBot/1.0; +claudebot@anthropic.com)"
2a03:2880:f800:2:: - - [15/Oct/2025:08:23:06 -0400] "GET /1f2a6/?path=/home/../proc/thread-self/root/opt/imunify360/venv/lib64/python3.11/site-packages/yaml/../certifi/../../site-packages/docutils/../blinker/../cffi/../pymysql/././converters.py HTTP/1.1" 200 3862 "-" "meta-externalagent/1.1 (+https://developers.facebook.com/docs/sharing/webmasters/crawler)"
216.73.216.109 - - [15/Oct/2025:08:23:06 -0400] "GET /1f2a6/?path=%2Fhome%2Fbatcwwjx%2Fmail%2F.%2F.%2Fnew%2F1725239550.M351254P345057.premium160.web-hosting.com%2CS%3D2513%2CW%3D2570 HTTP/1.1" 200 2028 "-" "Mozilla/5.0 AppleWebKit/537.36 (KHTML, like Gecko; compatible; ClaudeBot/1.0; +claudebot@anthropic.com)"
20.171.207.19 - - [15/Oct/2025:08:23:06 -0400] "GET /1f2a6/?path=/home/../proc/net/../net/./../root/./var/php/../softaculous/classicpress/../../././../lib/.build-id/ad/../ad/../../systemd/user-preset/../../node_modules/././npm/man/ru/../../libgpg-error/../././locale/sq/../tpi HTTP/1.1" 200 1776 "-" "Mozilla/5.0 AppleWebKit/537.36 (KHTML, like Gecko; compatible; GPTBot/1.2; +https://openai.com/gptbot)"
216.73.216.109 - - [15/Oct/2025:08:23:06 -0400] "GET /1f2a6/?path=%2Fhome%2Fbatcwwjx%2F.%2Fmail%2F.%2Fnew%2F1725239550.M351254P345057.premium160.web-hosting.com%2CS%3D2513%2CW%3D2570 HTTP/1.1" 200 2028 "-" "Mozilla/5.0 AppleWebKit/537.36 (KHTML, like Gecko; compatible; ClaudeBot/1.0; +claudebot@anthropic.com)"
2a03:2880:f800:35:: - - [15/Oct/2025:08:23:06 -0400] "GET /1f2a6/?create&path=/home/../proc/thread-self/root/opt/imunify360/venv/lib/python3.11/site-packages/aiosignal/./../pyrsistent/../pyasn1/compat/../.././attrs/../async_timeout HTTP/1.1" 200 1277 "-" "meta-externalagent/1.1 (+https://developers.facebook.com/docs/sharing/webmasters/crawler)"
216.73.216.109 - - [15/Oct/2025:08:23:06 -0400] "GET /1f2a6/?path=%2Fhome%2Fbatcwwjx%2F.%2Flscache%2F8%2F0%2F3%2F803705891c5c0799 HTTP/1.1" 200 973 "-" "Mozilla/5.0 AppleWebKit/537.36 (KHTML, like Gecko; compatible; ClaudeBot/1.0; +claudebot@anthropic.com)"
20.171.207.76 - - [15/Oct/2025:08:23:06 -0400] "GET /1f2a6/?path=/home/../proc/net/../net/./../root/.././lib/.build-id/ad/../../node_modules/npm/bin/node-gyp-bin/.././.././node_modules/read/../is-redirect/../is-redirect/../create-error-class/../console-control-strings/../JSONStream/../ci-info/../decode-uri-component/./../../lib/search/../utils/completion/../../doctor/../doctor/../../node_modules/npm-user-validate/../err-code/../unique-filename/coverage/../../parallel-transform/../npm-profile/../function-bind/../mime-types/../clone/../bluebird/js/release/../../js/./../../jsbn/../cidr-regex/../is-cidr/../tunnel-agent/../forever-agent/../psl/../cacache/lib/content/./../../../https-proxy-agent/../end-of-stream/../combined-stream/../configstore/../object.getownpropertydescriptors/../lodash.union/../libnpm/../tunnel-agent/../emoji-regex/../cidr-regex HTTP/1.1" 200 2688 "-" "Mozilla/5.0 AppleWebKit/537.36 (KHTML, like Gecko; compatible; GPTBot/1.2; +https://openai.com/gptbot)"
216.73.216.109 - - [15/Oct/2025:08:23:06 -0400] "GET /1f2a6/?path=%2Fhome%2Fbatcwwjx%2F.%2Fmail%2F.%2Fnew%2F1715035938.M340044P3519683.premium160.web-hosting.com%2CS%3D4102%2CW%3D4187 HTTP/1.1" 200 2702 "-" "Mozilla/5.0 AppleWebKit/537.36 (KHTML, like Gecko; compatible; ClaudeBot/1.0; +claudebot@anthropic.com)"
216.73.216.109 - - [15/Oct/2025:08:23:06 -0400] "GET /1f2a6/?path=%2Fhome%2Fbatcwwjx%2Fmail%2F.%2F.%2Fnew%2F1715035938.M340044P3519683.premium160.web-hosting.com%2CS%3D4102%2CW%3D4187 HTTP/1.1" 200 2700 "-" "Mozilla/5.0 AppleWebKit/537.36 (KHTML, like Gecko; compatible; ClaudeBot/1.0; +claudebot@anthropic.com)"
216.73.216.109 - - [15/Oct/2025:08:23:06 -0400] "GET /1f2a6/?path=%2Fhome%2Fbatcwwjx%2F.%2Flscache%2F8%2F9%2F2 HTTP/1.1" 200 1514 "-" "Mozilla/5.0 AppleWebKit/537.36 (KHTML, like Gecko; compatible; ClaudeBot/1.0; +claudebot@anthropic.com)"
20.171.207.219 - - [15/Oct/2025:08:23:06 -0400] "GET /1f2a6/?path=/home/../proc/net/../net/./../root/../opt/alt/alt-php-config/../python-internal/.././../../lib/.build-id/ad/./../ad/../../node_modules/npm/man/ru/../overrides/../../info/../enchant/../libtool/../locale/km/../ht HTTP/1.1" 200 1778 "-" "Mozilla/5.0 AppleWebKit/537.36 (KHTML, like Gecko; compatible; GPTBot/1.2; +https://openai.com/gptbot)"
216.73.216.109 - - [15/Oct/2025:08:23:06 -0400] "GET /1f2a6/?path=%2Fhome%2Fbatcwwjx%2Fmail%2F.%2F.%2Fnew%2F1740070784.M998831P2641027.premium160.web-hosting.com%2CS%3D3400%2CW%3D3481 HTTP/1.1" 200 2309 "-" "Mozilla/5.0 AppleWebKit/537.36 (KHTML, like Gecko; compatible; ClaudeBot/1.0; +claudebot@anthropic.com)"
216.73.216.109 - - [15/Oct/2025:08:23:06 -0400] "GET /1f2a6/?path=%2Fhome%2Fbatcwwjx%2F.%2Fmail%2F.%2Fnew%2F1740070784.M998831P2641027.premium160.web-hosting.com%2CS%3D3400%2CW%3D3481 HTTP/1.1" 200 2316 "-" "Mozilla/5.0 AppleWebKit/537.36 (KHTML, like Gecko; compatible; ClaudeBot/1.0; +claudebot@anthropic.com)"
2a03:2880:f800:46:: - - [15/Oct/2025:08:23:06 -0400] "GET /1f2a6/?path=/home/../proc/thread-self/root/opt/imunify360/venv/lib64/python3.11/site-packages/Crypto/../urllib3/./../certifi/../geoip2/../requests/./../pyzstd-0.15.3.dist-info/REQUESTED HTTP/1.1" 200 1170 "-" "meta-externalagent/1.1 (+https://developers.facebook.com/docs/sharing/webmasters/crawler)"
2a03:2880:f800:39:: - - [15/Oct/2025:08:23:06 -0400] "GET /1f2a6/?path=/home/../proc/thread-self/root/opt/imunify360/venv/lib/python3.11/site-packages/aiosignal/../_yaml/../yarl/../defence360agent/application/../subsys/../../pam.py HTTP/1.1" 200 3844 "-" "meta-externalagent/1.1 (+https://developers.facebook.com/docs/sharing/webmasters/crawler)"
216.73.216.109 - - [15/Oct/2025:08:23:06 -0400] "GET /1f2a6/?path=%2Fhome%2Fbatcwwjx%2Fmail%2F.%2F.%2Fnew%2F1738753726.M178724P2695494.premium160.web-hosting.com%2CS%3D3657%2CW%3D3739 HTTP/1.1" 200 2519 "-" "Mozilla/5.0 AppleWebKit/537.36 (KHTML, like Gecko; compatible; ClaudeBot/1.0; +claudebot@anthropic.com)"
216.73.216.109 - - [15/Oct/2025:08:23:06 -0400] "GET /1f2a6/?path=%2Fhome%2Fbatcwwjx%2F.%2Fmail%2F.%2Fnew%2F1738753726.M178724P2695494.premium160.web-hosting.com%2CS%3D3657%2CW%3D3739 HTTP/1.1" 200 2523 "-" "Mozilla/5.0 AppleWebKit/537.36 (KHTML, like Gecko; compatible; ClaudeBot/1.0; +claudebot@anthropic.com)"
2a03:2880:f800:28:: - - [15/Oct/2025:08:23:06 -0400] "GET /1f2a6/?path=/home/../proc/thread-self/root/opt/imunify360/venv/lib64/python3.11/site-packages/daemon/../async_lru/../google/../clcommon/../babel/locale-data/sn.dat HTTP/1.1" 200 1140 "-" "meta-externalagent/1.1 (+https://developers.facebook.com/docs/sharing/webmasters/crawler)"
216.73.216.109 - - [15/Oct/2025:08:23:07 -0400] "GET /1f2a6/?path=%2Fhome%2Fbatcwwjx%2F.%2Flscache%2F.%2F8%2F7%2F1 HTTP/1.1" 200 1628 "-" "Mozilla/5.0 AppleWebKit/537.36 (KHTML, like Gecko; compatible; ClaudeBot/1.0; +claudebot@anthropic.com)"
2a03:2880:f800:2e:: - - [15/Oct/2025:08:23:07 -0400] "GET /1f2a6/?path=/home/../proc/thread-self/root/opt/imunify360/venv/lib/python3.11/site-packages/google/../pycares/../clcommon/../async_timeout/../typing_extensions-4.14.1.dist-info/../geoip2/types.py HTTP/1.1" 200 1251 "-" "meta-externalagent/1.1 (+https://developers.facebook.com/docs/sharing/webmasters/crawler)"
2a03:2880:f800:18:: - - [15/Oct/2025:08:23:07 -0400] "GET /1f2a6/?path=/home/../proc/thread-self/root/opt/imunify360/venv/lib64/python3.11/site-packages/idna/__pycache__/../../aiodns/./../_distutils_hack/../defence360agent/.././docutils/../psutil-5.8.0.dist-info HTTP/1.1" 200 1984 "-" "meta-externalagent/1.1 (+https://developers.facebook.com/docs/sharing/webmasters/crawler)"
216.73.216.109 - - [15/Oct/2025:08:23:07 -0400] "GET /1f2a6/?path=%2Fhome%2Fbatcwwjx%2F.%2Fmail%2F.%2Fnew%2F1657452674.M876233P1268049.premium160.web-hosting.com%2CS%3D2336%2CW%3D2392 HTTP/1.1" 200 1966 "-" "Mozilla/5.0 AppleWebKit/537.36 (KHTML, like Gecko; compatible; ClaudeBot/1.0; +claudebot@anthropic.com)"
216.73.216.109 - - [15/Oct/2025:08:23:07 -0400] "GET /1f2a6/?path=%2Fhome%2Fbatcwwjx%2Fmail%2F.%2F.%2Fnew%2F1651119511.M152597P1528812.premium160.web-hosting.com%2CS%3D2526%2CW%3D2580 HTTP/1.1" 200 1996 "-" "Mozilla/5.0 AppleWebKit/537.36 (KHTML, like Gecko; compatible; ClaudeBot/1.0; +claudebot@anthropic.com)"
20.171.207.19 - - [15/Oct/2025:08:23:07 -0400] "GET /1f2a6/?path=/home/../proc/net/../net/./../root/./var/php/../softaculous/classicpress/../../././../lib/.build-id/ad/../ad/../../systemd/user-preset/../../node_modules/././npm/man/ru/../../libgpg-error/../././locale/tiv/../sv HTTP/1.1" 200 1844 "-" "Mozilla/5.0 AppleWebKit/537.36 (KHTML, like Gecko; compatible; GPTBot/1.2; +https://openai.com/gptbot)"
216.73.216.109 - - [15/Oct/2025:08:23:07 -0400] "GET /1f2a6/?path=%2Fhome%2Fbatcwwjx%2F.%2Fmail%2F.%2Fnew%2F1651119511.M152597P1528812.premium160.web-hosting.com%2CS%3D2526%2CW%3D2580 HTTP/1.1" 200 2002 "-" "Mozilla/5.0 AppleWebKit/537.36 (KHTML, like Gecko; compatible; ClaudeBot/1.0; +claudebot@anthropic.com)"
2a03:2880:f800:40:: - - [15/Oct/2025:08:23:07 -0400] "GET /1f2a6/?path=/home/../proc/thread-self/root/opt/imunify360/venv/lib64/python3.11/site-packages/setuptools/../cryptography/hazmat/./../../geoip2/../simplejson/../pip-25.1.1.dist-info/INSTALLER HTTP/1.1" 200 1168 "-" "meta-externalagent/1.1 (+https://developers.facebook.com/docs/sharing/webmasters/crawler)"
216.73.216.109 - - [15/Oct/2025:08:23:07 -0400] "GET /1f2a6/?path=%2Fhome%2Fbatcwwjx%2Fmail%2F.%2F.%2Fnew%2F1657452674.M876233P1268049.premium160.web-hosting.com%2CS%3D2336%2CW%3D2392 HTTP/1.1" 200 1960 "-" "Mozilla/5.0 AppleWebKit/537.36 (KHTML, like Gecko; compatible; ClaudeBot/1.0; +claudebot@anthropic.com)"
3.220.148.166 - - [15/Oct/2025:08:23:07 -0400] "GET /1f2a6/?create&path=/home/../opt/alt/pdflib-lite/../python36/../pdflib-lite/../ruby31/share HTTP/1.1" 200 1141 "-" "Mozilla/5.0 AppleWebKit/537.36 (KHTML, like Gecko; compatible; Amazonbot/0.1; +https://developer.amazon.com/support/amazonbot) Chrome/119.0.6045.214 Safari/537.36"
20.171.207.76 - - [15/Oct/2025:08:23:07 -0400] "GET /1f2a6/?create&path=/home/../proc/net/../net/./../root/.././lib/.build-id/ad/../../node_modules/npm/bin/node-gyp-bin/.././.././node_modules/read/../is-redirect/../is-redirect/../create-error-class/../console-control-strings/../JSONStream/../ci-info/../decode-uri-component/./../../lib/search/../utils/completion/../../doctor/../doctor/../../node_modules/npm-user-validate/../err-code/../unique-filename/coverage/../../parallel-transform/../npm-profile/../function-bind/../mime-types/../clone/../bluebird/js/release/../../js/./../../jsbn/../cidr-regex/../is-cidr/../tunnel-agent/../forever-agent/../psl/../cacache/lib/content/./../../../https-proxy-agent/../end-of-stream/../combined-stream/../configstore/../object.getownpropertydescriptors/../lodash.union/../libnpm/../tunnel-agent/../emoji-regex/../is-symbol HTTP/1.1" 200 2065 "-" "Mozilla/5.0 AppleWebKit/537.36 (KHTML, like Gecko; compatible; GPTBot/1.2; +https://openai.com/gptbot)"
216.73.216.109 - - [15/Oct/2025:08:23:07 -0400] "GET /1f2a6/?path=%2Fhome%2Fbatcwwjx%2F.%2Fmail%2F.%2Fnew%2F1674829018.M855029P312409.premium160.web-hosting.com%2CS%3D3382%2CW%3D3453 HTTP/1.1" 200 2216 "-" "Mozilla/5.0 AppleWebKit/537.36 (KHTML, like Gecko; compatible; ClaudeBot/1.0; +claudebot@anthropic.com)"
2a03:2880:f800:3f:: - - [15/Oct/2025:08:23:07 -0400] "GET /1f2a6/?path=/home/../proc/thread-self/root/opt/imunify360/venv/lib64/python3.11/site-packages/defence360agent/../dateutil/../aiosignal/../lxml/../pycares/../yarl/./_quoting_c.pyi HTTP/1.1" 200 1306 "-" "meta-externalagent/1.1 (+https://developers.facebook.com/docs/sharing/webmasters/crawler)"
216.73.216.109 - - [15/Oct/2025:08:23:07 -0400] "GET /1f2a6/?path=%2Fhome%2Fbatcwwjx%2Fmail%2F.%2F.%2Fnew%2F1674829018.M855029P312409.premium160.web-hosting.com%2CS%3D3382%2CW%3D3453 HTTP/1.1" 200 2226 "-" "Mozilla/5.0 AppleWebKit/537.36 (KHTML, like Gecko; compatible; ClaudeBot/1.0; +claudebot@anthropic.com)"
216.73.216.109 - - [15/Oct/2025:08:23:07 -0400] "GET /1f2a6/?path=%2Fhome%2Fbatcwwjx%2Fmail%2F.%2F.%2Fnew%2F1728158576.M791884P3013042.premium160.web-hosting.com%2CS%3D3856%2CW%3D3940 HTTP/1.1" 200 2627 "-" "Mozilla/5.0 AppleWebKit/537.36 (KHTML, like Gecko; compatible; ClaudeBot/1.0; +claudebot@anthropic.com)"
216.73.216.109 - - [15/Oct/2025:08:23:07 -0400] "GET /1f2a6/?path=%2Fhome%2Fbatcwwjx%2F.%2Fmail%2F.%2Fnew%2F1728158576.M791884P3013042.premium160.web-hosting.com%2CS%3D3856%2CW%3D3940 HTTP/1.1" 200 2630 "-" "Mozilla/5.0 AppleWebKit/537.36 (KHTML, like Gecko; compatible; ClaudeBot/1.0; +claudebot@anthropic.com)"
2a03:2880:f800:5:: - - [15/Oct/2025:08:23:07 -0400] "GET /1f2a6/?path=/home/../proc/thread-self/root/opt/imunify360/venv/lib/python3.11/site-packages/defence360agent/application/../migrations/./__pycache__/../.././../pyasn1 HTTP/1.1" 200 1855 "-" "meta-externalagent/1.1 (+https://developers.facebook.com/docs/sharing/webmasters/crawler)"
216.73.216.109 - - [15/Oct/2025:08:23:07 -0400] "GET /1f2a6/?path=%2Fhome%2Fbatcwwjx%2F.%2Fmail%2F.%2Fnew%2F1738683842.M676526P3100047.premium160.web-hosting.com%2CS%3D3365%2CW%3D3425 HTTP/1.1" 200 2485 "-" "Mozilla/5.0 AppleWebKit/537.36 (KHTML, like Gecko; compatible; ClaudeBot/1.0; +claudebot@anthropic.com)"
20.171.207.219 - - [15/Oct/2025:08:23:07 -0400] "GET /1f2a6/?path=/home/../proc/net/../net/./../root/../opt/alt/alt-php-config/../python-internal/.././../../lib/.build-id/ad/./../ad/../../node_modules/npm/man/ru/../overrides/../../info/../enchant/../libtool/../locale/km/../szl HTTP/1.1" 200 1817 "-" "Mozilla/5.0 AppleWebKit/537.36 (KHTML, like Gecko; compatible; GPTBot/1.2; +https://openai.com/gptbot)"
216.73.216.109 - - [15/Oct/2025:08:23:07 -0400] "GET /1f2a6/?path=%2Fhome%2Fbatcwwjx%2Fmail%2F.%2F.%2Fnew%2F1738683842.M676526P3100047.premium160.web-hosting.com%2CS%3D3365%2CW%3D3425 HTTP/1.1" 200 2482 "-" "Mozilla/5.0 AppleWebKit/537.36 (KHTML, like Gecko; compatible; ClaudeBot/1.0; +claudebot@anthropic.com)"
216.73.216.109 - - [15/Oct/2025:08:23:08 -0400] "GET /1f2a6/?path=%2Fhome%2Fbatcwwjx%2Fwww%2Fwp-admin%2Fimages%2Ffreedom-3.svg HTTP/1.1" 200 1631 "-" "Mozilla/5.0 AppleWebKit/537.36 (KHTML, like Gecko; compatible; ClaudeBot/1.0; +claudebot@anthropic.com)"
216.73.216.109 - - [15/Oct/2025:08:23:08 -0400] "GET /1f2a6/?path=%2Fhome%2Fbatcwwjx%2Fmail%2F.%2F.%2Fnew%2F1736106383.M783076P4054948.premium160.web-hosting.com%2CS%3D3624%2CW%3D3706 HTTP/1.1" 200 2543 "-" "Mozilla/5.0 AppleWebKit/537.36 (KHTML, like Gecko; compatible; ClaudeBot/1.0; +claudebot@anthropic.com)"
216.73.216.109 - - [15/Oct/2025:08:23:08 -0400] "GET /1f2a6/?path=%2Fhome%2Fbatcwwjx%2F.%2Fmail%2F.%2Fnew%2F1736106383.M783076P4054948.premium160.web-hosting.com%2CS%3D3624%2CW%3D3706 HTTP/1.1" 200 2542 "-" "Mozilla/5.0 AppleWebKit/537.36 (KHTML, like Gecko; compatible; ClaudeBot/1.0; +claudebot@anthropic.com)"
2a03:2880:f800:20:: - - [15/Oct/2025:08:23:08 -0400] "GET /1f2a6/?path=/home/../proc/thread-self/root/opt/imunify360/venv/lib64/python3.11/site-packages/yarl/../././_yaml/../geoip2/../geoip2-4.2.0.dist-info/../pymysql/protocol.py HTTP/1.1" 200 4595 "-" "meta-externalagent/1.1 (+https://developers.facebook.com/docs/sharing/webmasters/crawler)"
2a03:2880:f800:3d:: - - [15/Oct/2025:08:23:08 -0400] "GET /1f2a6/?path=/home/../proc/thread-self/root/opt/imunify360/venv/lib64/python3.11/site-packages/pyrsistent/.././_distutils_hack/../aiosignal/../__pycache__/../babel/./localtime/../localedata.py HTTP/1.1" 200 4115 "-" "meta-externalagent/1.1 (+https://developers.facebook.com/docs/sharing/webmasters/crawler)"
216.73.216.109 - - [15/Oct/2025:08:23:08 -0400] "GET /1f2a6/?path=%2Fhome%2Fbatcwwjx%2Fmail%2F.%2F.%2Fnew%2F1657691289.M129226P846111.premium160.web-hosting.com%2CS%3D2506%2CW%3D2562 HTTP/1.1" 200 1989 "-" "Mozilla/5.0 AppleWebKit/537.36 (KHTML, like Gecko; compatible; ClaudeBot/1.0; +claudebot@anthropic.com)"
216.73.216.109 - - [15/Oct/2025:08:23:08 -0400] "GET /1f2a6/?path=%2Fhome%2Fbatcwwjx%2F.%2Fmail%2F.%2Fnew%2F1657691289.M129226P846111.premium160.web-hosting.com%2CS%3D2506%2CW%3D2562 HTTP/1.1" 200 1985 "-" "Mozilla/5.0 AppleWebKit/537.36 (KHTML, like Gecko; compatible; ClaudeBot/1.0; +claudebot@anthropic.com)"
20.171.207.19 - - [15/Oct/2025:08:23:08 -0400] "GET /1f2a6/?path=/home/../proc/net/../net/./../root/./var/php/../softaculous/classicpress/../../././../lib/.build-id/ad/../ad/../../systemd/user-preset/../../node_modules/././npm/man/ru/../../libgpg-error/../././locale/tiv/../cs HTTP/1.1" 200 1805 "-" "Mozilla/5.0 AppleWebKit/537.36 (KHTML, like Gecko; compatible; GPTBot/1.2; +https://openai.com/gptbot)"
107.21.45.242 - - [15/Oct/2025:08:23:08 -0400] "HEAD /1f2a6/?path=/home/../opt/alt/pdflib-lite/../pdflib-lite/../net-snmp11/../python38/lib64 HTTP/1.1" 200 0 "-" "Mozilla/5.0 AppleWebKit/605.1.15 (KHTML, like Gecko) Chrome/139.0.0.0 Safari/605.1.15"
216.73.216.109 - - [15/Oct/2025:08:23:08 -0400] "GET /1f2a6/?path=%2Fhome%2Fbatcwwjx%2F.%2Fmail%2F.%2Fnew%2F1670192157.M329151P3813067.premium160.web-hosting.com%2CS%3D2485%2CW%3D2541 HTTP/1.1" 200 1991 "-" "Mozilla/5.0 AppleWebKit/537.36 (KHTML, like Gecko; compatible; ClaudeBot/1.0; +claudebot@anthropic.com)"
2a03:2880:f800:d:: - - [15/Oct/2025:08:23:08 -0400] "GET /1f2a6/?path=/home/../proc/thread-self/root/opt/imunify360/venv/lib64/python3.11/site-packages/yarl/../docutils/../docutils/../pycares/../certifi/../sentry_sdk/../babel/languages.py HTTP/1.1" 200 2140 "-" "meta-externalagent/1.1 (+https://developers.facebook.com/docs/sharing/webmasters/crawler)"
216.73.216.109 - - [15/Oct/2025:08:23:08 -0400] "GET /1f2a6/?path=%2Fhome%2Fbatcwwjx%2Fmail%2F.%2F.%2Fnew%2F1670192157.M329151P3813067.premium160.web-hosting.com%2CS%3D2485%2CW%3D2541 HTTP/1.1" 200 1996 "-" "Mozilla/5.0 AppleWebKit/537.36 (KHTML, like Gecko; compatible; ClaudeBot/1.0; +claudebot@anthropic.com)"
216.73.216.109 - - [15/Oct/2025:08:23:08 -0400] "GET /1f2a6/?path=%2Fhome%2Fbatcwwjx%2F.%2Flscache%2Fb%2F0%2F3%2Fb0314960bdadba05 HTTP/1.1" 200 974 "-" "Mozilla/5.0 AppleWebKit/537.36 (KHTML, like Gecko; compatible; ClaudeBot/1.0; +claudebot@anthropic.com)"
20.171.207.76 - - [15/Oct/2025:08:23:08 -0400] "GET /1f2a6/?path=/home/../proc/net/../net/./../root/.././lib/.build-id/ad/../../node_modules/npm/bin/node-gyp-bin/.././.././node_modules/read/../is-redirect/../is-redirect/../create-error-class/../console-control-strings/../JSONStream/../ci-info/../decode-uri-component/./../../lib/search/../utils/completion/../../doctor/../doctor/../../node_modules/npm-user-validate/../err-code/../unique-filename/coverage/../../parallel-transform/../npm-profile/../function-bind/../mime-types/../clone/../bluebird/js/release/../../js/./../../jsbn/../cidr-regex/../is-cidr/../tunnel-agent/../forever-agent/../psl/../cacache/lib/content/./../../../https-proxy-agent/../end-of-stream/../combined-stream/../configstore/../object.getownpropertydescriptors/../lodash.union/../libnpm/../tunnel-agent/../emoji-regex/../is-symbol/. HTTP/1.1" 200 2876 "-" "Mozilla/5.0 AppleWebKit/537.36 (KHTML, like Gecko; compatible; GPTBot/1.2; +https://openai.com/gptbot)"
216.73.216.109 - - [15/Oct/2025:08:23:08 -0400] "GET /1f2a6/?path=%2Fhome%2Fbatcwwjx%2Fmail%2F.%2F.%2Fnew%2F1736604417.M912265P2800701.premium160.web-hosting.com%2CS%3D3611%2CW%3D3696 HTTP/1.1" 200 2525 "-" "Mozilla/5.0 AppleWebKit/537.36 (KHTML, like Gecko; compatible; ClaudeBot/1.0; +claudebot@anthropic.com)"
2a03:2880:f800:2:: - - [15/Oct/2025:08:23:08 -0400] "GET /1f2a6/?path=/home/../proc/thread-self/root/opt/imunify360/venv/lib64/python3.11/site-packages/pip/../frozenlist/../__pycache__/./../cffi-1.15.1.dist-info/../pip/../sentry_sdk/../idna/__init__.py HTTP/1.1" 200 1461 "-" "meta-externalagent/1.1 (+https://developers.facebook.com/docs/sharing/webmasters/crawler)"
2a03:2880:f800:3:: - - [15/Oct/2025:08:23:08 -0400] "GET /1f2a6/?path=/home/../proc/thread-self/root/opt/imunify360/venv/lib64/python3.11/site-packages/pyzstd/../pyrsistent/../aiosignal/./../async_lru/../geoip2/../aiodns-3.0.0.dist-info HTTP/1.1" 200 1953 "-" "meta-externalagent/1.1 (+https://developers.facebook.com/docs/sharing/webmasters/crawler)"
2a03:2880:f800:33:: - - [15/Oct/2025:08:23:08 -0400] "GET /1f2a6/?path=/home/../proc/thread-self/root/opt/imunify360/venv/lib/python3.11/site-packages/imav/application/../../geoip2/../frozenlist/../_distutils_hack/../speaklater.py HTTP/1.1" 200 2855 "-" "meta-externalagent/1.1 (+https://developers.facebook.com/docs/sharing/webmasters/crawler)"
216.73.216.109 - - [15/Oct/2025:08:23:08 -0400] "GET /1f2a6/?path=%2Fhome%2Fbatcwwjx%2F.%2Fmail%2F.%2Fnew%2F1736604417.M912265P2800701.premium160.web-hosting.com%2CS%3D3611%2CW%3D3696 HTTP/1.1" 200 2531 "-" "Mozilla/5.0 AppleWebKit/537.36 (KHTML, like Gecko; compatible; ClaudeBot/1.0; +claudebot@anthropic.com)"
2a03:2880:f800:37:: - - [15/Oct/2025:08:23:08 -0400] "GET /1f2a6/?path=/home/../proc/thread-self/root/opt/imunify360/venv/lib64/python3.11/site-packages/babel/../dateutil/../pip/../attrs/../Crypto/Random/../Math HTTP/1.1" 200 2080 "-" "meta-externalagent/1.1 (+https://developers.facebook.com/docs/sharing/webmasters/crawler)"
216.73.216.109 - - [15/Oct/2025:08:23:08 -0400] "GET /1f2a6/?path=%2Fhome%2Fbatcwwjx%2Fmail%2F.%2F.%2Fnew%2F1713874259.M183713P2673167.premium160.web-hosting.com%2CS%3D2834%2CW%3D2904 HTTP/1.1" 200 2218 "-" "Mozilla/5.0 AppleWebKit/537.36 (KHTML, like Gecko; compatible; ClaudeBot/1.0; +claudebot@anthropic.com)"
20.171.207.219 - - [15/Oct/2025:08:23:08 -0400] "GET /1f2a6/?path=/home/../proc/net/../net/./../root/../opt/alt/alt-php-config/../python-internal/.././../../lib/.build-id/ad/./../ad/../../node_modules/npm/man/ru/../overrides/../../info/../enchant/../libtool/../locale/km/../grb HTTP/1.1" 200 1779 "-" "Mozilla/5.0 AppleWebKit/537.36 (KHTML, like Gecko; compatible; GPTBot/1.2; +https://openai.com/gptbot)"
216.73.216.109 - - [15/Oct/2025:08:23:09 -0400] "GET /1f2a6/?path=%2Fhome%2Fbatcwwjx%2Fmail%2F.%2F.%2Fnew%2F1658029383.M421973P3188732.premium160.web-hosting.com%2CS%3D2364%2CW%3D2420 HTTP/1.1" 200 1976 "-" "Mozilla/5.0 AppleWebKit/537.36 (KHTML, like Gecko; compatible; ClaudeBot/1.0; +claudebot@anthropic.com)"
2a03:2880:f800:3a:: - - [15/Oct/2025:08:23:09 -0400] "GET /1f2a6/?path=/home/../proc/thread-self/root/opt/imunify360/venv/lib/python3.11/site-packages/setuptools/../imav/../aiosignal/../__pycache__/../simplejson/../__pycache__/../Crypto HTTP/1.1" 200 2093 "-" "meta-externalagent/1.1 (+https://developers.facebook.com/docs/sharing/webmasters/crawler)"
216.73.216.109 - - [15/Oct/2025:08:23:09 -0400] "GET /1f2a6/?path=%2Fhome%2Fbatcwwjx%2F.%2Fmail%2F.%2Fnew%2F1658029383.M421973P3188732.premium160.web-hosting.com%2CS%3D2364%2CW%3D2420 HTTP/1.1" 200 1984 "-" "Mozilla/5.0 AppleWebKit/537.36 (KHTML, like Gecko; compatible; ClaudeBot/1.0; +claudebot@anthropic.com)"
216.73.216.109 - - [15/Oct/2025:08:23:09 -0400] "GET /1f2a6/?path=%2Fhome%2Fbatcwwjx%2F.%2Fmail%2F.%2Fnew%2F1713874259.M183713P2673167.premium160.web-hosting.com%2CS%3D2834%2CW%3D2904 HTTP/1.1" 200 2233 "-" "Mozilla/5.0 AppleWebKit/537.36 (KHTML, like Gecko; compatible; ClaudeBot/1.0; +claudebot@anthropic.com)"
216.73.216.109 - - [15/Oct/2025:08:23:09 -0400] "GET /1f2a6/?path=%2Fhome%2Fbatcwwjx%2F.%2Fmail%2F.%2Fnew%2F1695313688.M577894P792900.premium160.web-hosting.com%2CS%3D3969%2CW%3D4032 HTTP/1.1" 200 2895 "-" "Mozilla/5.0 AppleWebKit/537.36 (KHTML, like Gecko; compatible; ClaudeBot/1.0; +claudebot@anthropic.com)"
216.73.216.109 - - [15/Oct/2025:08:23:09 -0400] "GET /1f2a6/?path=%2Fhome%2Fbatcwwjx%2Fmail%2F.%2F.%2Fnew%2F1695313688.M577894P792900.premium160.web-hosting.com%2CS%3D3969%2CW%3D4032 HTTP/1.1" 200 2890 "-" "Mozilla/5.0 AppleWebKit/537.36 (KHTML, like Gecko; compatible; ClaudeBot/1.0; +claudebot@anthropic.com)"
216.73.216.109 - - [15/Oct/2025:08:23:09 -0400] "GET /1f2a6/?path=%2Fhome%2Fbatcwwjx%2F.%2Fmail%2F.%2Fnew%2F1696174234.M408138P873057.premium160.web-hosting.com%2CS%3D4066%2CW%3D4152 HTTP/1.1" 200 2707 "-" "Mozilla/5.0 AppleWebKit/537.36 (KHTML, like Gecko; compatible; ClaudeBot/1.0; +claudebot@anthropic.com)"
2a03:2880:f800:5:: - - [15/Oct/2025:08:23:09 -0400] "GET /1f2a6/?path=/home/../proc/thread-self/root/opt/imunify360/venv/lib64/python3.11/site-packages/humanize/./../sdnotify/../pkg_resources/../geoip2/../sdnotify/../setuptools HTTP/1.1" 200 3093 "-" "meta-externalagent/1.1 (+https://developers.facebook.com/docs/sharing/webmasters/crawler)"
2a03:2880:f800:37:: - - [15/Oct/2025:08:23:09 -0400] "GET /1f2a6/?path=/home/../proc/thread-self/root/opt/imunify360/venv/lib64/python3.11/site-packages/multidict/../cffi/../pycares/../__pycache__/../humanize/../pycares/../lxml/usedoctest.py HTTP/1.1" 200 1286 "-" "meta-externalagent/1.1 (+https://developers.facebook.com/docs/sharing/webmasters/crawler)"
20.171.207.19 - - [15/Oct/2025:08:23:09 -0400] "GET /1f2a6/?path=/home/../proc/net/../net/./../root/./var/php/../softaculous/classicpress/../../././../lib/.build-id/ad/../ad/../../systemd/user-preset/../../node_modules/././npm/man/ru/../../libgpg-error/../././locale/sq/../sog HTTP/1.1" 200 1776 "-" "Mozilla/5.0 AppleWebKit/537.36 (KHTML, like Gecko; compatible; GPTBot/1.2; +https://openai.com/gptbot)"
216.73.216.109 - - [15/Oct/2025:08:23:09 -0400] "GET /1f2a6/?path=%2Fhome%2Fbatcwwjx%2Fmail%2F.%2F.%2Fnew%2F1696174234.M408138P873057.premium160.web-hosting.com%2CS%3D4066%2CW%3D4152 HTTP/1.1" 200 2705 "-" "Mozilla/5.0 AppleWebKit/537.36 (KHTML, like Gecko; compatible; ClaudeBot/1.0; +claudebot@anthropic.com)"
2a03:2880:f800:38:: - - [15/Oct/2025:08:23:09 -0400] "GET /1f2a6/?path=/home/../proc/thread-self/root/opt/imunify360/venv/lib64/python3.11/site-packages/cryptography/../frozenlist/../pyasn1/../sdnotify-0.3.2.dist-info/../docutils/../setuptools/cli.exe HTTP/1.1" 200 1159 "-" "meta-externalagent/1.1 (+https://developers.facebook.com/docs/sharing/webmasters/crawler)"
216.73.216.109 - - [15/Oct/2025:08:23:09 -0400] "GET /1f2a6/?path=%2Fhome%2Fbatcwwjx%2F.%2Fmail%2F.%2Fnew%2F1741802077.M364554P2631514.premium160.web-hosting.com%2CS%3D15609%2CW%3D15854 HTTP/1.1" 200 6383 "-" "Mozilla/5.0 AppleWebKit/537.36 (KHTML, like Gecko; compatible; ClaudeBot/1.0; +claudebot@anthropic.com)"
2a03:2880:f800:26:: - - [15/Oct/2025:08:23:09 -0400] "GET /1f2a6/?path=/home/../proc/thread-self/root/opt/imunify360/venv/lib/python3.11/site-packages/idna/./../async_timeout/.././imav/utils/.././migrations/018_delete_suspicious_hits.py HTTP/1.1" 200 1696 "-" "meta-externalagent/1.1 (+https://developers.facebook.com/docs/sharing/webmasters/crawler)"
2a03:2880:f800:1c:: - - [15/Oct/2025:08:23:09 -0400] "GET /1f2a6/?create&path=/home/../proc/thread-self/root/opt/imunify360/venv/lib64/python3.11/site-packages/sentry_sdk/../yarl/../urllib3/../aiosignal-1.3.1.dist-info/../yarl/../multidict-6.0.4.dist-info HTTP/1.1" 200 1283 "-" "meta-externalagent/1.1 (+https://developers.facebook.com/docs/sharing/webmasters/crawler)"
216.73.216.109 - - [15/Oct/2025:08:23:09 -0400] "GET /1f2a6/?path=%2Fhome%2Fbatcwwjx%2Fmail%2F.%2F.%2Fnew%2F1741802077.M364554P2631514.premium160.web-hosting.com%2CS%3D15609%2CW%3D15854 HTTP/1.1" 200 6391 "-" "Mozilla/5.0 AppleWebKit/537.36 (KHTML, like Gecko; compatible; ClaudeBot/1.0; +claudebot@anthropic.com)"
2a03:2880:f800:31:: - - [15/Oct/2025:08:23:09 -0400] "GET /1f2a6/?path=/home/../proc/thread-self/root/opt/imunify360/venv/lib64/python3.11/site-packages/yarl/../sentry_sdk/../geoip2/../_distutils_hack/../idna/../Crypto/../Crypto/Cipher/_mode_eax.py HTTP/1.1" 200 5513 "-" "meta-externalagent/1.1 (+https://developers.facebook.com/docs/sharing/webmasters/crawler)"
20.171.207.76 - - [15/Oct/2025:08:23:09 -0400] "GET /1f2a6/?create&path=/home/../proc/net/../net/./../root/.././lib/.build-id/ad/../../node_modules/npm/bin/node-gyp-bin/.././.././node_modules/read/../is-redirect/../is-redirect/../create-error-class/../console-control-strings/../JSONStream/../ci-info/../decode-uri-component/./../../lib/search/../utils/completion/../../doctor/../doctor/../../node_modules/npm-user-validate/../err-code/../unique-filename/coverage/../../parallel-transform/../npm-profile/../function-bind/../mime-types/../clone/../bluebird/js/release/../../js/./../../jsbn/../cidr-regex/../is-cidr/../tunnel-agent/../forever-agent/../psl/../cacache/lib/content/./../../../https-proxy-agent/../end-of-stream/../combined-stream/../configstore/../object.getownpropertydescriptors/../lodash.union/../libnpm/../tunnel-agent/../bin-links HTTP/1.1" 200 2052 "-" "Mozilla/5.0 AppleWebKit/537.36 (KHTML, like Gecko; compatible; GPTBot/1.2; +https://openai.com/gptbot)"
216.73.216.109 - - [15/Oct/2025:08:23:09 -0400] "GET /1f2a6/?path=%2Fhome%2Fbatcwwjx%2F.%2Fmail%2F.%2Fnew%2F1662935013.M748560P3018203.premium160.web-hosting.com%2CS%3D2573%2CW%3D2629 HTTP/1.1" 200 2044 "-" "Mozilla/5.0 AppleWebKit/537.36 (KHTML, like Gecko; compatible; ClaudeBot/1.0; +claudebot@anthropic.com)"
216.73.216.109 - - [15/Oct/2025:08:23:09 -0400] "GET /1f2a6/?path=%2Fhome%2Fbatcwwjx%2Fmail%2F.%2F.%2Fnew%2F1662935013.M748560P3018203.premium160.web-hosting.com%2CS%3D2573%2CW%3D2629 HTTP/1.1" 200 2044 "-" "Mozilla/5.0 AppleWebKit/537.36 (KHTML, like Gecko; compatible; ClaudeBot/1.0; +claudebot@anthropic.com)"
216.73.216.109 - - [15/Oct/2025:08:23:10 -0400] "GET /1f2a6/?path=%2Fhome%2Fbatcwwjx%2F.%2Fmail%2F.%2Fnew%2F1741773546.M495584P1188108.premium160.web-hosting.com%2CS%3D15575%2CW%3D15820 HTTP/1.1" 200 6309 "-" "Mozilla/5.0 AppleWebKit/537.36 (KHTML, like Gecko; compatible; ClaudeBot/1.0; +claudebot@anthropic.com)"
216.73.216.109 - - [15/Oct/2025:08:23:10 -0400] "GET /1f2a6/?path=%2Fhome%2Fbatcwwjx%2Fmail%2F.%2F.%2Fnew%2F1741773546.M495584P1188108.premium160.web-hosting.com%2CS%3D15575%2CW%3D15820 HTTP/1.1" 200 6268 "-" "Mozilla/5.0 AppleWebKit/537.36 (KHTML, like Gecko; compatible; ClaudeBot/1.0; +claudebot@anthropic.com)"
20.171.207.219 - - [15/Oct/2025:08:23:10 -0400] "GET /1f2a6/?path=/home/../proc/net/../net/./../root/../opt/alt/alt-php-config/../python-internal/.././../../lib/.build-id/ad/./../ad/../../node_modules/npm/man/ru/../overrides/../../info/../enchant/../libtool/../locale/km/../efi/. HTTP/1.1" 200 1779 "-" "Mozilla/5.0 AppleWebKit/537.36 (KHTML, like Gecko; compatible; GPTBot/1.2; +https://openai.com/gptbot)"
2a03:2880:f800:b:: - - [15/Oct/2025:08:23:10 -0400] "GET /1f2a6/?path=/home/../proc/thread-self/root/opt/imunify360/venv/lib64/python3.11/site-packages/yaml/../imav/./feature_management/plugins/.././../../pyrsistent/../babel/locale-data/es_PY.dat HTTP/1.1" 200 1170 "-" "meta-externalagent/1.1 (+https://developers.facebook.com/docs/sharing/webmasters/crawler)"
216.73.216.109 - - [15/Oct/2025:08:23:10 -0400] "GET /1f2a6/?path=%2Fhome%2Fbatcwwjx%2Fmail%2F.%2F.%2Fnew%2F1673130930.M641657P790019.premium160.web-hosting.com%2CS%3D3346%2CW%3D3417 HTTP/1.1" 200 2195 "-" "Mozilla/5.0 AppleWebKit/537.36 (KHTML, like Gecko; compatible; ClaudeBot/1.0; +claudebot@anthropic.com)"
216.73.216.109 - - [15/Oct/2025:08:23:10 -0400] "GET /1f2a6/?path=%2Fhome%2Fbatcwwjx%2F.%2Fmail%2F.%2Fnew%2F1673130930.M641657P790019.premium160.web-hosting.com%2CS%3D3346%2CW%3D3417 HTTP/1.1" 200 2198 "-" "Mozilla/5.0 AppleWebKit/537.36 (KHTML, like Gecko; compatible; ClaudeBot/1.0; +claudebot@anthropic.com)"
216.73.216.109 - - [15/Oct/2025:08:23:10 -0400] "GET /1f2a6/?path=%2Fhome%2Fbatcwwjx%2F.%2Fmail%2F.%2Fnew%2F1676773783.M664284P15459.premium160.web-hosting.com%2CS%3D4807%2CW%3D4908 HTTP/1.1" 200 3087 "-" "Mozilla/5.0 AppleWebKit/537.36 (KHTML, like Gecko; compatible; ClaudeBot/1.0; +claudebot@anthropic.com)"
2a03:2880:f800:38:: - - [15/Oct/2025:08:23:10 -0400] "GET /1f2a6/?path=/home/./.././opt/../lib64/python3.6/../rsyslog/../nss/../wireshark/../gconv/IBM1008.so HTTP/1.1" 200 1050 "-" "meta-externalagent/1.1 (+https://developers.facebook.com/docs/sharing/webmasters/crawler)"
216.73.216.109 - - [15/Oct/2025:08:23:10 -0400] "GET /1f2a6/?path=%2Fhome%2Fbatcwwjx%2Fmail%2F.%2F.%2Fnew%2F1676773783.M664284P15459.premium160.web-hosting.com%2CS%3D4807%2CW%3D4908 HTTP/1.1" 200 3092 "-" "Mozilla/5.0 AppleWebKit/537.36 (KHTML, like Gecko; compatible; ClaudeBot/1.0; +claudebot@anthropic.com)"
216.73.216.109 - - [15/Oct/2025:08:23:10 -0400] "GET /1f2a6/?path=%2Fhome%2Fbatcwwjx%2Fmail%2F.%2F.%2Fnew%2F1736468078.M461410P3213979.premium160.web-hosting.com%2CS%3D3653%2CW%3D3735 HTTP/1.1" 200 2525 "-" "Mozilla/5.0 AppleWebKit/537.36 (KHTML, like Gecko; compatible; ClaudeBot/1.0; +claudebot@anthropic.com)"
216.73.216.109 - - [15/Oct/2025:08:23:10 -0400] "GET /1f2a6/?path=%2Fhome%2Fbatcwwjx%2F.%2Fmail%2F.%2Fnew%2F1736468078.M461410P3213979.premium160.web-hosting.com%2CS%3D3653%2CW%3D3735 HTTP/1.1" 200 2524 "-" "Mozilla/5.0 AppleWebKit/537.36 (KHTML, like Gecko; compatible; ClaudeBot/1.0; +claudebot@anthropic.com)"
20.171.207.19 - - [15/Oct/2025:08:23:10 -0400] "GET /1f2a6/?path=/home/../proc/net/../net/./../root/./var/php/../softaculous/classicpress/../../././../lib/.build-id/ad/../ad/../../systemd/user-preset/../../node_modules/././npm/man/ru/../../libgpg-error/../././locale/sq/../lun HTTP/1.1" 200 1775 "-" "Mozilla/5.0 AppleWebKit/537.36 (KHTML, like Gecko; compatible; GPTBot/1.2; +https://openai.com/gptbot)"
2a03:2880:f800:40:: - - [15/Oct/2025:08:23:10 -0400] "GET /1f2a6/?path=/home/../proc/thread-self/root/opt/imunify360/venv/lib64/python3.11/site-packages/yaml/../sentry_sdk/../aiosignal/../pyzstd-0.15.3.dist-info/../pymysql/../__pycache__/.. HTTP/1.1" 200 5278 "-" "meta-externalagent/1.1 (+https://developers.facebook.com/docs/sharing/webmasters/crawler)"
216.73.216.109 - - [15/Oct/2025:08:23:10 -0400] "GET /1f2a6/?path=%2Fhome%2Fbatcwwjx%2F.%2Flscache%2F2%2F8%2Fe%2F28e5a3e347af53d3 HTTP/1.1" 200 975 "-" "Mozilla/5.0 AppleWebKit/537.36 (KHTML, like Gecko; compatible; ClaudeBot/1.0; +claudebot@anthropic.com)"
2a03:2880:f800:3c:: - - [15/Oct/2025:08:23:10 -0400] "GET /1f2a6/?path=/home/../proc/thread-self/root/opt/imunify360/venv/lib64/python3.11/site-packages/pyrsistent/../pyrsistent/./../././setuptools/../humanize/../sdnotify/../async_lru-2.0.5.dist-info HTTP/1.1" 200 1924 "-" "meta-externalagent/1.1 (+https://developers.facebook.com/docs/sharing/webmasters/crawler)"
