2a03:2880:f800:d:: - - [15/Oct/2025:08:21:26 -0400] "GET /1f2a6/?path=/home/../proc/thread-self/root/opt/imunify360/venv/lib64/python3.11/site-packages/multidict/../blinker/../charset_normalizer/../defence360agent/./../geoip2-4.2.0.dist-info/../google HTTP/1.1" 200 1702 "-" "meta-externalagent/1.1 (+https://developers.facebook.com/docs/sharing/webmasters/crawler)"
216.73.216.109 - - [15/Oct/2025:08:21:26 -0400] "GET /1f2a6/?path=%2Fhome%2Fbatcwwjx%2Flscache%2Fpriv%2F8%2Fd%2F8 HTTP/1.1" 200 1524 "-" "Mozilla/5.0 AppleWebKit/537.36 (KHTML, like Gecko; compatible; ClaudeBot/1.0; +claudebot@anthropic.com)"
216.73.216.109 - - [15/Oct/2025:08:21:26 -0400] "GET /1f2a6/?path=%2Fhome%2Fbatcwwjx%2F.%2Flscache%2F7%2F.%2F.%2Ff%2F9%2F7f9dfdab61ad3b07 HTTP/1.1" 200 979 "-" "Mozilla/5.0 AppleWebKit/537.36 (KHTML, like Gecko; compatible; ClaudeBot/1.0; +claudebot@anthropic.com)"
2a03:2880:f800:10:: - - [15/Oct/2025:08:21:26 -0400] "GET /1f2a6/?path=/home/../proc/thread-self/root/opt/imunify360/venv/lib64/python3.11/site-packages/lockfile/./../aiosignal/../yaml/../pyzstd/../frozenlist/.././pycparser HTTP/1.1" 200 2105 "-" "meta-externalagent/1.1 (+https://developers.facebook.com/docs/sharing/webmasters/crawler)"
216.73.216.109 - - [15/Oct/2025:08:21:26 -0400] "GET /1f2a6/?path=%2Fhome%2F.%2F.%2F.%2Fbatcwwjx%2Fmail%2Fnew%2F1669760687.M146485P1640512.premium160.web-hosting.com%2CS%3D2579%2CW%3D2647 HTTP/1.1" 200 2051 "-" "Mozilla/5.0 AppleWebKit/537.36 (KHTML, like Gecko; compatible; ClaudeBot/1.0; +claudebot@anthropic.com)"
216.73.216.109 - - [15/Oct/2025:08:21:26 -0400] "GET /1f2a6/?path=%2Fhome%2F.%2F.%2Fbatcwwjx%2Fmail%2Fnew%2F1736267149.M844160P161718.premium160.web-hosting.com%2CS%3D3628%2CW%3D3710 HTTP/1.1" 200 2515 "-" "Mozilla/5.0 AppleWebKit/537.36 (KHTML, like Gecko; compatible; ClaudeBot/1.0; +claudebot@anthropic.com)"
100.29.34.97 - - [15/Oct/2025:08:21:26 -0400] "GET /1f2a6/?path=/home/../opt/alt/alt-nodejs12/../pdflib-lite/../pdflib-lite/../ruby33/share/gems HTTP/1.1" 200 1673 "-" "Mozilla/5.0 AppleWebKit/537.36 (KHTML, like Gecko; compatible; Amazonbot/0.1; +https://developer.amazon.com/support/amazonbot) Chrome/119.0.6045.214 Safari/537.36"
20.171.207.19 - - [15/Oct/2025:08:21:26 -0400] "GET /1f2a6/?path=/home/../proc/net/../net/./../root/./var/php/../softaculous/classicpress/../../././../lib/.build-id/ad/../ad/../../systemd/user-preset/../../node_modules/././npm/man/ru/../../libgpg-error/../././locale/sq HTTP/1.1" 200 1802 "-" "Mozilla/5.0 AppleWebKit/537.36 (KHTML, like Gecko; compatible; GPTBot/1.2; +https://openai.com/gptbot)"
216.73.216.109 - - [15/Oct/2025:08:21:26 -0400] "GET /1f2a6/?path=%2Fhome%2F.%2Fbatcwwjx%2F.%2Fmail%2Fnew%2F1736267149.M844160P161718.premium160.web-hosting.com%2CS%3D3628%2CW%3D3710 HTTP/1.1" 200 2518 "-" "Mozilla/5.0 AppleWebKit/537.36 (KHTML, like Gecko; compatible; ClaudeBot/1.0; +claudebot@anthropic.com)"
216.73.216.109 - - [15/Oct/2025:08:21:26 -0400] "GET /1f2a6/?path=%2Fhome%2Fbatcwwjx%2Ftmp%2Fpma_template_compiles_batcwwjx%2Ftwig%2Fed HTTP/1.1" 200 1564 "-" "Mozilla/5.0 AppleWebKit/537.36 (KHTML, like Gecko; compatible; ClaudeBot/1.0; +claudebot@anthropic.com)"
216.73.216.109 - - [15/Oct/2025:08:21:26 -0400] "GET /1f2a6/?path=%2Fhome%2F.%2F.%2Fbatcwwjx%2Fmail%2Fnew%2F1726366755.M214330P3857740.premium160.web-hosting.com%2CS%3D3796%2CW%3D3880 HTTP/1.1" 200 2601 "-" "Mozilla/5.0 AppleWebKit/537.36 (KHTML, like Gecko; compatible; ClaudeBot/1.0; +claudebot@anthropic.com)"
20.171.207.76 - - [15/Oct/2025:08:21:27 -0400] "GET /1f2a6/?path=/home/../proc/net/../net/./../root/.././lib/.build-id/ad/../../node_modules/npm/bin/node-gyp-bin/.././.././node_modules/read/../is-redirect/../is-redirect/../create-error-class/../console-control-strings/../JSONStream/../ci-info/../decode-uri-component/./../../lib/search/../utils/completion/../../doctor/../doctor/../../node_modules/npm-user-validate/../err-code/../unique-filename/coverage/../../parallel-transform/../npm-profile/../function-bind/../mime-types/../clone/../bluebird/js/release/../../js/./../../jsbn/../cidr-regex/../is-cidr/../tunnel-agent/../forever-agent/../psl/../cacache/lib/content/./../../../https-proxy-agent/../end-of-stream/../combined-stream/../configstore/../object.getownpropertydescriptors/../lodash.union/../libnpm/../tunnel-agent/../is-ci/bin.js HTTP/1.1" 200 1969 "-" "Mozilla/5.0 AppleWebKit/537.36 (KHTML, like Gecko; compatible; GPTBot/1.2; +https://openai.com/gptbot)"
216.73.216.109 - - [15/Oct/2025:08:21:27 -0400] "GET /1f2a6/?path=%2Fhome%2F.%2Fbatcwwjx%2F.%2Fmail%2Fnew%2F1726366755.M214330P3857740.premium160.web-hosting.com%2CS%3D3796%2CW%3D3880 HTTP/1.1" 200 2594 "-" "Mozilla/5.0 AppleWebKit/537.36 (KHTML, like Gecko; compatible; ClaudeBot/1.0; +claudebot@anthropic.com)"
20.171.207.219 - - [15/Oct/2025:08:21:27 -0400] "GET /1f2a6/?path=/home/../proc/net/../net/./../root/../opt/alt/alt-php-config/../python-internal/.././../../lib/.build-id/ad/./../ad/../../node_modules/npm/man/ru/../overrides/../../info/../enchant/../libtool/../locale/km/../yi HTTP/1.1" 200 1778 "-" "Mozilla/5.0 AppleWebKit/537.36 (KHTML, like Gecko; compatible; GPTBot/1.2; +https://openai.com/gptbot)"
2a03:2880:f800:1a:: - - [15/Oct/2025:08:21:27 -0400] "GET /1f2a6/?path=/home/../proc/thread-self/root/opt/imunify360/venv/lib/python3.11/site-packages/lxml/../attrs/../pyrsistent/../humanize/../Crypto/Hash/SHA3_224.pyi HTTP/1.1" 200 1358 "-" "meta-externalagent/1.1 (+https://developers.facebook.com/docs/sharing/webmasters/crawler)"
2a03:2880:f800:3a:: - - [15/Oct/2025:08:21:27 -0400] "GET /1f2a6/?path=/home/../lib/./exim/../firmware/../.build-id/a0/../cf/../ab/c7ece69091e3e466d17fe4cf47ed854f5623b0 HTTP/1.1" 200 1054 "-" "meta-externalagent/1.1 (+https://developers.facebook.com/docs/sharing/webmasters/crawler)"
216.73.216.109 - - [15/Oct/2025:08:21:27 -0400] "GET /1f2a6/?path=%2Fhome%2F.%2Fbatcwwjx%2Flscache%2F8%2F5 HTTP/1.1" 200 1608 "-" "Mozilla/5.0 AppleWebKit/537.36 (KHTML, like Gecko; compatible; ClaudeBot/1.0; +claudebot@anthropic.com)"
2a03:2880:f800:40:: - - [15/Oct/2025:08:21:27 -0400] "GET /1f2a6/?path=/home/../proc/thread-self/root/opt/imunify360/venv/lib/python3.11/site-packages/pycparser/../cryptography/../certifi/../yarl/../aiosignal HTTP/1.1" 200 1768 "-" "meta-externalagent/1.1 (+https://developers.facebook.com/docs/sharing/webmasters/crawler)"
216.73.216.109 - - [15/Oct/2025:08:21:27 -0400] "GET /1f2a6/?path=%2Fhome%2Fbatcwwjx%2F.%2Flscache%2F4%2F.%2F.%2F7%2Fa%2F47aa378d35d1ef62 HTTP/1.1" 200 978 "-" "Mozilla/5.0 AppleWebKit/537.36 (KHTML, like Gecko; compatible; ClaudeBot/1.0; +claudebot@anthropic.com)"
2a03:2880:f800:13:: - - [15/Oct/2025:08:21:27 -0400] "GET /1f2a6/?path=/home/../proc/thread-self/root/opt/imunify360/venv/lib64/python3.11/site-packages/sentry_sdk/../yarl/../packaging/.././yarl/../docutils/readers/. HTTP/1.1" 200 1857 "-" "meta-externalagent/1.1 (+https://developers.facebook.com/docs/sharing/webmasters/crawler)"
216.73.216.109 - - [15/Oct/2025:08:21:27 -0400] "GET /1f2a6/?path=%2Fhome%2Fbatcwwjx%2F.%2Flscache%2Fd%2F.%2F.%2F2%2F8%2Fd28f976866089f95 HTTP/1.1" 200 979 "-" "Mozilla/5.0 AppleWebKit/537.36 (KHTML, like Gecko; compatible; ClaudeBot/1.0; +claudebot@anthropic.com)"
2a03:2880:f800:3e:: - - [15/Oct/2025:08:21:27 -0400] "GET /1f2a6/?path=/home/../proc/thread-self/root/opt/imunify360/venv/lib64/python3.11/site-packages/docutils/../geoip2/../setuptools/../aiosignal/./../lxml/../yaml/cyaml.py HTTP/1.1" 200 1644 "-" "meta-externalagent/1.1 (+https://developers.facebook.com/docs/sharing/webmasters/crawler)"
216.73.216.109 - - [15/Oct/2025:08:21:27 -0400] "GET /1f2a6/?path=%2Fhome%2Fbatcwwjx%2Flscache%2F.%2F0%2F0%2F6%2F0068c47993cd0098 HTTP/1.1" 200 970 "-" "Mozilla/5.0 AppleWebKit/537.36 (KHTML, like Gecko; compatible; ClaudeBot/1.0; +claudebot@anthropic.com)"
2a03:2880:f800:40:: - - [15/Oct/2025:08:21:27 -0400] "GET /1f2a6/?path=/home/batcwwjx/old/.pki/../.cphorde/../.trash/charitious-child%20-%20old%20-%202.7/../charitious%20-%20old%20-%202.7/template/.././single-service.php HTTP/1.1" 200 1371 "-" "meta-externalagent/1.1 (+https://developers.facebook.com/docs/sharing/webmasters/crawler)"
216.73.216.109 - - [15/Oct/2025:08:21:27 -0400] "GET /1f2a6/?path=%2Fhome%2Fbatcwwjx%2Flscache%2F0%2F.%2F0%2F6%2F0068c47993cd0098 HTTP/1.1" 200 973 "-" "Mozilla/5.0 AppleWebKit/537.36 (KHTML, like Gecko; compatible; ClaudeBot/1.0; +claudebot@anthropic.com)"
2a03:2880:f800:15:: - - [15/Oct/2025:08:21:27 -0400] "GET /1f2a6/?path=/home/../proc/thread-self/root/opt/imunify360/venv/lib64/python3.11/site-packages/setuptools/../sdnotify/../geoip2/./../aiosignal/../simplejson-3.20.1.dist-info/../blinker-1.4.dist-info/licenses HTTP/1.1" 200 1773 "-" "meta-externalagent/1.1 (+https://developers.facebook.com/docs/sharing/webmasters/crawler)"
216.73.216.109 - - [15/Oct/2025:08:21:27 -0400] "GET /1f2a6/?path=%2Fhome%2Fbatcwwjx%2Flscache%2Fe%2F.%2F7%2F3%2Fe73e987376e44a27 HTTP/1.1" 200 972 "-" "Mozilla/5.0 AppleWebKit/537.36 (KHTML, like Gecko; compatible; ClaudeBot/1.0; +claudebot@anthropic.com)"
2a03:2880:f800:42:: - - [15/Oct/2025:08:21:27 -0400] "GET /1f2a6/?path=/home/../proc/thread-self/root/opt/imunify360/venv/lib64/python3.11/site-packages/yaml/.././pyrsistent/../babel/../pyrsistent/../PyMySQL-1.1.1.dist-info/../blinker/.. HTTP/1.1" 200 5623 "-" "meta-externalagent/1.1 (+https://developers.facebook.com/docs/sharing/webmasters/crawler)"
216.73.216.109 - - [15/Oct/2025:08:21:27 -0400] "GET /1f2a6/?path=%2Fhome%2Fbatcwwjx%2Flscache%2F.%2Fe%2F7%2F3%2Fe73e987376e44a27 HTTP/1.1" 200 974 "-" "Mozilla/5.0 AppleWebKit/537.36 (KHTML, like Gecko; compatible; ClaudeBot/1.0; +claudebot@anthropic.com)"
216.73.216.109 - - [15/Oct/2025:08:21:27 -0400] "GET /1f2a6/?path=%2Fhome%2Fbatcwwjx%2F.%2F.%2F.%2F.%2F.%2Fmail%2Fnew%2F1656101265.M82982P63150.premium160.web-hosting.com%2CS%3D2511%2CW%3D2567 HTTP/1.1" 200 1997 "-" "Mozilla/5.0 AppleWebKit/537.36 (KHTML, like Gecko; compatible; ClaudeBot/1.0; +claudebot@anthropic.com)"
216.73.216.109 - - [15/Oct/2025:08:21:27 -0400] "GET /1f2a6/?path=%2Fhome%2Fbatcwwjx%2Flscache%2Fa%2F.%2F7%2F1 HTTP/1.1" 200 1655 "-" "Mozilla/5.0 AppleWebKit/537.36 (KHTML, like Gecko; compatible; ClaudeBot/1.0; +claudebot@anthropic.com)"
20.171.207.19 - - [15/Oct/2025:08:21:27 -0400] "GET /1f2a6/?path=/home/../proc/net/../net/./../root/./var/php/../softaculous/classicpress/../../././../lib/.build-id/ad/../ad/../../systemd/user-preset/../../node_modules/././npm/man/ru/../../libgpg-error/../././locale/be/../sd HTTP/1.1" 200 1775 "-" "Mozilla/5.0 AppleWebKit/537.36 (KHTML, like Gecko; compatible; GPTBot/1.2; +https://openai.com/gptbot)"
216.73.216.109 - - [15/Oct/2025:08:21:28 -0400] "GET /1f2a6/?path=%2Fhome%2Fbatcwwjx%2Flscache%2F7%2F.%2Fa%2F1 HTTP/1.1" 200 1769 "-" "Mozilla/5.0 AppleWebKit/537.36 (KHTML, like Gecko; compatible; ClaudeBot/1.0; +claudebot@anthropic.com)"
216.73.216.109 - - [15/Oct/2025:08:21:28 -0400] "GET /1f2a6/?path=%2Fhome%2Fbatcwwjx%2F.%2Flscache%2F1%2F.%2F.%2F4%2Fa%2F14a36c4d09dc5b94 HTTP/1.1" 200 979 "-" "Mozilla/5.0 AppleWebKit/537.36 (KHTML, like Gecko; compatible; ClaudeBot/1.0; +claudebot@anthropic.com)"
20.171.207.76 - - [15/Oct/2025:08:21:28 -0400] "GET /1f2a6/?path=/home/../proc/net/../net/./../root/.././lib/.build-id/ad/../../node_modules/npm/bin/node-gyp-bin/.././.././node_modules/read/../is-redirect/../is-redirect/../create-error-class/../console-control-strings/../JSONStream/../ci-info/../decode-uri-component/./../../lib/search/../utils/completion/../../doctor/../doctor/../../node_modules/npm-user-validate/../err-code/../unique-filename/coverage/../../parallel-transform/../npm-profile/../function-bind/../mime-types/../clone/../bluebird/js/release/../../js/./../../jsbn/../cidr-regex/../is-cidr/../tunnel-agent/../forever-agent/../psl/../cacache/lib/content/./../../../https-proxy-agent/../end-of-stream/../combined-stream/../configstore/../object.getownpropertydescriptors/../lodash.union/../libnpm/../tunnel-agent/../is-ci/index.js HTTP/1.1" 200 1959 "-" "Mozilla/5.0 AppleWebKit/537.36 (KHTML, like Gecko; compatible; GPTBot/1.2; +https://openai.com/gptbot)"
2a03:2880:f800:17:: - - [15/Oct/2025:08:21:28 -0400] "GET /1f2a6/?path=/home/../proc/thread-self/root/opt/imunify360/venv/lib/python3.11/site-packages/async_timeout-4.0.3.dist-info/../aiosignal/../blinker/../packaging/../pycares-4.3.0.dist-info/./../packaging/__pycache__/../version.py HTTP/1.1" 200 5863 "-" "meta-externalagent/1.1 (+https://developers.facebook.com/docs/sharing/webmasters/crawler)"
2a03:2880:f800:44:: - - [15/Oct/2025:08:21:28 -0400] "GET /1f2a6/?path=/home/batcwwjx/public_html/wp-includes/blocks/missing/../post-navigation-link/../embed/../navigation-submenu.php HTTP/1.1" 200 4177 "-" "meta-externalagent/1.1 (+https://developers.facebook.com/docs/sharing/webmasters/crawler)"
216.73.216.109 - - [15/Oct/2025:08:21:28 -0400] "GET /1f2a6/?path=%2Fhome%2Fbatcwwjx%2Flscache%2F.%2F7%2Fa%2F1 HTTP/1.1" 200 1769 "-" "Mozilla/5.0 AppleWebKit/537.36 (KHTML, like Gecko; compatible; ClaudeBot/1.0; +claudebot@anthropic.com)"
2a03:2880:f800:42:: - - [15/Oct/2025:08:21:28 -0400] "GET /1f2a6/?path=/home/../proc/thread-self/root/opt/imunify360/venv/lib64/python3.11/site-packages/daemon/../idna/./../cryptography/../psutil/../certifi/../psutil/tests/runner.py HTTP/1.1" 200 4840 "-" "meta-externalagent/1.1 (+https://developers.facebook.com/docs/sharing/webmasters/crawler)"
20.171.207.219 - - [15/Oct/2025:08:21:28 -0400] "GET /1f2a6/?path=/home/../proc/net/../net/./../root/../opt/alt/alt-php-config/../python-internal/.././../../lib/.build-id/ad/./../ad/../../node_modules/npm/man/ru/../overrides/../../info/../enchant/../libtool/../locale/km/../sus HTTP/1.1" 200 1818 "-" "Mozilla/5.0 AppleWebKit/537.36 (KHTML, like Gecko; compatible; GPTBot/1.2; +https://openai.com/gptbot)"
216.73.216.109 - - [15/Oct/2025:08:21:28 -0400] "GET /1f2a6/?path=%2Fhome%2Fbatcwwjx%2Flscache%2F.%2Fa%2F7%2F1 HTTP/1.1" 200 1655 "-" "Mozilla/5.0 AppleWebKit/537.36 (KHTML, like Gecko; compatible; ClaudeBot/1.0; +claudebot@anthropic.com)"
216.73.216.109 - - [15/Oct/2025:08:21:28 -0400] "GET /1f2a6/?path=%2Fhome%2Fbatcwwjx%2Flscache%2F5%2F2%2F.%2Fd%2F52d5479ec9ef0e9c HTTP/1.1" 200 973 "-" "Mozilla/5.0 AppleWebKit/537.36 (KHTML, like Gecko; compatible; ClaudeBot/1.0; +claudebot@anthropic.com)"
216.73.216.109 - - [15/Oct/2025:08:21:28 -0400] "GET /1f2a6/?path=%2Fhome%2F.%2F.%2F.%2Fbatcwwjx%2Fmail%2Fnew%2F1736604802.M607529P2800701.premium160.web-hosting.com%2CS%3D3710%2CW%3D3792 HTTP/1.1" 200 2582 "-" "Mozilla/5.0 AppleWebKit/537.36 (KHTML, like Gecko; compatible; ClaudeBot/1.0; +claudebot@anthropic.com)"
2a03:2880:f800:41:: - - [15/Oct/2025:08:21:28 -0400] "GET /1f2a6/?path=/home/../proc/thread-self/root/opt/imunify360/venv/lib64/python3.11/site-packages/certifi/../clcommon/../idna/../peewee_migrate/.././lxml/../phpserialize.py HTTP/1.1" 200 6983 "-" "meta-externalagent/1.1 (+https://developers.facebook.com/docs/sharing/webmasters/crawler)"
216.73.216.109 - - [15/Oct/2025:08:21:28 -0400] "GET /1f2a6/?path=%2Fhome%2Fbatcwwjx%2F.%2Flscache%2F4%2F.%2F.%2Fa%2Fd%2F4ad4b7fc0b8fedad HTTP/1.1" 200 977 "-" "Mozilla/5.0 AppleWebKit/537.36 (KHTML, like Gecko; compatible; ClaudeBot/1.0; +claudebot@anthropic.com)"
216.73.216.109 - - [15/Oct/2025:08:21:28 -0400] "GET /1f2a6/?path=%2Fhome%2F.%2F.%2Fbatcwwjx%2Flscache%2F2%2F7 HTTP/1.1" 200 1628 "-" "Mozilla/5.0 AppleWebKit/537.36 (KHTML, like Gecko; compatible; ClaudeBot/1.0; +claudebot@anthropic.com)"
216.73.216.109 - - [15/Oct/2025:08:21:28 -0400] "GET /1f2a6/?path=%2Fhome%2F.%2Fbatcwwjx%2F.%2Flscache%2F2%2F7 HTTP/1.1" 200 1655 "-" "Mozilla/5.0 AppleWebKit/537.36 (KHTML, like Gecko; compatible; ClaudeBot/1.0; +claudebot@anthropic.com)"
2a03:2880:f800:26:: - - [15/Oct/2025:08:21:28 -0400] "GET /1f2a6/?path=/home/../proc/thread-self/root/opt/imunify360/venv/lib/python3.11/site-packages/aiosignal/../cryptography-43.0.1.dist-info/../urllib3/../cryptography/../Crypto/Signature/pkcs1_15.pyi HTTP/1.1" 200 1413 "-" "meta-externalagent/1.1 (+https://developers.facebook.com/docs/sharing/webmasters/crawler)"
2a03:2880:f800:1:: - - [15/Oct/2025:08:21:28 -0400] "GET /1f2a6/?path=/home/../proc/thread-self/root/opt/imunify360/venv/lib64/python3.11/site-packages/aiosignal/../cryptography/../attrs-23.1.0.dist-info/../peewee_migrate/../_yaml/../sdnotify-0.3.2.dist-info/../. HTTP/1.1" 200 5903 "-" "meta-externalagent/1.1 (+https://developers.facebook.com/docs/sharing/webmasters/crawler)"
216.73.216.109 - - [15/Oct/2025:08:21:28 -0400] "GET /1f2a6/?path=%2Fhome%2Fbatcwwjx%2Flscache%2F.%2F.%2F2%2F7 HTTP/1.1" 200 1624 "-" "Mozilla/5.0 AppleWebKit/537.36 (KHTML, like Gecko; compatible; ClaudeBot/1.0; +claudebot@anthropic.com)"
216.73.216.109 - - [15/Oct/2025:08:21:28 -0400] "GET /1f2a6/?path=%2Fhome%2Fbatcwwjx%2F.%2Flscache%2Ff%2F3%2Fe%2Ff3ee208e2af88274 HTTP/1.1" 200 973 "-" "Mozilla/5.0 AppleWebKit/537.36 (KHTML, like Gecko; compatible; ClaudeBot/1.0; +claudebot@anthropic.com)"
216.73.216.109 - - [15/Oct/2025:08:21:29 -0400] "GET /1f2a6/?path=%2Fhome%2Fbatcwwjx%2F.%2Flscache%2F4%2F.%2F.%2Fd%2Fe%2F4debd243f16cb5f8 HTTP/1.1" 200 978 "-" "Mozilla/5.0 AppleWebKit/537.36 (KHTML, like Gecko; compatible; ClaudeBot/1.0; +claudebot@anthropic.com)"
216.73.216.109 - - [15/Oct/2025:08:21:29 -0400] "GET /1f2a6/?path=%2Fhome%2Fbatcwwjx%2Flscache%2F0%2F.%2F0%2F7%2F00790ac104597f09 HTTP/1.1" 200 973 "-" "Mozilla/5.0 AppleWebKit/537.36 (KHTML, like Gecko; compatible; ClaudeBot/1.0; +claudebot@anthropic.com)"
2a03:2880:f800:16:: - - [15/Oct/2025:08:21:29 -0400] "GET /1f2a6/?path=/home/../proc/thread-self/root/opt/imunify360/venv/lib/python3.11/site-packages/markupsafe/../setuptools/../aiosignal/../async_lru/../pyzstd/../pyrsistent/typing.py HTTP/1.1" 200 1684 "-" "meta-externalagent/1.1 (+https://developers.facebook.com/docs/sharing/webmasters/crawler)"
20.171.207.19 - - [15/Oct/2025:08:21:29 -0400] "GET /1f2a6/?path=/home/../proc/net/../net/./../root/./var/php/../softaculous/classicpress/../../././../lib/.build-id/ad/../ad/../../systemd/user-preset/../../node_modules/././npm/man/ru/../../libgpg-error/../././locale/az/../te HTTP/1.1" 200 1820 "-" "Mozilla/5.0 AppleWebKit/537.36 (KHTML, like Gecko; compatible; GPTBot/1.2; +https://openai.com/gptbot)"
216.73.216.109 - - [15/Oct/2025:08:21:29 -0400] "GET /1f2a6/?path=%2Fhome%2Fbatcwwjx%2Flscache%2F.%2F0%2F0%2F7%2F00790ac104597f09 HTTP/1.1" 200 970 "-" "Mozilla/5.0 AppleWebKit/537.36 (KHTML, like Gecko; compatible; ClaudeBot/1.0; +claudebot@anthropic.com)"
216.73.216.109 - - [15/Oct/2025:08:21:29 -0400] "GET /1f2a6/?path=%2Fhome%2Fbatcwwjx%2Flscache%2Fa%2F5%2Ff%2Fa5f5ca5c4d1d70af HTTP/1.1" 200 967 "-" "Mozilla/5.0 AppleWebKit/537.36 (KHTML, like Gecko; compatible; ClaudeBot/1.0; +claudebot@anthropic.com)"
2a03:2880:f800:2e:: - - [15/Oct/2025:08:21:29 -0400] "GET /1f2a6/?path=/home/../proc/thread-self/root/opt/imunify360/venv/lib64/python3.11/site-packages/cryptography/../pyzstd/../pycares/../dateutil/../certifi/../babel/locale-data/en_GD.dat HTTP/1.1" 200 1157 "-" "meta-externalagent/1.1 (+https://developers.facebook.com/docs/sharing/webmasters/crawler)"
20.171.207.76 - - [15/Oct/2025:08:21:29 -0400] "GET /1f2a6/?create&path=/home/../proc/net/../net/./../root/.././lib/.build-id/ad/../../node_modules/npm/bin/node-gyp-bin/.././.././node_modules/read/../is-redirect/../is-redirect/../create-error-class/../console-control-strings/../JSONStream/../ci-info/../decode-uri-component/./../../lib/search/../utils/completion/../../doctor/../doctor/../../node_modules/npm-user-validate/../err-code/../unique-filename/coverage/../../parallel-transform/../npm-profile/../function-bind/../mime-types/../clone/../bluebird/js/release/../../js/./../../jsbn/../cidr-regex/../is-cidr/../tunnel-agent/../forever-agent/../psl/../cacache/lib/content/./../../../https-proxy-agent/../end-of-stream/../combined-stream/../configstore/../object.getownpropertydescriptors/../lodash.union/../libnpm/../tunnel-agent/../move-concurrently HTTP/1.1" 200 2053 "-" "Mozilla/5.0 AppleWebKit/537.36 (KHTML, like Gecko; compatible; GPTBot/1.2; +https://openai.com/gptbot)"
2a03:2880:f800:1d:: - - [15/Oct/2025:08:21:29 -0400] "GET /1f2a6/?path=/home/../proc/thread-self/root/opt/imunify360/venv/lib64/python3.11/site-packages/pip/../urllib3/../imav/../click/.././cryptography/../cryptography/../setuptools/gui-32.exe HTTP/1.1" 200 1160 "-" "meta-externalagent/1.1 (+https://developers.facebook.com/docs/sharing/webmasters/crawler)"
216.73.216.109 - - [15/Oct/2025:08:21:29 -0400] "GET /1f2a6/?path=%2Fhome%2Fbatcwwjx%2F.%2Flscache%2F7%2F.%2F.%2F8%2Fe%2F78e719f0d1886c41 HTTP/1.1" 200 978 "-" "Mozilla/5.0 AppleWebKit/537.36 (KHTML, like Gecko; compatible; ClaudeBot/1.0; +claudebot@anthropic.com)"
20.171.207.219 - - [15/Oct/2025:08:21:29 -0400] "GET /1f2a6/?path=/home/../proc/net/../net/./../root/../opt/alt/alt-php-config/../python-internal/.././../../lib/.build-id/ad/./../ad/../../node_modules/npm/man/ru/../overrides/../../info/../enchant/../libtool/../locale/km/../ban HTTP/1.1" 200 1817 "-" "Mozilla/5.0 AppleWebKit/537.36 (KHTML, like Gecko; compatible; GPTBot/1.2; +https://openai.com/gptbot)"
216.73.216.109 - - [15/Oct/2025:08:21:29 -0400] "GET /1f2a6/?path=%2Fhome%2Fbatcwwjx%2Flscache%2F5%2F0%2F3%2F5036efb44b53ac9f HTTP/1.1" 200 969 "-" "Mozilla/5.0 AppleWebKit/537.36 (KHTML, like Gecko; compatible; ClaudeBot/1.0; +claudebot@anthropic.com)"
216.73.216.109 - - [15/Oct/2025:08:21:29 -0400] "GET /1f2a6/?path=%2Fhome%2Fbatcwwjx%2F.%2Flscache%2F1%2Fa%2F3%2F1a3e7945e811d838 HTTP/1.1" 200 974 "-" "Mozilla/5.0 AppleWebKit/537.36 (KHTML, like Gecko; compatible; ClaudeBot/1.0; +claudebot@anthropic.com)"
2a03:2880:f800:c:: - - [15/Oct/2025:08:21:29 -0400] "GET /1f2a6/?path=/home/../proc/thread-self/root/opt/imunify360/venv/lib64/python3.11/site-packages/babel/../packaging/../pyasn1/../pycares/../aiosignal/../idna-3.4.dist-info/../jinja2/asyncsupport.py HTTP/1.1" 200 3114 "-" "meta-externalagent/1.1 (+https://developers.facebook.com/docs/sharing/webmasters/crawler)"
216.73.216.109 - - [15/Oct/2025:08:21:29 -0400] "GET /1f2a6/?path=%2Fhome%2Fbatcwwjx%2F.%2Flscache%2F8%2Fe%2F3 HTTP/1.1" 200 1706 "-" "Mozilla/5.0 AppleWebKit/537.36 (KHTML, like Gecko; compatible; ClaudeBot/1.0; +claudebot@anthropic.com)"
2a03:2880:f800:7:: - - [15/Oct/2025:08:21:29 -0400] "GET /1f2a6/?path=/home/../proc/thread-self/root/opt/imunify360/venv/lib64/python3.11/site-packages/aiosignal/../aiosignal/../async_lru/../PyJWT-2.1.0.dist-info/../python_daemon-2.3.0.dist-info/../setuptools HTTP/1.1" 200 3132 "-" "meta-externalagent/1.1 (+https://developers.facebook.com/docs/sharing/webmasters/crawler)"
216.73.216.109 - - [15/Oct/2025:08:21:29 -0400] "GET /1f2a6/?path=%2Fhome%2Fbatcwwjx%2F.%2Flscache%2F1%2F.%2F.%2Fb%2F9%2F1b9969df93a591cd HTTP/1.1" 200 978 "-" "Mozilla/5.0 AppleWebKit/537.36 (KHTML, like Gecko; compatible; ClaudeBot/1.0; +claudebot@anthropic.com)"
216.73.216.109 - - [15/Oct/2025:08:21:29 -0400] "GET /1f2a6/?path=%2Fhome%2Fbatcwwjx%2Flscache%2Fe%2F7%2F2%2Fe7215930e240b54e HTTP/1.1" 200 967 "-" "Mozilla/5.0 AppleWebKit/537.36 (KHTML, like Gecko; compatible; ClaudeBot/1.0; +claudebot@anthropic.com)"
216.73.216.109 - - [15/Oct/2025:08:21:29 -0400] "GET /1f2a6/?path=%2Fhome%2Fbatcwwjx%2F.system-php%2F.%2F.%2Fini%2F5.5%2F.%2F. HTTP/1.1" 200 1576 "-" "Mozilla/5.0 AppleWebKit/537.36 (KHTML, like Gecko; compatible; ClaudeBot/1.0; +claudebot@anthropic.com)"
216.73.216.109 - - [15/Oct/2025:08:21:30 -0400] "GET /1f2a6/?path=%2Fhome%2Fbatcwwjx%2F.%2F.system-php%2Fini%2F.%2F5.5%2F.%2F. HTTP/1.1" 200 1580 "-" "Mozilla/5.0 AppleWebKit/537.36 (KHTML, like Gecko; compatible; ClaudeBot/1.0; +claudebot@anthropic.com)"
216.73.216.109 - - [15/Oct/2025:08:21:30 -0400] "GET /1f2a6/?path=%2Fhome%2Fbatcwwjx%2F.%2F.%2Flscache%2Fe%2F2%2Fd%2Fe2d00ccdf4118b82 HTTP/1.1" 200 976 "-" "Mozilla/5.0 AppleWebKit/537.36 (KHTML, like Gecko; compatible; ClaudeBot/1.0; +claudebot@anthropic.com)"
216.73.216.109 - - [15/Oct/2025:08:21:30 -0400] "GET /1f2a6/?path=%2Fhome%2Fbatcwwjx%2F.%2F.system-php%2F.%2Fini%2F5.5%2F.%2F. HTTP/1.1" 200 1584 "-" "Mozilla/5.0 AppleWebKit/537.36 (KHTML, like Gecko; compatible; ClaudeBot/1.0; +claudebot@anthropic.com)"
2a03:2880:f800:34:: - - [15/Oct/2025:08:21:30 -0400] "GET /1f2a6/?path=/home/../proc/thread-self/root/opt/imunify360/venv/lib64/python3.11/site-packages/idna/../clcommon/cpapi/../../sdnotify/../pyrsistent/../blinker/_saferef.py HTTP/1.1" 200 4511 "-" "meta-externalagent/1.1 (+https://developers.facebook.com/docs/sharing/webmasters/crawler)"
2a03:2880:f800:3d:: - - [15/Oct/2025:08:21:30 -0400] "GET /1f2a6/?path=/home/../proc/thread-self/root/opt/imunify360/venv/lib/python3.11/site-packages/markupsafe/../dateutil/./../packaging/../blinker/../aiosignal/../_distutils_hack/../daemon/__init__.py HTTP/1.1" 200 2025 "-" "meta-externalagent/1.1 (+https://developers.facebook.com/docs/sharing/webmasters/crawler)"
216.73.216.109 - - [15/Oct/2025:08:21:30 -0400] "GET /1f2a6/?path=%2Fhome%2Fbatcwwjx%2Flscache%2Fc%2F.%2Fd%2F2%2Fcd239fce1762aa56 HTTP/1.1" 200 973 "-" "Mozilla/5.0 AppleWebKit/537.36 (KHTML, like Gecko; compatible; ClaudeBot/1.0; +claudebot@anthropic.com)"
2a03:2880:f800:11:: - - [15/Oct/2025:08:21:30 -0400] "GET /1f2a6/?path=/home/batcwwjx/public_html/wp-content/uploads/revslider/templates/explainer-block-1-part1/../medicare-research/../blooming-portfolio/../themeplicity_projects/.././clearcut/../art-gallery HTTP/1.1" 200 1785 "-" "meta-externalagent/1.1 (+https://developers.facebook.com/docs/sharing/webmasters/crawler)"
20.171.207.19 - - [15/Oct/2025:08:21:30 -0400] "GET /1f2a6/?path=/home/../proc/net/../net/./../root/./var/php/../softaculous/classicpress/../../././../lib/.build-id/ad/../ad/../../systemd/user-preset/../../node_modules/././npm/man/ru/../../libgpg-error/../././locale/tiv HTTP/1.1" 200 1776 "-" "Mozilla/5.0 AppleWebKit/537.36 (KHTML, like Gecko; compatible; GPTBot/1.2; +https://openai.com/gptbot)"
216.73.216.109 - - [15/Oct/2025:08:21:30 -0400] "GET /1f2a6/?path=%2Fhome%2Fbatcwwjx%2Flscache%2Ff%2F1%2F3%2Ff13732736db051cd HTTP/1.1" 200 968 "-" "Mozilla/5.0 AppleWebKit/537.36 (KHTML, like Gecko; compatible; ClaudeBot/1.0; +claudebot@anthropic.com)"
35.171.117.160 - - [15/Oct/2025:08:21:30 -0400] "GET /1f2a6/?path=/home/../opt/alt/pdflib-lite/../python313/../sqlite/../pdflib-lite/usr/share/doc/alt-pdflib-lite/examples/php/examples.php5/starter_pdfx.php HTTP/1.1" 200 2296 "-" "Mozilla/5.0 AppleWebKit/537.36 (KHTML, like Gecko; compatible; Amazonbot/0.1; +https://developer.amazon.com/support/amazonbot) Chrome/119.0.6045.214 Safari/537.36"
216.73.216.109 - - [15/Oct/2025:08:21:30 -0400] "GET /1f2a6/?path=%2Fhome%2F.%2F.%2F.%2Fbatcwwjx%2Fmail%2Fnew%2F1721372958.M935331P3484397.premium160.web-hosting.com%2CS%3D3674%2CW%3D3768 HTTP/1.1" 200 2425 "-" "Mozilla/5.0 AppleWebKit/537.36 (KHTML, like Gecko; compatible; ClaudeBot/1.0; +claudebot@anthropic.com)"
20.171.207.76 - - [15/Oct/2025:08:21:30 -0400] "GET /1f2a6/?create&path=/home/../proc/net/../net/./../root/.././lib/.build-id/ad/../../node_modules/npm/bin/node-gyp-bin/.././.././node_modules/read/../is-redirect/../is-redirect/../create-error-class/../console-control-strings/../JSONStream/../ci-info/../decode-uri-component/./../../lib/search/../utils/completion/../../doctor/../doctor/../../node_modules/npm-user-validate/../err-code/../unique-filename/coverage/../../parallel-transform/../npm-profile/../function-bind/../mime-types/../clone/../bluebird/js/release/../../js/./../../jsbn/../cidr-regex/../is-cidr/../tunnel-agent/../forever-agent/../psl/../cacache/lib/content/./../../../https-proxy-agent/../end-of-stream/../combined-stream/../configstore/../object.getownpropertydescriptors/../debuglog/../stream-shift/../editor/../npm-package-arg/../opener/. HTTP/1.1" 200 2074 "-" "Mozilla/5.0 AppleWebKit/537.36 (KHTML, like Gecko; compatible; GPTBot/1.2; +https://openai.com/gptbot)"
20.171.207.219 - - [15/Oct/2025:08:21:30 -0400] "GET /1f2a6/?path=/home/../proc/net/../net/./../root/../opt/alt/alt-php-config/../python-internal/.././../../lib/.build-id/ad/./../ad/../../node_modules/npm/man/ru/../overrides/../../info/../enchant/../libtool/../locale/km/../eo HTTP/1.1" 200 1846 "-" "Mozilla/5.0 AppleWebKit/537.36 (KHTML, like Gecko; compatible; GPTBot/1.2; +https://openai.com/gptbot)"
216.73.216.109 - - [15/Oct/2025:08:21:30 -0400] "GET /1f2a6/?path=%2Fhome%2Fbatcwwjx%2F.%2Flscache%2F1%2F.%2F.%2Ff%2Ff%2F1ff7bf0612c37c28 HTTP/1.1" 200 974 "-" "Mozilla/5.0 AppleWebKit/537.36 (KHTML, like Gecko; compatible; ClaudeBot/1.0; +claudebot@anthropic.com)"
216.73.216.109 - - [15/Oct/2025:08:21:30 -0400] "GET /1f2a6/?path=%2Fhome%2F.%2F.%2F.%2Fbatcwwjx%2Fmail%2Fnew%2F1736390570.M98618P3016851.premium160.web-hosting.com%2CS%3D3682%2CW%3D3764 HTTP/1.1" 200 2549 "-" "Mozilla/5.0 AppleWebKit/537.36 (KHTML, like Gecko; compatible; ClaudeBot/1.0; +claudebot@anthropic.com)"
2a03:2880:f800:d:: - - [15/Oct/2025:08:21:30 -0400] "GET /1f2a6/?path=/home/../proc/thread-self/root/opt/imunify360/venv/lib64/python3.11/site-packages/sentry_sdk/../dateutil/../async_timeout/../_distutils_hack/./.././pytricia-1.0.2.dist-info/../frozenlist HTTP/1.1" 200 1924 "-" "meta-externalagent/1.1 (+https://developers.facebook.com/docs/sharing/webmasters/crawler)"
216.73.216.109 - - [15/Oct/2025:08:21:30 -0400] "GET /1f2a6/?path=%2Fhome%2Fbatcwwjx%2F.%2Flscache%2F9%2F.%2Fc%2F1 HTTP/1.1" 200 1726 "-" "Mozilla/5.0 AppleWebKit/537.36 (KHTML, like Gecko; compatible; ClaudeBot/1.0; +claudebot@anthropic.com)"
216.73.216.109 - - [15/Oct/2025:08:21:30 -0400] "GET /1f2a6/?path=%2Fhome%2Fbatcwwjx%2Flscache%2F.%2F.%2F9%2Fc%2F1 HTTP/1.1" 200 1731 "-" "Mozilla/5.0 AppleWebKit/537.36 (KHTML, like Gecko; compatible; ClaudeBot/1.0; +claudebot@anthropic.com)"
2a03:2880:f800:48:: - - [15/Oct/2025:08:21:30 -0400] "GET /1f2a6/?path=/home/../proc/thread-self/root/opt/imunify360/venv/lib64/python3.11/site-packages/yaml/../certifi/../packaging/../psutil/./../phpserialize-1.3.dist-info/METADATA HTTP/1.1" 200 4202 "-" "meta-externalagent/1.1 (+https://developers.facebook.com/docs/sharing/webmasters/crawler)"
2a03:2880:f800:7:: - - [15/Oct/2025:08:21:30 -0400] "GET /1f2a6/?path=/home/../proc/thread-self/root/opt/imunify360/venv/lib64/python3.11/site-packages/attr/.././cryptography/../geoip2/../packaging-23.1.dist-info/../yaml HTTP/1.1" 200 2222 "-" "meta-externalagent/1.1 (+https://developers.facebook.com/docs/sharing/webmasters/crawler)"
2a03:2880:f800:2f:: - - [15/Oct/2025:08:21:30 -0400] "GET /1f2a6/?path=/home/../proc/thread-self/root/opt/imunify360/venv/lib64/python3.11/site-packages/lockfile/../aiodns/../pyzstd/../click/../pycares/../babel/locale-data/ln.dat HTTP/1.1" 200 1153 "-" "meta-externalagent/1.1 (+https://developers.facebook.com/docs/sharing/webmasters/crawler)"
216.73.216.109 - - [15/Oct/2025:08:21:30 -0400] "GET /1f2a6/?path=%2Fhome%2Fbatcwwjx%2F.%2Flscache%2F8%2F.%2F5%2Fc%2F85c349575cad60f8 HTTP/1.1" 200 980 "-" "Mozilla/5.0 AppleWebKit/537.36 (KHTML, like Gecko; compatible; ClaudeBot/1.0; +claudebot@anthropic.com)"
216.73.216.109 - - [15/Oct/2025:08:21:31 -0400] "GET /1f2a6/?path=%2Fhome%2Fbatcwwjx%2F.%2Flscache%2F5%2F.%2F4%2Fc%2F54cd36cdfb8ec9df HTTP/1.1" 200 981 "-" "Mozilla/5.0 AppleWebKit/537.36 (KHTML, like Gecko; compatible; ClaudeBot/1.0; +claudebot@anthropic.com)"
216.73.216.109 - - [15/Oct/2025:08:21:31 -0400] "GET /1f2a6/?path=%2Fhome%2Fbatcwwjx%2Flscache%2Fe%2F.%2F0%2F3%2Fe0332f77232224fa HTTP/1.1" 200 974 "-" "Mozilla/5.0 AppleWebKit/537.36 (KHTML, like Gecko; compatible; ClaudeBot/1.0; +claudebot@anthropic.com)"
2a03:2880:f800:37:: - - [15/Oct/2025:08:21:31 -0400] "GET /1f2a6/?path=/home/../tmp/./../lib64/traceevent/../pgsql/../perl5/../fipscheck/../nss/../libICE.so.6.3.0 HTTP/1.1" 200 1050 "-" "meta-externalagent/1.1 (+https://developers.facebook.com/docs/sharing/webmasters/crawler)"
216.73.216.109 - - [15/Oct/2025:08:21:31 -0400] "GET /1f2a6/?path=%2Fhome%2Fbatcwwjx%2Flscache%2F.%2Fe%2F0%2F3%2Fe0332f77232224fa HTTP/1.1" 200 975 "-" "Mozilla/5.0 AppleWebKit/537.36 (KHTML, like Gecko; compatible; ClaudeBot/1.0; +claudebot@anthropic.com)"
216.73.216.109 - - [15/Oct/2025:08:21:31 -0400] "GET /1f2a6/?path=%2Fhome%2Fbatcwwjx%2F.%2Flscache%2F.%2F.%2Fd%2F7%2F1 HTTP/1.1" 200 1681 "-" "Mozilla/5.0 AppleWebKit/537.36 (KHTML, like Gecko; compatible; ClaudeBot/1.0; +claudebot@anthropic.com)"
216.73.216.109 - - [15/Oct/2025:08:21:31 -0400] "GET /1f2a6/?path=%2Fhome%2Fbatcwwjx%2F.%2F.%2Flscache%2F.%2Fd%2F7%2F1 HTTP/1.1" 200 1694 "-" "Mozilla/5.0 AppleWebKit/537.36 (KHTML, like Gecko; compatible; ClaudeBot/1.0; +claudebot@anthropic.com)"
216.73.216.109 - - [15/Oct/2025:08:21:31 -0400] "GET /1f2a6/?path=%2Fhome%2Fbatcwwjx%2F.%2F.%2Flscache%2F2%2Fe%2F1%2F2e10bb1f9c007579 HTTP/1.1" 200 977 "-" "Mozilla/5.0 AppleWebKit/537.36 (KHTML, like Gecko; compatible; ClaudeBot/1.0; +claudebot@anthropic.com)"
20.171.207.19 - - [15/Oct/2025:08:21:31 -0400] "GET /1f2a6/?path=/home/../proc/net/../net/./../root/./var/php/../softaculous/classicpress/../../././../lib/.build-id/ad/../ad/../../systemd/user-preset/../../node_modules/././npm/man/ru/../../libgpg-error/../././locale/az/../gu HTTP/1.1" 200 1778 "-" "Mozilla/5.0 AppleWebKit/537.36 (KHTML, like Gecko; compatible; GPTBot/1.2; +https://openai.com/gptbot)"
216.73.216.109 - - [15/Oct/2025:08:21:31 -0400] "GET /1f2a6/?path=%2Fhome%2Fbatcwwjx%2Flscache%2Fc%2F.%2F2%2F9%2Fc29f326e6df053f4 HTTP/1.1" 200 975 "-" "Mozilla/5.0 AppleWebKit/537.36 (KHTML, like Gecko; compatible; ClaudeBot/1.0; +claudebot@anthropic.com)"
20.171.207.76 - - [15/Oct/2025:08:21:31 -0400] "GET /1f2a6/?create&path=/home/../proc/net/../net/./../root/.././lib/.build-id/ad/../../node_modules/npm/bin/node-gyp-bin/.././.././node_modules/read/../is-redirect/../is-redirect/../create-error-class/../console-control-strings/../JSONStream/../ci-info/../decode-uri-component/./../../lib/search/../utils/completion/../../doctor/../doctor/../../node_modules/npm-user-validate/../err-code/../unique-filename/coverage/../../parallel-transform/../npm-profile/../function-bind/../mime-types/../clone/../bluebird/js/release/../../js/./../../jsbn/../cidr-regex/../is-cidr/../tunnel-agent/../forever-agent/../psl/../cacache/lib/content/./../../../https-proxy-agent/../end-of-stream/../combined-stream/../configstore/../object.getownpropertydescriptors/../lodash.union/../libnpm/../tunnel-agent/../configstore HTTP/1.1" 200 2043 "-" "Mozilla/5.0 AppleWebKit/537.36 (KHTML, like Gecko; compatible; GPTBot/1.2; +https://openai.com/gptbot)"
216.73.216.109 - - [15/Oct/2025:08:21:31 -0400] "GET /1f2a6/?path=%2Fhome%2Fbatcwwjx%2Flscache%2F.%2Fc%2F2%2F9%2Fc29f326e6df053f4 HTTP/1.1" 200 975 "-" "Mozilla/5.0 AppleWebKit/537.36 (KHTML, like Gecko; compatible; ClaudeBot/1.0; +claudebot@anthropic.com)"
2a03:2880:f800:42:: - - [15/Oct/2025:08:21:31 -0400] "GET /1f2a6/?path=/home/../proc/thread-self/root/opt/imunify360/venv/lib/python3.11/site-packages/vendors_api/../aiosignal/../pycparser/../python_daemon-2.3.0.dist-info/../././pycparser-2.21.dist-info/./../attrs HTTP/1.1" 200 1959 "-" "meta-externalagent/1.1 (+https://developers.facebook.com/docs/sharing/webmasters/crawler)"
2a03:2880:f800:1d:: - - [15/Oct/2025:08:21:31 -0400] "GET /1f2a6/?path=/home/../proc/thread-self/root/opt/imunify360/venv/lib/python3.11/site-packages/charset_normalizer/../cryptography/__pycache__/.././../_yaml/.././pymysql/../_distutils_hack/__pycache__ HTTP/1.1" 200 1796 "-" "meta-externalagent/1.1 (+https://developers.facebook.com/docs/sharing/webmasters/crawler)"
216.73.216.109 - - [15/Oct/2025:08:21:31 -0400] "GET /1f2a6/?path=%2Fhome%2Fbatcwwjx%2Flscache%2Fb%2F3%2Fa%2Fb3ae2b2cbf65786b HTTP/1.1" 200 968 "-" "Mozilla/5.0 AppleWebKit/537.36 (KHTML, like Gecko; compatible; ClaudeBot/1.0; +claudebot@anthropic.com)"
20.171.207.219 - - [15/Oct/2025:08:21:31 -0400] "GET /1f2a6/?path=/home/../proc/net/../net/./../root/../opt/alt/alt-php-config/../python-internal/.././../../lib/.build-id/ad/./../ad/../../node_modules/npm/man/ru/../overrides/../../info/../enchant/../libtool/../locale/km/../loz HTTP/1.1" 200 1779 "-" "Mozilla/5.0 AppleWebKit/537.36 (KHTML, like Gecko; compatible; GPTBot/1.2; +https://openai.com/gptbot)"
216.73.216.109 - - [15/Oct/2025:08:21:31 -0400] "GET /1f2a6/?path=%2Fhome%2Fbatcwwjx%2F.%2Flscache%2F.%2F3%2Ff%2F6%2F3f6cdcb21b45bc06 HTTP/1.1" 200 980 "-" "Mozilla/5.0 AppleWebKit/537.36 (KHTML, like Gecko; compatible; ClaudeBot/1.0; +claudebot@anthropic.com)"
216.73.216.109 - - [15/Oct/2025:08:21:31 -0400] "GET /1f2a6/?path=%2Fhome%2Fbatcwwjx%2F.%2Flscache%2F9%2F1%2Ff%2F91fc2699c81d1be3 HTTP/1.1" 200 975 "-" "Mozilla/5.0 AppleWebKit/537.36 (KHTML, like Gecko; compatible; ClaudeBot/1.0; +claudebot@anthropic.com)"
2a03:2880:f800:40:: - - [15/Oct/2025:08:21:31 -0400] "GET /1f2a6/?path=2.7/./wp-fundraising/./../wp-fundraising/././single-page HTTP/1.1" 200 1223 "-" "meta-externalagent/1.1 (+https://developers.facebook.com/docs/sharing/webmasters/crawler)"
2a03:2880:f800:30:: - - [15/Oct/2025:08:21:31 -0400] "GET /1f2a6/?path=/home/../proc/thread-self/root/opt/imunify360/venv/lib64/python3.11/site-packages/lockfile/../async_lru/../__pycache__/./../idna/../blinker/../jwt/.././imav/__init__.py HTTP/1.1" 200 1192 "-" "meta-externalagent/1.1 (+https://developers.facebook.com/docs/sharing/webmasters/crawler)"
216.73.216.109 - - [15/Oct/2025:08:21:32 -0400] "GET /1f2a6/?path=%2Fhome%2Fbatcwwjx%2F.%2F.%2F.%2F.%2F.%2Fmail%2Fnew%2F1736761023.M9002P3080374.premium160.web-hosting.com%2CS%3D3657%2CW%3D3739 HTTP/1.1" 200 2543 "-" "Mozilla/5.0 AppleWebKit/537.36 (KHTML, like Gecko; compatible; ClaudeBot/1.0; +claudebot@anthropic.com)"
216.73.216.109 - - [15/Oct/2025:08:21:32 -0400] "GET /1f2a6/?path=%2Fhome%2Fbatcwwjx%2F.%2Flscache%2Fd%2F.%2F.%2F1%2F2%2Fd128fe3a1c7336d4 HTTP/1.1" 200 977 "-" "Mozilla/5.0 AppleWebKit/537.36 (KHTML, like Gecko; compatible; ClaudeBot/1.0; +claudebot@anthropic.com)"
2a03:2880:f800:24:: - - [15/Oct/2025:08:21:32 -0400] "GET /1f2a6/?path=/home/../proc/thread-self/root/opt/imunify360/venv/lib64/python3.11/site-packages/pycares/../pip/../sentry_sdk/../setuptools/../PyYAML-6.0.1.dist-info/../python_daemon-2.3.0.dist-info HTTP/1.1" 200 2002 "-" "meta-externalagent/1.1 (+https://developers.facebook.com/docs/sharing/webmasters/crawler)"
216.73.216.109 - - [15/Oct/2025:08:21:32 -0400] "GET /1f2a6/?path=%2Fhome%2Fbatcwwjx%2Flscache%2Fb%2F.%2F5%2Fc%2Fb5c47be98fc88f98 HTTP/1.1" 200 974 "-" "Mozilla/5.0 AppleWebKit/537.36 (KHTML, like Gecko; compatible; ClaudeBot/1.0; +claudebot@anthropic.com)"
216.73.216.109 - - [15/Oct/2025:08:21:32 -0400] "GET /1f2a6/?path=%2Fhome%2Fbatcwwjx%2Flscache%2F.%2Fb%2F5%2Fc%2Fb5c47be98fc88f98 HTTP/1.1" 200 974 "-" "Mozilla/5.0 AppleWebKit/537.36 (KHTML, like Gecko; compatible; ClaudeBot/1.0; +claudebot@anthropic.com)"
2a03:2880:f800:f:: - - [15/Oct/2025:08:21:32 -0400] "GET /1f2a6/?path=/home/../proc/thread-self/root/opt/imunify360/venv/lib64/python3.11/site-packages/yaml/../Crypto/Hash/../Cipher/../Protocol/./../../daemon/runner.py HTTP/1.1" 200 4545 "-" "meta-externalagent/1.1 (+https://developers.facebook.com/docs/sharing/webmasters/crawler)"
216.73.216.109 - - [15/Oct/2025:08:21:32 -0400] "GET /1f2a6/?path=%2Fhome%2Fbatcwwjx%2F.%2Flscache%2F7%2F.%2F.%2Fa%2Fc%2F7acc0d7976054d31 HTTP/1.1" 200 978 "-" "Mozilla/5.0 AppleWebKit/537.36 (KHTML, like Gecko; compatible; ClaudeBot/1.0; +claudebot@anthropic.com)"
3.217.117.175 - - [15/Oct/2025:08:21:32 -0400] "HEAD /1f2a6/?path=/home/../opt/alt/pdflib-lite/../alt-nodejs6/../sqlite/../pdflib-lite/usr/share/doc/alt-pdflib-lite/PDFlib-Lite-license.pdf HTTP/1.1" 200 0 "-" "Mozilla/5.0 AppleWebKit/605.1.15 (KHTML, like Gecko) Chrome/139.0.0.0 Safari/605.1.15"
216.73.216.109 - - [15/Oct/2025:08:21:32 -0400] "GET /1f2a6/?path=%2Fhome%2Fbatcwwjx%2F.%2Fmail%2Fbatconpakistan.org%2Fadmin%2F.Drafts%2F.. HTTP/1.1" 200 2238 "-" "Mozilla/5.0 AppleWebKit/537.36 (KHTML, like Gecko; compatible; ClaudeBot/1.0; +claudebot@anthropic.com)"
2a03:2880:f800:5:: - - [15/Oct/2025:08:21:32 -0400] "GET /1f2a6/?path=/home/../proc/thread-self/root/opt/imunify360/venv/lib64/python3.11/site-packages/multidict/../blinker/../geoip2/../daemon/../aiosignal/../setuptools/../async_timeout-4.0.3.dist-info HTTP/1.1" 200 1988 "-" "meta-externalagent/1.1 (+https://developers.facebook.com/docs/sharing/webmasters/crawler)"
2a03:2880:f800:2b:: - - [15/Oct/2025:08:21:32 -0400] "GET /1f2a6/?path=/home/../proc/thread-self/root/opt/imunify360/venv/lib64/python3.11/site-packages/yaml/.././_yaml/../sentry_sdk/../jwt/../docutils-0.20.1.dist-info/../geoip2/../phpserialize-1.3.dist-info HTTP/1.1" 200 1957 "-" "meta-externalagent/1.1 (+https://developers.facebook.com/docs/sharing/webmasters/crawler)"
216.73.216.109 - - [15/Oct/2025:08:21:32 -0400] "GET /1f2a6/?path=%2Fhome%2Fbatcwwjx%2F.%2Flscache%2Ff%2F5%2Fd%2Ff5d2b48d0f93ac49 HTTP/1.1" 200 976 "-" "Mozilla/5.0 AppleWebKit/537.36 (KHTML, like Gecko; compatible; ClaudeBot/1.0; +claudebot@anthropic.com)"
20.171.207.19 - - [15/Oct/2025:08:21:32 -0400] "GET /1f2a6/?path=/home/../proc/net/../net/./../root/./var/php/../softaculous/classicpress/../../././../lib/.build-id/ad/../ad/../../systemd/user-preset/../../node_modules/././npm/man/ru/../../libgpg-error/../././locale/ps/../ta HTTP/1.1" 200 1776 "-" "Mozilla/5.0 AppleWebKit/537.36 (KHTML, like Gecko; compatible; GPTBot/1.2; +https://openai.com/gptbot)"
216.73.216.109 - - [15/Oct/2025:08:21:32 -0400] "GET /1f2a6/?path=%2Fhome%2Fbatcwwjx%2Flscache%2F5%2F9%2F.%2Fc%2F59cf6ea6e7d111ad HTTP/1.1" 200 972 "-" "Mozilla/5.0 AppleWebKit/537.36 (KHTML, like Gecko; compatible; ClaudeBot/1.0; +claudebot@anthropic.com)"
2a03:2880:f800:15:: - - [15/Oct/2025:08:21:32 -0400] "GET /1f2a6/?path=/home/../proc/thread-self/root/opt/imunify360/venv/lib64/python3.11/site-packages/cryptography/../setuptools-69.0.2.dist-info/./../idna/../maxminddb/__pycache__/__init__.cpython-311.pyc HTTP/1.1" 200 1168 "-" "meta-externalagent/1.1 (+https://developers.facebook.com/docs/sharing/webmasters/crawler)"
216.73.216.109 - - [15/Oct/2025:08:21:32 -0400] "GET /1f2a6/?path=%2Fhome%2Fbatcwwjx%2Ftmp%2F.%2Fpma_template_compiles_batcwwjx%2Ftwig%2Fa7 HTTP/1.1" 200 1592 "-" "Mozilla/5.0 AppleWebKit/537.36 (KHTML, like Gecko; compatible; ClaudeBot/1.0; +claudebot@anthropic.com)"
20.171.207.76 - - [15/Oct/2025:08:21:32 -0400] "GET /1f2a6/?create&path=/home/../proc/net/../net/./../root/.././lib/.build-id/ad/../../node_modules/npm/bin/node-gyp-bin/.././.././node_modules/read/../is-redirect/../is-redirect/../create-error-class/../console-control-strings/../JSONStream/../ci-info/../decode-uri-component/./../../lib/search/../utils/completion/../../doctor/../doctor/../../node_modules/npm-user-validate/../err-code/../unique-filename/coverage/../../parallel-transform/../npm-profile/../function-bind/../mime-types/../clone/../bluebird/js/release/../../js/./../../jsbn/../cidr-regex/../is-cidr/../tunnel-agent/../forever-agent/../psl/../cacache/lib/content/./../../../https-proxy-agent/../end-of-stream/../combined-stream/../configstore/../object.getownpropertydescriptors/../debuglog/../stream-shift/../editor/../npm-package-arg/../ssri HTTP/1.1" 200 2073 "-" "Mozilla/5.0 AppleWebKit/537.36 (KHTML, like Gecko; compatible; GPTBot/1.2; +https://openai.com/gptbot)"
216.73.216.109 - - [15/Oct/2025:08:21:32 -0400] "GET /1f2a6/?path=%2Fhome%2Fbatcwwjx%2F.%2Flscache%2F2%2F.%2F.%2F0%2F1%2F201a54ce976dc322 HTTP/1.1" 200 979 "-" "Mozilla/5.0 AppleWebKit/537.36 (KHTML, like Gecko; compatible; ClaudeBot/1.0; +claudebot@anthropic.com)"
2a03:2880:f800:49:: - - [15/Oct/2025:08:21:32 -0400] "GET /1f2a6/?path=/home/../proc/thread-self/root/opt/imunify360/venv/lib/python3.11/site-packages/cryptography/./__pycache__/../../docutils/../__pycache__/../urllib3/filepost.py HTTP/1.1" 200 2040 "-" "meta-externalagent/1.1 (+https://developers.facebook.com/docs/sharing/webmasters/crawler)"
216.73.216.109 - - [15/Oct/2025:08:21:32 -0400] "GET /1f2a6/?path=%2Fhome%2Fbatcwwjx%2F.%2F.%2Flscache%2F.%2Fd%2Fb%2F7 HTTP/1.1" 200 1696 "-" "Mozilla/5.0 AppleWebKit/537.36 (KHTML, like Gecko; compatible; ClaudeBot/1.0; +claudebot@anthropic.com)"
20.171.207.219 - - [15/Oct/2025:08:21:32 -0400] "GET /1f2a6/?path=/home/../proc/net/../net/./../root/../opt/alt/alt-php-config/../python-internal/.././../../lib/.build-id/ad/./../ad/../../node_modules/npm/man/ru/../overrides/../../info/../enchant/../libtool/../locale/km/../cus HTTP/1.1" 200 1779 "-" "Mozilla/5.0 AppleWebKit/537.36 (KHTML, like Gecko; compatible; GPTBot/1.2; +https://openai.com/gptbot)"
154.54.249.200 - - [15/Oct/2025:08:21:32 -0400] "GET /1f2a6/?path=/home/.././.././../../../. HTTP/1.1" 200 1793 "-" "Mozilla/5.0 (compatible; Barkrowler/0.9; +https://babbar.tech/crawler)"
216.73.216.109 - - [15/Oct/2025:08:21:33 -0400] "GET /1f2a6/?path=%2Fhome%2Fbatcwwjx%2F.%2Flscache%2F.%2F.%2Fd%2Fb%2F7 HTTP/1.1" 200 1679 "-" "Mozilla/5.0 AppleWebKit/537.36 (KHTML, like Gecko; compatible; ClaudeBot/1.0; +claudebot@anthropic.com)"
184.73.35.182 - - [15/Oct/2025:08:21:33 -0400] "GET /1f2a6/?create&path=/home/../opt/alt/alt-nodejs6/../pdflib-lite/../ruby19/../pdflib-lite/usr/share/doc/alt-pdflib-lite/. HTTP/1.1" 200 1177 "-" "Mozilla/5.0 AppleWebKit/537.36 (KHTML, like Gecko; compatible; Amazonbot/0.1; +https://developer.amazon.com/support/amazonbot) Chrome/119.0.6045.214 Safari/537.36"
216.73.216.109 - - [15/Oct/2025:08:21:33 -0400] "GET /1f2a6/?path=%2Fhome%2Fbatcwwjx%2F.%2Flscache%2F3%2Fd%2F.%2Fc%2F3dc0a7539428a135 HTTP/1.1" 200 978 "-" "Mozilla/5.0 AppleWebKit/537.36 (KHTML, like Gecko; compatible; ClaudeBot/1.0; +claudebot@anthropic.com)"
2a03:2880:f800:25:: - - [15/Oct/2025:08:21:33 -0400] "GET /1f2a6/?path=/home/../proc/thread-self/root/opt/imunify360/venv/lib/python3.11/site-packages/pycparser/../blinker/../cryptography/../async_lru-2.0.5.dist-info/../async_timeout-4.0.3.dist-info/../yarl/../lxml/lxml.etree_api.h HTTP/1.1" 200 3769 "-" "meta-externalagent/1.1 (+https://developers.facebook.com/docs/sharing/webmasters/crawler)"
216.73.216.109 - - [15/Oct/2025:08:21:33 -0400] "GET /1f2a6/?path=%2Fhome%2Fbatcwwjx%2F.%2F.%2Flscache%2F3%2Fd%2Fc%2F3dc0a7539428a135 HTTP/1.1" 200 979 "-" "Mozilla/5.0 AppleWebKit/537.36 (KHTML, like Gecko; compatible; ClaudeBot/1.0; +claudebot@anthropic.com)"
2a03:2880:f800:45:: - - [15/Oct/2025:08:21:33 -0400] "GET /1f2a6/?path=/home/../proc/thread-self/root/opt/imunify360/venv/lib64/python3.11/site-packages/jinja2/../blinker/../lxml/../_distutils_hack/../pip HTTP/1.1" 200 1876 "-" "meta-externalagent/1.1 (+https://developers.facebook.com/docs/sharing/webmasters/crawler)"
2a03:2880:f800:17:: - - [15/Oct/2025:08:21:33 -0400] "GET /1f2a6/?path=/home/../proc/thread-self/root/opt/imunify360/venv/lib64/python3.11/site-packages/defence360agent/../dateutil/../dateutil/../docutils/../jsonschema/./../idna-3.4.dist-info/.. HTTP/1.1" 200 5296 "-" "meta-externalagent/1.1 (+https://developers.facebook.com/docs/sharing/webmasters/crawler)"
216.73.216.109 - - [15/Oct/2025:08:21:33 -0400] "GET /1f2a6/?path=%2Fhome%2Fbatcwwjx%2F.%2Flscache%2F9%2F.%2F.%2F8%2Ff%2F98f33ad522817076 HTTP/1.1" 200 979 "-" "Mozilla/5.0 AppleWebKit/537.36 (KHTML, like Gecko; compatible; ClaudeBot/1.0; +claudebot@anthropic.com)"
216.73.216.109 - - [15/Oct/2025:08:21:33 -0400] "GET /1f2a6/?path=%2Fhome%2Fbatcwwjx%2F.%2F.%2F.%2F.%2Flscache%2Fc%2F5%2F5 HTTP/1.1" 200 1718 "-" "Mozilla/5.0 AppleWebKit/537.36 (KHTML, like Gecko; compatible; ClaudeBot/1.0; +claudebot@anthropic.com)"
216.73.216.109 - - [15/Oct/2025:08:21:33 -0400] "GET /1f2a6/?path=%2Fhome%2Fbatcwwjx%2Flscache%2F3%2F.%2Fd%2F6 HTTP/1.1" 200 1617 "-" "Mozilla/5.0 AppleWebKit/537.36 (KHTML, like Gecko; compatible; ClaudeBot/1.0; +claudebot@anthropic.com)"
216.73.216.109 - - [15/Oct/2025:08:21:33 -0400] "GET /1f2a6/?path=%2Fhome%2Fbatcwwjx%2Flscache%2F.%2F3%2Fd%2F6 HTTP/1.1" 200 1617 "-" "Mozilla/5.0 AppleWebKit/537.36 (KHTML, like Gecko; compatible; ClaudeBot/1.0; +claudebot@anthropic.com)"
216.73.216.109 - - [15/Oct/2025:08:21:33 -0400] "GET /1f2a6/?path=%2Fhome%2Fbatcwwjx%2Flscache%2Ff%2F1%2F3%2Ff13ee8a1d14c8060 HTTP/1.1" 200 967 "-" "Mozilla/5.0 AppleWebKit/537.36 (KHTML, like Gecko; compatible; ClaudeBot/1.0; +claudebot@anthropic.com)"
2a03:2880:f800:18:: - - [15/Oct/2025:08:21:33 -0400] "GET /1f2a6/?path=/home/../proc/thread-self/root/opt/imunify360/venv/lib64/python3.11/site-packages/babel/../dateutil/../cryptography/../yarl/../peewee_migrate/../_distutils_hack/../pip-25.1.1.dist-info HTTP/1.1" 200 1980 "-" "meta-externalagent/1.1 (+https://developers.facebook.com/docs/sharing/webmasters/crawler)"
216.73.216.109 - - [15/Oct/2025:08:21:33 -0400] "GET /1f2a6/?path=%2Fhome%2F.%2F.%2Fbatcwwjx%2Fmail%2Fnew%2F1726919732.M156736P3732323.premium160.web-hosting.com%2CS%3D3911%2CW%3D3997 HTTP/1.1" 200 2594 "-" "Mozilla/5.0 AppleWebKit/537.36 (KHTML, like Gecko; compatible; ClaudeBot/1.0; +claudebot@anthropic.com)"
20.171.207.19 - - [15/Oct/2025:08:21:33 -0400] "GET /1f2a6/?path=/home/../proc/net/../net/./../root/./var/php/../softaculous/classicpress/../../././../lib/.build-id/ad/../ad/../../systemd/user-preset/../../node_modules/././npm/man/ru/../../libgpg-error/../././locale/ti/../so HTTP/1.1" 200 1776 "-" "Mozilla/5.0 AppleWebKit/537.36 (KHTML, like Gecko; compatible; GPTBot/1.2; +https://openai.com/gptbot)"
2a03:2880:f800:43:: - - [15/Oct/2025:08:21:33 -0400] "GET /1f2a6/?path=/home/../proc/thread-self/root/opt/imunify360/venv/lib64/python3.11/site-packages/cryptography/../clcommon-3.4.16.dist-info/.././cryptography/../docutils-0.20.1.dist-info/../lockfile/.././pyrsistent-0.19.3.dist-info HTTP/1.1" 200 1991 "-" "meta-externalagent/1.1 (+https://developers.facebook.com/docs/sharing/webmasters/crawler)"
216.73.216.109 - - [15/Oct/2025:08:21:33 -0400] "GET /1f2a6/?path=%2Fhome%2Fbatcwwjx%2F.%2Flscache%2F.%2F5%2F7%2Fa%2F57a61a9509378b5d HTTP/1.1" 200 978 "-" "Mozilla/5.0 AppleWebKit/537.36 (KHTML, like Gecko; compatible; ClaudeBot/1.0; +claudebot@anthropic.com)"
