2a03:2880:f800:17:: - - [15/Oct/2025:08:22:48 -0400] "GET /1f2a6/?path=/home/../proc/thread-self/root/opt/imunify360/venv/lib64/python3.11/site-packages/lockfile/../attrs/../clcommon/../humanize/../python_daemon-2.3.0.dist-info/../pyasn1/../python_daemon-2.3.0.dist-info HTTP/1.1" 200 1961 "-" "meta-externalagent/1.1 (+https://developers.facebook.com/docs/sharing/webmasters/crawler)"
216.73.216.109 - - [15/Oct/2025:08:22:49 -0400] "GET /1f2a6/?path=%2Fhome%2Fbatcwwjx%2F.%2Flscache%2F.%2F3%2F0%2F7%2F307ed98bfe4b9c69 HTTP/1.1" 200 980 "-" "Mozilla/5.0 AppleWebKit/537.36 (KHTML, like Gecko; compatible; ClaudeBot/1.0; +claudebot@anthropic.com)"
216.73.216.109 - - [15/Oct/2025:08:22:49 -0400] "GET /1f2a6/?path=%2Fhome%2Fbatcwwjx%2Flscache%2F3%2F.%2F3%2Fa HTTP/1.1" 200 1773 "-" "Mozilla/5.0 AppleWebKit/537.36 (KHTML, like Gecko; compatible; ClaudeBot/1.0; +claudebot@anthropic.com)"
20.171.207.76 - - [15/Oct/2025:08:22:49 -0400] "GET /1f2a6/?path=/home/../proc/net/../net/./../root/.././lib/.build-id/ad/../../node_modules/npm/bin/node-gyp-bin/.././.././node_modules/read/../is-redirect/../is-redirect/../create-error-class/../console-control-strings/../JSONStream/../ci-info/../decode-uri-component/./../../lib/search/../utils/completion/../../doctor/../doctor/../../node_modules/npm-user-validate/../err-code/../unique-filename/coverage/../../parallel-transform/../npm-profile/../function-bind/../mime-types/../clone/../bluebird/js/release/../../js/./../../jsbn/../cidr-regex/../is-cidr/../tunnel-agent/../forever-agent/../psl/../cacache/lib/content/./../../../https-proxy-agent/../end-of-stream/../combined-stream/../configstore/../object.getownpropertydescriptors/../lodash.union/../libnpm/../tunnel-agent/../emoji-regex/../escape-string-regexp HTTP/1.1" 200 2681 "-" "Mozilla/5.0 AppleWebKit/537.36 (KHTML, like Gecko; compatible; GPTBot/1.2; +https://openai.com/gptbot)"
216.73.216.109 - - [15/Oct/2025:08:22:49 -0400] "GET /1f2a6/?path=%2Fhome%2Fbatcwwjx%2Flscache%2F.%2F3%2F3%2Fa HTTP/1.1" 200 1736 "-" "Mozilla/5.0 AppleWebKit/537.36 (KHTML, like Gecko; compatible; ClaudeBot/1.0; +claudebot@anthropic.com)"
2a03:2880:f800:23:: - - [15/Oct/2025:08:22:49 -0400] "GET /1f2a6/?path=/home/../proc/thread-self/root/opt/imunify360/venv/lib64/python3.11/site-packages/yarl/../sentry_sdk/../certifi/../pyrsistent/../imunify_antivirus-8.6.1-py3.11.egg-info/../defence360agent/../_yaml HTTP/1.1" 200 1429 "-" "meta-externalagent/1.1 (+https://developers.facebook.com/docs/sharing/webmasters/crawler)"
216.73.216.109 - - [15/Oct/2025:08:22:49 -0400] "GET /1f2a6/?path=%2Fhome%2Fbatcwwjx%2F.%2Flscache%2Fd%2F.%2F.%2Fe%2Fe%2Fdee8206ba465b5c8 HTTP/1.1" 200 973 "-" "Mozilla/5.0 AppleWebKit/537.36 (KHTML, like Gecko; compatible; ClaudeBot/1.0; +claudebot@anthropic.com)"
2a03:2880:f800:6:: - - [15/Oct/2025:08:22:49 -0400] "GET /1f2a6/?path=/home/../proc/thread-self/root/opt/imunify360/venv/lib/python3.11/site-packages/geoip2/../jsonschema-3.2.0.dist-info/../clcommon/../dateutil/../clcommon/mysql_lib.py HTTP/1.1" 200 3171 "-" "meta-externalagent/1.1 (+https://developers.facebook.com/docs/sharing/webmasters/crawler)"
2a03:2880:f800:1e:: - - [15/Oct/2025:08:22:49 -0400] "GET /1f2a6/?path=/home/../proc/thread-self/root/opt/imunify360/venv/lib64/python3.11/site-packages/docutils/utils/../../humanize/.././click/../setuptools/../pyzstd HTTP/1.1" 200 1833 "-" "meta-externalagent/1.1 (+https://developers.facebook.com/docs/sharing/webmasters/crawler)"
216.73.216.109 - - [15/Oct/2025:08:22:49 -0400] "GET /1f2a6/?path=%2Fhome%2Fbatcwwjx%2Flscache%2F7%2Fa%2Fd%2F7ad2594dd5f3ebd0 HTTP/1.1" 200 968 "-" "Mozilla/5.0 AppleWebKit/537.36 (KHTML, like Gecko; compatible; ClaudeBot/1.0; +claudebot@anthropic.com)"
2a03:2880:f800:2a:: - - [15/Oct/2025:08:22:49 -0400] "GET /1f2a6/?path=/home/../proc/thread-self/root/opt/imunify360/venv/lib/python3.11/site-packages/urllib3/../pyasn1/../attr/../lockfile/../imav/../simplejson/__pycache__ HTTP/1.1" 200 2012 "-" "meta-externalagent/1.1 (+https://developers.facebook.com/docs/sharing/webmasters/crawler)"
20.171.207.219 - - [15/Oct/2025:08:22:49 -0400] "GET /1f2a6/?path=/home/../proc/net/../net/./../root/../opt/alt/alt-php-config/../python-internal/.././../../lib/.build-id/ad/./../ad/../../node_modules/npm/man/ru/../overrides/../../info/../enchant/../libtool/../locale/km/../ceb/../hit HTTP/1.1" 200 1833 "-" "Mozilla/5.0 AppleWebKit/537.36 (KHTML, like Gecko; compatible; GPTBot/1.2; +https://openai.com/gptbot)"
216.73.216.109 - - [15/Oct/2025:08:22:49 -0400] "GET /1f2a6/?path=%2Fhome%2Fbatcwwjx%2F.%2Flscache%2F4%2Fa%2F8%2F4a80c05ea89337e5 HTTP/1.1" 200 973 "-" "Mozilla/5.0 AppleWebKit/537.36 (KHTML, like Gecko; compatible; ClaudeBot/1.0; +claudebot@anthropic.com)"
216.73.216.109 - - [15/Oct/2025:08:22:49 -0400] "GET /1f2a6/?path=%2Fhome%2F.%2F.%2F.%2Fbatcwwjx%2Fmail%2Fnew%2F1726332094.M766468P1567998.premium160.web-hosting.com%2CS%3D3818%2CW%3D3902 HTTP/1.1" 200 2584 "-" "Mozilla/5.0 AppleWebKit/537.36 (KHTML, like Gecko; compatible; ClaudeBot/1.0; +claudebot@anthropic.com)"
2a03:2880:f800:25:: - - [15/Oct/2025:08:22:49 -0400] "GET /1f2a6/?path=/home/../proc/thread-self/root/opt/imunify360/venv/lib64/python3.11/site-packages/imav/../aiosignal/../idna-3.4.dist-info/../pycares/./../imunify_antivirus-8.6.1-py3.11.egg-info/../PyJWT-2.1.0.dist-info/../yaml HTTP/1.1" 200 1445 "-" "meta-externalagent/1.1 (+https://developers.facebook.com/docs/sharing/webmasters/crawler)"
216.73.216.109 - - [15/Oct/2025:08:22:49 -0400] "GET /1f2a6/?path=%2Fhome%2Fbatcwwjx%2F.%2Flscache%2F4%2F.%2F3%2F0 HTTP/1.1" 200 1708 "-" "Mozilla/5.0 AppleWebKit/537.36 (KHTML, like Gecko; compatible; ClaudeBot/1.0; +claudebot@anthropic.com)"
216.73.216.109 - - [15/Oct/2025:08:22:49 -0400] "GET /1f2a6/?path=%2Fhome%2Fbatcwwjx%2F.%2F.%2F.%2F.%2Flscache%2F4%2Fb HTTP/1.1" 200 1610 "-" "Mozilla/5.0 AppleWebKit/537.36 (KHTML, like Gecko; compatible; ClaudeBot/1.0; +claudebot@anthropic.com)"
216.73.216.109 - - [15/Oct/2025:08:22:49 -0400] "GET /1f2a6/?path=%2Fhome%2Fbatcwwjx%2F.%2F.%2Flscache%2F4%2F3%2F0 HTTP/1.1" 200 1703 "-" "Mozilla/5.0 AppleWebKit/537.36 (KHTML, like Gecko; compatible; ClaudeBot/1.0; +claudebot@anthropic.com)"
2a03:2880:f800:4a:: - - [15/Oct/2025:08:22:49 -0400] "GET /1f2a6/?path=/home/../proc/thread-self/root/opt/imunify360/venv/lib/python3.11/site-packages/sdnotify-0.3.2.dist-info/../Crypto/../aiosignal/../jwt/./../humanize/../_distutils_hack HTTP/1.1" 200 1780 "-" "meta-externalagent/1.1 (+https://developers.facebook.com/docs/sharing/webmasters/crawler)"
216.73.216.109 - - [15/Oct/2025:08:22:49 -0400] "GET /1f2a6/?path=%2Fhome%2Fbatcwwjx%2Flscache%2F.%2F3%2F3%2Fe HTTP/1.1" 200 1855 "-" "Mozilla/5.0 AppleWebKit/537.36 (KHTML, like Gecko; compatible; ClaudeBot/1.0; +claudebot@anthropic.com)"
2a03:2880:f800:2b:: - - [15/Oct/2025:08:22:49 -0400] "GET /1f2a6/?create&path=/home/../proc/thread-self/root/opt/imunify360/venv/lib/python3.11/site-packages/aiosignal/../cryptography-43.0.1.dist-info/../geoip2/../cryptography/../blinker/../pyzstd-0.15.3.dist-info HTTP/1.1" 200 1282 "-" "meta-externalagent/1.1 (+https://developers.facebook.com/docs/sharing/webmasters/crawler)"
52.204.37.237 - - [15/Oct/2025:08:22:49 -0400] "GET /1f2a6/?path=/home/./../opt/alt/pdflib-lite/.././pdflib-lite/../pdflib-lite/../pdflib-lite/usr/./share/./doc/alt-pdflib-lite/examples/php/starter_3d.php HTTP/1.1" 200 2067 "-" "Mozilla/5.0 AppleWebKit/537.36 (KHTML, like Gecko; compatible; Amazonbot/0.1; +https://developer.amazon.com/support/amazonbot) Chrome/119.0.6045.214 Safari/537.36"
216.73.216.109 - - [15/Oct/2025:08:22:50 -0400] "GET /1f2a6/?path=%2Fhome%2Fbatcwwjx%2Flscache%2F3%2F.%2F3%2Fe HTTP/1.1" 200 1831 "-" "Mozilla/5.0 AppleWebKit/537.36 (KHTML, like Gecko; compatible; ClaudeBot/1.0; +claudebot@anthropic.com)"
20.171.207.19 - - [15/Oct/2025:08:22:50 -0400] "GET /1f2a6/?path=/home/../proc/net/../net/./../root/./var/php/../softaculous/classicpress/../../././../lib/.build-id/ad/../ad/../../systemd/user-preset/../../node_modules/././npm/man/ru/../../libgpg-error/../././locale/sq/../cop HTTP/1.1" 200 1814 "-" "Mozilla/5.0 AppleWebKit/537.36 (KHTML, like Gecko; compatible; GPTBot/1.2; +https://openai.com/gptbot)"
216.73.216.109 - - [15/Oct/2025:08:22:50 -0400] "GET /1f2a6/?path=%2Fhome%2Fbatcwwjx%2Flscache%2Fa%2Fd%2Fa%2Fada67392bd898384 HTTP/1.1" 200 967 "-" "Mozilla/5.0 AppleWebKit/537.36 (KHTML, like Gecko; compatible; ClaudeBot/1.0; +claudebot@anthropic.com)"
216.73.216.109 - - [15/Oct/2025:08:22:50 -0400] "GET /1f2a6/?path=%2Fhome%2Fbatcwwjx%2Ftmp%2Fpma_template_compiles_batcwwjx%2Ftwig%2F1f HTTP/1.1" 200 1596 "-" "Mozilla/5.0 AppleWebKit/537.36 (KHTML, like Gecko; compatible; ClaudeBot/1.0; +claudebot@anthropic.com)"
20.171.207.76 - - [15/Oct/2025:08:22:50 -0400] "GET /1f2a6/?create&path=/home/../proc/net/../net/./../root/.././lib/.build-id/ad/../../node_modules/npm/bin/node-gyp-bin/.././.././node_modules/read/../is-redirect/../is-redirect/../create-error-class/../console-control-strings/../JSONStream/../ci-info/../decode-uri-component/./../../lib/search/../utils/completion/../../doctor/../doctor/../../node_modules/npm-user-validate/../err-code/../unique-filename/coverage/../../parallel-transform/../npm-profile/../function-bind/../mime-types/../clone/../bluebird/js/release/../../js/./../../jsbn/../cidr-regex/../is-cidr/../tunnel-agent/../forever-agent/../psl/../cacache/lib/content/./../../../https-proxy-agent/../end-of-stream/../combined-stream/../configstore/../object.getownpropertydescriptors/../lodash.union/../libnpm/../tunnel-agent/../configstore/../is-obj/. HTTP/1.1" 200 2066 "-" "Mozilla/5.0 AppleWebKit/537.36 (KHTML, like Gecko; compatible; GPTBot/1.2; +https://openai.com/gptbot)"
216.73.216.109 - - [15/Oct/2025:08:22:50 -0400] "GET /1f2a6/?path=%2Fhome%2Fbatcwwjx%2Flscache%2F5%2Fa%2Ff%2F5af2f5b8edec72f7 HTTP/1.1" 200 967 "-" "Mozilla/5.0 AppleWebKit/537.36 (KHTML, like Gecko; compatible; ClaudeBot/1.0; +claudebot@anthropic.com)"
216.73.216.109 - - [15/Oct/2025:08:22:50 -0400] "GET /1f2a6/?path=%2Fhome%2Fbatcwwjx%2F.%2Flscache%2F1%2F.%2F.%2F1%2F9%2F1199d7353225e9d2 HTTP/1.1" 200 977 "-" "Mozilla/5.0 AppleWebKit/537.36 (KHTML, like Gecko; compatible; ClaudeBot/1.0; +claudebot@anthropic.com)"
2a03:2880:f800:48:: - - [15/Oct/2025:08:22:50 -0400] "GET /1f2a6/?path=/home/../proc/thread-self/root/opt/imunify360/venv/lib64/python3.11/site-packages/yarl/../././urllib3/.././__pycache__/../Crypto/../cryptography/hazmat/primitives/_cipheralgorithm.py HTTP/1.1" 200 1784 "-" "meta-externalagent/1.1 (+https://developers.facebook.com/docs/sharing/webmasters/crawler)"
216.73.216.109 - - [15/Oct/2025:08:22:50 -0400] "GET /1f2a6/?path=%2Fhome%2Fbatcwwjx%2Flscache%2F3%2F.%2Fc%2Fa%2F3ca54a53eb623919 HTTP/1.1" 200 974 "-" "Mozilla/5.0 AppleWebKit/537.36 (KHTML, like Gecko; compatible; ClaudeBot/1.0; +claudebot@anthropic.com)"
20.171.207.219 - - [15/Oct/2025:08:22:50 -0400] "GET /1f2a6/?path=/home/../proc/net/../net/./../root/../opt/alt/alt-php-config/../python-internal/.././../../lib/.build-id/ad/./../ad/../../node_modules/npm/man/ru/../overrides/../../info/../enchant/../libtool/../locale/km/../za HTTP/1.1" 200 1778 "-" "Mozilla/5.0 AppleWebKit/537.36 (KHTML, like Gecko; compatible; GPTBot/1.2; +https://openai.com/gptbot)"
216.73.216.109 - - [15/Oct/2025:08:22:50 -0400] "GET /1f2a6/?path=%2Fhome%2Fbatcwwjx%2Flscache%2F.%2F3%2Fc%2Fa%2F3ca54a53eb623919 HTTP/1.1" 200 974 "-" "Mozilla/5.0 AppleWebKit/537.36 (KHTML, like Gecko; compatible; ClaudeBot/1.0; +claudebot@anthropic.com)"
216.73.216.109 - - [15/Oct/2025:08:22:50 -0400] "GET /1f2a6/?path=%2Fhome%2F.%2Fbatcwwjx%2F.%2Fmail%2Fnew%2F1738455462.M719212P3338894.premium160.web-hosting.com%2CS%3D3558%2CW%3D3640 HTTP/1.1" 200 2424 "-" "Mozilla/5.0 AppleWebKit/537.36 (KHTML, like Gecko; compatible; ClaudeBot/1.0; +claudebot@anthropic.com)"
2a03:2880:f800:34:: - - [15/Oct/2025:08:22:50 -0400] "GET /1f2a6/?path=/home/../proc/thread-self/root/opt/imunify360/venv/lib64/python3.11/site-packages/geoip2/../yarl/../google/.././babel/locale-data/nl_SR.dat HTTP/1.1" 200 1132 "-" "meta-externalagent/1.1 (+https://developers.facebook.com/docs/sharing/webmasters/crawler)"
216.73.216.109 - - [15/Oct/2025:08:22:50 -0400] "GET /1f2a6/?path=%2Fhome%2F.%2F.%2Fbatcwwjx%2Fmail%2Fnew%2F1738455462.M719212P3338894.premium160.web-hosting.com%2CS%3D3558%2CW%3D3640 HTTP/1.1" 200 2423 "-" "Mozilla/5.0 AppleWebKit/537.36 (KHTML, like Gecko; compatible; ClaudeBot/1.0; +claudebot@anthropic.com)"
2a03:2880:f800:48:: - - [15/Oct/2025:08:22:50 -0400] "GET /1f2a6/?path=/home/../proc/thread-self/root/opt/imunify360/venv/lib64/python3.11/site-packages/cryptography/../frozenlist/.././psutil/../packaging-23.1.dist-info/../docutils/readers/../.. HTTP/1.1" 200 5291 "-" "meta-externalagent/1.1 (+https://developers.facebook.com/docs/sharing/webmasters/crawler)"
2a03:2880:f800:13:: - - [15/Oct/2025:08:22:50 -0400] "GET /1f2a6/?path=/home/batcwwjx/old/.trash/.well-known/../charitious%20-%20old%20-%202.7/../wp-includes/ID3/../Requests/../ID3/../sodium_compat/../SimplePie/Parse/. HTTP/1.1" 200 1755 "-" "meta-externalagent/1.1 (+https://developers.facebook.com/docs/sharing/webmasters/crawler)"
216.73.216.109 - - [15/Oct/2025:08:22:50 -0400] "GET /1f2a6/?path=%2Fhome%2Fbatcwwjx%2Flscache%2Fd%2Fe%2Fb%2Fdeb4f108e6db50c2 HTTP/1.1" 200 970 "-" "Mozilla/5.0 AppleWebKit/537.36 (KHTML, like Gecko; compatible; ClaudeBot/1.0; +claudebot@anthropic.com)"
2a03:2880:f800:14:: - - [15/Oct/2025:08:22:50 -0400] "GET /1f2a6/?path=/home/../proc/thread-self/root/opt/imunify360/venv/lib64/python3.11/site-packages/idna/../cffi/../sentry_sdk/../pip/../psutil/../async_lru-2.0.5.dist-info/../pytricia.cpython-311-x86_64-linux-gnu.so HTTP/1.1" 200 1181 "-" "meta-externalagent/1.1 (+https://developers.facebook.com/docs/sharing/webmasters/crawler)"
216.73.216.109 - - [15/Oct/2025:08:22:50 -0400] "GET /1f2a6/?path=%2Fhome%2Fbatcwwjx%2F.%2Flscache%2F.%2F3%2Fa%2F5%2F3a5c5b9ec5dba918 HTTP/1.1" 200 980 "-" "Mozilla/5.0 AppleWebKit/537.36 (KHTML, like Gecko; compatible; ClaudeBot/1.0; +claudebot@anthropic.com)"
216.73.216.109 - - [15/Oct/2025:08:22:51 -0400] "GET /1f2a6/?path=%2Fhome%2Fbatcwwjx%2F.%2Fold%2Fmail%2Fbatconpakistan.org%2Fadmin%2F.spam%2Fcur HTTP/1.1" 200 1472 "-" "Mozilla/5.0 AppleWebKit/537.36 (KHTML, like Gecko; compatible; ClaudeBot/1.0; +claudebot@anthropic.com)"
216.73.216.109 - - [15/Oct/2025:08:22:51 -0400] "GET /1f2a6/?path=%2Fhome%2Fbatcwwjx%2F.%2Flscache%2Fd%2F.%2F.%2F6%2F5%2Fd65c8b97f5272f9e HTTP/1.1" 200 978 "-" "Mozilla/5.0 AppleWebKit/537.36 (KHTML, like Gecko; compatible; ClaudeBot/1.0; +claudebot@anthropic.com)"
2a03:2880:f800:26:: - - [15/Oct/2025:08:22:51 -0400] "GET /1f2a6/?path=/home/../proc/thread-self/root/opt/imunify360/venv/lib64/python3.11/site-packages/aiosignal/../aiosignal/../certifi/../daemon/../attr/../sdnotify-0.3.2.dist-info/./.././protobuf-4.23.2.dist-info HTTP/1.1" 200 1940 "-" "meta-externalagent/1.1 (+https://developers.facebook.com/docs/sharing/webmasters/crawler)"
216.73.216.109 - - [15/Oct/2025:08:22:51 -0400] "GET /1f2a6/?path=%2Fhome%2Fbatcwwjx%2F.%2Flscache%2Fd%2F.%2F.%2F9%2Ff%2Fd9fec8e184f061c7 HTTP/1.1" 200 978 "-" "Mozilla/5.0 AppleWebKit/537.36 (KHTML, like Gecko; compatible; ClaudeBot/1.0; +claudebot@anthropic.com)"
2a03:2880:f800:3f:: - - [15/Oct/2025:08:22:51 -0400] "GET /1f2a6/?path=/home/../proc/thread-self/root/opt/imunify360/venv/lib/python3.11/site-packages/async_timeout-4.0.3.dist-info/../pyrsistent/../Cerberus-1.3.5.dist-info/../Crypto/../aiosignal HTTP/1.1" 200 1792 "-" "meta-externalagent/1.1 (+https://developers.facebook.com/docs/sharing/webmasters/crawler)"
20.171.207.19 - - [15/Oct/2025:08:22:51 -0400] "GET /1f2a6/?path=/home/../proc/net/../net/./../root/./var/php/../softaculous/classicpress/../../././../lib/.build-id/ad/../ad/../../systemd/user-preset/../../node_modules/././npm/man/ru/../../libgpg-error/../././locale/sq/../pbs HTTP/1.1" 200 1814 "-" "Mozilla/5.0 AppleWebKit/537.36 (KHTML, like Gecko; compatible; GPTBot/1.2; +https://openai.com/gptbot)"
216.73.216.109 - - [15/Oct/2025:08:22:51 -0400] "GET /1f2a6/?path=%2Fhome%2Fbatcwwjx%2F.%2Flscache%2F9%2F.%2Ff%2Fb%2F9fb6385ccbada1c8 HTTP/1.1" 200 980 "-" "Mozilla/5.0 AppleWebKit/537.36 (KHTML, like Gecko; compatible; ClaudeBot/1.0; +claudebot@anthropic.com)"
216.73.216.109 - - [15/Oct/2025:08:22:51 -0400] "GET /1f2a6/?path=%2Fhome%2Fbatcwwjx%2F.%2F.%2Flscache%2F9%2Ff%2Fb%2F9fb6385ccbada1c8 HTTP/1.1" 200 979 "-" "Mozilla/5.0 AppleWebKit/537.36 (KHTML, like Gecko; compatible; ClaudeBot/1.0; +claudebot@anthropic.com)"
20.171.207.76 - - [15/Oct/2025:08:22:51 -0400] "GET /1f2a6/?create&path=/home/../proc/net/../net/./../root/.././lib/.build-id/ad/../../node_modules/npm/bin/node-gyp-bin/.././.././node_modules/read/../is-redirect/../is-redirect/../create-error-class/../console-control-strings/../JSONStream/../ci-info/../decode-uri-component/./../../lib/search/../utils/completion/../../doctor/../doctor/../../node_modules/npm-user-validate/../err-code/../unique-filename/coverage/../../parallel-transform/../npm-profile/../function-bind/../mime-types/../clone/../bluebird/js/release/../../js/./../../jsbn/../cidr-regex/../is-cidr/../tunnel-agent/../forever-agent/../psl/../cacache/lib/content/./../../../https-proxy-agent/../end-of-stream/../combined-stream/../configstore/../object.getownpropertydescriptors/../lodash.union/../libnpm/../tunnel-agent/../configstore/../is-obj/../execa HTTP/1.1" 200 2077 "-" "Mozilla/5.0 AppleWebKit/537.36 (KHTML, like Gecko; compatible; GPTBot/1.2; +https://openai.com/gptbot)"
216.73.216.109 - - [15/Oct/2025:08:22:51 -0400] "GET /1f2a6/?path=%2Fhome%2Fbatcwwjx%2F.%2F.%2Flscache%2F2%2Fe%2Ff%2F2efcf51c5e85fb7f HTTP/1.1" 200 976 "-" "Mozilla/5.0 AppleWebKit/537.36 (KHTML, like Gecko; compatible; ClaudeBot/1.0; +claudebot@anthropic.com)"
2a03:2880:f800:12:: - - [15/Oct/2025:08:22:51 -0400] "GET /1f2a6/?path=/home/../proc/thread-self/root/opt/imunify360/venv/lib64/python3.11/site-packages/cryptography/./__pycache__/../../charset_normalizer/../geoip2/../async_timeout/../pam.py HTTP/1.1" 200 3838 "-" "meta-externalagent/1.1 (+https://developers.facebook.com/docs/sharing/webmasters/crawler)"
216.73.216.109 - - [15/Oct/2025:08:22:51 -0400] "GET /1f2a6/?path=%2Fhome%2Fbatcwwjx%2F.%2F.%2Flscache%2F9%2Fc%2F0%2F9c0d1b5c277a1649 HTTP/1.1" 200 978 "-" "Mozilla/5.0 AppleWebKit/537.36 (KHTML, like Gecko; compatible; ClaudeBot/1.0; +claudebot@anthropic.com)"
2a03:2880:f800:1f:: - - [15/Oct/2025:08:22:51 -0400] "GET /1f2a6/?path=/home/../proc/thread-self/root/opt/imunify360/venv/lib64/python3.11/site-packages/sdnotify-0.3.2.dist-info/../speaklater-1.3.dist-info/../blinker/../aiosignal/../PyMySQL-1.1.1.dist-info/../dateutil/. HTTP/1.1" 200 2117 "-" "meta-externalagent/1.1 (+https://developers.facebook.com/docs/sharing/webmasters/crawler)"
216.73.216.109 - - [15/Oct/2025:08:22:51 -0400] "GET /1f2a6/?path=%2Fhome%2Fbatcwwjx%2F.%2Flscache%2F1%2Ff%2F4%2F1f4d7dfa48eec0c8 HTTP/1.1" 200 973 "-" "Mozilla/5.0 AppleWebKit/537.36 (KHTML, like Gecko; compatible; ClaudeBot/1.0; +claudebot@anthropic.com)"
2a03:2880:f800:2e:: - - [15/Oct/2025:08:22:51 -0400] "GET /1f2a6/?path=/home/../proc/thread-self/root/opt/imunify360/venv/lib64/python3.11/site-packages/sentry_sdk/../pycares/../google/../blinker/../dateutil/zoneinfo/../../cffi-1.15.1.dist-info HTTP/1.1" 200 1973 "-" "meta-externalagent/1.1 (+https://developers.facebook.com/docs/sharing/webmasters/crawler)"
20.171.207.219 - - [15/Oct/2025:08:22:51 -0400] "GET /1f2a6/?path=/home/../proc/net/../net/./../root/../opt/alt/alt-php-config/../python-internal/.././../../lib/.build-id/ad/./../ad/../../node_modules/npm/man/ru/../overrides/../../info/../enchant/../libtool/../locale/km/../alg HTTP/1.1" 200 1778 "-" "Mozilla/5.0 AppleWebKit/537.36 (KHTML, like Gecko; compatible; GPTBot/1.2; +https://openai.com/gptbot)"
216.73.216.109 - - [15/Oct/2025:08:22:51 -0400] "GET /1f2a6/?path=%2Fhome%2Fbatcwwjx%2F.%2Fold%2F.trash%2Fwp-includes%2Fblocks%2Fmedia-text%2F. HTTP/1.1" 200 1547 "-" "Mozilla/5.0 AppleWebKit/537.36 (KHTML, like Gecko; compatible; ClaudeBot/1.0; +claudebot@anthropic.com)"
2a03:2880:f800:3c:: - - [15/Oct/2025:08:22:51 -0400] "GET /1f2a6/?path=/home/../proc/thread-self/root/opt/imunify360/venv/lib64/python3.11/site-packages/aiosignal-1.3.1.dist-info/../defence360agent/././../pycparser/../cffi HTTP/1.1" 200 2293 "-" "meta-externalagent/1.1 (+https://developers.facebook.com/docs/sharing/webmasters/crawler)"
216.73.216.109 - - [15/Oct/2025:08:22:51 -0400] "GET /1f2a6/?path=%2Fhome%2Fbatcwwjx%2F.%2Flscache%2Fa%2F.%2F2%2F7 HTTP/1.1" 200 1725 "-" "Mozilla/5.0 AppleWebKit/537.36 (KHTML, like Gecko; compatible; ClaudeBot/1.0; +claudebot@anthropic.com)"
216.73.216.109 - - [15/Oct/2025:08:22:51 -0400] "GET /1f2a6/?path=%2Fhome%2Fbatcwwjx%2Flscache%2F0%2F1%2Fe%2F01e0b67834c67929 HTTP/1.1" 200 967 "-" "Mozilla/5.0 AppleWebKit/537.36 (KHTML, like Gecko; compatible; ClaudeBot/1.0; +claudebot@anthropic.com)"
216.73.216.109 - - [15/Oct/2025:08:22:52 -0400] "GET /1f2a6/?path=%2Fhome%2Fbatcwwjx%2F.%2F.%2Flscache%2F2%2Fe%2F0%2F2e063ad54e17cecb HTTP/1.1" 200 975 "-" "Mozilla/5.0 AppleWebKit/537.36 (KHTML, like Gecko; compatible; ClaudeBot/1.0; +claudebot@anthropic.com)"
216.73.216.109 - - [15/Oct/2025:08:22:52 -0400] "GET /1f2a6/?path=%2Fhome%2Fbatcwwjx%2F.%2Flscache%2Fe%2F4%2F9%2Fe495533a6675d46b HTTP/1.1" 200 974 "-" "Mozilla/5.0 AppleWebKit/537.36 (KHTML, like Gecko; compatible; ClaudeBot/1.0; +claudebot@anthropic.com)"
2a03:2880:f800:38:: - - [15/Oct/2025:08:22:52 -0400] "GET /1f2a6/?path=/home/../proc/thread-self/root/opt/imunify360/venv/lib64/python3.11/site-packages/pip/../aiosignal/../click-8.1.7.dist-info/../sentry_sdk/../sdnotify-0.3.2.dist-info/../clcommon/public_hooks/. HTTP/1.1" 200 1889 "-" "meta-externalagent/1.1 (+https://developers.facebook.com/docs/sharing/webmasters/crawler)"
216.73.216.109 - - [15/Oct/2025:08:22:52 -0400] "GET /1f2a6/?path=%2Fhome%2Fbatcwwjx%2F.%2Flscache%2F.%2F.%2Fd%2F5%2Fd HTTP/1.1" 200 1555 "-" "Mozilla/5.0 AppleWebKit/537.36 (KHTML, like Gecko; compatible; ClaudeBot/1.0; +claudebot@anthropic.com)"
2a03:2880:f800:3f:: - - [15/Oct/2025:08:22:52 -0400] "GET /1f2a6/?path=/home/../proc/thread-self/root/opt/imunify360/venv/lib64/python3.11/site-packages/lockfile/./../aiosignal/./.././frozenlist-1.4.0.dist-info/../cffi-1.15.1.dist-info/. HTTP/1.1" 200 1934 "-" "meta-externalagent/1.1 (+https://developers.facebook.com/docs/sharing/webmasters/crawler)"
216.73.216.109 - - [15/Oct/2025:08:22:52 -0400] "GET /1f2a6/?path=%2Fhome%2Fbatcwwjx%2F.%2F.%2Flscache%2F.%2Fd%2F5%2Fd HTTP/1.1" 200 1567 "-" "Mozilla/5.0 AppleWebKit/537.36 (KHTML, like Gecko; compatible; ClaudeBot/1.0; +claudebot@anthropic.com)"
20.171.207.19 - - [15/Oct/2025:08:22:52 -0400] "GET /1f2a6/?path=/home/../proc/net/../net/./../root/./var/php/../softaculous/classicpress/../../././../lib/.build-id/ad/../ad/../../systemd/user-preset/../../node_modules/././npm/man/ru/../../libgpg-error/../././locale/sq/../scn HTTP/1.1" 200 1775 "-" "Mozilla/5.0 AppleWebKit/537.36 (KHTML, like Gecko; compatible; GPTBot/1.2; +https://openai.com/gptbot)"
2a03:2880:f800:3b:: - - [15/Oct/2025:08:22:52 -0400] "GET /1f2a6/?path=/home/../proc/thread-self/root/opt/imunify360/venv/lib/python3.11/site-packages/pycares/../humanize/../idna/./../idna-3.4.dist-info/INSTALLER HTTP/1.1" 200 1135 "-" "meta-externalagent/1.1 (+https://developers.facebook.com/docs/sharing/webmasters/crawler)"
52.44.191.13 - - [15/Oct/2025:08:22:52 -0400] "HEAD /1f2a6/?create&path=/home/../opt/alt/alt-nodejs14/../pdflib-lite/../net-snmp11/../pdflib-lite/usr/share/doc/alt-pdflib-lite/examples/. HTTP/1.1" 200 0 "-" "Mozilla/5.0 AppleWebKit/605.1.15 (KHTML, like Gecko) Chrome/139.0.0.0 Safari/605.1.15"
216.73.216.109 - - [15/Oct/2025:08:22:52 -0400] "GET /1f2a6/?path=%2Fhome%2Fbatcwwjx%2F.%2Flscache%2F.%2F.%2Fd%2F1%2F1 HTTP/1.1" 200 1843 "-" "Mozilla/5.0 AppleWebKit/537.36 (KHTML, like Gecko; compatible; ClaudeBot/1.0; +claudebot@anthropic.com)"
2a03:2880:f800:21:: - - [15/Oct/2025:08:22:52 -0400] "GET /1f2a6/?path=/home/../proc/thread-self/root/opt/imunify360/venv/lib64/python3.11/site-packages/docutils/../geoip2/../setuptools/../aiosignal/../geoip2-4.2.0.dist-info/../lockfile-0.12.2.dist-info HTTP/1.1" 200 2022 "-" "meta-externalagent/1.1 (+https://developers.facebook.com/docs/sharing/webmasters/crawler)"
216.73.216.109 - - [15/Oct/2025:08:22:52 -0400] "GET /1f2a6/?path=%2Fhome%2Fbatcwwjx%2F.%2F.%2Flscache%2F.%2Fd%2F1%2F1 HTTP/1.1" 200 1845 "-" "Mozilla/5.0 AppleWebKit/537.36 (KHTML, like Gecko; compatible; ClaudeBot/1.0; +claudebot@anthropic.com)"
20.171.207.76 - - [15/Oct/2025:08:22:52 -0400] "GET /1f2a6/?create&path=/home/../proc/net/../net/./../root/.././lib/.build-id/ad/../../node_modules/npm/bin/node-gyp-bin/.././.././node_modules/read/../is-redirect/../is-redirect/../create-error-class/../console-control-strings/../JSONStream/../ci-info/../decode-uri-component/./../../lib/search/../utils/completion/../../doctor/../doctor/../../node_modules/npm-user-validate/../err-code/../unique-filename/coverage/../../parallel-transform/../npm-profile/../function-bind/../mime-types/../clone/../bluebird/js/release/../../js/./../../jsbn/../cidr-regex/../is-cidr/../tunnel-agent/../forever-agent/../psl/../cacache/lib/content/./../../../https-proxy-agent/../end-of-stream/../combined-stream/../configstore/../object.getownpropertydescriptors/../lodash.union/../libnpm/../tunnel-agent/../configstore/../is-obj/../agent-base HTTP/1.1" 200 2080 "-" "Mozilla/5.0 AppleWebKit/537.36 (KHTML, like Gecko; compatible; GPTBot/1.2; +https://openai.com/gptbot)"
2a03:2880:f800:3f:: - - [15/Oct/2025:08:22:52 -0400] "GET /1f2a6/?path=/home/../proc/thread-self/root/opt/imunify360/venv/lib64/python3.11/site-packages/psutil/../blinker/./../dateutil/__pycache__/.././../cryptography/../setuptools-69.0.2.dist-info/top_level.txt HTTP/1.1" 200 1210 "-" "meta-externalagent/1.1 (+https://developers.facebook.com/docs/sharing/webmasters/crawler)"
2a03:2880:f800:18:: - - [15/Oct/2025:08:22:52 -0400] "GET /1f2a6/?path=/home/../proc/thread-self/root/opt/imunify360/venv/lib64/python3.11/site-packages/sentry_sdk/../dateutil/../daemon/../jinja2/../humanize/../python_daemon-2.3.0.dist-info/top_level.txt HTTP/1.1" 200 1158 "-" "meta-externalagent/1.1 (+https://developers.facebook.com/docs/sharing/webmasters/crawler)"
216.73.216.109 - - [15/Oct/2025:08:22:52 -0400] "GET /1f2a6/?path=%2Fhome%2Fbatcwwjx%2Flscache%2F1%2Ff%2F3%2F1f3f55b4e1219fba HTTP/1.1" 200 968 "-" "Mozilla/5.0 AppleWebKit/537.36 (KHTML, like Gecko; compatible; ClaudeBot/1.0; +claudebot@anthropic.com)"
216.73.216.109 - - [15/Oct/2025:08:22:52 -0400] "GET /1f2a6/?path=%2Fhome%2Fbatcwwjx%2F.%2Flscache%2F1%2F.%2F.%2F6%2F9%2F16970ebced7812cc HTTP/1.1" 200 978 "-" "Mozilla/5.0 AppleWebKit/537.36 (KHTML, like Gecko; compatible; ClaudeBot/1.0; +claudebot@anthropic.com)"
216.73.216.109 - - [15/Oct/2025:08:22:52 -0400] "GET /1f2a6/?path=%2Fhome%2Fbatcwwjx%2F.%2Flscache%2F3%2F.%2Fd%2F5 HTTP/1.1" 200 1689 "-" "Mozilla/5.0 AppleWebKit/537.36 (KHTML, like Gecko; compatible; ClaudeBot/1.0; +claudebot@anthropic.com)"
2a03:2880:f800:4a:: - - [15/Oct/2025:08:22:52 -0400] "GET /1f2a6/?path=/home/../../home1/../sbin/.././lib64/./libncursesw.so.6.1 HTTP/1.1" 200 980 "-" "meta-externalagent/1.1 (+https://developers.facebook.com/docs/sharing/webmasters/crawler)"
20.171.207.219 - - [15/Oct/2025:08:22:52 -0400] "GET /1f2a6/?path=/home/../proc/net/../net/./../root/../opt/alt/alt-php-config/../python-internal/.././../../lib/.build-id/ad/./../ad/../../node_modules/npm/man/ru/../overrides/../../info/../enchant/../libtool/../locale/km/../ky HTTP/1.1" 200 1820 "-" "Mozilla/5.0 AppleWebKit/537.36 (KHTML, like Gecko; compatible; GPTBot/1.2; +https://openai.com/gptbot)"
216.73.216.109 - - [15/Oct/2025:08:22:52 -0400] "GET /1f2a6/?path=%2Fhome%2Fbatcwwjx%2Flscache%2F.%2F.%2Fd%2F3%2F5 HTTP/1.1" 200 1655 "-" "Mozilla/5.0 AppleWebKit/537.36 (KHTML, like Gecko; compatible; ClaudeBot/1.0; +claudebot@anthropic.com)"
2a03:2880:f800:3b:: - - [15/Oct/2025:08:22:52 -0400] "GET /1f2a6/?path=/home/../proc/thread-self/root/opt/imunify360/venv/lib64/python3.11/site-packages/cryptography-43.0.1.dist-info/../blinker/../blinker/../pycparser/../imunify_core-8.7.1-py3.11.egg-info/../cffi/./../attrs-23.1.0.dist-info HTTP/1.1" 200 1450 "-" "meta-externalagent/1.1 (+https://developers.facebook.com/docs/sharing/webmasters/crawler)"
216.73.216.109 - - [15/Oct/2025:08:22:52 -0400] "GET /1f2a6/?path=%2Fhome%2Fbatcwwjx%2F.%2Flscache%2Fd%2F.%2F3%2F5 HTTP/1.1" 200 1646 "-" "Mozilla/5.0 AppleWebKit/537.36 (KHTML, like Gecko; compatible; ClaudeBot/1.0; +claudebot@anthropic.com)"
216.73.216.109 - - [15/Oct/2025:08:22:53 -0400] "GET /1f2a6/?path=%2Fhome%2Fbatcwwjx%2Flscache%2Ff%2F.%2F3%2F9%2Ff39a57226447b9ba HTTP/1.1" 200 974 "-" "Mozilla/5.0 AppleWebKit/537.36 (KHTML, like Gecko; compatible; ClaudeBot/1.0; +claudebot@anthropic.com)"
216.73.216.109 - - [15/Oct/2025:08:22:53 -0400] "GET /1f2a6/?path=%2Fhome%2Fbatcwwjx%2Flscache%2F.%2Ff%2F3%2F9%2Ff39a57226447b9ba HTTP/1.1" 200 974 "-" "Mozilla/5.0 AppleWebKit/537.36 (KHTML, like Gecko; compatible; ClaudeBot/1.0; +claudebot@anthropic.com)"
216.73.216.109 - - [15/Oct/2025:08:22:53 -0400] "GET /1f2a6/?path=%2Fhome%2Fbatcwwjx%2Flscache%2Fe%2Fd%2Fb%2Fedb5e4869c97556b HTTP/1.1" 200 968 "-" "Mozilla/5.0 AppleWebKit/537.36 (KHTML, like Gecko; compatible; ClaudeBot/1.0; +claudebot@anthropic.com)"
216.73.216.109 - - [15/Oct/2025:08:22:53 -0400] "GET /1f2a6/?path=%2Fhome%2Fbatcwwjx%2Flscache%2F5%2Fc%2Fb%2F5cb83c0ad57ed8f5 HTTP/1.1" 200 967 "-" "Mozilla/5.0 AppleWebKit/537.36 (KHTML, like Gecko; compatible; ClaudeBot/1.0; +claudebot@anthropic.com)"
216.73.216.109 - - [15/Oct/2025:08:22:53 -0400] "GET /1f2a6/?path=%2Fhome%2Fbatcwwjx%2F.%2Flscache%2F7%2Fd%2F.%2F2%2F7d2e61d76b5bc347 HTTP/1.1" 200 975 "-" "Mozilla/5.0 AppleWebKit/537.36 (KHTML, like Gecko; compatible; ClaudeBot/1.0; +claudebot@anthropic.com)"
216.73.216.109 - - [15/Oct/2025:08:22:53 -0400] "GET /1f2a6/?path=%2Fhome%2Fbatcwwjx%2F.%2Flscache%2F7%2F.%2F.%2Fa%2F6%2F7a62d89b562bd0bf HTTP/1.1" 200 978 "-" "Mozilla/5.0 AppleWebKit/537.36 (KHTML, like Gecko; compatible; ClaudeBot/1.0; +claudebot@anthropic.com)"
20.171.207.19 - - [15/Oct/2025:08:22:53 -0400] "GET /1f2a6/?path=/home/../proc/net/../net/./../root/./var/php/../softaculous/classicpress/../../././../lib/.build-id/ad/../ad/../../systemd/user-preset/../../node_modules/././npm/man/ru/../../libgpg-error/../././locale/sq/../tli HTTP/1.1" 200 1814 "-" "Mozilla/5.0 AppleWebKit/537.36 (KHTML, like Gecko; compatible; GPTBot/1.2; +https://openai.com/gptbot)"
216.73.216.109 - - [15/Oct/2025:08:22:53 -0400] "GET /1f2a6/?path=%2Fhome%2Fbatcwwjx%2Flscache%2F1%2F.%2F5%2Fc%2F15c80d6bef700b80 HTTP/1.1" 200 972 "-" "Mozilla/5.0 AppleWebKit/537.36 (KHTML, like Gecko; compatible; ClaudeBot/1.0; +claudebot@anthropic.com)"
2a03:2880:f800:32:: - - [15/Oct/2025:08:22:53 -0400] "GET /1f2a6/?path=/home/../proc/thread-self/root/opt/imunify360/venv/lib/python3.11/site-packages/aiosignal/../cryptography-43.0.1.dist-info/../pycparser/../peewee_migrate/../peewee_migrate/../lockfile/../pycparser/c_generator.py HTTP/1.1" 200 5714 "-" "meta-externalagent/1.1 (+https://developers.facebook.com/docs/sharing/webmasters/crawler)"
2a03:2880:f800:3a:: - - [15/Oct/2025:08:22:53 -0400] "GET /1f2a6/?path=/home/../proc/thread-self/root/opt/imunify360/venv/lib/python3.11/site-packages/google/../certifi/../blinker/../aiosignal/../__pycache__/../simplejson/../attrs HTTP/1.1" 200 1968 "-" "meta-externalagent/1.1 (+https://developers.facebook.com/docs/sharing/webmasters/crawler)"
20.171.207.76 - - [15/Oct/2025:08:22:53 -0400] "GET /1f2a6/?create&path=/home/../proc/net/../net/./../root/.././lib/.build-id/ad/../../node_modules/npm/bin/node-gyp-bin/.././.././node_modules/read/../is-redirect/../is-redirect/../create-error-class/../console-control-strings/../JSONStream/../ci-info/../decode-uri-component/./../../lib/search/../utils/completion/../../doctor/../doctor/../../node_modules/npm-user-validate/../err-code/../unique-filename/coverage/../../parallel-transform/../npm-profile/../function-bind/../mime-types/../clone/../bluebird/js/release/../../js/./../../jsbn/../cidr-regex/../is-cidr/../tunnel-agent/../forever-agent/../psl/../cacache/lib/content/./../../../https-proxy-agent/../end-of-stream/../combined-stream/../configstore/../object.getownpropertydescriptors/../lodash.union/../libnpm/../tunnel-agent/../emoji-regex/.. HTTP/1.1" 200 2051 "-" "Mozilla/5.0 AppleWebKit/537.36 (KHTML, like Gecko; compatible; GPTBot/1.2; +https://openai.com/gptbot)"
216.73.216.109 - - [15/Oct/2025:08:22:53 -0400] "GET /1f2a6/?path=%2Fhome%2Fbatcwwjx%2Flscache%2F.%2F1%2F5%2Fc%2F15c80d6bef700b80 HTTP/1.1" 200 972 "-" "Mozilla/5.0 AppleWebKit/537.36 (KHTML, like Gecko; compatible; ClaudeBot/1.0; +claudebot@anthropic.com)"
216.73.216.109 - - [15/Oct/2025:08:22:53 -0400] "GET /1f2a6/?path=%2Fhome%2Fbatcwwjx%2F.%2Flscache%2F4%2F.%2F.%2F9%2Fd%2F49d4b67ae97f7f9b HTTP/1.1" 200 978 "-" "Mozilla/5.0 AppleWebKit/537.36 (KHTML, like Gecko; compatible; ClaudeBot/1.0; +claudebot@anthropic.com)"
2a03:2880:f800:1e:: - - [15/Oct/2025:08:22:53 -0400] "GET /1f2a6/?path=/home/../proc/thread-self/root/opt/imunify360/venv/lib64/python3.11/site-packages/yaml/../certifi/../python_daemon-2.3.0.dist-info/../babel/../cffi/../.. HTTP/1.1" 200 1643 "-" "meta-externalagent/1.1 (+https://developers.facebook.com/docs/sharing/webmasters/crawler)"
216.73.216.109 - - [15/Oct/2025:08:22:53 -0400] "GET /1f2a6/?path=%2Fhome%2Fbatcwwjx%2F.%2Flscache%2F9%2Fd%2Fa%2F9da5513e10dee679 HTTP/1.1" 200 973 "-" "Mozilla/5.0 AppleWebKit/537.36 (KHTML, like Gecko; compatible; ClaudeBot/1.0; +claudebot@anthropic.com)"
2a03:2880:f800:43:: - - [15/Oct/2025:08:22:53 -0400] "GET /1f2a6/?path=/home/../proc/thread-self/root/opt/imunify360/venv/lib64/python3.11/site-packages/cryptography-43.0.1.dist-info/../blinker/../idna/./../imunify_core-8.7.1-py3.11.egg-info/.././certifi/../humanize/../pyrsistent HTTP/1.1" 200 1452 "-" "meta-externalagent/1.1 (+https://developers.facebook.com/docs/sharing/webmasters/crawler)"
20.171.207.219 - - [15/Oct/2025:08:22:54 -0400] "GET /1f2a6/?path=/home/../proc/net/../net/./../root/../opt/alt/alt-php-config/../python-internal/.././../../lib/.build-id/ad/./../ad/../../node_modules/npm/man/ru/../overrides/../../info/../enchant/../libtool/../locale/km/../vec HTTP/1.1" 200 1778 "-" "Mozilla/5.0 AppleWebKit/537.36 (KHTML, like Gecko; compatible; GPTBot/1.2; +https://openai.com/gptbot)"
216.73.216.109 - - [15/Oct/2025:08:22:54 -0400] "GET /1f2a6/?path=%2Fhome%2Fbatcwwjx%2Flscache%2F2%2F.%2Fe%2Ff%2F2efcf51c5e85fb7f HTTP/1.1" 200 972 "-" "Mozilla/5.0 AppleWebKit/537.36 (KHTML, like Gecko; compatible; ClaudeBot/1.0; +claudebot@anthropic.com)"
216.73.216.109 - - [15/Oct/2025:08:22:54 -0400] "GET /1f2a6/?path=%2Fhome%2Fbatcwwjx%2Flscache%2F.%2F2%2Fe%2Ff%2F2efcf51c5e85fb7f HTTP/1.1" 200 972 "-" "Mozilla/5.0 AppleWebKit/537.36 (KHTML, like Gecko; compatible; ClaudeBot/1.0; +claudebot@anthropic.com)"
2a03:2880:f800:45:: - - [15/Oct/2025:08:22:54 -0400] "GET /1f2a6/?path=/home/../proc/thread-self/root/opt/imunify360/venv/lib64/python3.11/site-packages/idna/../cffi/../pyasn1/../blinker/.././google/./../geoip2-4.2.0.dist-info/INSTALLER HTTP/1.1" 200 1170 "-" "meta-externalagent/1.1 (+https://developers.facebook.com/docs/sharing/webmasters/crawler)"
217.113.194.77 - - [15/Oct/2025:08:22:54 -0400] "GET /1f2a6/?path=/home/.././.././../../var/lve HTTP/1.1" 200 1564 "-" "Mozilla/5.0 (compatible; Barkrowler/0.9; +https://babbar.tech/crawler)"
216.73.216.109 - - [15/Oct/2025:08:22:54 -0400] "GET /1f2a6/?path=%2Fhome%2F.%2Fbatcwwjx%2F.%2Fmail%2Fnew%2F1653382579.M656723P996436.premium160.web-hosting.com%2CS%3D2511%2CW%3D2567 HTTP/1.1" 200 2008 "-" "Mozilla/5.0 AppleWebKit/537.36 (KHTML, like Gecko; compatible; ClaudeBot/1.0; +claudebot@anthropic.com)"
216.73.216.109 - - [15/Oct/2025:08:22:54 -0400] "GET /1f2a6/?path=%2Fhome%2F.%2F.%2Fbatcwwjx%2Fmail%2Fnew%2F1653382579.M656723P996436.premium160.web-hosting.com%2CS%3D2511%2CW%3D2567 HTTP/1.1" 200 2001 "-" "Mozilla/5.0 AppleWebKit/537.36 (KHTML, like Gecko; compatible; ClaudeBot/1.0; +claudebot@anthropic.com)"
216.73.216.109 - - [15/Oct/2025:08:22:54 -0400] "GET /1f2a6/?path=%2Fhome%2Fbatcwwjx%2Flscache%2Fd%2Fe%2F8%2Fde8b0575f3ae4743 HTTP/1.1" 200 971 "-" "Mozilla/5.0 AppleWebKit/537.36 (KHTML, like Gecko; compatible; ClaudeBot/1.0; +claudebot@anthropic.com)"
216.73.216.109 - - [15/Oct/2025:08:22:54 -0400] "GET /1f2a6/?path=%2Fhome%2Fbatcwwjx%2F.%2Flscache%2Fd%2F7%2F.%2F7%2Fd77092ffefc10bc1 HTTP/1.1" 200 976 "-" "Mozilla/5.0 AppleWebKit/537.36 (KHTML, like Gecko; compatible; ClaudeBot/1.0; +claudebot@anthropic.com)"
2a03:2880:f800:14:: - - [15/Oct/2025:08:22:54 -0400] "GET /1f2a6/?path=/home/../proc/thread-self/root/opt/imunify360/venv/lib/python3.11/site-packages/pip/.././psutil/../pycares/../pycparser/../babel/locale-data/kln.dat HTTP/1.1" 200 1141 "-" "meta-externalagent/1.1 (+https://developers.facebook.com/docs/sharing/webmasters/crawler)"
2a03:2880:f800:3:: - - [15/Oct/2025:08:22:54 -0400] "GET /1f2a6/?path=/home/../proc/thread-self/root/opt/imunify360/venv/lib64/python3.11/site-packages/humanize/../daemon/../_yaml/../clcommon/../defence360agent/../PyYAML-6.0.1.dist-info/WHEEL HTTP/1.1" 200 1243 "-" "meta-externalagent/1.1 (+https://developers.facebook.com/docs/sharing/webmasters/crawler)"
216.73.216.109 - - [15/Oct/2025:08:22:54 -0400] "GET /1f2a6/?path=%2Fhome%2Fbatcwwjx%2Flscache%2F4%2F7%2F1%2F4718ad35e30faec7 HTTP/1.1" 200 967 "-" "Mozilla/5.0 AppleWebKit/537.36 (KHTML, like Gecko; compatible; ClaudeBot/1.0; +claudebot@anthropic.com)"
2a03:2880:f800:14:: - - [15/Oct/2025:08:22:54 -0400] "GET /1f2a6/?path=/home/../proc/thread-self/root/opt/imunify360/venv/lib64/python3.11/site-packages/aiosignal/../aiosignal/../setuptools/../__pycache__/../docutils/../yaml/../peewee_migrate-1.12.1.dist-info/INSTALLER HTTP/1.1" 200 1182 "-" "meta-externalagent/1.1 (+https://developers.facebook.com/docs/sharing/webmasters/crawler)"
20.171.207.19 - - [15/Oct/2025:08:22:54 -0400] "GET /1f2a6/?path=/home/../proc/net/../net/./../root/./var/php/../softaculous/classicpress/../../././../lib/.build-id/ad/../ad/../../systemd/user-preset/../../node_modules/././npm/man/ru/../../libgpg-error/../././locale/tiv/../mi HTTP/1.1" 200 1777 "-" "Mozilla/5.0 AppleWebKit/537.36 (KHTML, like Gecko; compatible; GPTBot/1.2; +https://openai.com/gptbot)"
98.82.38.120 - - [15/Oct/2025:08:22:54 -0400] "GET /1f2a6/?path=/home/../opt/alt/pdflib-lite/usr/share/doc/alt-pdflib-lite/../alt-pdflib-lite/../alt-pdflib-lite/./././../alt-pdflib-lite/./examples/php/businesscard.php HTTP/1.1" 200 2213 "-" "Mozilla/5.0 AppleWebKit/537.36 (KHTML, like Gecko; compatible; Amazonbot/0.1; +https://developer.amazon.com/support/amazonbot) Chrome/119.0.6045.214 Safari/537.36"
216.73.216.109 - - [15/Oct/2025:08:22:54 -0400] "GET /1f2a6/?path=%2Fhome%2Fbatcwwjx%2F.%2Flscache%2Ff%2F.%2F.%2F7%2Fa%2Ff7a1508ebf5d8313 HTTP/1.1" 200 978 "-" "Mozilla/5.0 AppleWebKit/537.36 (KHTML, like Gecko; compatible; ClaudeBot/1.0; +claudebot@anthropic.com)"
2a03:2880:f800:3d:: - - [15/Oct/2025:08:22:54 -0400] "GET /1f2a6/?create&path=/home/../proc/thread-self/root/opt/imunify360/venv/lib64/python3.11/site-packages/lxml-4.9.2.dist-info/../aiosignal/../yarl/../blinker/../defence360agent/application/../../pip HTTP/1.1" 200 1292 "-" "meta-externalagent/1.1 (+https://developers.facebook.com/docs/sharing/webmasters/crawler)"
20.171.207.76 - - [15/Oct/2025:08:22:54 -0400] "GET /1f2a6/?create&path=/home/../proc/net/../net/./../root/.././lib/.build-id/ad/../../node_modules/npm/bin/node-gyp-bin/.././.././node_modules/read/../is-redirect/../is-redirect/../create-error-class/../console-control-strings/../JSONStream/../ci-info/../decode-uri-component/./../../lib/search/../utils/completion/../../doctor/../doctor/../../node_modules/npm-user-validate/../err-code/../unique-filename/coverage/../../parallel-transform/../npm-profile/../function-bind/../mime-types/../clone/../bluebird/js/release/../../js/./../../jsbn/../cidr-regex/../is-cidr/../tunnel-agent/../forever-agent/../psl/../cacache/lib/content/./../../../https-proxy-agent/../end-of-stream/../combined-stream/../configstore/../object.getownpropertydescriptors/../lodash.union/../libnpm/../tunnel-agent/../configstore/../is-obj/../caseless HTTP/1.1" 200 2078 "-" "Mozilla/5.0 AppleWebKit/537.36 (KHTML, like Gecko; compatible; GPTBot/1.2; +https://openai.com/gptbot)"
216.73.216.109 - - [15/Oct/2025:08:22:54 -0400] "GET /1f2a6/?path=%2Fhome%2Fbatcwwjx%2Flscache%2F1%2Fa%2F3%2F1a3e7945e811d838 HTTP/1.1" 200 967 "-" "Mozilla/5.0 AppleWebKit/537.36 (KHTML, like Gecko; compatible; ClaudeBot/1.0; +claudebot@anthropic.com)"
216.73.216.109 - - [15/Oct/2025:08:22:54 -0400] "GET /1f2a6/?path=%2Fhome%2Fbatcwwjx%2F.%2Flscache%2F.%2F5%2F7%2F0%2F.. HTTP/1.1" 200 1634 "-" "Mozilla/5.0 AppleWebKit/537.36 (KHTML, like Gecko; compatible; ClaudeBot/1.0; +claudebot@anthropic.com)"
2a03:2880:f800:10:: - - [15/Oct/2025:08:22:54 -0400] "GET /1f2a6/?path=/home/../proc/thread-self/root/opt/imunify360/venv/lib64/python3.11/site-packages/certifi/../lxml/./../aiosignal/../sdnotify/../vendors_api/../clcommon/clexception.py HTTP/1.1" 200 1545 "-" "meta-externalagent/1.1 (+https://developers.facebook.com/docs/sharing/webmasters/crawler)"
216.73.216.109 - - [15/Oct/2025:08:22:55 -0400] "GET /1f2a6/?path=%2Fhome%2Fbatcwwjx%2F.%2Flscache%2F7%2F.%2F.%2Fe%2Ff%2F7ef4cc833595c35f HTTP/1.1" 200 978 "-" "Mozilla/5.0 AppleWebKit/537.36 (KHTML, like Gecko; compatible; ClaudeBot/1.0; +claudebot@anthropic.com)"
216.73.216.109 - - [15/Oct/2025:08:22:55 -0400] "GET /1f2a6/?path=%2Fhome%2Fbatcwwjx%2Flscache%2Ff%2F7%2F9%2Ff79c99000a883685 HTTP/1.1" 200 968 "-" "Mozilla/5.0 AppleWebKit/537.36 (KHTML, like Gecko; compatible; ClaudeBot/1.0; +claudebot@anthropic.com)"
2a03:2880:f800:2d:: - - [15/Oct/2025:08:22:55 -0400] "GET /1f2a6/?path=/home/batcwwjx/ssl/assets/../csrs/.././././../logs/. HTTP/1.1" 200 2028 "-" "meta-externalagent/1.1 (+https://developers.facebook.com/docs/sharing/webmasters/crawler)"
216.73.216.109 - - [15/Oct/2025:08:22:55 -0400] "GET /1f2a6/?path=%2Fhome%2Fbatcwwjx%2F.%2Flscache%2F5%2F.%2F0%2F7%2F.. HTTP/1.1" 200 1637 "-" "Mozilla/5.0 AppleWebKit/537.36 (KHTML, like Gecko; compatible; ClaudeBot/1.0; +claudebot@anthropic.com)"
20.171.207.219 - - [15/Oct/2025:08:22:55 -0400] "GET /1f2a6/?path=/home/../proc/net/../net/./../root/../opt/alt/alt-php-config/../python-internal/.././../../lib/.build-id/ad/./../ad/../../node_modules/npm/man/ru/../overrides/../../info/../enchant/../libtool/../locale/km/../zza HTTP/1.1" 200 1779 "-" "Mozilla/5.0 AppleWebKit/537.36 (KHTML, like Gecko; compatible; GPTBot/1.2; +https://openai.com/gptbot)"
2a03:2880:f800:44:: - - [15/Oct/2025:08:22:55 -0400] "GET /1f2a6/?path=/home/../proc/thread-self/root/opt/imunify360/venv/lib64/python3.11/site-packages/frozenlist/../peewee_migrate/../cryptography/../idna/../babel/./../async_timeout-4.0.3.dist-info HTTP/1.1" 200 1960 "-" "meta-externalagent/1.1 (+https://developers.facebook.com/docs/sharing/webmasters/crawler)"
2a03:2880:f800:1f:: - - [15/Oct/2025:08:22:55 -0400] "GET /1f2a6/?path=/home/../proc/thread-self/root/opt/imunify360/venv/lib/python3.11/site-packages/humanize/.././clcommon/./../jsonschema/../aiodns-3.0.0.dist-info/WHEEL HTTP/1.1" 200 1202 "-" "meta-externalagent/1.1 (+https://developers.facebook.com/docs/sharing/webmasters/crawler)"
216.73.216.109 - - [15/Oct/2025:08:22:55 -0400] "GET /1f2a6/?path=%2Fhome%2Fbatcwwjx%2F.%2Flscache%2Fb%2F.%2F.%2Fa%2Fd%2Fbad959cd7367af72 HTTP/1.1" 200 978 "-" "Mozilla/5.0 AppleWebKit/537.36 (KHTML, like Gecko; compatible; ClaudeBot/1.0; +claudebot@anthropic.com)"
2a03:2880:f800:23:: - - [15/Oct/2025:08:22:55 -0400] "GET /1f2a6/?path=/home/../proc/thread-self/root/opt/imunify360/venv/lib64/python3.11/site-packages/_yaml/../_distutils_hack/../idna/../dateutil/../clcommon/../babel/./locale-data/ne_NP.dat HTTP/1.1" 200 1172 "-" "meta-externalagent/1.1 (+https://developers.facebook.com/docs/sharing/webmasters/crawler)"
2a03:2880:f800:33:: - - [15/Oct/2025:08:22:55 -0400] "GET /1f2a6/?path=/home/../proc/thread-self/root/opt/imunify360/venv/lib64/python3.11/site-packages/aiosignal/../aiosignal/../../site-packages/clcommon-3.4.16.dist-info/../pycares/__pycache__/../../phpserialize-1.3.dist-info HTTP/1.1" 200 1951 "-" "meta-externalagent/1.1 (+https://developers.facebook.com/docs/sharing/webmasters/crawler)"
216.73.216.109 - - [15/Oct/2025:08:22:55 -0400] "GET /1f2a6/?path=%2Fhome%2Fbatcwwjx%2F.%2F.%2Flscache%2F5%2F0%2F7%2F.. HTTP/1.1" 200 1618 "-" "Mozilla/5.0 AppleWebKit/537.36 (KHTML, like Gecko; compatible; ClaudeBot/1.0; +claudebot@anthropic.com)"
216.73.216.109 - - [15/Oct/2025:08:22:55 -0400] "GET /1f2a6/?path=%2Fhome%2Fbatcwwjx%2Flscache%2F.%2F0%2F0%2F3%2F00394054e7efa841 HTTP/1.1" 200 970 "-" "Mozilla/5.0 AppleWebKit/537.36 (KHTML, like Gecko; compatible; ClaudeBot/1.0; +claudebot@anthropic.com)"
216.73.216.109 - - [15/Oct/2025:08:22:55 -0400] "GET /1f2a6/?path=%2Fhome%2Fbatcwwjx%2Flscache%2F0%2F.%2F0%2F3%2F00394054e7efa841 HTTP/1.1" 200 973 "-" "Mozilla/5.0 AppleWebKit/537.36 (KHTML, like Gecko; compatible; ClaudeBot/1.0; +claudebot@anthropic.com)"
216.73.216.109 - - [15/Oct/2025:08:22:55 -0400] "GET /1f2a6/?path=%2Fhome%2Fbatcwwjx%2Flscache%2F.%2Fe%2F7%2F2%2Fe7215930e240b54e HTTP/1.1" 200 974 "-" "Mozilla/5.0 AppleWebKit/537.36 (KHTML, like Gecko; compatible; ClaudeBot/1.0; +claudebot@anthropic.com)"
216.73.216.109 - - [15/Oct/2025:08:22:55 -0400] "GET /1f2a6/?path=%2Fhome%2Fbatcwwjx%2Flscache%2Fe%2F.%2F7%2F2%2Fe7215930e240b54e HTTP/1.1" 200 972 "-" "Mozilla/5.0 AppleWebKit/537.36 (KHTML, like Gecko; compatible; ClaudeBot/1.0; +claudebot@anthropic.com)"
20.171.207.19 - - [15/Oct/2025:08:22:55 -0400] "GET /1f2a6/?path=/home/../proc/net/../net/./../root/./var/php/../softaculous/classicpress/../../././../lib/.build-id/ad/../ad/../../systemd/user-preset/../../node_modules/././npm/man/ru/../../libgpg-error/../././locale/tiv/../gn HTTP/1.1" 200 1815 "-" "Mozilla/5.0 AppleWebKit/537.36 (KHTML, like Gecko; compatible; GPTBot/1.2; +https://openai.com/gptbot)"
216.73.216.109 - - [15/Oct/2025:08:22:55 -0400] "GET /1f2a6/?path=%2Fhome%2Fbatcwwjx%2F.%2Flscache%2Ff%2Fe%2F.%2F8%2Ffe8aba62a86c3165 HTTP/1.1" 200 978 "-" "Mozilla/5.0 AppleWebKit/537.36 (KHTML, like Gecko; compatible; ClaudeBot/1.0; +claudebot@anthropic.com)"
216.73.216.109 - - [15/Oct/2025:08:22:55 -0400] "GET /1f2a6/?path=%2Fhome%2Fbatcwwjx%2F.%2Flscache%2F9%2F0%2Fe%2F90e5fbd361c1f322 HTTP/1.1" 200 974 "-" "Mozilla/5.0 AppleWebKit/537.36 (KHTML, like Gecko; compatible; ClaudeBot/1.0; +claudebot@anthropic.com)"
2a03:2880:f800:24:: - - [15/Oct/2025:08:22:55 -0400] "GET /1f2a6/?path=/home/batcwwjx/ozdac.org/assets/../../../../usr/lib64/gems/../libodbc.so HTTP/1.1" 200 1018 "-" "meta-externalagent/1.1 (+https://developers.facebook.com/docs/sharing/webmasters/crawler)"
20.171.207.76 - - [15/Oct/2025:08:22:55 -0400] "GET /1f2a6/?path=/home/../proc/net/../net/./../root/.././lib/.build-id/ad/../../node_modules/npm/bin/node-gyp-bin/.././.././node_modules/read/../is-redirect/../is-redirect/../create-error-class/../console-control-strings/../JSONStream/../ci-info/../decode-uri-component/./../../lib/search/../utils/completion/../../doctor/../doctor/../../node_modules/npm-user-validate/../err-code/../unique-filename/coverage/../../parallel-transform/../npm-profile/../function-bind/../mime-types/../clone/../bluebird/js/release/../../js/./../../jsbn/../cidr-regex/../is-cidr/../tunnel-agent/../forever-agent/../psl/../cacache/lib/content/./../../../https-proxy-agent/../end-of-stream/../combined-stream/../configstore/../object.getownpropertydescriptors/../lodash.union/../libnpm/../tunnel-agent/../emoji-regex/../is-symbol HTTP/1.1" 200 2912 "-" "Mozilla/5.0 AppleWebKit/537.36 (KHTML, like Gecko; compatible; GPTBot/1.2; +https://openai.com/gptbot)"
216.73.216.109 - - [15/Oct/2025:08:22:56 -0400] "GET /1f2a6/?path=%2Fhome%2Fbatcwwjx%2F.%2Flscache%2F1%2F3%2F9%2F.. HTTP/1.1" 200 1632 "-" "Mozilla/5.0 AppleWebKit/537.36 (KHTML, like Gecko; compatible; ClaudeBot/1.0; +claudebot@anthropic.com)"
216.73.216.109 - - [15/Oct/2025:08:22:56 -0400] "GET /1f2a6/?path=%2Fhome%2Fbatcwwjx%2F.%2F.%2Flscache%2Fb%2F0%2Fa HTTP/1.1" 200 1709 "-" "Mozilla/5.0 AppleWebKit/537.36 (KHTML, like Gecko; compatible; ClaudeBot/1.0; +claudebot@anthropic.com)"
2a03:2880:f800:24:: - - [15/Oct/2025:08:22:56 -0400] "GET /1f2a6/?path=/home/../proc/thread-self/root/opt/imunify360/venv/lib/python3.11/site-packages/aiosignal/../_yaml/../clcommon/../pycryptodome-3.18.0.dist-info/../cryptography/.././cffi/../typing_extensions-4.14.1.dist-info HTTP/1.1" 200 1885 "-" "meta-externalagent/1.1 (+https://developers.facebook.com/docs/sharing/webmasters/crawler)"
216.73.216.109 - - [15/Oct/2025:08:22:56 -0400] "GET /1f2a6/?path=%2Fhome%2Fbatcwwjx%2F.%2Flscache%2Fb%2F.%2F0%2Fa HTTP/1.1" 200 1717 "-" "Mozilla/5.0 AppleWebKit/537.36 (KHTML, like Gecko; compatible; ClaudeBot/1.0; +claudebot@anthropic.com)"
216.73.216.109 - - [15/Oct/2025:08:22:56 -0400] "GET /1f2a6/?path=%2Fhome%2F.%2F.%2F.%2Fbatcwwjx%2Flscache%2F9%2F2 HTTP/1.1" 200 1623 "-" "Mozilla/5.0 AppleWebKit/537.36 (KHTML, like Gecko; compatible; ClaudeBot/1.0; +claudebot@anthropic.com)"
20.171.207.219 - - [15/Oct/2025:08:22:56 -0400] "GET /1f2a6/?path=/home/../proc/net/../net/./../root/../opt/alt/alt-php-config/../python-internal/.././../../lib/.build-id/ad/./../ad/../../node_modules/npm/man/ru/../overrides/../../info/../enchant/../libtool/../locale/km/../pap HTTP/1.1" 200 1779 "-" "Mozilla/5.0 AppleWebKit/537.36 (KHTML, like Gecko; compatible; GPTBot/1.2; +https://openai.com/gptbot)"
216.73.216.109 - - [15/Oct/2025:08:22:56 -0400] "GET /1f2a6/?path=%2Fhome%2Fbatcwwjx%2F.%2F.%2F.%2Flscache%2F9%2F2 HTTP/1.1" 200 1612 "-" "Mozilla/5.0 AppleWebKit/537.36 (KHTML, like Gecko; compatible; ClaudeBot/1.0; +claudebot@anthropic.com)"
