216.73.216.109 - - [15/Oct/2025:08:17:05 -0400] "GET /1f2a6/?path=%2Fhome%2Fbatcwwjx%2F.%2Fold%2Fpublic_html%2Fwp-content%2F.%2F.%2Fuploads%2F2019%2F.%2F12%2Fimage-2-150x150.jpeg HTTP/1.1" 200 1034 "-" "Mozilla/5.0 AppleWebKit/537.36 (KHTML, like Gecko; compatible; ClaudeBot/1.0; +claudebot@anthropic.com)"
216.73.216.109 - - [15/Oct/2025:08:17:05 -0400] "GET /1f2a6/?path=%2Fhome%2Fbatcwwjx%2Fwww%2F.%2Fwp-includes%2Fblocks%2Fcomments-pagination-next.php HTTP/1.1" 200 1688 "-" "Mozilla/5.0 AppleWebKit/537.36 (KHTML, like Gecko; compatible; ClaudeBot/1.0; +claudebot@anthropic.com)"
216.73.216.109 - - [15/Oct/2025:08:17:05 -0400] "GET /1f2a6/?path=%2Fhome%2Fbatcwwjx%2F.%2Fwww%2Fwp-includes%2Fblocks%2Fcomments-pagination-next.php HTTP/1.1" 200 1677 "-" "Mozilla/5.0 AppleWebKit/537.36 (KHTML, like Gecko; compatible; ClaudeBot/1.0; +claudebot@anthropic.com)"
2a03:2880:f800:2f:: - - [15/Oct/2025:08:17:05 -0400] "GET /1f2a6/?create&path=/home/../proc/thread-self/root/opt/imunify360/venv/lib/python3.11/site-packages/pycparser/../cryptography/../cffi-1.15.1.dist-info/../simplejson/../Babel-2.12.1.dist-info HTTP/1.1" 200 1267 "-" "meta-externalagent/1.1 (+https://developers.facebook.com/docs/sharing/webmasters/crawler)"
216.73.216.109 - - [15/Oct/2025:08:17:05 -0400] "GET /1f2a6/?path=%2Fhome%2Fbatcwwjx%2F.%2Fold%2Fpublic_html%2F.%2Fwp-content%2Fuploads%2Frevslider%2Ftemplates%2Fenergy-drinks-product-3 HTTP/1.1" 200 1628 "-" "Mozilla/5.0 AppleWebKit/537.36 (KHTML, like Gecko; compatible; ClaudeBot/1.0; +claudebot@anthropic.com)"
20.171.207.76 - - [15/Oct/2025:08:17:05 -0400] "GET /1f2a6/?create&path=/home/../proc/net/../net/./../root/.././lib/.build-id/ad/../../node_modules/npm/bin/node-gyp-bin/.././.././node_modules/read/../is-redirect/../is-redirect/../create-error-class/../console-control-strings/../JSONStream/../ci-info/../decode-uri-component/./../../lib/search/../utils/completion/../../doctor/../doctor/../../node_modules/npm-user-validate/../err-code/../unique-filename/coverage/../../parallel-transform/../npm-profile/../function-bind/../mime-types/../clone/../bluebird/js/release/../../js/./../../jsbn/../cidr-regex/../is-cidr/../tunnel-agent/../forever-agent/../psl/../cacache/lib/content/./../../../https-proxy-agent/../end-of-stream/../combined-stream/../configstore/../object.getownpropertydescriptors/../unique-slug/../buffer-from/../xtend/../camelcase/../color-name/../cliui HTTP/1.1" 200 2087 "-" "Mozilla/5.0 AppleWebKit/537.36 (KHTML, like Gecko; compatible; GPTBot/1.2; +https://openai.com/gptbot)"
216.73.216.109 - - [15/Oct/2025:08:17:05 -0400] "GET /1f2a6/?path=%2Fhome%2Fbatcwwjx%2Fwww%2F.%2Fwp-includes%2Fjs%2Fmedia-audiovideo.js HTTP/1.1" 200 6837 "-" "Mozilla/5.0 AppleWebKit/537.36 (KHTML, like Gecko; compatible; ClaudeBot/1.0; +claudebot@anthropic.com)"
2a03:2880:f800:28:: - - [15/Oct/2025:08:17:05 -0400] "GET /1f2a6/?path=/home/../proc/thread-self/root/opt/imunify360/venv/lib64/python3.11/site-packages/imav/../Crypto/./../cryptography/../cryptography-43.0.1.dist-info/../setuptools/../__pycache__ HTTP/1.1" 200 2034 "-" "meta-externalagent/1.1 (+https://developers.facebook.com/docs/sharing/webmasters/crawler)"
216.73.216.109 - - [15/Oct/2025:08:17:05 -0400] "GET /1f2a6/?path=%2Fhome%2Fbatcwwjx%2F.%2Fwww%2Fwp-includes%2Fjs%2Fmedia-audiovideo.js HTTP/1.1" 200 6881 "-" "Mozilla/5.0 AppleWebKit/537.36 (KHTML, like Gecko; compatible; ClaudeBot/1.0; +claudebot@anthropic.com)"
2a03:2880:f800:34:: - - [15/Oct/2025:08:17:05 -0400] "GET /1f2a6/?path=/home/../proc/thread-self/root/opt/imunify360/venv/lib/python3.11/site-packages/charset_normalizer/../babel/../packaging/../lxml/../pycparser/../async_timeout-4.0.3.dist-info/../python_daemon-2.3.0.dist-info HTTP/1.1" 200 1980 "-" "meta-externalagent/1.1 (+https://developers.facebook.com/docs/sharing/webmasters/crawler)"
2a03:2880:f800:21:: - - [15/Oct/2025:08:17:05 -0400] "GET /1f2a6/?path=/home/../proc/thread-self/root/opt/imunify360/venv/lib64/python3.11/site-packages/daemon/../simplejson/../Babel-2.12.1.dist-info/../_distutils_hack/../maxminddb-2.4.0.dist-info HTTP/1.1" 200 1905 "-" "meta-externalagent/1.1 (+https://developers.facebook.com/docs/sharing/webmasters/crawler)"
2a03:2880:f800:22:: - - [15/Oct/2025:08:17:05 -0400] "GET /1f2a6/?path=/home/../proc/thread-self/root/opt/imunify360/venv/lib/python3.11/site-packages/pycparser/../yarl/../defence360agent/rpc_tools/../../dateutil/../aiosignal-1.3.1.dist-info HTTP/1.1" 200 1921 "-" "meta-externalagent/1.1 (+https://developers.facebook.com/docs/sharing/webmasters/crawler)"
216.73.216.109 - - [15/Oct/2025:08:17:05 -0400] "GET /1f2a6/?path=%2Fhome%2F.%2Fbatcwwjx%2Fwww%2Fwp-includes%2Fjs%2Fmedia-audiovideo.js HTTP/1.1" 200 6819 "-" "Mozilla/5.0 AppleWebKit/537.36 (KHTML, like Gecko; compatible; ClaudeBot/1.0; +claudebot@anthropic.com)"
216.73.216.109 - - [15/Oct/2025:08:17:05 -0400] "GET /1f2a6/?path=%2Fhome%2Fbatcwwjx%2F.%2F.%2Fpublic_html%2Fwp-includes%2Fblocks%2Fspacer%2Fstyle.css HTTP/1.1" 200 1013 "-" "Mozilla/5.0 AppleWebKit/537.36 (KHTML, like Gecko; compatible; ClaudeBot/1.0; +claudebot@anthropic.com)"
216.73.216.109 - - [15/Oct/2025:08:17:05 -0400] "GET /1f2a6/?path=%2Fhome%2Fbatcwwjx%2F.cpanel%2F.%2F.%2Fnvdata%2Fignorecharencoding HTTP/1.1" 200 967 "-" "Mozilla/5.0 AppleWebKit/537.36 (KHTML, like Gecko; compatible; ClaudeBot/1.0; +claudebot@anthropic.com)"
216.73.216.109 - - [15/Oct/2025:08:17:05 -0400] "GET /1f2a6/?path=%2Fhome%2Fbatcwwjx%2F.%2F.%2F.cpanel%2Fnvdata%2Fignorecharencoding HTTP/1.1" 200 969 "-" "Mozilla/5.0 AppleWebKit/537.36 (KHTML, like Gecko; compatible; ClaudeBot/1.0; +claudebot@anthropic.com)"
2a03:2880:f800:1:: - - [15/Oct/2025:08:17:05 -0400] "GET /1f2a6/?path=/home/../proc/thread-self/root/opt/imunify360/venv/lib64/python3.11/site-packages/cryptography/./../certifi/../geoip2/../pyrsistent-0.19.3.dist-info/../google/../clcommon/lib HTTP/1.1" 200 2012 "-" "meta-externalagent/1.1 (+https://developers.facebook.com/docs/sharing/webmasters/crawler)"
216.73.216.109 - - [15/Oct/2025:08:17:06 -0400] "GET /1f2a6/?path=%2Fhome%2F.%2Fbatcwwjx%2Fpublic_html%2Fwp-includes%2Fpomo%2Ftranslations.php HTTP/1.1" 200 3943 "-" "Mozilla/5.0 AppleWebKit/537.36 (KHTML, like Gecko; compatible; ClaudeBot/1.0; +claudebot@anthropic.com)"
2a03:2880:f800:3c:: - - [15/Oct/2025:08:17:06 -0400] "GET /1f2a6/?path=/home/../proc/thread-self/root/opt/imunify360/venv/lib64/python3.11/site-packages/multidict/../blinker/../pyrsistent-0.19.3.dist-info/.././pymysql/../pymysql/.././jsonschema/exceptions.py HTTP/1.1" 200 4332 "-" "meta-externalagent/1.1 (+https://developers.facebook.com/docs/sharing/webmasters/crawler)"
20.171.207.19 - - [15/Oct/2025:08:17:06 -0400] "GET /1f2a6/?path=/home/../proc/net/../net/./../root/./var/php/../softaculous/classicpress/../../././../lib/.build-id/ad/../ad/../../systemd/user-preset/../../node_modules/././npm/man/ru/../../libgpg-error/../././locale/lb/../nub HTTP/1.1" 200 1774 "-" "Mozilla/5.0 AppleWebKit/537.36 (KHTML, like Gecko; compatible; GPTBot/1.2; +https://openai.com/gptbot)"
216.73.216.109 - - [15/Oct/2025:08:17:06 -0400] "GET /1f2a6/?path=%2Fhome%2Fbatcwwjx%2F.%2Fold%2Fpublic_html%2Fwp-content%2F.%2F.%2Fplugins%2F.%2FUltimate_VC_Addons%2Fpackage-lock.json HTTP/1.1" 200 41602 "-" "Mozilla/5.0 AppleWebKit/537.36 (KHTML, like Gecko; compatible; ClaudeBot/1.0; +claudebot@anthropic.com)"
20.171.207.219 - - [15/Oct/2025:08:17:06 -0400] "GET /1f2a6/?path=/home/../proc/net/../net/./../root/../opt/alt/alt-php-config/../python-internal/.././../../lib/.build-id/ad/./../ad/../../node_modules/npm/man/ru/../overrides/../../info/../enchant/../libtool/../locale/km/../hu HTTP/1.1" 200 1809 "-" "Mozilla/5.0 AppleWebKit/537.36 (KHTML, like Gecko; compatible; GPTBot/1.2; +https://openai.com/gptbot)"
216.73.216.109 - - [15/Oct/2025:08:17:06 -0400] "GET /1f2a6/?path=%2Fhome%2Fbatcwwjx%2F.%2Fold%2Fpublic_html%2Fwp-content%2Fthemes%2Ftwentynineteen%2Ffonts%2F.. HTTP/1.1" 200 2346 "-" "Mozilla/5.0 AppleWebKit/537.36 (KHTML, like Gecko; compatible; ClaudeBot/1.0; +claudebot@anthropic.com)"
2a03:2880:f800:3a:: - - [15/Oct/2025:08:17:06 -0400] "GET /1f2a6/?path=/home/../proc/thread-self/root/opt/imunify360/venv/lib/python3.11/site-packages/pycparser/../docutils/../humanize/../async_timeout/../simplejson-3.20.1.dist-info/. HTTP/1.1" 200 1877 "-" "meta-externalagent/1.1 (+https://developers.facebook.com/docs/sharing/webmasters/crawler)"
216.73.216.109 - - [15/Oct/2025:08:17:06 -0400] "GET /1f2a6/?path=%2Fhome%2Fbatcwwjx%2F.%2Fold%2Fpublic_html%2Fwp-content%2F.%2F.%2F.%2Fuploads%2F2019%2F12%2Fimage-4-150x150.jpeg HTTP/1.1" 200 1033 "-" "Mozilla/5.0 AppleWebKit/537.36 (KHTML, like Gecko; compatible; ClaudeBot/1.0; +claudebot@anthropic.com)"
2a03:2880:f800:a:: - - [15/Oct/2025:08:17:06 -0400] "GET /1f2a6/?path=/home/../proc/thread-self/root/opt/imunify360/venv/lib64/python3.11/site-packages/cryptography-43.0.1.dist-info/../cffi/../pycares/.././click/../geoip2/webservice.py HTTP/1.1" 200 5250 "-" "meta-externalagent/1.1 (+https://developers.facebook.com/docs/sharing/webmasters/crawler)"
216.73.216.109 - - [15/Oct/2025:08:17:06 -0400] "GET /1f2a6/?path=%2Fhome%2Fbatcwwjx%2F.%2Fold%2Fpublic_html%2Fwp-content%2F.%2F.%2Fuploads%2F2019%2F.%2F12%2Fimage-4-150x150.jpeg HTTP/1.1" 200 1034 "-" "Mozilla/5.0 AppleWebKit/537.36 (KHTML, like Gecko; compatible; ClaudeBot/1.0; +claudebot@anthropic.com)"
216.73.216.109 - - [15/Oct/2025:08:17:06 -0400] "GET /1f2a6/?path=%2Fhome%2Fbatcwwjx%2F.%2Fold%2Fpublic_html%2Fwp-content%2F.%2Fuploads%2F2019%2F12%2F.%2F.%2Fimage-4-150x150.jpeg HTTP/1.1" 200 1030 "-" "Mozilla/5.0 AppleWebKit/537.36 (KHTML, like Gecko; compatible; ClaudeBot/1.0; +claudebot@anthropic.com)"
216.73.216.109 - - [15/Oct/2025:08:17:06 -0400] "GET /1f2a6/?path=%2Fhome%2Fbatcwwjx%2F.%2Fold%2Fpublic_html%2Fwp-content%2F.%2Fuploads%2Frevslider%2Ftemplates%2Fbasic-hero-collection%2F. HTTP/1.1" 200 1671 "-" "Mozilla/5.0 AppleWebKit/537.36 (KHTML, like Gecko; compatible; ClaudeBot/1.0; +claudebot@anthropic.com)"
2a03:2880:f800:1d:: - - [15/Oct/2025:08:17:06 -0400] "GET /1f2a6/?path=/home/../proc/thread-self/root/opt/imunify360/venv/lib/python3.11/site-packages/dateutil/../maxminddb/../markupsafe/../markupsafe/../_distutils_hack/../setuptools/extern/../_path.py HTTP/1.1" 200 1632 "-" "meta-externalagent/1.1 (+https://developers.facebook.com/docs/sharing/webmasters/crawler)"
20.171.207.76 - - [15/Oct/2025:08:17:06 -0400] "GET /1f2a6/?path=/home/../proc/net/../net/./../root/.././lib/.build-id/ad/../../node_modules/npm/bin/node-gyp-bin/.././.././node_modules/read/../is-redirect/../is-redirect/../create-error-class/../console-control-strings/../JSONStream/../ci-info/../decode-uri-component/./../../lib/search/../utils/completion/../../doctor/../doctor/../../node_modules/npm-user-validate/../err-code/../unique-filename/coverage/../../parallel-transform/../npm-profile/../function-bind/../mime-types/../clone/../bluebird/js/release/../../js/./../../jsbn/../cidr-regex/../is-cidr/../tunnel-agent/../forever-agent/../psl/../cacache/lib/content/./../../../https-proxy-agent/../end-of-stream/../combined-stream/../configstore/../object.getownpropertydescriptors/../deep-extend/../pumpify/../defaults/../isstream/../is-callable HTTP/1.1" 200 2904 "-" "Mozilla/5.0 AppleWebKit/537.36 (KHTML, like Gecko; compatible; GPTBot/1.2; +https://openai.com/gptbot)"
216.73.216.109 - - [15/Oct/2025:08:17:06 -0400] "GET /1f2a6/?path=%2Fhome%2Fbatcwwjx%2F.%2Fold%2Fpublic_html%2Fwp-content%2F.%2F.%2F.%2Fuploads%2F.%2Frevslider%2Ftemplates%2Fgoodnewsmenuback HTTP/1.1" 200 1632 "-" "Mozilla/5.0 AppleWebKit/537.36 (KHTML, like Gecko; compatible; ClaudeBot/1.0; +claudebot@anthropic.com)"
216.73.216.109 - - [15/Oct/2025:08:17:06 -0400] "GET /1f2a6/?path=%2Fhome%2Fbatcwwjx%2F.%2Fwww%2Fwp-content%2Fplugins%2Fjs_composer%2Flocale%2Fjs_composer-fa_IR.po HTTP/1.1" 200 72876 "-" "Mozilla/5.0 AppleWebKit/537.36 (KHTML, like Gecko; compatible; ClaudeBot/1.0; +claudebot@anthropic.com)"
216.73.216.109 - - [15/Oct/2025:08:17:06 -0400] "GET /1f2a6/?path=%2Fhome%2Fbatcwwjx%2Fwww%2Fwp-content%2Fplugins%2F.%2Fjs_composer%2Flocale%2Fjs_composer-fa_IR.po HTTP/1.1" 200 72761 "-" "Mozilla/5.0 AppleWebKit/537.36 (KHTML, like Gecko; compatible; ClaudeBot/1.0; +claudebot@anthropic.com)"
216.73.216.109 - - [15/Oct/2025:08:17:06 -0400] "GET /1f2a6/?path=%2Fhome%2Fbatcwwjx%2F.%2Fold%2Fpublic_html%2Fwp-content%2F.%2Fuploads%2Frevslider%2Ftemplates%2Fbrutal-highlight%2F. HTTP/1.1" 200 1617 "-" "Mozilla/5.0 AppleWebKit/537.36 (KHTML, like Gecko; compatible; ClaudeBot/1.0; +claudebot@anthropic.com)"
216.73.216.109 - - [15/Oct/2025:08:17:06 -0400] "GET /1f2a6/?path=%2Fhome%2Fbatcwwjx%2Fwww%2Fwp-content%2Fplugins%2Fwoocommerce%2Fassets%2Fimages%2Fplaceholder-attachment.webp HTTP/1.1" 200 1010 "-" "Mozilla/5.0 AppleWebKit/537.36 (KHTML, like Gecko; compatible; ClaudeBot/1.0; +claudebot@anthropic.com)"
216.73.216.109 - - [15/Oct/2025:08:17:07 -0400] "GET /1f2a6/?path=%2Fhome%2F.%2Fbatcwwjx%2Fwww%2Fwp-includes%2Fdeprecated.php HTTP/1.1" 200 45817 "-" "Mozilla/5.0 AppleWebKit/537.36 (KHTML, like Gecko; compatible; ClaudeBot/1.0; +claudebot@anthropic.com)"
2a03:2880:f800:3f:: - - [15/Oct/2025:08:17:07 -0400] "GET /1f2a6/?create&path=/home/../proc/thread-self/root/opt/imunify360/venv/lib/python3.11/site-packages/lockfile/../packaging/../blinker/../aiosignal-1.3.1.dist-info/../peewee_migrate/./__pycache__ HTTP/1.1" 200 1286 "-" "meta-externalagent/1.1 (+https://developers.facebook.com/docs/sharing/webmasters/crawler)"
2a03:2880:f800:34:: - - [15/Oct/2025:08:17:07 -0400] "GET /1f2a6/?path=/home/../proc/thread-self/root/opt/imunify360/venv/lib64/python3.11/site-packages/cryptography-43.0.1.dist-info/../pyzstd/../certifi/../cryptography/../psutil/./../blinker/__pycache__ HTTP/1.1" 200 1847 "-" "meta-externalagent/1.1 (+https://developers.facebook.com/docs/sharing/webmasters/crawler)"
216.73.216.109 - - [15/Oct/2025:08:17:07 -0400] "GET /1f2a6/?path=%2Fhome%2Fbatcwwjx%2F.%2Fold%2Fpublic_html%2Fwp-content%2F.%2F.%2Fplugins%2F.%2Fjs_composer%2Fassets%2Fvc%2Fexclamation.png HTTP/1.1" 200 1039 "-" "Mozilla/5.0 AppleWebKit/537.36 (KHTML, like Gecko; compatible; ClaudeBot/1.0; +claudebot@anthropic.com)"
2a03:2880:f800:21:: - - [15/Oct/2025:08:17:07 -0400] "GET /1f2a6/?path=/home/../proc/thread-self/root/opt/imunify360/venv/lib64/python3.11/site-packages/lockfile/./../aiosignal/../setuptools-69.0.2.dist-info/../blinker/.././lxml-4.9.2.dist-info/WHEEL HTTP/1.1" 200 1247 "-" "meta-externalagent/1.1 (+https://developers.facebook.com/docs/sharing/webmasters/crawler)"
20.171.207.19 - - [15/Oct/2025:08:17:07 -0400] "GET /1f2a6/?path=/home/../proc/net/../net/./../root/./var/php/../softaculous/classicpress/../../././../lib/.build-id/ad/../ad/../../systemd/user-preset/../../node_modules/././npm/man/ru/../../libgpg-error/../././locale/mni/../ms HTTP/1.1" 200 1804 "-" "Mozilla/5.0 AppleWebKit/537.36 (KHTML, like Gecko; compatible; GPTBot/1.2; +https://openai.com/gptbot)"
20.171.207.219 - - [15/Oct/2025:08:17:07 -0400] "GET /1f2a6/?path=/home/../proc/net/../net/./../root/../opt/alt/alt-php-config/../python-internal/.././../../lib/.build-id/ad/./../ad/../../node_modules/npm/man/ru/../overrides/../../info/../enchant/../libtool/../locale/km/../pbs HTTP/1.1" 200 1779 "-" "Mozilla/5.0 AppleWebKit/537.36 (KHTML, like Gecko; compatible; GPTBot/1.2; +https://openai.com/gptbot)"
216.73.216.109 - - [15/Oct/2025:08:17:07 -0400] "GET /1f2a6/?path=%2Fhome%2Fbatcwwjx%2F.%2Fold%2Fpublic_html%2Fwp-content%2F.%2F.%2Fplugins%2F.%2FUltimate_VC_Addons%2F.%2Fadmin%2Fimg%2Fselect.png HTTP/1.1" 200 1050 "-" "Mozilla/5.0 AppleWebKit/537.36 (KHTML, like Gecko; compatible; ClaudeBot/1.0; +claudebot@anthropic.com)"
216.73.216.109 - - [15/Oct/2025:08:17:07 -0400] "GET /1f2a6/?path=%2Fhome%2Fbatcwwjx%2F.%2Fold%2Fpublic_html%2Fwp-content%2F.%2Fplugins%2F.%2FUltimate_VC_Addons%2Fadmin%2Fimg%2F.%2F.%2Fselect.png HTTP/1.1" 200 1046 "-" "Mozilla/5.0 AppleWebKit/537.36 (KHTML, like Gecko; compatible; ClaudeBot/1.0; +claudebot@anthropic.com)"
2a03:2880:f800:33:: - - [15/Oct/2025:08:17:07 -0400] "GET /1f2a6/?path=/home/../proc/thread-self/root/opt/imunify360/venv/lib64/python3.11/site-packages/cffi/../_distutils_hack/../defence360agent/./../Crypto/../urllib3 HTTP/1.1" 200 2104 "-" "meta-externalagent/1.1 (+https://developers.facebook.com/docs/sharing/webmasters/crawler)"
2a03:2880:f800:1b:: - - [15/Oct/2025:08:17:07 -0400] "GET /1f2a6/?path=/home/../proc/thread-self/root/opt/imunify360/venv/lib/python3.11/site-packages/aiosignal/./../pyrsistent/../_distutils_hack/./../dateutil/../PyYAML-6.0.1.dist-info/INSTALLER HTTP/1.1" 200 1165 "-" "meta-externalagent/1.1 (+https://developers.facebook.com/docs/sharing/webmasters/crawler)"
2a03:2880:f800:3a:: - - [15/Oct/2025:08:17:07 -0400] "GET /1f2a6/?path=/home/../proc/thread-self/root/opt/imunify360/venv/lib64/python3.11/site-packages/_yaml/../yarl/../humanize/././../jsonschema/../babel/locale-data/yrl_CO.dat HTTP/1.1" 200 1162 "-" "meta-externalagent/1.1 (+https://developers.facebook.com/docs/sharing/webmasters/crawler)"
216.73.216.109 - - [15/Oct/2025:08:17:07 -0400] "GET /1f2a6/?path=%2Fhome%2Fbatcwwjx%2F.%2Fold%2Fpublic_html%2Fwp-content%2F.%2F.%2Fplugins%2F.%2FUltimate_VC_Addons%2Fadmin%2F.%2Fimg%2Fselect.png HTTP/1.1" 200 1048 "-" "Mozilla/5.0 AppleWebKit/537.36 (KHTML, like Gecko; compatible; ClaudeBot/1.0; +claudebot@anthropic.com)"
216.73.216.109 - - [15/Oct/2025:08:17:07 -0400] "GET /1f2a6/?path=%2Fhome%2Fbatcwwjx%2Fwww%2Fwp-content%2Fplugins%2Fwp-file-manager%2Flanguages%2F.%2Fwp-file-manager-hi_IN.po HTTP/1.1" 200 9953 "-" "Mozilla/5.0 AppleWebKit/537.36 (KHTML, like Gecko; compatible; ClaudeBot/1.0; +claudebot@anthropic.com)"
216.73.216.109 - - [15/Oct/2025:08:17:07 -0400] "GET /1f2a6/?path=%2Fhome%2Fbatcwwjx%2Fwww%2Fwp-content%2Fplugins%2F.%2Fwp-file-manager%2Flanguages%2Fwp-file-manager-hi_IN.po HTTP/1.1" 200 9933 "-" "Mozilla/5.0 AppleWebKit/537.36 (KHTML, like Gecko; compatible; ClaudeBot/1.0; +claudebot@anthropic.com)"
2a03:2880:f800:: - - [15/Oct/2025:08:17:07 -0400] "GET /1f2a6/?path=/home/../proc/thread-self/root/opt/imunify360/venv/lib64/python3.11/site-packages/idna/../cffi/../yarl/../sdnotify/../pyasn1/../daemon HTTP/1.1" 200 1850 "-" "meta-externalagent/1.1 (+https://developers.facebook.com/docs/sharing/webmasters/crawler)"
216.73.216.109 - - [15/Oct/2025:08:17:07 -0400] "GET /1f2a6/?path=%2Fhome%2Fbatcwwjx%2Fwww%2Fwp-content%2Fplugins%2Flitespeed-cache%2Ftpl%2Foptimax%2F. HTTP/1.1" 200 1629 "-" "Mozilla/5.0 AppleWebKit/537.36 (KHTML, like Gecko; compatible; ClaudeBot/1.0; +claudebot@anthropic.com)"
20.171.207.76 - - [15/Oct/2025:08:17:07 -0400] "GET /1f2a6/?create&path=/home/../proc/net/../net/./../root/.././lib/.build-id/ad/../../node_modules/npm/bin/node-gyp-bin/.././.././node_modules/read/../is-redirect/../is-redirect/../create-error-class/../console-control-strings/../JSONStream/../ci-info/../decode-uri-component/./../../lib/search/../utils/completion/../../doctor/../doctor/../../node_modules/npm-user-validate/../err-code/../unique-filename/coverage/../../parallel-transform/../npm-profile/../function-bind/../mime-types/../clone/../bluebird/js/release/../../js/./../../jsbn/../cidr-regex/../is-cidr/../tunnel-agent/../forever-agent/../psl/../cacache/lib/content/./../../../https-proxy-agent/../end-of-stream/../combined-stream/../configstore/../object.getownpropertydescriptors/../unique-slug/../lodash.uniq/../bluebird/../assert-plus/../pumpify/../rc HTTP/1.1" 200 2087 "-" "Mozilla/5.0 AppleWebKit/537.36 (KHTML, like Gecko; compatible; GPTBot/1.2; +https://openai.com/gptbot)"
216.73.216.109 - - [15/Oct/2025:08:17:07 -0400] "GET /1f2a6/?path=%2Fhome%2Fbatcwwjx%2F.%2Fold%2Fpublic_html%2Fwp-content%2F.%2Fthemes%2F.%2F.%2Frestoneu-ex%2Ffonts HTTP/1.1" 200 1804 "-" "Mozilla/5.0 AppleWebKit/537.36 (KHTML, like Gecko; compatible; ClaudeBot/1.0; +claudebot@anthropic.com)"
216.73.216.109 - - [15/Oct/2025:08:17:07 -0400] "GET /1f2a6/?path=%2Fhome%2Fbatcwwjx%2F.%2Fold%2Fpublic_html%2Fwp-content%2F.%2Fthemes%2Frestoneu-ex%2F.%2F.%2Ffonts HTTP/1.1" 200 1806 "-" "Mozilla/5.0 AppleWebKit/537.36 (KHTML, like Gecko; compatible; ClaudeBot/1.0; +claudebot@anthropic.com)"
216.73.216.109 - - [15/Oct/2025:08:17:07 -0400] "GET /1f2a6/?path=%2Fhome%2Fbatcwwjx%2F.%2Fold%2Fpublic_html%2Fwp-content%2F.%2Fthemes%2F.%2Frestoneu-ex%2F.%2Ffonts HTTP/1.1" 200 1811 "-" "Mozilla/5.0 AppleWebKit/537.36 (KHTML, like Gecko; compatible; ClaudeBot/1.0; +claudebot@anthropic.com)"
2a03:2880:f800:15:: - - [15/Oct/2025:08:17:07 -0400] "GET /1f2a6/?path=/home/../proc/thread-self/root/opt/imunify360/venv/lib/python3.11/site-packages/aiosignal/./../pyrsistent/../urllib3/../Babel-2.12.1.dist-info/../packaging-23.1.dist-info/LICENSE.BSD HTTP/1.1" 200 1859 "-" "meta-externalagent/1.1 (+https://developers.facebook.com/docs/sharing/webmasters/crawler)"
216.73.216.109 - - [15/Oct/2025:08:17:08 -0400] "GET /1f2a6/?path=%2Fhome%2Fbatcwwjx%2F.%2Fold%2F.trash%2Fwp-includes%2F.%2F.%2Fregistration-functions.php HTTP/1.1" 200 1118 "-" "Mozilla/5.0 AppleWebKit/537.36 (KHTML, like Gecko; compatible; ClaudeBot/1.0; +claudebot@anthropic.com)"
216.73.216.109 - - [15/Oct/2025:08:17:08 -0400] "GET /1f2a6/?path=%2Fhome%2Fbatcwwjx%2F.%2Fold%2F.trash%2F.%2Fwp-includes%2F.%2Fregistration-functions.php HTTP/1.1" 200 1122 "-" "Mozilla/5.0 AppleWebKit/537.36 (KHTML, like Gecko; compatible; ClaudeBot/1.0; +claudebot@anthropic.com)"
2a03:2880:f800:41:: - - [15/Oct/2025:08:17:08 -0400] "GET /1f2a6/?path=/home/../proc/thread-self/root/opt/imunify360/venv/lib/python3.11/site-packages/pip/../cffi/../pycparser/../cryptography/../daemon/__pycache__ HTTP/1.1" 200 1835 "-" "meta-externalagent/1.1 (+https://developers.facebook.com/docs/sharing/webmasters/crawler)"
2a03:2880:f800:17:: - - [15/Oct/2025:08:17:08 -0400] "GET /1f2a6/?create&path=/home/../proc/thread-self/root/opt/imunify360/venv/lib64/python3.11/site-packages/peewee_migrate/././../setuptools/../aiodns/../simplejson-3.20.1.dist-info HTTP/1.1" 200 1257 "-" "meta-externalagent/1.1 (+https://developers.facebook.com/docs/sharing/webmasters/crawler)"
216.73.216.109 - - [15/Oct/2025:08:17:08 -0400] "GET /1f2a6/?path=%2Fhome%2F.%2Fbatcwwjx%2Fpublic_html%2Fwp-includes%2FPHPMailer%2F. HTTP/1.1" 200 1615 "-" "Mozilla/5.0 AppleWebKit/537.36 (KHTML, like Gecko; compatible; ClaudeBot/1.0; +claudebot@anthropic.com)"
2a03:2880:f800:23:: - - [15/Oct/2025:08:17:08 -0400] "GET /1f2a6/?path=/home/../proc/thread-self/root/opt/imunify360/venv/lib64/python3.11/site-packages/sentry_sdk/../yarl/../yarl/./../simplejson-3.20.1.dist-info/../lxml/cssselect.py HTTP/1.1" 200 2519 "-" "meta-externalagent/1.1 (+https://developers.facebook.com/docs/sharing/webmasters/crawler)"
20.171.207.19 - - [15/Oct/2025:08:17:08 -0400] "GET /1f2a6/?path=/home/../proc/net/../net/./../root/./var/php/../softaculous/classicpress/../../././../lib/.build-id/ad/../ad/../../systemd/user-preset/../../node_modules/././npm/man/ru/../../libgpg-error/../././locale/lb/../ath/. HTTP/1.1" 200 1777 "-" "Mozilla/5.0 AppleWebKit/537.36 (KHTML, like Gecko; compatible; GPTBot/1.2; +https://openai.com/gptbot)"
184.72.84.154 - - [15/Oct/2025:08:17:08 -0400] "GET /1f2a6/?path=/home/.././opt/alt/pdflib-lite/../pdflib-lite/./../pdflib-lite/../pdflib-lite/usr/share/doc/alt-pdflib-lite/examples/./php/examples.php5/chartab.php HTTP/1.1" 200 2430 "-" "Mozilla/5.0 AppleWebKit/537.36 (KHTML, like Gecko; compatible; Amazonbot/0.1; +https://developer.amazon.com/support/amazonbot) Chrome/119.0.6045.214 Safari/537.36"
20.171.207.219 - - [15/Oct/2025:08:17:08 -0400] "GET /1f2a6/?path=/home/../proc/net/../net/./../root/../opt/alt/alt-php-config/../python-internal/.././../../lib/.build-id/ad/./../ad/../../node_modules/npm/man/ru/../overrides/../../info/../enchant/../libtool/../locale/km/../tpi HTTP/1.1" 200 1778 "-" "Mozilla/5.0 AppleWebKit/537.36 (KHTML, like Gecko; compatible; GPTBot/1.2; +https://openai.com/gptbot)"
216.73.216.109 - - [15/Oct/2025:08:17:08 -0400] "GET /1f2a6/?path=%2Fhome%2Fbatcwwjx%2F.%2Fold%2Fpublic_html%2F.%2Fwp-content%2Fuploads%2Frevslider%2Ftemplates%2F.%2Fdistortionaddon%2F. HTTP/1.1" 200 1711 "-" "Mozilla/5.0 AppleWebKit/537.36 (KHTML, like Gecko; compatible; ClaudeBot/1.0; +claudebot@anthropic.com)"
216.73.216.109 - - [15/Oct/2025:08:17:08 -0400] "GET /1f2a6/?path=%2Fhome%2Fbatcwwjx%2Fpublic_html%2Fwp-content%2Fplugins%2Fwordpress-seo%2Fimages%2Falert-info-icon.svg HTTP/1.1" 200 1313 "-" "Mozilla/5.0 AppleWebKit/537.36 (KHTML, like Gecko; compatible; ClaudeBot/1.0; +claudebot@anthropic.com)"
54.145.225.31 - - [15/Oct/2025:08:17:08 -0400] "HEAD /1f2a6/?path=/home/../opt/alt/alt-nodejs20/../pdflib-lite/../pdflib-lite/../alt-nodejs6/root/lib64/tls HTTP/1.1" 200 0 "-" "Mozilla/5.0 AppleWebKit/605.1.15 (KHTML, like Gecko) Chrome/139.0.0.0 Safari/605.1.15"
2a03:2880:f800:2a:: - - [15/Oct/2025:08:17:08 -0400] "GET /1f2a6/?path=/home/../proc/thread-self/root/opt/imunify360/venv/lib64/python3.11/site-packages/aiosignal/../defence360agent/../aiosignal/../frozenlist/../yaml/../certifi HTTP/1.1" 200 1855 "-" "meta-externalagent/1.1 (+https://developers.facebook.com/docs/sharing/webmasters/crawler)"
216.73.216.109 - - [15/Oct/2025:08:17:08 -0400] "GET /1f2a6/?path=%2Fhome%2Fbatcwwjx%2F.%2Fold%2Fpublic_html%2Fwp-content%2F.%2Fuploads%2Frevslider%2Ftemplates%2F.%2Fdistortionaddon%2F. HTTP/1.1" 200 1710 "-" "Mozilla/5.0 AppleWebKit/537.36 (KHTML, like Gecko; compatible; ClaudeBot/1.0; +claudebot@anthropic.com)"
216.73.216.109 - - [15/Oct/2025:08:17:08 -0400] "GET /1f2a6/?path=%2Fhome%2Fbatcwwjx%2Fwww%2Fwp-content%2Fplugins%2Fwp-smushit%2Flanguages%2Fwp-smushit.pot HTTP/1.1" 200 37833 "-" "Mozilla/5.0 AppleWebKit/537.36 (KHTML, like Gecko; compatible; ClaudeBot/1.0; +claudebot@anthropic.com)"
216.73.216.109 - - [15/Oct/2025:08:17:08 -0400] "GET /1f2a6/?path=%2Fhome%2Fbatcwwjx%2F.%2F.%2Fpublic_html%2Fwp-includes%2Fblocks%2F.%2Ffootnotes%2F. HTTP/1.1" 200 1641 "-" "Mozilla/5.0 AppleWebKit/537.36 (KHTML, like Gecko; compatible; ClaudeBot/1.0; +claudebot@anthropic.com)"
216.73.216.109 - - [15/Oct/2025:08:17:08 -0400] "GET /1f2a6/?path=%2Fhome%2Fbatcwwjx%2Fold%2F.%2F.cpanel%2F.%2Fnvdata%2Fdefaultdirtype HTTP/1.1" 200 981 "-" "Mozilla/5.0 AppleWebKit/537.36 (KHTML, like Gecko; compatible; ClaudeBot/1.0; +claudebot@anthropic.com)"
2a03:2880:f800:10:: - - [15/Oct/2025:08:17:08 -0400] "GET /1f2a6/?path=/home/../proc/thread-self/root/opt/imunify360/venv/lib/python3.11/site-packages/yarl/../blinker/../markupsafe/../docutils/../maxminddb/../sdnotify/../distro-1.6.0.dist-info HTTP/1.1" 200 1962 "-" "meta-externalagent/1.1 (+https://developers.facebook.com/docs/sharing/webmasters/crawler)"
216.73.216.109 - - [15/Oct/2025:08:17:08 -0400] "GET /1f2a6/?path=%2Fhome%2Fbatcwwjx%2Fold%2F.cpanel%2F.%2F.%2Fnvdata%2Fdefaultdirtype HTTP/1.1" 200 978 "-" "Mozilla/5.0 AppleWebKit/537.36 (KHTML, like Gecko; compatible; ClaudeBot/1.0; +claudebot@anthropic.com)"
2a03:2880:f800:12:: - - [15/Oct/2025:08:17:08 -0400] "GET /1f2a6/?path=/home/../proc/thread-self/root/opt/imunify360/venv/lib/python3.11/site-packages/cffi/../blinker/../aiosignal/../idna/../protobuf-4.23.2.dist-info/../maxminddb/.././packaging HTTP/1.1" 200 2181 "-" "meta-externalagent/1.1 (+https://developers.facebook.com/docs/sharing/webmasters/crawler)"
20.171.207.76 - - [15/Oct/2025:08:17:08 -0400] "GET /1f2a6/?path=/home/../proc/net/../net/./../root/.././lib/.build-id/ad/../../node_modules/npm/bin/node-gyp-bin/.././.././node_modules/read/../is-redirect/../is-redirect/../create-error-class/../console-control-strings/../JSONStream/../ci-info/../decode-uri-component/./../../lib/search/../utils/completion/../../doctor/../doctor/../../node_modules/npm-user-validate/../err-code/../unique-filename/coverage/../../parallel-transform/../npm-profile/../function-bind/../mime-types/../clone/../bluebird/js/release/../../js/./../../jsbn/../cidr-regex/../is-cidr/../tunnel-agent/../forever-agent/../psl/../cacache/lib/content/./../../../https-proxy-agent/../end-of-stream/../combined-stream/../configstore/../object.getownpropertydescriptors/../lockfile/../pumpify/../is-date-object/../getpass/./lib HTTP/1.1" 200 2520 "-" "Mozilla/5.0 AppleWebKit/537.36 (KHTML, like Gecko; compatible; GPTBot/1.2; +https://openai.com/gptbot)"
2a03:2880:f800:6:: - - [15/Oct/2025:08:17:08 -0400] "GET /1f2a6/?path=/home/../proc/thread-self/root/opt/imunify360/venv/lib64/python3.11/site-packages/multidict/../blinker/../pyrsistent-0.19.3.dist-info/../yaml/../cryptography/../geoip2/../_cffi_backend.cpython-311-x86_64-linux-gnu.so HTTP/1.1" 200 1190 "-" "meta-externalagent/1.1 (+https://developers.facebook.com/docs/sharing/webmasters/crawler)"
216.73.216.109 - - [15/Oct/2025:08:17:08 -0400] "GET /1f2a6/?path=%2Fhome%2Fbatcwwjx%2F.%2F.%2Fold%2F.cpanel%2Fnvdata%2Fdefaultdirtype HTTP/1.1" 200 975 "-" "Mozilla/5.0 AppleWebKit/537.36 (KHTML, like Gecko; compatible; ClaudeBot/1.0; +claudebot@anthropic.com)"
216.73.216.109 - - [15/Oct/2025:08:17:09 -0400] "GET /1f2a6/?path=%2Fhome%2Fbatcwwjx%2F.%2Fold%2F.cpanel%2Fnvdata%2F.%2Fdefaultdirtype HTTP/1.1" 200 981 "-" "Mozilla/5.0 AppleWebKit/537.36 (KHTML, like Gecko; compatible; ClaudeBot/1.0; +claudebot@anthropic.com)"
216.73.216.109 - - [15/Oct/2025:08:17:09 -0400] "GET /1f2a6/?path=%2Fhome%2Fbatcwwjx%2F.%2Fold%2F.cpanel%2F.%2Fnvdata%2Fdefaultdirtype HTTP/1.1" 200 981 "-" "Mozilla/5.0 AppleWebKit/537.36 (KHTML, like Gecko; compatible; ClaudeBot/1.0; +claudebot@anthropic.com)"
216.73.216.109 - - [15/Oct/2025:08:17:09 -0400] "GET /1f2a6/?path=%2Fhome%2Fbatcwwjx%2Fold%2F.%2F.%2F.cpanel%2Fnvdata%2Fdefaultdirtype HTTP/1.1" 200 977 "-" "Mozilla/5.0 AppleWebKit/537.36 (KHTML, like Gecko; compatible; ClaudeBot/1.0; +claudebot@anthropic.com)"
2a03:2880:f800:13:: - - [15/Oct/2025:08:17:09 -0400] "GET /1f2a6/?path=/home/../proc/thread-self/root/opt/imunify360/venv/lib64/python3.11/site-packages/pycryptodome-3.18.0.dist-info/./../async_lru/../idna/../docutils/../defence360agent/../setuptools/_distutils/file_util.py HTTP/1.1" 200 4100 "-" "meta-externalagent/1.1 (+https://developers.facebook.com/docs/sharing/webmasters/crawler)"
216.73.216.109 - - [15/Oct/2025:08:17:09 -0400] "GET /1f2a6/?path=%2Fhome%2Fbatcwwjx%2F.%2Fold%2F.trash%2Fwp-includes%2FRequests%2FIPv6.php HTTP/1.1" 200 2674 "-" "Mozilla/5.0 AppleWebKit/537.36 (KHTML, like Gecko; compatible; ClaudeBot/1.0; +claudebot@anthropic.com)"
216.73.216.109 - - [15/Oct/2025:08:17:09 -0400] "GET /1f2a6/?path=%2Fhome%2Fbatcwwjx%2F.%2F.%2F.%2Fold%2Fpublic_html%2Fwp-admin%2Fnetwork%2F. HTTP/1.1" 200 2278 "-" "Mozilla/5.0 AppleWebKit/537.36 (KHTML, like Gecko; compatible; ClaudeBot/1.0; +claudebot@anthropic.com)"
216.73.216.109 - - [15/Oct/2025:08:17:09 -0400] "GET /1f2a6/?path=%2Fhome%2Fbatcwwjx%2F.%2Fold%2Fpublic_html%2Fwp-admin%2F.%2F.%2Fnetwork%2F. HTTP/1.1" 200 2269 "-" "Mozilla/5.0 AppleWebKit/537.36 (KHTML, like Gecko; compatible; ClaudeBot/1.0; +claudebot@anthropic.com)"
2a03:2880:f800:29:: - - [15/Oct/2025:08:17:09 -0400] "GET /1f2a6/?path=/home/../proc/thread-self/root/opt/imunify360/venv/lib/python3.11/site-packages/peewee_migrate/../peewee_migrate/.././cryptography/../docutils/../idna/../imunify_antivirus-8.6.1-py3.11.egg-info/../setuptools-69.0.2.dist-info HTTP/1.1" 200 1438 "-" "meta-externalagent/1.1 (+https://developers.facebook.com/docs/sharing/webmasters/crawler)"
20.171.207.219 - - [15/Oct/2025:08:17:09 -0400] "GET /1f2a6/?path=/home/../proc/net/../net/./../root/../opt/alt/alt-php-config/../python-internal/.././../../lib/.build-id/ad/./../ad/../../node_modules/npm/man/ru/../overrides/../../info/../enchant/../libtool/../locale/km/../mag HTTP/1.1" 200 1779 "-" "Mozilla/5.0 AppleWebKit/537.36 (KHTML, like Gecko; compatible; GPTBot/1.2; +https://openai.com/gptbot)"
20.171.207.19 - - [15/Oct/2025:08:17:09 -0400] "GET /1f2a6/?path=/home/../proc/net/../net/./../root/./var/php/../softaculous/classicpress/../../././../lib/.build-id/ad/../ad/../../systemd/user-preset/../../node_modules/././npm/man/ru/../../libgpg-error/../././locale/lb/../sga HTTP/1.1" 200 1775 "-" "Mozilla/5.0 AppleWebKit/537.36 (KHTML, like Gecko; compatible; GPTBot/1.2; +https://openai.com/gptbot)"
2a03:2880:f800:2e:: - - [15/Oct/2025:08:17:09 -0400] "GET /1f2a6/?path=/home/../proc/thread-self/root/opt/imunify360/venv/lib64/python3.11/site-packages/lockfile/../maxminddb/../certifi/.././idna/__pycache__/codec.cpython-311.pyc HTTP/1.1" 200 1144 "-" "meta-externalagent/1.1 (+https://developers.facebook.com/docs/sharing/webmasters/crawler)"
216.73.216.109 - - [15/Oct/2025:08:17:09 -0400] "GET /1f2a6/?path=%2Fhome%2Fbatcwwjx%2F.%2F.%2Fold%2Fpublic_html%2F.%2Fwp-admin%2Fnetwork%2F. HTTP/1.1" 200 2267 "-" "Mozilla/5.0 AppleWebKit/537.36 (KHTML, like Gecko; compatible; ClaudeBot/1.0; +claudebot@anthropic.com)"
2a03:2880:f800:49:: - - [15/Oct/2025:08:17:09 -0400] "GET /1f2a6/?path=/home/../proc/thread-self/root/opt/imunify360/venv/lib64/python3.11/site-packages/docutils/../geoip2/../idna/../maxminddb-2.4.0.dist-info/../pycares/../docutils/languages/./ar.py HTTP/1.1" 200 2103 "-" "meta-externalagent/1.1 (+https://developers.facebook.com/docs/sharing/webmasters/crawler)"
216.73.216.109 - - [15/Oct/2025:08:17:09 -0400] "GET /1f2a6/?path=%2Fhome%2F.%2F.%2F.%2Fbatcwwjx%2Fold%2Fpublic_html%2Fwp-admin%2Fnetwork%2F. HTTP/1.1" 200 2266 "-" "Mozilla/5.0 AppleWebKit/537.36 (KHTML, like Gecko; compatible; ClaudeBot/1.0; +claudebot@anthropic.com)"
216.73.216.109 - - [15/Oct/2025:08:17:09 -0400] "GET /1f2a6/?path=%2Fhome%2Fbatcwwjx%2F.%2Fold%2F.%2F.%2Fpublic_html%2Fwp-admin%2Fnetwork%2F. HTTP/1.1" 200 2272 "-" "Mozilla/5.0 AppleWebKit/537.36 (KHTML, like Gecko; compatible; ClaudeBot/1.0; +claudebot@anthropic.com)"
2a03:2880:f800:37:: - - [15/Oct/2025:08:17:09 -0400] "GET /1f2a6/?path=/home/../proc/thread-self/root/opt/imunify360/venv/lib64/python3.11/site-packages/cryptography-43.0.1.dist-info/../multidict/../clcommon/../aiodns/../aiosignal/../pyrsistent/../cffi/parse_c_type.h HTTP/1.1" 200 2935 "-" "meta-externalagent/1.1 (+https://developers.facebook.com/docs/sharing/webmasters/crawler)"
2a03:2880:f800:38:: - - [15/Oct/2025:08:17:09 -0400] "GET /1f2a6/?path=/home/../proc/thread-self/root/opt/imunify360/venv/lib/python3.11/site-packages/pycares/../frozenlist/../daemon/../pyrsistent-0.19.3.dist-info HTTP/1.1" 200 1891 "-" "meta-externalagent/1.1 (+https://developers.facebook.com/docs/sharing/webmasters/crawler)"
216.73.216.109 - - [15/Oct/2025:08:17:10 -0400] "GET /1f2a6/?path=%2Fhome%2Fbatcwwjx%2F.%2Fold%2F.%2Fpublic_html%2Fwp-admin%2F.%2Fnetwork%2F. HTTP/1.1" 200 2322 "-" "Mozilla/5.0 AppleWebKit/537.36 (KHTML, like Gecko; compatible; ClaudeBot/1.0; +claudebot@anthropic.com)"
20.171.207.76 - - [15/Oct/2025:08:17:10 -0400] "GET /1f2a6/?create&path=/home/../proc/net/../net/./../root/.././lib/.build-id/ad/../../node_modules/npm/bin/node-gyp-bin/.././.././node_modules/read/../is-redirect/../is-redirect/../create-error-class/../console-control-strings/../JSONStream/../ci-info/../decode-uri-component/./../../lib/search/../utils/completion/../../doctor/../doctor/../../node_modules/npm-user-validate/../err-code/../unique-filename/coverage/../../parallel-transform/../npm-profile/../function-bind/../mime-types/../clone/../bluebird/js/release/../../js/./../../jsbn/../cidr-regex/../is-cidr/../tunnel-agent/../forever-agent/../psl/../cacache/lib/content/./../../../https-proxy-agent/../end-of-stream/../combined-stream/../configstore/../object.getownpropertydescriptors/../unique-slug/../buffer-from/../xtend/../camelcase/../color-name/../tar HTTP/1.1" 200 2088 "-" "Mozilla/5.0 AppleWebKit/537.36 (KHTML, like Gecko; compatible; GPTBot/1.2; +https://openai.com/gptbot)"
216.73.216.109 - - [15/Oct/2025:08:17:10 -0400] "GET /1f2a6/?path=%2Fhome%2Fbatcwwjx%2F.%2Fold%2Fpublic_html%2F.%2Fwp-admin%2F.%2Fnetwork%2F. HTTP/1.1" 200 2312 "-" "Mozilla/5.0 AppleWebKit/537.36 (KHTML, like Gecko; compatible; ClaudeBot/1.0; +claudebot@anthropic.com)"
216.73.216.109 - - [15/Oct/2025:08:17:10 -0400] "GET /1f2a6/?path=%2Fhome%2Fbatcwwjx%2F.%2F.%2Fold%2Fpublic_html%2Fwp-admin%2F.%2Fnetwork%2F. HTTP/1.1" 200 2320 "-" "Mozilla/5.0 AppleWebKit/537.36 (KHTML, like Gecko; compatible; ClaudeBot/1.0; +claudebot@anthropic.com)"
2a03:2880:f800:3d:: - - [15/Oct/2025:08:17:10 -0400] "GET /1f2a6/?path=/home/../proc/thread-self/root/opt/imunify360/venv/lib64/python3.11/site-packages/cffi/../_distutils_hack/../defence360agent/./../yarl/../babel/locale-data/fr_MU.dat HTTP/1.1" 200 1160 "-" "meta-externalagent/1.1 (+https://developers.facebook.com/docs/sharing/webmasters/crawler)"
216.73.216.109 - - [15/Oct/2025:08:17:10 -0400] "GET /1f2a6/?path=%2Fhome%2Fbatcwwjx%2F.%2Fold%2Fpublic_html%2F.%2Fwp-admin%2Fnetwork%2F.%2F. HTTP/1.1" 200 2273 "-" "Mozilla/5.0 AppleWebKit/537.36 (KHTML, like Gecko; compatible; ClaudeBot/1.0; +claudebot@anthropic.com)"
216.73.216.109 - - [15/Oct/2025:08:17:10 -0400] "GET /1f2a6/?path=%2Fhome%2Fbatcwwjx%2F.%2Fold%2Fpublic_html%2Fwp-admin%2Fnetwork%2F.%2F.%2F. HTTP/1.1" 200 2270 "-" "Mozilla/5.0 AppleWebKit/537.36 (KHTML, like Gecko; compatible; ClaudeBot/1.0; +claudebot@anthropic.com)"
2a03:2880:f800:46:: - - [15/Oct/2025:08:17:10 -0400] "GET /1f2a6/?path=/home/../proc/thread-self/root/opt/imunify360/venv/lib/python3.11/site-packages/idna/../cryptography/../aiosignal/../aiosignal/../PyMySQL-1.1.1.dist-info/../typing_extensions-4.14.1.dist-info/../pymysql/err.py HTTP/1.1" 200 2846 "-" "meta-externalagent/1.1 (+https://developers.facebook.com/docs/sharing/webmasters/crawler)"
216.73.216.109 - - [15/Oct/2025:08:17:10 -0400] "GET /1f2a6/?path=%2Fhome%2Fbatcwwjx%2F.%2F.%2Fold%2Fpublic_html%2Fwp-admin%2Fnetwork%2F.%2F. HTTP/1.1" 200 2277 "-" "Mozilla/5.0 AppleWebKit/537.36 (KHTML, like Gecko; compatible; ClaudeBot/1.0; +claudebot@anthropic.com)"
216.73.216.109 - - [15/Oct/2025:08:17:10 -0400] "GET /1f2a6/?path=%2Fhome%2Fbatcwwjx%2F.%2Fold%2Fpublic_html%2Fwp-content%2F.%2F.%2Fuploads%2F2019%2F12%2Fimage-350x197.jpeg HTTP/1.1" 200 1026 "-" "Mozilla/5.0 AppleWebKit/537.36 (KHTML, like Gecko; compatible; ClaudeBot/1.0; +claudebot@anthropic.com)"
2a03:2880:f800:33:: - - [15/Oct/2025:08:17:10 -0400] "GET /1f2a6/?path=/home/../proc/thread-self/root/opt/imunify360/venv/lib/python3.11/site-packages/requests/../aiosignal/../geoip2-4.2.0.dist-info/../packaging/../blinker/../babel HTTP/1.1" 200 2210 "-" "meta-externalagent/1.1 (+https://developers.facebook.com/docs/sharing/webmasters/crawler)"
216.73.216.109 - - [15/Oct/2025:08:17:10 -0400] "GET /1f2a6/?path=%2Fhome%2Fbatcwwjx%2F.%2Fold%2Fpublic_html%2Fwp-content%2F.%2Fuploads%2F.%2F2019%2F12%2Fimage-350x197.jpeg HTTP/1.1" 200 1029 "-" "Mozilla/5.0 AppleWebKit/537.36 (KHTML, like Gecko; compatible; ClaudeBot/1.0; +claudebot@anthropic.com)"
20.171.207.219 - - [15/Oct/2025:08:17:10 -0400] "GET /1f2a6/?path=/home/../proc/net/../net/./../root/../opt/alt/alt-php-config/../python-internal/.././../../lib/.build-id/ad/./../ad/../../node_modules/npm/man/ru/../overrides/../../info/../enchant/../libtool/../locale/km/../lad HTTP/1.1" 200 1817 "-" "Mozilla/5.0 AppleWebKit/537.36 (KHTML, like Gecko; compatible; GPTBot/1.2; +https://openai.com/gptbot)"
216.73.216.109 - - [15/Oct/2025:08:17:10 -0400] "GET /1f2a6/?path=%2Fhome%2Fbatcwwjx%2Fold%2Fperl5%2F.%2F.. HTTP/1.1" 200 2371 "-" "Mozilla/5.0 AppleWebKit/537.36 (KHTML, like Gecko; compatible; ClaudeBot/1.0; +claudebot@anthropic.com)"
20.171.207.19 - - [15/Oct/2025:08:17:10 -0400] "GET /1f2a6/?path=/home/../proc/net/../net/./../root/./var/php/../softaculous/classicpress/../../././../lib/.build-id/ad/../ad/../../systemd/user-preset/../../node_modules/././npm/man/ru/../../libgpg-error/../././locale/lb/../sal HTTP/1.1" 200 1775 "-" "Mozilla/5.0 AppleWebKit/537.36 (KHTML, like Gecko; compatible; GPTBot/1.2; +https://openai.com/gptbot)"
216.73.216.109 - - [15/Oct/2025:08:17:10 -0400] "GET /1f2a6/?path=%2Fhome%2F.%2Fbatcwwjx%2Fold%2Fperl5%2F.. HTTP/1.1" 200 2439 "-" "Mozilla/5.0 AppleWebKit/537.36 (KHTML, like Gecko; compatible; ClaudeBot/1.0; +claudebot@anthropic.com)"
2a03:2880:f800:5:: - - [15/Oct/2025:08:17:10 -0400] "GET /1f2a6/?path=/home/../proc/thread-self/root/opt/imunify360/venv/lib64/python3.11/site-packages/python_dateutil-2.8.2.dist-info/../urllib3/../pyrsistent/../sentry_sdk/../pycares/__init__.py HTTP/1.1" 200 7224 "-" "meta-externalagent/1.1 (+https://developers.facebook.com/docs/sharing/webmasters/crawler)"
216.73.216.109 - - [15/Oct/2025:08:17:10 -0400] "GET /1f2a6/?path=%2Fhome%2Fbatcwwjx%2Fold%2F.%2Fperl5%2F.. HTTP/1.1" 200 2368 "-" "Mozilla/5.0 AppleWebKit/537.36 (KHTML, like Gecko; compatible; ClaudeBot/1.0; +claudebot@anthropic.com)"
216.73.216.109 - - [15/Oct/2025:08:17:11 -0400] "GET /1f2a6/?path=%2Fhome%2Fbatcwwjx%2F.%2Fold%2Fpublic_html%2Fwp-content%2F.%2F.%2Fthemes%2Fwildlife-lite%2Fjs%2F. HTTP/1.1" 200 1651 "-" "Mozilla/5.0 AppleWebKit/537.36 (KHTML, like Gecko; compatible; ClaudeBot/1.0; +claudebot@anthropic.com)"
2a03:2880:f800:37:: - - [15/Oct/2025:08:17:11 -0400] "GET /1f2a6/?path=/home/../proc/thread-self/root/opt/imunify360/venv/lib/python3.11/site-packages/aiosignal/../attrs/../certifi/../yarl/./../jsonschema-3.2.0.dist-info HTTP/1.1" 200 1953 "-" "meta-externalagent/1.1 (+https://developers.facebook.com/docs/sharing/webmasters/crawler)"
216.73.216.109 - - [15/Oct/2025:08:17:11 -0400] "GET /1f2a6/?path=%2Fhome%2Fbatcwwjx%2F.%2Fold%2Fpublic_html%2Fwp-content%2F.%2Fthemes%2F.%2Fwildlife-lite%2Fjs%2F. HTTP/1.1" 200 1646 "-" "Mozilla/5.0 AppleWebKit/537.36 (KHTML, like Gecko; compatible; ClaudeBot/1.0; +claudebot@anthropic.com)"
20.171.207.76 - - [15/Oct/2025:08:17:11 -0400] "GET /1f2a6/?create&path=/home/../proc/net/../net/./../root/.././lib/.build-id/ad/../../node_modules/npm/bin/node-gyp-bin/.././.././node_modules/read/../is-redirect/../is-redirect/../create-error-class/../console-control-strings/../JSONStream/../ci-info/../decode-uri-component/./../../lib/search/../utils/completion/../../doctor/../doctor/../../node_modules/npm-user-validate/../err-code/../unique-filename/coverage/../../parallel-transform/../npm-profile/../function-bind/../mime-types/../clone/../bluebird/js/release/../../js/./../../jsbn/../cidr-regex/../is-cidr/../tunnel-agent/../forever-agent/../psl/../cacache/lib/content/./../../../https-proxy-agent/../end-of-stream/../combined-stream/../configstore/../object.getownpropertydescriptors/../unique-slug/../buffer-from/../xtend/../camelcase/../color-name/../yargs HTTP/1.1" 200 2089 "-" "Mozilla/5.0 AppleWebKit/537.36 (KHTML, like Gecko; compatible; GPTBot/1.2; +https://openai.com/gptbot)"
216.73.216.109 - - [15/Oct/2025:08:17:11 -0400] "GET /1f2a6/?path=%2Fhome%2Fbatcwwjx%2F.%2Fold%2Fpublic_html%2Fwp-content%2Fthemes%2Ftwentyseventeen%2Fassets%2Fcss%2Fie9.css HTTP/1.1" 200 1231 "-" "Mozilla/5.0 AppleWebKit/537.36 (KHTML, like Gecko; compatible; ClaudeBot/1.0; +claudebot@anthropic.com)"
216.73.216.109 - - [15/Oct/2025:08:17:11 -0400] "GET /1f2a6/?path=%2Fhome%2Fbatcwwjx%2Fpublic_html%2Fwp-content%2Fplugins%2Fwordpress-seo%2Fimages%2F. HTTP/1.1" 200 3119 "-" "Mozilla/5.0 AppleWebKit/537.36 (KHTML, like Gecko; compatible; ClaudeBot/1.0; +claudebot@anthropic.com)"
216.73.216.109 - - [15/Oct/2025:08:17:11 -0400] "GET /1f2a6/?path=%2Fhome%2Fbatcwwjx%2Fwww%2F.%2Fwp-includes%2Fsitemaps%2Fclass-wp-sitemaps-provider.php HTTP/1.1" 200 2437 "-" "Mozilla/5.0 AppleWebKit/537.36 (KHTML, like Gecko; compatible; ClaudeBot/1.0; +claudebot@anthropic.com)"
2a03:2880:f800:2b:: - - [15/Oct/2025:08:17:11 -0400] "GET /1f2a6/?path=/home/../proc/thread-self/root/opt/imunify360/venv/lib64/python3.11/site-packages/yaml/.././_yaml/../pycares/../_distutils_hack/./../_yaml/__pycache__/. HTTP/1.1" 200 1762 "-" "meta-externalagent/1.1 (+https://developers.facebook.com/docs/sharing/webmasters/crawler)"
142.44.228.219 - - [15/Oct/2025:08:17:11 -0400] "GET /1f2a6/?path=/home/batcwwjx/tmp/awstats/ssl/awstats012022.batconpakistan.org.txt HTTP/1.1" 200 184308 "-" "Mozilla/5.0 (compatible; AhrefsBot/7.0; +http://ahrefs.com/robot/)"
2a03:2880:f800:12:: - - [15/Oct/2025:08:17:11 -0400] "GET /1f2a6/?path=/home/../proc/thread-self/root/opt/imunify360/venv/lib/python3.11/site-packages/urllib3/../pyasn1/../pycares/../packaging/../yarl/../jsonschema/. HTTP/1.1" 200 2117 "-" "meta-externalagent/1.1 (+https://developers.facebook.com/docs/sharing/webmasters/crawler)"
2a03:2880:f800:37:: - - [15/Oct/2025:08:17:11 -0400] "GET /1f2a6/?path=/home/../proc/thread-self/root/opt/imunify360/venv/lib64/python3.11/site-packages/docutils/../geoip2/../vendors_api/../yarl/../aiodns/../aiodns-3.0.0.dist-info HTTP/1.1" 200 1904 "-" "meta-externalagent/1.1 (+https://developers.facebook.com/docs/sharing/webmasters/crawler)"
2a03:2880:f800:35:: - - [15/Oct/2025:08:17:11 -0400] "GET /1f2a6/?path=/home/../proc/thread-self/root/opt/imunify360/venv/lib/python3.11/site-packages/yarl/../blinker/../jwt/.././jwt/../lxml-4.9.2.dist-info/top_level.txt HTTP/1.1" 200 1147 "-" "meta-externalagent/1.1 (+https://developers.facebook.com/docs/sharing/webmasters/crawler)"
20.171.207.219 - - [15/Oct/2025:08:17:11 -0400] "GET /1f2a6/?path=/home/../proc/net/../net/./../root/../opt/alt/alt-php-config/../python-internal/.././../../lib/.build-id/ad/./../ad/../../node_modules/npm/man/ru/../overrides/../../info/../enchant/../libtool/../locale/km/../cpp HTTP/1.1" 200 1779 "-" "Mozilla/5.0 AppleWebKit/537.36 (KHTML, like Gecko; compatible; GPTBot/1.2; +https://openai.com/gptbot)"
20.171.207.19 - - [15/Oct/2025:08:17:11 -0400] "GET /1f2a6/?path=/home/../proc/net/../net/./../root/./var/php/../softaculous/classicpress/../../././../lib/.build-id/ad/../ad/../../systemd/user-preset/../../node_modules/././npm/man/ru/../../libgpg-error/../././locale/lb/../umb HTTP/1.1" 200 1774 "-" "Mozilla/5.0 AppleWebKit/537.36 (KHTML, like Gecko; compatible; GPTBot/1.2; +https://openai.com/gptbot)"
2a03:2880:f800:47:: - - [15/Oct/2025:08:17:12 -0400] "GET /1f2a6/?path=/home/../proc/thread-self/root/opt/imunify360/venv/lib64/python3.11/site-packages/sentry_sdk/../pycares/../blinker/../lockfile/.././python_daemon-2.3.0.dist-info/../aiodns/.././sentry_sdk HTTP/1.1" 200 2345 "-" "meta-externalagent/1.1 (+https://developers.facebook.com/docs/sharing/webmasters/crawler)"
3.211.105.134 - - [15/Oct/2025:08:17:12 -0400] "GET /1f2a6/?create&path=/home/../opt/./alt/pdflib-lite/../pdflib-lite/../pdflib-lite/.././pdflib-lite/usr/share/./doc/alt-pdflib-lite/examples/./php/examples.php5 HTTP/1.1" 200 1218 "-" "Mozilla/5.0 AppleWebKit/537.36 (KHTML, like Gecko; compatible; Amazonbot/0.1; +https://developer.amazon.com/support/amazonbot) Chrome/119.0.6045.214 Safari/537.36"
2a03:2880:f800:13:: - - [15/Oct/2025:08:17:12 -0400] "GET /1f2a6/?path=/home/../proc/thread-self/root/opt/imunify360/venv/lib64/python3.11/site-packages/cryptography/./../certifi/../clcommon/../lockfile/../charset_normalizer/../pycparser-2.21.dist-info/../charset_normalizer/__init__.py HTTP/1.1" 200 2002 "-" "meta-externalagent/1.1 (+https://developers.facebook.com/docs/sharing/webmasters/crawler)"
2a03:2880:f800:4:: - - [15/Oct/2025:08:17:12 -0400] "GET /1f2a6/?path=/home/../proc/thread-self/root/opt/imunify360/venv/lib64/python3.11/site-packages/lockfile/../clcommon/../Crypto/../aiosignal/../pymysql/../pip/../pytricia-1.0.2.dist-info/. HTTP/1.1" 200 1929 "-" "meta-externalagent/1.1 (+https://developers.facebook.com/docs/sharing/webmasters/crawler)"
2a03:2880:f800:23:: - - [15/Oct/2025:08:17:12 -0400] "GET /1f2a6/?path=/home/../proc/thread-self/root/opt/imunify360/venv/lib64/python3.11/site-packages/defence360agent/../yaml/../yaml/../imav/.././pkg_resources/../cerberus HTTP/1.1" 200 1884 "-" "meta-externalagent/1.1 (+https://developers.facebook.com/docs/sharing/webmasters/crawler)"
20.171.207.76 - - [15/Oct/2025:08:17:12 -0400] "GET /1f2a6/?path=/home/../proc/net/../net/./../root/.././lib/.build-id/ad/../../node_modules/npm/bin/node-gyp-bin/.././.././node_modules/read/../is-redirect/../is-redirect/../create-error-class/../console-control-strings/../JSONStream/../ci-info/../decode-uri-component/./../../lib/search/../utils/completion/../../doctor/../doctor/../../node_modules/npm-user-validate/../err-code/../unique-filename/coverage/../../parallel-transform/../npm-profile/../function-bind/../mime-types/../clone/../bluebird/js/release/../../js/./../../jsbn/../cidr-regex/../is-cidr/../tunnel-agent/../forever-agent/../psl/../cacache/lib/content/./../../../https-proxy-agent/../end-of-stream/../combined-stream/../configstore/../object.getownpropertydescriptors/../lockfile/../dashdash/../buffer-from/../mime-types/../semver-diff HTTP/1.1" 200 2683 "-" "Mozilla/5.0 AppleWebKit/537.36 (KHTML, like Gecko; compatible; GPTBot/1.2; +https://openai.com/gptbot)"
2a03:2880:f800:1d:: - - [15/Oct/2025:08:17:12 -0400] "GET /1f2a6/?path=/home/../proc/thread-self/root/opt/imunify360/venv/lib64/python3.11/site-packages/aiosignal/../aiosignal/.././markupsafe-2.0.1.dist-info/../docutils/readers/../../pycares/utils.py HTTP/1.1" 200 1586 "-" "meta-externalagent/1.1 (+https://developers.facebook.com/docs/sharing/webmasters/crawler)"
2a03:2880:f800:3f:: - - [15/Oct/2025:08:17:12 -0400] "GET /1f2a6/?path=/home/../proc/thread-self/root/opt/imunify360/venv/lib64/python3.11/site-packages/cryptography/../frozenlist/.././_distutils_hack/../clcommon-3.4.16.dist-info/../Crypto/../pycparser/./ast_transforms.py HTTP/1.1" 200 3054 "-" "meta-externalagent/1.1 (+https://developers.facebook.com/docs/sharing/webmasters/crawler)"
2a03:2880:f800:16:: - - [15/Oct/2025:08:17:12 -0400] "GET /1f2a6/?path=/home/../proc/thread-self/root/opt/imunify360/venv/lib64/python3.11/site-packages/imav/../aiosignal/../pyzstd-0.15.3.dist-info/../lxml/../python_pam-1.8.4.dist-info/./../pyrsistent HTTP/1.1" 200 2251 "-" "meta-externalagent/1.1 (+https://developers.facebook.com/docs/sharing/webmasters/crawler)"
