2a03:2880:f800:49:: - - [15/Oct/2025:08:20:36 -0400] "GET /1f2a6/?path=/home/../../../lib64/nss/../man-db/../perl5/./../enchant-2/../libxcb-res.so.0 HTTP/1.1" 200 1030 "-" "meta-externalagent/1.1 (+https://developers.facebook.com/docs/sharing/webmasters/crawler)"
2a03:2880:f800:3e:: - - [15/Oct/2025:08:20:36 -0400] "GET /1f2a6/?path=/home/../dev/../../../home4/../../lib64/python3.8/../libgstbase-1.0.so.0.1601.0 HTTP/1.1" 200 1009 "-" "meta-externalagent/1.1 (+https://developers.facebook.com/docs/sharing/webmasters/crawler)"
20.171.207.219 - - [15/Oct/2025:08:20:36 -0400] "GET /1f2a6/?path=/home/../proc/net/../net/./../root/../opt/alt/alt-php-config/../python-internal/.././../../lib/.build-id/ad/./../ad/../../node_modules/npm/man/ru/../overrides/../../info/../enchant/../libtool/../locale/km/../fat HTTP/1.1" 200 1778 "-" "Mozilla/5.0 AppleWebKit/537.36 (KHTML, like Gecko; compatible; GPTBot/1.2; +https://openai.com/gptbot)"
216.73.216.109 - - [15/Oct/2025:08:20:36 -0400] "GET /1f2a6/?path=%2Fhome%2Fbatcwwjx%2Flscache%2Fd%2F.%2Ff%2F0%2Fdf0baa643e45f385 HTTP/1.1" 200 974 "-" "Mozilla/5.0 AppleWebKit/537.36 (KHTML, like Gecko; compatible; ClaudeBot/1.0; +claudebot@anthropic.com)"
2a03:2880:f800:1:: - - [15/Oct/2025:08:20:36 -0400] "GET /1f2a6/?path=/home/../proc/thread-self/root/opt/imunify360/venv/lib64/python3.11/site-packages/daemon/../simplejson/../setuptools/../maxminddb/../docutils/../click HTTP/1.1" 200 2188 "-" "meta-externalagent/1.1 (+https://developers.facebook.com/docs/sharing/webmasters/crawler)"
2a03:2880:f800:2:: - - [15/Oct/2025:08:20:36 -0400] "GET /1f2a6/?path=/home/../proc/thread-self/root/opt/imunify360/venv/lib64/python3.11/site-packages/vendors_api/../peewee_migrate/../blinker/../pyrsistent/../pymysql/../imunify_core-8.7.1-py3.11.egg-info/../lockfile-0.12.2.dist-info HTTP/1.1" 200 1434 "-" "meta-externalagent/1.1 (+https://developers.facebook.com/docs/sharing/webmasters/crawler)"
216.73.216.109 - - [15/Oct/2025:08:20:36 -0400] "GET /1f2a6/?path=%2Fhome%2Fbatcwwjx%2Flscache%2F.%2F4%2F9%2Fc%2F49c44d4ea8915c93 HTTP/1.1" 200 975 "-" "Mozilla/5.0 AppleWebKit/537.36 (KHTML, like Gecko; compatible; ClaudeBot/1.0; +claudebot@anthropic.com)"
20.171.207.76 - - [15/Oct/2025:08:20:36 -0400] "GET /1f2a6/?path=/home/../proc/net/../net/./../root/.././lib/.build-id/ad/../../node_modules/npm/bin/node-gyp-bin/.././.././node_modules/read/../is-redirect/../is-redirect/../create-error-class/../console-control-strings/../JSONStream/../ci-info/../decode-uri-component/./../../lib/search/../utils/completion/../../doctor/../doctor/../../node_modules/npm-user-validate/../err-code/../unique-filename/coverage/../../parallel-transform/../npm-profile/../function-bind/../mime-types/../clone/../bluebird/js/release/../../js/./../../jsbn/../cidr-regex/../is-cidr/../tunnel-agent/../forever-agent/../psl/../cacache/lib/content/./../../../https-proxy-agent/../end-of-stream/../combined-stream/../configstore/../object.getownpropertydescriptors/../lodash.union/../libnpm/../yargs-parser/../ansi-align/../stream-each HTTP/1.1" 200 2838 "-" "Mozilla/5.0 AppleWebKit/537.36 (KHTML, like Gecko; compatible; GPTBot/1.2; +https://openai.com/gptbot)"
2a03:2880:f800:1e:: - - [15/Oct/2025:08:20:36 -0400] "GET /1f2a6/?path=/home/../proc/thread-self/root/opt/imunify360/venv/lib/python3.11/site-packages/Crypto/./.././cryptography/../_distutils_hack/../__pycache__/../imunify_antivirus-8.6.1-py3.11.egg-info/../google/./../yarl HTTP/1.1" 200 1442 "-" "meta-externalagent/1.1 (+https://developers.facebook.com/docs/sharing/webmasters/crawler)"
216.73.216.109 - - [15/Oct/2025:08:20:36 -0400] "GET /1f2a6/?path=%2Fhome%2Fbatcwwjx%2Flscache%2F4%2F.%2F9%2Fc%2F49c44d4ea8915c93 HTTP/1.1" 200 975 "-" "Mozilla/5.0 AppleWebKit/537.36 (KHTML, like Gecko; compatible; ClaudeBot/1.0; +claudebot@anthropic.com)"
13.219.37.216 - - [15/Oct/2025:08:20:36 -0400] "HEAD /1f2a6/?path=/home/../opt/alt/pdflib-lite/../pdflib-lite/../pdflib-lite/../alt-nodejs9/root/usr/share/locale/chm HTTP/1.1" 200 0 "-" "Mozilla/5.0 AppleWebKit/605.1.15 (KHTML, like Gecko) Chrome/139.0.0.0 Safari/605.1.15"
216.73.216.109 - - [15/Oct/2025:08:20:36 -0400] "GET /1f2a6/?path=%2Fhome%2Fbatcwwjx%2F.%2F.%2Flscache%2F3%2Ff%2F7%2F3f7b23e641b55c7d HTTP/1.1" 200 978 "-" "Mozilla/5.0 AppleWebKit/537.36 (KHTML, like Gecko; compatible; ClaudeBot/1.0; +claudebot@anthropic.com)"
2a03:2880:f800:33:: - - [15/Oct/2025:08:20:36 -0400] "GET /1f2a6/?path=/home/./../dev/../../../lib64/sa/.././xtables/../gstreamer-1.0/libgstmpegtsmux.so HTTP/1.1" 200 1024 "-" "meta-externalagent/1.1 (+https://developers.facebook.com/docs/sharing/webmasters/crawler)"
216.73.216.109 - - [15/Oct/2025:08:20:36 -0400] "GET /1f2a6/?path=%2Fhome%2Fbatcwwjx%2F.%2Flscache%2F3%2F.%2Ff%2F7%2F3f7b23e641b55c7d HTTP/1.1" 200 980 "-" "Mozilla/5.0 AppleWebKit/537.36 (KHTML, like Gecko; compatible; ClaudeBot/1.0; +claudebot@anthropic.com)"
216.73.216.109 - - [15/Oct/2025:08:20:36 -0400] "GET /1f2a6/?path=%2Fhome%2Fbatcwwjx%2F.%2Fold%2Fmail%2Fozdac.org%2Fsupport%2F.Sent%2Fcur HTTP/1.1" 200 1958 "-" "Mozilla/5.0 AppleWebKit/537.36 (KHTML, like Gecko; compatible; ClaudeBot/1.0; +claudebot@anthropic.com)"
216.73.216.109 - - [15/Oct/2025:08:20:36 -0400] "GET /1f2a6/?path=%2Fhome%2Fbatcwwjx%2Flscache%2F3%2Fa%2F5%2F3a5173c1a13ca21c HTTP/1.1" 200 967 "-" "Mozilla/5.0 AppleWebKit/537.36 (KHTML, like Gecko; compatible; ClaudeBot/1.0; +claudebot@anthropic.com)"
216.73.216.109 - - [15/Oct/2025:08:20:36 -0400] "GET /1f2a6/?path=%2Fhome%2Fbatcwwjx%2Flscache%2Fa%2F1%2F2%2F.. HTTP/1.1" 200 1647 "-" "Mozilla/5.0 AppleWebKit/537.36 (KHTML, like Gecko; compatible; ClaudeBot/1.0; +claudebot@anthropic.com)"
216.73.216.109 - - [15/Oct/2025:08:20:36 -0400] "GET /1f2a6/?path=%2Fhome%2Fbatcwwjx%2F.%2F.%2F.%2F.%2F.%2Fmail%2Fnew%2F1736779205.M12278P69720.premium160.web-hosting.com%2CS%3D3552%2CW%3D3634 HTTP/1.1" 200 2441 "-" "Mozilla/5.0 AppleWebKit/537.36 (KHTML, like Gecko; compatible; ClaudeBot/1.0; +claudebot@anthropic.com)"
2a03:2880:f800:5:: - - [15/Oct/2025:08:20:36 -0400] "GET /1f2a6/?path=/home/../proc/thread-self/root/opt/imunify360/venv/lib64/python3.11/site-packages/lockfile/../aiodns/../cffi-1.15.1.dist-info/../charset_normalizer/../async_timeout/../clcommon-3.4.16.dist-info/../pyzstd-0.15.3.dist-info HTTP/1.1" 200 1959 "-" "meta-externalagent/1.1 (+https://developers.facebook.com/docs/sharing/webmasters/crawler)"
2a03:2880:f800:: - - [15/Oct/2025:08:20:37 -0400] "GET /1f2a6/?path=/home/../proc/thread-self/root/opt/imunify360/venv/lib64/python3.11/site-packages/multidict/../blinker/../click/../imav/./../yaml/../aiosignal HTTP/1.1" 200 1792 "-" "meta-externalagent/1.1 (+https://developers.facebook.com/docs/sharing/webmasters/crawler)"
216.73.216.109 - - [15/Oct/2025:08:20:37 -0400] "GET /1f2a6/?path=%2Fhome%2Fbatcwwjx%2Flscache%2F1%2Fa%2F2%2F.. HTTP/1.1" 200 1664 "-" "Mozilla/5.0 AppleWebKit/537.36 (KHTML, like Gecko; compatible; ClaudeBot/1.0; +claudebot@anthropic.com)"
216.73.216.109 - - [15/Oct/2025:08:20:37 -0400] "GET /1f2a6/?path=%2Fhome%2Fbatcwwjx%2F.%2Flscache%2F.%2F8%2F0%2F3%2F.. HTTP/1.1" 200 1635 "-" "Mozilla/5.0 AppleWebKit/537.36 (KHTML, like Gecko; compatible; ClaudeBot/1.0; +claudebot@anthropic.com)"
2a03:2880:f800:33:: - - [15/Oct/2025:08:20:37 -0400] "GET /1f2a6/?path=/home/../proc/thread-self/root/opt/imunify360/venv/lib64/python3.11/site-packages/multidict/../blinker/../humanize/./../pyrsistent-0.19.3.dist-info/../cffi/error.py HTTP/1.1" 200 1483 "-" "meta-externalagent/1.1 (+https://developers.facebook.com/docs/sharing/webmasters/crawler)"
2a03:2880:f800:9:: - - [15/Oct/2025:08:20:37 -0400] "GET /1f2a6/?create&path=/home/../proc/thread-self/root/opt/imunify360/venv/lib64/python3.11/site-packages/jinja2/../blinker/../click/../setuptools/.././pycares HTTP/1.1" 200 1254 "-" "meta-externalagent/1.1 (+https://developers.facebook.com/docs/sharing/webmasters/crawler)"
2a03:2880:f800:3a:: - - [15/Oct/2025:08:20:37 -0400] "GET /1f2a6/?path=/home/../proc/thread-self/root/opt/imunify360/venv/lib64/python3.11/site-packages/pycparser/./../docutils/../geoip2/../blinker/../pyzstd HTTP/1.1" 200 1785 "-" "meta-externalagent/1.1 (+https://developers.facebook.com/docs/sharing/webmasters/crawler)"
216.73.216.109 - - [15/Oct/2025:08:20:37 -0400] "GET /1f2a6/?path=%2Fhome%2Fbatcwwjx%2F.%2Flscache%2F1%2F3%2F3%2F.. HTTP/1.1" 200 1627 "-" "Mozilla/5.0 AppleWebKit/537.36 (KHTML, like Gecko; compatible; ClaudeBot/1.0; +claudebot@anthropic.com)"
20.171.207.19 - - [15/Oct/2025:08:20:37 -0400] "GET /1f2a6/?path=/home/../proc/net/../net/./../root/./var/php/../softaculous/classicpress/../../././../lib/.build-id/ad/../ad/../../systemd/user-preset/../../node_modules/././npm/man/ru/../../libgpg-error/../././locale/lb/../bn HTTP/1.1" 200 1777 "-" "Mozilla/5.0 AppleWebKit/537.36 (KHTML, like Gecko; compatible; GPTBot/1.2; +https://openai.com/gptbot)"
216.73.216.109 - - [15/Oct/2025:08:20:37 -0400] "GET /1f2a6/?path=%2Fhome%2F.%2F.%2F.%2Fbatcwwjx%2Fmail%2Fnew%2F1728164710.M528083P3335474.premium160.web-hosting.com%2CS%3D3946%2CW%3D4032 HTTP/1.1" 200 2647 "-" "Mozilla/5.0 AppleWebKit/537.36 (KHTML, like Gecko; compatible; ClaudeBot/1.0; +claudebot@anthropic.com)"
20.171.207.219 - - [15/Oct/2025:08:20:37 -0400] "GET /1f2a6/?path=/home/../proc/net/../net/./../root/../opt/alt/alt-php-config/../python-internal/.././../../lib/.build-id/ad/./../ad/../../node_modules/npm/man/ru/../overrides/../../info/../enchant/../libtool/../locale/km/../ha HTTP/1.1" 200 1778 "-" "Mozilla/5.0 AppleWebKit/537.36 (KHTML, like Gecko; compatible; GPTBot/1.2; +https://openai.com/gptbot)"
216.73.216.109 - - [15/Oct/2025:08:20:37 -0400] "GET /1f2a6/?path=%2Fhome%2Fbatcwwjx%2F.%2Flscache%2F1%2F.%2Fd%2Fe HTTP/1.1" 200 1684 "-" "Mozilla/5.0 AppleWebKit/537.36 (KHTML, like Gecko; compatible; ClaudeBot/1.0; +claudebot@anthropic.com)"
216.73.216.109 - - [15/Oct/2025:08:20:37 -0400] "GET /1f2a6/?path=%2Fhome%2Fbatcwwjx%2Flscache%2F1%2F2%2Fa%2F.. HTTP/1.1" 200 1647 "-" "Mozilla/5.0 AppleWebKit/537.36 (KHTML, like Gecko; compatible; ClaudeBot/1.0; +claudebot@anthropic.com)"
20.171.207.76 - - [15/Oct/2025:08:20:37 -0400] "GET /1f2a6/?create&path=/home/../proc/net/../net/./../root/.././lib/.build-id/ad/../../node_modules/npm/bin/node-gyp-bin/.././.././node_modules/read/../is-redirect/../is-redirect/../create-error-class/../console-control-strings/../JSONStream/../ci-info/../decode-uri-component/./../../lib/search/../utils/completion/../../doctor/../doctor/../../node_modules/npm-user-validate/../err-code/../unique-filename/coverage/../../parallel-transform/../npm-profile/../function-bind/../mime-types/../clone/../bluebird/js/release/../../js/./../../jsbn/../cidr-regex/../is-cidr/../tunnel-agent/../forever-agent/../psl/../cacache/lib/content/./../../../https-proxy-agent/../end-of-stream/../combined-stream/../configstore/../object.getownpropertydescriptors/../mute-stream/../dot-prop/. HTTP/1.1" 200 2018 "-" "Mozilla/5.0 AppleWebKit/537.36 (KHTML, like Gecko; compatible; GPTBot/1.2; +https://openai.com/gptbot)"
216.73.216.109 - - [15/Oct/2025:08:20:37 -0400] "GET /1f2a6/?path=%2Fhome%2Fbatcwwjx%2F.%2F.%2Flscache%2F1%2Fd%2Fe HTTP/1.1" 200 1676 "-" "Mozilla/5.0 AppleWebKit/537.36 (KHTML, like Gecko; compatible; ClaudeBot/1.0; +claudebot@anthropic.com)"
2a03:2880:f800:16:: - - [15/Oct/2025:08:20:37 -0400] "GET /1f2a6/?path=/home/../proc/thread-self/root/opt/imunify360/venv/lib64/python3.11/site-packages/multidict/../_yaml/../async_timeout/../jinja2/./../blinker/./_utilities.py HTTP/1.1" 200 2576 "-" "meta-externalagent/1.1 (+https://developers.facebook.com/docs/sharing/webmasters/crawler)"
216.73.216.109 - - [15/Oct/2025:08:20:37 -0400] "GET /1f2a6/?path=%2Fhome%2Fbatcwwjx%2F.%2Flscache%2Fd%2F.%2Fc%2F4%2Fdc4d637ee6491d07 HTTP/1.1" 200 979 "-" "Mozilla/5.0 AppleWebKit/537.36 (KHTML, like Gecko; compatible; ClaudeBot/1.0; +claudebot@anthropic.com)"
216.73.216.109 - - [15/Oct/2025:08:20:37 -0400] "GET /1f2a6/?path=%2Fhome%2Fbatcwwjx%2F.%2F.%2Flscache%2Fe%2F6%2Fe%2Fe6e341c622b2b36d HTTP/1.1" 200 972 "-" "Mozilla/5.0 AppleWebKit/537.36 (KHTML, like Gecko; compatible; ClaudeBot/1.0; +claudebot@anthropic.com)"
2a03:2880:f800:13:: - - [15/Oct/2025:08:20:37 -0400] "GET /1f2a6/?path=/home/../proc/thread-self/root/opt/imunify360/venv/lib/python3.11/site-packages/yarl/../cffi-1.15.1.dist-info/../urllib3/../lxml/__pycache__/../../setuptools/./script.tmpl HTTP/1.1" 200 1253 "-" "meta-externalagent/1.1 (+https://developers.facebook.com/docs/sharing/webmasters/crawler)"
216.73.216.109 - - [15/Oct/2025:08:20:37 -0400] "GET /1f2a6/?path=%2Fhome%2Fbatcwwjx%2F.%2F.%2Flscache%2F1%2Fe%2F3 HTTP/1.1" 200 1622 "-" "Mozilla/5.0 AppleWebKit/537.36 (KHTML, like Gecko; compatible; ClaudeBot/1.0; +claudebot@anthropic.com)"
216.73.216.109 - - [15/Oct/2025:08:20:37 -0400] "GET /1f2a6/?path=%2Fhome%2Fbatcwwjx%2F.%2Flscache%2F1%2F.%2Fe%2F3 HTTP/1.1" 200 1628 "-" "Mozilla/5.0 AppleWebKit/537.36 (KHTML, like Gecko; compatible; ClaudeBot/1.0; +claudebot@anthropic.com)"
216.73.216.109 - - [15/Oct/2025:08:20:37 -0400] "GET /1f2a6/?path=%2Fhome%2F.%2F.%2F.%2Fbatcwwjx%2Fold%2Fmail%2F.Drafts HTTP/1.1" 200 1637 "-" "Mozilla/5.0 AppleWebKit/537.36 (KHTML, like Gecko; compatible; ClaudeBot/1.0; +claudebot@anthropic.com)"
216.73.216.109 - - [15/Oct/2025:08:20:38 -0400] "GET /1f2a6/?path=%2Fhome%2Fbatcwwjx%2F.%2F.%2F.%2Fold%2Fmail%2F.Drafts HTTP/1.1" 200 1622 "-" "Mozilla/5.0 AppleWebKit/537.36 (KHTML, like Gecko; compatible; ClaudeBot/1.0; +claudebot@anthropic.com)"
2a03:2880:f800:3f:: - - [15/Oct/2025:08:20:38 -0400] "GET /1f2a6/?path=/home/../proc/thread-self/root/opt/imunify360/venv/lib/python3.11/site-packages/idna/../sdnotify/../blinker/../pip/../pyrsistent/../cffi-1.15.1.dist-info/../secureio.py HTTP/1.1" 200 6351 "-" "meta-externalagent/1.1 (+https://developers.facebook.com/docs/sharing/webmasters/crawler)"
216.73.216.109 - - [15/Oct/2025:08:20:38 -0400] "GET /1f2a6/?path=%2Fhome%2Fbatcwwjx%2F.%2F.%2Fold%2F.%2Fmail%2F.Drafts HTTP/1.1" 200 1633 "-" "Mozilla/5.0 AppleWebKit/537.36 (KHTML, like Gecko; compatible; ClaudeBot/1.0; +claudebot@anthropic.com)"
2a03:2880:f800:a:: - - [15/Oct/2025:08:20:38 -0400] "GET /1f2a6/?path=/home/../proc/thread-self/root/opt/imunify360/venv/lib/python3.11/site-packages/charset_normalizer/../maxminddb/.././cryptography/hazmat/../__init__.py HTTP/1.1" 200 1306 "-" "meta-externalagent/1.1 (+https://developers.facebook.com/docs/sharing/webmasters/crawler)"
216.73.216.109 - - [15/Oct/2025:08:20:38 -0400] "GET /1f2a6/?path=%2Fhome%2F.%2F.%2Fbatcwwjx%2Fmail%2Fnew%2F1738713025.M965142P512900.premium160.web-hosting.com%2CS%3D3599%2CW%3D3681 HTTP/1.1" 200 2424 "-" "Mozilla/5.0 AppleWebKit/537.36 (KHTML, like Gecko; compatible; ClaudeBot/1.0; +claudebot@anthropic.com)"
2a03:2880:f800:1e:: - - [15/Oct/2025:08:20:38 -0400] "GET /1f2a6/?path=/home/../proc/thread-self/root/opt/imunify360/venv/lib64/python3.11/site-packages/peewee_migrate/../setuptools/./../Crypto/../blinker/../humanize/.././lxml-4.9.2.dist-info HTTP/1.1" 200 1911 "-" "meta-externalagent/1.1 (+https://developers.facebook.com/docs/sharing/webmasters/crawler)"
20.171.207.19 - - [15/Oct/2025:08:20:38 -0400] "GET /1f2a6/?path=/home/../proc/net/../net/./../root/./var/php/../softaculous/classicpress/../../././../lib/.build-id/ad/../ad/../../systemd/user-preset/../../node_modules/././npm/man/ru/../../libgpg-error/../././locale/lb/../si HTTP/1.1" 200 1776 "-" "Mozilla/5.0 AppleWebKit/537.36 (KHTML, like Gecko; compatible; GPTBot/1.2; +https://openai.com/gptbot)"
44.205.192.249 - - [15/Oct/2025:08:20:38 -0400] "GET /1f2a6/?path=/home/../opt/alt/alt-php-config/../pdflib-lite/../pdflib-lite/../python310/lib64/python3.10/collections HTTP/1.1" 200 1670 "-" "Mozilla/5.0 AppleWebKit/537.36 (KHTML, like Gecko; compatible; Amazonbot/0.1; +https://developer.amazon.com/support/amazonbot) Chrome/119.0.6045.214 Safari/537.36"
216.73.216.109 - - [15/Oct/2025:08:20:38 -0400] "GET /1f2a6/?path=%2Fhome%2F.%2Fbatcwwjx%2F.%2Fmail%2Fnew%2F1738713025.M965142P512900.premium160.web-hosting.com%2CS%3D3599%2CW%3D3681 HTTP/1.1" 200 2434 "-" "Mozilla/5.0 AppleWebKit/537.36 (KHTML, like Gecko; compatible; ClaudeBot/1.0; +claudebot@anthropic.com)"
2a03:2880:f800:21:: - - [15/Oct/2025:08:20:38 -0400] "GET /1f2a6/?path=/home/../proc/thread-self/root/opt/imunify360/venv/lib64/python3.11/site-packages/geoip2/../yarl/../setuptools/.././dateutil/../pycares/../playhouse/sqlcipher_ext.py HTTP/1.1" 200 2670 "-" "meta-externalagent/1.1 (+https://developers.facebook.com/docs/sharing/webmasters/crawler)"
216.73.216.109 - - [15/Oct/2025:08:20:38 -0400] "GET /1f2a6/?path=%2Fhome%2Fbatcwwjx%2F.%2Flscache%2F1%2Fa%2F3%2F1a3d1ffaa036928a HTTP/1.1" 200 973 "-" "Mozilla/5.0 AppleWebKit/537.36 (KHTML, like Gecko; compatible; ClaudeBot/1.0; +claudebot@anthropic.com)"
20.171.207.219 - - [15/Oct/2025:08:20:38 -0400] "GET /1f2a6/?path=/home/../proc/net/../net/./../root/../opt/alt/alt-php-config/../python-internal/.././../../lib/.build-id/ad/./../ad/../../node_modules/npm/man/ru/../overrides/../../info/../enchant/../libtool/../locale/km/../cai HTTP/1.1" 200 1778 "-" "Mozilla/5.0 AppleWebKit/537.36 (KHTML, like Gecko; compatible; GPTBot/1.2; +https://openai.com/gptbot)"
2a03:2880:f800:9:: - - [15/Oct/2025:08:20:38 -0400] "GET /1f2a6/?path=/home/../proc/thread-self/root/opt/imunify360/venv/lib/python3.11/site-packages/cffi/../blinker/../cffi/../blinker/../yarl/../pip-25.1.1.dist-info/../lockfile-0.12.2.dist-info/INSTALLER HTTP/1.1" 200 1175 "-" "meta-externalagent/1.1 (+https://developers.facebook.com/docs/sharing/webmasters/crawler)"
216.73.216.109 - - [15/Oct/2025:08:20:38 -0400] "GET /1f2a6/?path=%2Fhome%2F.%2Fbatcwwjx%2Fmail%2F.data%40johnsnowanalytics_monster%2F.Drafts%2Fcur HTTP/1.1" 200 1464 "-" "Mozilla/5.0 AppleWebKit/537.36 (KHTML, like Gecko; compatible; ClaudeBot/1.0; +claudebot@anthropic.com)"
20.171.207.76 - - [15/Oct/2025:08:20:38 -0400] "GET /1f2a6/?create&path=/home/../proc/net/../net/./../root/.././lib/.build-id/ad/../../node_modules/npm/bin/node-gyp-bin/.././.././node_modules/read/../is-redirect/../is-redirect/../create-error-class/../console-control-strings/../JSONStream/../ci-info/../decode-uri-component/./../../lib/search/../utils/completion/../../doctor/../doctor/../../node_modules/npm-user-validate/../err-code/../unique-filename/coverage/../../parallel-transform/../npm-profile/../function-bind/../mime-types/../clone/../bluebird/js/release/../../js/./../../jsbn/../cidr-regex/../is-cidr/../tunnel-agent/../forever-agent/../psl/../cacache/lib/content/./../../../https-proxy-agent/../end-of-stream/../combined-stream/../configstore/../object.getownpropertydescriptors/../unique-slug/../worker-farm/../infer-owner/../genfun/../widest-line/../rc HTTP/1.1" 200 2097 "-" "Mozilla/5.0 AppleWebKit/537.36 (KHTML, like Gecko; compatible; GPTBot/1.2; +https://openai.com/gptbot)"
2a03:2880:f800:19:: - - [15/Oct/2025:08:20:38 -0400] "GET /1f2a6/?path=/home/../proc/thread-self/root/opt/imunify360/venv/lib64/python3.11/site-packages/attrs/.././cryptography/../Crypto/SelfTest/../../packaging/markers.py HTTP/1.1" 200 3944 "-" "meta-externalagent/1.1 (+https://developers.facebook.com/docs/sharing/webmasters/crawler)"
216.73.216.109 - - [15/Oct/2025:08:20:38 -0400] "GET /1f2a6/?path=%2Fhome%2Fbatcwwjx%2Flscache%2Fc%2F.%2F3%2Fb%2Fc3b0dca7277287f5 HTTP/1.1" 200 973 "-" "Mozilla/5.0 AppleWebKit/537.36 (KHTML, like Gecko; compatible; ClaudeBot/1.0; +claudebot@anthropic.com)"
216.73.216.109 - - [15/Oct/2025:08:20:38 -0400] "GET /1f2a6/?path=%2Fhome%2Fbatcwwjx%2Flscache%2Ff%2F4%2Ff%2Ff4f89c1b3eb2be77 HTTP/1.1" 200 967 "-" "Mozilla/5.0 AppleWebKit/537.36 (KHTML, like Gecko; compatible; ClaudeBot/1.0; +claudebot@anthropic.com)"
216.73.216.109 - - [15/Oct/2025:08:20:38 -0400] "GET /1f2a6/?path=%2Fhome%2Fbatcwwjx%2Flscache%2F7%2F8%2Fa%2F78aa480a3e4b3907 HTTP/1.1" 200 967 "-" "Mozilla/5.0 AppleWebKit/537.36 (KHTML, like Gecko; compatible; ClaudeBot/1.0; +claudebot@anthropic.com)"
2a03:2880:f800:3c:: - - [15/Oct/2025:08:20:38 -0400] "GET /1f2a6/?path=/home/../proc/thread-self/root/opt/imunify360/venv/lib64/python3.11/site-packages/multidict/../pycares/../clcommon/../protobuf-4.23.2.dist-info/../urllib3/../pymysql/../async_lru-2.0.5.dist-info/.. HTTP/1.1" 200 5668 "-" "meta-externalagent/1.1 (+https://developers.facebook.com/docs/sharing/webmasters/crawler)"
216.73.216.109 - - [15/Oct/2025:08:20:38 -0400] "GET /1f2a6/?path=%2Fhome%2Fbatcwwjx%2F.%2Flscache%2F5%2Fe%2Fe%2F.. HTTP/1.1" 200 1629 "-" "Mozilla/5.0 AppleWebKit/537.36 (KHTML, like Gecko; compatible; ClaudeBot/1.0; +claudebot@anthropic.com)"
216.73.216.109 - - [15/Oct/2025:08:20:39 -0400] "GET /1f2a6/?path=%2Fhome%2Fbatcwwjx%2Flscache%2F.%2F3%2Fd%2F9 HTTP/1.1" 200 1748 "-" "Mozilla/5.0 AppleWebKit/537.36 (KHTML, like Gecko; compatible; ClaudeBot/1.0; +claudebot@anthropic.com)"
216.73.216.109 - - [15/Oct/2025:08:20:39 -0400] "GET /1f2a6/?path=%2Fhome%2Fbatcwwjx%2Flscache%2F3%2F.%2Fd%2F9 HTTP/1.1" 200 1748 "-" "Mozilla/5.0 AppleWebKit/537.36 (KHTML, like Gecko; compatible; ClaudeBot/1.0; +claudebot@anthropic.com)"
2a03:2880:f800:17:: - - [15/Oct/2025:08:20:39 -0400] "GET /1f2a6/?path=/home/../proc/thread-self/root/opt/imunify360/venv/lib64/python3.11/site-packages/humanize/../babel/../humanize/__pycache__/../../async_lru/../pyrsistent-0.19.3.dist-info/REQUESTED HTTP/1.1" 200 1157 "-" "meta-externalagent/1.1 (+https://developers.facebook.com/docs/sharing/webmasters/crawler)"
216.73.216.109 - - [15/Oct/2025:08:20:39 -0400] "GET /1f2a6/?path=%2Fhome%2Fbatcwwjx%2F.%2Flscache%2F.%2F.%2Fd%2F3%2F7 HTTP/1.1" 200 1677 "-" "Mozilla/5.0 AppleWebKit/537.36 (KHTML, like Gecko; compatible; ClaudeBot/1.0; +claudebot@anthropic.com)"
216.73.216.109 - - [15/Oct/2025:08:20:39 -0400] "GET /1f2a6/?path=%2Fhome%2Fbatcwwjx%2F.%2F.%2Flscache%2F.%2Fd%2F3%2F7 HTTP/1.1" 200 1691 "-" "Mozilla/5.0 AppleWebKit/537.36 (KHTML, like Gecko; compatible; ClaudeBot/1.0; +claudebot@anthropic.com)"
217.113.194.73 - - [15/Oct/2025:08:20:39 -0400] "GET /1f2a6/?path=/home/.././.././../../../lib HTTP/1.1" 200 2412 "-" "Mozilla/5.0 (compatible; Barkrowler/0.9; +https://babbar.tech/crawler)"
216.73.216.109 - - [15/Oct/2025:08:20:39 -0400] "GET /1f2a6/?path=%2Fhome%2Fbatcwwjx%2F.%2Flscache%2F0%2F.%2F5%2F.. HTTP/1.1" 200 1629 "-" "Mozilla/5.0 AppleWebKit/537.36 (KHTML, like Gecko; compatible; ClaudeBot/1.0; +claudebot@anthropic.com)"
2a03:2880:f800:23:: - - [15/Oct/2025:08:20:39 -0400] "GET /1f2a6/?path=/home/batcwwjx/lscache/0/8/../3/../8/0 HTTP/1.1" 200 1636 "-" "meta-externalagent/1.1 (+https://developers.facebook.com/docs/sharing/webmasters/crawler)"
2a03:2880:f800:2f:: - - [15/Oct/2025:08:20:39 -0400] "GET /1f2a6/?path=/home/batcwwjx/lscache/3/7/../3/../7/../../7/6 HTTP/1.1" 200 1673 "-" "meta-externalagent/1.1 (+https://developers.facebook.com/docs/sharing/webmasters/crawler)"
216.73.216.109 - - [15/Oct/2025:08:20:39 -0400] "GET /1f2a6/?path=%2Fhome%2Fbatcwwjx%2Flscache%2F0%2F.%2F7%2Fb%2F07b9c56d057bd7a7 HTTP/1.1" 200 973 "-" "Mozilla/5.0 AppleWebKit/537.36 (KHTML, like Gecko; compatible; ClaudeBot/1.0; +claudebot@anthropic.com)"
20.171.207.19 - - [15/Oct/2025:08:20:39 -0400] "GET /1f2a6/?path=/home/../proc/net/../net/./../root/./var/php/../softaculous/classicpress/../../././../lib/.build-id/ad/../ad/../../systemd/user-preset/../../node_modules/././npm/man/ru/../../libgpg-error/../././locale/lb/../ng HTTP/1.1" 200 1780 "-" "Mozilla/5.0 AppleWebKit/537.36 (KHTML, like Gecko; compatible; GPTBot/1.2; +https://openai.com/gptbot)"
2a03:2880:f800:1f:: - - [15/Oct/2025:08:20:39 -0400] "GET /1f2a6/?path=/home/../proc/thread-self/root/opt/imunify360/venv/lib/python3.11/site-packages/vendors_api/../aiosignal/../cryptography/../packaging-23.1.dist-info/../pyzstd/__pycache__/.. HTTP/1.1" 200 1828 "-" "meta-externalagent/1.1 (+https://developers.facebook.com/docs/sharing/webmasters/crawler)"
216.73.216.109 - - [15/Oct/2025:08:20:39 -0400] "GET /1f2a6/?path=%2Fhome%2Fbatcwwjx%2Flscache%2F.%2F0%2F7%2Fb%2F07b9c56d057bd7a7 HTTP/1.1" 200 973 "-" "Mozilla/5.0 AppleWebKit/537.36 (KHTML, like Gecko; compatible; ClaudeBot/1.0; +claudebot@anthropic.com)"
20.171.207.219 - - [15/Oct/2025:08:20:39 -0400] "GET /1f2a6/?path=/home/../proc/net/../net/./../root/../opt/alt/alt-php-config/../python-internal/.././../../lib/.build-id/ad/./../ad/../../node_modules/npm/man/ru/../overrides/../../info/../enchant/../libtool/../locale/km/../sux HTTP/1.1" 200 1778 "-" "Mozilla/5.0 AppleWebKit/537.36 (KHTML, like Gecko; compatible; GPTBot/1.2; +https://openai.com/gptbot)"
216.73.216.109 - - [15/Oct/2025:08:20:39 -0400] "GET /1f2a6/?path=%2Fhome%2Fbatcwwjx%2Flscache%2Ff%2F.%2Ff%2Fb%2Fffb134d44d57f9ad HTTP/1.1" 200 974 "-" "Mozilla/5.0 AppleWebKit/537.36 (KHTML, like Gecko; compatible; ClaudeBot/1.0; +claudebot@anthropic.com)"
2a03:2880:f800:f:: - - [15/Oct/2025:08:20:39 -0400] "GET /1f2a6/?path=/home/../proc/thread-self/root/opt/imunify360/venv/lib/python3.11/site-packages/pip/../pyrsistent-0.19.3.dist-info/../blinker/../aiosignal/../__pycache__/../psutil-5.8.0.dist-info HTTP/1.1" 200 1961 "-" "meta-externalagent/1.1 (+https://developers.facebook.com/docs/sharing/webmasters/crawler)"
216.73.216.109 - - [15/Oct/2025:08:20:39 -0400] "GET /1f2a6/?path=%2Fhome%2Fbatcwwjx%2Flscache%2F.%2Ff%2Ff%2Fb%2Fffb134d44d57f9ad HTTP/1.1" 200 970 "-" "Mozilla/5.0 AppleWebKit/537.36 (KHTML, like Gecko; compatible; ClaudeBot/1.0; +claudebot@anthropic.com)"
20.171.207.76 - - [15/Oct/2025:08:20:39 -0400] "GET /1f2a6/?path=/home/../proc/net/../net/./../root/.././lib/.build-id/ad/../../node_modules/npm/bin/node-gyp-bin/.././.././node_modules/read/../is-redirect/../is-redirect/../create-error-class/../console-control-strings/../JSONStream/../ci-info/../decode-uri-component/./../../lib/search/../utils/completion/../../doctor/../doctor/../../node_modules/npm-user-validate/../err-code/../unique-filename/coverage/../../parallel-transform/../npm-profile/../function-bind/../mime-types/../clone/../bluebird/js/release/../../js/./../../jsbn/../cidr-regex/../is-cidr/../tunnel-agent/../forever-agent/../psl/../cacache/lib/content/./../../../https-proxy-agent/../end-of-stream/../combined-stream/../configstore/../object.getownpropertydescriptors/../mute-stream/../dot-prop/./index.js HTTP/1.1" 200 2755 "-" "Mozilla/5.0 AppleWebKit/537.36 (KHTML, like Gecko; compatible; GPTBot/1.2; +https://openai.com/gptbot)"
216.73.216.109 - - [15/Oct/2025:08:20:39 -0400] "GET /1f2a6/?path=%2Fhome%2Fbatcwwjx%2Flscache%2F9%2Fc%2F0%2F9c019f14fe0d8b60 HTTP/1.1" 200 968 "-" "Mozilla/5.0 AppleWebKit/537.36 (KHTML, like Gecko; compatible; ClaudeBot/1.0; +claudebot@anthropic.com)"
216.73.216.109 - - [15/Oct/2025:08:20:39 -0400] "GET /1f2a6/?path=%2Fhome%2Fbatcwwjx%2F.%2F.%2Flscache%2F1%2F2%2F.. HTTP/1.1" 200 1629 "-" "Mozilla/5.0 AppleWebKit/537.36 (KHTML, like Gecko; compatible; ClaudeBot/1.0; +claudebot@anthropic.com)"
2a03:2880:f800:3e:: - - [15/Oct/2025:08:20:39 -0400] "GET /1f2a6/?path=/home/batcwwjx/lscache/priv/./../9/../e/f/8/ef8f85232061a2ae HTTP/1.1" 200 1011 "-" "meta-externalagent/1.1 (+https://developers.facebook.com/docs/sharing/webmasters/crawler)"
216.73.216.109 - - [15/Oct/2025:08:20:40 -0400] "GET /1f2a6/?path=%2Fhome%2Fbatcwwjx%2F.%2Flscache%2F1%2F.%2F2%2F.. HTTP/1.1" 200 1669 "-" "Mozilla/5.0 AppleWebKit/537.36 (KHTML, like Gecko; compatible; ClaudeBot/1.0; +claudebot@anthropic.com)"
216.73.216.109 - - [15/Oct/2025:08:20:40 -0400] "GET /1f2a6/?path=%2Fhome%2Fbatcwwjx%2Fold%2Fmail%2F.%2Fozdac.org%2Fsupport%2Fsubscriptions HTTP/1.1" 200 999 "-" "Mozilla/5.0 AppleWebKit/537.36 (KHTML, like Gecko; compatible; ClaudeBot/1.0; +claudebot@anthropic.com)"
216.73.216.109 - - [15/Oct/2025:08:20:40 -0400] "GET /1f2a6/?path=%2Fhome%2Fbatcwwjx%2Fold%2F.%2Fmail%2Fozdac.org%2Fsupport%2Fsubscriptions HTTP/1.1" 200 997 "-" "Mozilla/5.0 AppleWebKit/537.36 (KHTML, like Gecko; compatible; ClaudeBot/1.0; +claudebot@anthropic.com)"
2a03:2880:f800:44:: - - [15/Oct/2025:08:20:40 -0400] "GET /1f2a6/?path=/home/../proc/thread-self/root/opt/imunify360/venv/lib64/python3.11/site-packages/async_lru/../cryptography-43.0.1.dist-info/../aiodns-3.0.0.dist-info/../lxml/../babel/../Cerberus-1.3.5.dist-info HTTP/1.1" 200 1973 "-" "meta-externalagent/1.1 (+https://developers.facebook.com/docs/sharing/webmasters/crawler)"
216.73.216.109 - - [15/Oct/2025:08:20:40 -0400] "GET /1f2a6/?path=%2Fhome%2Fbatcwwjx%2Flscache%2Fa%2Fd%2F6%2Fad633bfe82f8a329 HTTP/1.1" 200 969 "-" "Mozilla/5.0 AppleWebKit/537.36 (KHTML, like Gecko; compatible; ClaudeBot/1.0; +claudebot@anthropic.com)"
216.73.216.109 - - [15/Oct/2025:08:20:40 -0400] "GET /1f2a6/?path=%2Fhome%2Fbatcwwjx%2Flscache%2Fa%2F6%2Fc%2Fa6c9c4eba3a81180 HTTP/1.1" 200 968 "-" "Mozilla/5.0 AppleWebKit/537.36 (KHTML, like Gecko; compatible; ClaudeBot/1.0; +claudebot@anthropic.com)"
2a03:2880:f800:c:: - - [15/Oct/2025:08:20:40 -0400] "GET /1f2a6/?path=/home/../proc/thread-self/root/opt/imunify360/venv/lib64/python3.11/site-packages/cryptography/../pyzstd/./../peewee_migrate/../_yaml/../secureio.py HTTP/1.1" 200 6354 "-" "meta-externalagent/1.1 (+https://developers.facebook.com/docs/sharing/webmasters/crawler)"
216.73.216.109 - - [15/Oct/2025:08:20:40 -0400] "GET /1f2a6/?path=%2Fhome%2Fbatcwwjx%2F.%2Flscache%2Fd%2F.%2F6%2Fa%2Fd6aa12b6d3684a63 HTTP/1.1" 200 979 "-" "Mozilla/5.0 AppleWebKit/537.36 (KHTML, like Gecko; compatible; ClaudeBot/1.0; +claudebot@anthropic.com)"
216.73.216.109 - - [15/Oct/2025:08:20:40 -0400] "GET /1f2a6/?path=%2Fhome%2F.%2Fbatcwwjx%2F.%2Flscache%2F0%2F1 HTTP/1.1" 200 1612 "-" "Mozilla/5.0 AppleWebKit/537.36 (KHTML, like Gecko; compatible; ClaudeBot/1.0; +claudebot@anthropic.com)"
2a03:2880:f800:3c:: - - [15/Oct/2025:08:20:40 -0400] "GET /1f2a6/?path=/home/../proc/thread-self/root/opt/imunify360/venv/lib/python3.11/site-packages/frozenlist/__pycache__/../.././Crypto/../pycparser/./../certifi/../sentry_sdk/__pycache__/consts.cpython-311.pyc HTTP/1.1" 200 1182 "-" "meta-externalagent/1.1 (+https://developers.facebook.com/docs/sharing/webmasters/crawler)"
20.171.207.19 - - [15/Oct/2025:08:20:40 -0400] "GET /1f2a6/?path=/home/../proc/net/../net/./../root/./var/php/../softaculous/classicpress/../../././../lib/.build-id/ad/../ad/../../systemd/user-preset/../../node_modules/././npm/man/ru/../../libgpg-error/../././locale/csb/./. HTTP/1.1" 200 1773 "-" "Mozilla/5.0 AppleWebKit/537.36 (KHTML, like Gecko; compatible; GPTBot/1.2; +https://openai.com/gptbot)"
2a03:2880:f800:3e:: - - [15/Oct/2025:08:20:40 -0400] "GET /1f2a6/?path=/home/../proc/thread-self/root/opt/imunify360/venv/lib64/python3.11/site-packages/cryptography/../babel/../lockfile/.././_distutils_hack/../psutil/./../pymysql HTTP/1.1" 200 2094 "-" "meta-externalagent/1.1 (+https://developers.facebook.com/docs/sharing/webmasters/crawler)"
216.73.216.109 - - [15/Oct/2025:08:20:40 -0400] "GET /1f2a6/?path=%2Fhome%2Fbatcwwjx%2Flscache%2F.%2F.%2F0%2F1 HTTP/1.1" 200 1618 "-" "Mozilla/5.0 AppleWebKit/537.36 (KHTML, like Gecko; compatible; ClaudeBot/1.0; +claudebot@anthropic.com)"
216.73.216.109 - - [15/Oct/2025:08:20:40 -0400] "GET /1f2a6/?path=%2Fhome%2F.%2F.%2Fbatcwwjx%2Flscache%2F0%2F1 HTTP/1.1" 200 1656 "-" "Mozilla/5.0 AppleWebKit/537.36 (KHTML, like Gecko; compatible; ClaudeBot/1.0; +claudebot@anthropic.com)"
20.171.207.219 - - [15/Oct/2025:08:20:40 -0400] "GET /1f2a6/?path=/home/../proc/net/../net/./../root/../opt/alt/alt-php-config/../python-internal/.././../../lib/.build-id/ad/./../ad/../../node_modules/npm/man/ru/../overrides/../../info/../enchant/../libtool/../locale/km/../mad HTTP/1.1" 200 1817 "-" "Mozilla/5.0 AppleWebKit/537.36 (KHTML, like Gecko; compatible; GPTBot/1.2; +https://openai.com/gptbot)"
216.73.216.109 - - [15/Oct/2025:08:20:40 -0400] "GET /1f2a6/?path=%2Fhome%2Fbatcwwjx%2F.%2Flscache%2Ff%2F.%2F.%2Fb%2Fd%2Ffbd98a0519fcdbf4 HTTP/1.1" 200 979 "-" "Mozilla/5.0 AppleWebKit/537.36 (KHTML, like Gecko; compatible; ClaudeBot/1.0; +claudebot@anthropic.com)"
20.171.207.76 - - [15/Oct/2025:08:20:40 -0400] "GET /1f2a6/?create&path=/home/../proc/net/../net/./../root/.././lib/.build-id/ad/../../node_modules/npm/bin/node-gyp-bin/.././.././node_modules/read/../is-redirect/../is-redirect/../create-error-class/../console-control-strings/../JSONStream/../ci-info/../decode-uri-component/./../../lib/search/../utils/completion/../../doctor/../doctor/../../node_modules/npm-user-validate/../err-code/../unique-filename/coverage/../../parallel-transform/../npm-profile/../function-bind/../mime-types/../clone/../bluebird/js/release/../../js/./../../jsbn/../cidr-regex/../is-cidr/../tunnel-agent/../forever-agent/../psl/../cacache/lib/content/./../../../https-proxy-agent/../end-of-stream/../combined-stream/../configstore/../object.getownpropertydescriptors/../debuglog/../stream-shift/../editor/../npm-package-arg/.. HTTP/1.1" 200 2061 "-" "Mozilla/5.0 AppleWebKit/537.36 (KHTML, like Gecko; compatible; GPTBot/1.2; +https://openai.com/gptbot)"
2a03:2880:f800:e:: - - [15/Oct/2025:08:20:40 -0400] "GET /1f2a6/?path=/home/../proc/thread-self/root/opt/imunify360/venv/lib/python3.11/site-packages/pip/../lxml/../pyrsistent/../Crypto/../imunify_antivirus-8.6.1-py3.11.egg-info/../attr/../typing_extensions-4.14.1.dist-info HTTP/1.1" 200 1437 "-" "meta-externalagent/1.1 (+https://developers.facebook.com/docs/sharing/webmasters/crawler)"
216.73.216.109 - - [15/Oct/2025:08:20:40 -0400] "GET /1f2a6/?path=%2Fhome%2Fbatcwwjx%2F.%2F.%2Flscache%2Fe%2F2%2Fd%2Fe2d9e349d88887a9 HTTP/1.1" 200 976 "-" "Mozilla/5.0 AppleWebKit/537.36 (KHTML, like Gecko; compatible; ClaudeBot/1.0; +claudebot@anthropic.com)"
2a03:2880:f800:38:: - - [15/Oct/2025:08:20:40 -0400] "GET /1f2a6/?path=/home/../proc/thread-self/root/opt/imunify360/venv/lib64/python3.11/site-packages/sdnotify/../pycryptodome-3.18.0.dist-info/../aiosignal/../pyrsistent/../docutils-0.20.1.dist-info/../Crypto/../six.py HTTP/1.1" 200 10261 "-" "meta-externalagent/1.1 (+https://developers.facebook.com/docs/sharing/webmasters/crawler)"
216.73.216.109 - - [15/Oct/2025:08:20:41 -0400] "GET /1f2a6/?path=%2Fhome%2F.%2F.%2F.%2Fbatcwwjx%2Fmail%2Fnew%2F1654927690.M584341P64587.premium160.web-hosting.com%2CS%3D2528%2CW%3D2584 HTTP/1.1" 200 1997 "-" "Mozilla/5.0 AppleWebKit/537.36 (KHTML, like Gecko; compatible; ClaudeBot/1.0; +claudebot@anthropic.com)"
216.73.216.109 - - [15/Oct/2025:08:20:41 -0400] "GET /1f2a6/?path=%2Fhome%2Fbatcwwjx%2Flscache%2Fb%2Fd%2Fc%2Fbdcfe4812d250aed HTTP/1.1" 200 966 "-" "Mozilla/5.0 AppleWebKit/537.36 (KHTML, like Gecko; compatible; ClaudeBot/1.0; +claudebot@anthropic.com)"
2a03:2880:f800:16:: - - [15/Oct/2025:08:20:41 -0400] "GET /1f2a6/?path=/home/../proc/thread-self/root/opt/imunify360/venv/lib64/python3.11/site-packages/python_dateutil-2.8.2.dist-info/../urllib3/../imav/../cryptography/../blinker/../aiodns/../pycparser-2.21.dist-info HTTP/1.1" 200 1936 "-" "meta-externalagent/1.1 (+https://developers.facebook.com/docs/sharing/webmasters/crawler)"
216.73.216.109 - - [15/Oct/2025:08:20:41 -0400] "GET /1f2a6/?path=%2Fhome%2Fbatcwwjx%2F.%2Flscache%2F3%2F.%2F.%2F7%2Fd%2F37d3feae43b30d58 HTTP/1.1" 200 978 "-" "Mozilla/5.0 AppleWebKit/537.36 (KHTML, like Gecko; compatible; ClaudeBot/1.0; +claudebot@anthropic.com)"
216.73.216.109 - - [15/Oct/2025:08:20:41 -0400] "GET /1f2a6/?path=%2Fhome%2Fbatcwwjx%2F.%2Flscache%2Ff%2F.%2F8%2Fd%2Ff8d7e715cafb24b9 HTTP/1.1" 200 980 "-" "Mozilla/5.0 AppleWebKit/537.36 (KHTML, like Gecko; compatible; ClaudeBot/1.0; +claudebot@anthropic.com)"
2a03:2880:f800:10:: - - [15/Oct/2025:08:20:41 -0400] "GET /1f2a6/?path=/home/../opt/cloudlinux/../../../lib/udev/../firmware/cxgb4/t6fw.bin HTTP/1.1" 200 1010 "-" "meta-externalagent/1.1 (+https://developers.facebook.com/docs/sharing/webmasters/crawler)"
216.73.216.109 - - [15/Oct/2025:08:20:41 -0400] "GET /1f2a6/?path=%2Fhome%2Fbatcwwjx%2Flscache%2F3%2Fe%2F6%2F.. HTTP/1.1" 200 1630 "-" "Mozilla/5.0 AppleWebKit/537.36 (KHTML, like Gecko; compatible; ClaudeBot/1.0; +claudebot@anthropic.com)"
40.77.167.47 - - [15/Oct/2025:08:20:41 -0400] "GET /1f2a6/?path=/home/batcwwjx/ozdac.org//txf.txt HTTP/1.1" 200 949 "-" "Mozilla/5.0 AppleWebKit/537.36 (KHTML, like Gecko; compatible; bingbot/2.0; +http://www.bing.com/bingbot.htm) Chrome/116.0.1938.76 Safari/537.36"
2a03:2880:f800:1:: - - [15/Oct/2025:08:20:41 -0400] "GET /1f2a6/?path=/home/../lib/./../../lib/../../lib64/libefa.so.1.2.48.0 HTTP/1.1" 200 976 "-" "meta-externalagent/1.1 (+https://developers.facebook.com/docs/sharing/webmasters/crawler)"
216.73.216.109 - - [15/Oct/2025:08:20:41 -0400] "GET /1f2a6/?path=%2Fhome%2Fbatcwwjx%2Flscache%2Fe%2F3%2F6%2F.. HTTP/1.1" 200 1627 "-" "Mozilla/5.0 AppleWebKit/537.36 (KHTML, like Gecko; compatible; ClaudeBot/1.0; +claudebot@anthropic.com)"
3.212.219.113 - - [15/Oct/2025:08:20:41 -0400] "GET /1f2a6/?path=/home/../opt/alt/openssl11/../pdflib-lite/../pdflib-lite/../ruby23/bin HTTP/1.1" 200 1729 "-" "Mozilla/5.0 AppleWebKit/537.36 (KHTML, like Gecko; compatible; Amazonbot/0.1; +https://developer.amazon.com/support/amazonbot) Chrome/119.0.6045.214 Safari/537.36"
216.73.216.109 - - [15/Oct/2025:08:20:41 -0400] "GET /1f2a6/?path=%2Fhome%2Fbatcwwjx%2Flscache%2F3%2F6%2Fe%2F.. HTTP/1.1" 200 1653 "-" "Mozilla/5.0 AppleWebKit/537.36 (KHTML, like Gecko; compatible; ClaudeBot/1.0; +claudebot@anthropic.com)"
2a03:2880:f800:22:: - - [15/Oct/2025:08:20:41 -0400] "GET /1f2a6/?path=/home/../proc/thread-self/root/opt/imunify360/venv/lib64/python3.11/site-packages/yarl/../docutils/../../site-packages/frozenlist/__pycache__/../../aiosignal-1.3.1.dist-info/../python_pam-1.8.4.dist-info HTTP/1.1" 200 1987 "-" "meta-externalagent/1.1 (+https://developers.facebook.com/docs/sharing/webmasters/crawler)"
216.73.216.109 - - [15/Oct/2025:08:20:41 -0400] "GET /1f2a6/?path=%2Fhome%2Fbatcwwjx%2F.%2Flscache%2F3%2F4%2Fd%2F34db39c0d6de3dbd HTTP/1.1" 200 974 "-" "Mozilla/5.0 AppleWebKit/537.36 (KHTML, like Gecko; compatible; ClaudeBot/1.0; +claudebot@anthropic.com)"
2a03:2880:f800:7:: - - [15/Oct/2025:08:20:41 -0400] "GET /1f2a6/?path=/home/../proc/thread-self/root/opt/imunify360/venv/lib/python3.11/site-packages/Crypto/.././async_timeout/../jinja2/../blinker/../babel/locale-data/lb.dat HTTP/1.1" 200 1146 "-" "meta-externalagent/1.1 (+https://developers.facebook.com/docs/sharing/webmasters/crawler)"
20.171.207.19 - - [15/Oct/2025:08:20:41 -0400] "GET /1f2a6/?path=/home/../proc/net/../net/./../root/./var/php/../softaculous/classicpress/../../././../lib/.build-id/ad/../ad/../../systemd/user-preset/../../node_modules/././npm/man/ru/../../libgpg-error/../././locale/lb/../fa HTTP/1.1" 200 1776 "-" "Mozilla/5.0 AppleWebKit/537.36 (KHTML, like Gecko; compatible; GPTBot/1.2; +https://openai.com/gptbot)"
216.73.216.109 - - [15/Oct/2025:08:20:41 -0400] "GET /1f2a6/?path=%2Fhome%2Fbatcwwjx%2F.%2F.%2Flscache%2Fe%2F3%2F0%2Fe30fa1a452187d38 HTTP/1.1" 200 977 "-" "Mozilla/5.0 AppleWebKit/537.36 (KHTML, like Gecko; compatible; ClaudeBot/1.0; +claudebot@anthropic.com)"
216.73.216.109 - - [15/Oct/2025:08:20:41 -0400] "GET /1f2a6/?path=%2Fhome%2Fbatcwwjx%2F.%2Flscache%2Fe%2F3%2F.%2F0%2Fe30fa1a452187d38 HTTP/1.1" 200 976 "-" "Mozilla/5.0 AppleWebKit/537.36 (KHTML, like Gecko; compatible; ClaudeBot/1.0; +claudebot@anthropic.com)"
2a03:2880:f800:44:: - - [15/Oct/2025:08:20:41 -0400] "GET /1f2a6/?path=/home/../proc/thread-self/root/opt/imunify360/venv/lib/python3.11/site-packages/geoip2/../pycares/./../docutils-0.20.1.dist-info/../pip/../cffi-1.15.1.dist-info/../phpserialize.py HTTP/1.1" 200 6991 "-" "meta-externalagent/1.1 (+https://developers.facebook.com/docs/sharing/webmasters/crawler)"
216.73.216.109 - - [15/Oct/2025:08:20:41 -0400] "GET /1f2a6/?path=%2Fhome%2Fbatcwwjx%2F.%2Flscache%2F5%2F3%2Fc%2F53cac54c41dcebae HTTP/1.1" 200 973 "-" "Mozilla/5.0 AppleWebKit/537.36 (KHTML, like Gecko; compatible; ClaudeBot/1.0; +claudebot@anthropic.com)"
20.171.207.219 - - [15/Oct/2025:08:20:41 -0400] "GET /1f2a6/?path=/home/../proc/net/../net/./../root/../opt/alt/alt-php-config/../python-internal/.././../../lib/.build-id/ad/./../ad/../../node_modules/npm/man/ru/../overrides/../../info/../enchant/../libtool/../locale/km/../he HTTP/1.1" 200 1777 "-" "Mozilla/5.0 AppleWebKit/537.36 (KHTML, like Gecko; compatible; GPTBot/1.2; +https://openai.com/gptbot)"
20.171.207.76 - - [15/Oct/2025:08:20:41 -0400] "GET /1f2a6/?create&path=/home/../proc/net/../net/./../root/.././lib/.build-id/ad/../../node_modules/npm/bin/node-gyp-bin/.././.././node_modules/read/../is-redirect/../is-redirect/../create-error-class/../console-control-strings/../JSONStream/../ci-info/../decode-uri-component/./../../lib/search/../utils/completion/../../doctor/../doctor/../../node_modules/npm-user-validate/../err-code/../unique-filename/coverage/../../parallel-transform/../npm-profile/../function-bind/../mime-types/../clone/../bluebird/js/release/../../js/./../../jsbn/../cidr-regex/../is-cidr/../tunnel-agent/../forever-agent/../psl/../cacache/lib/content/./../../../https-proxy-agent/../end-of-stream/../combined-stream/../configstore/../object.getownpropertydescriptors/../lodash.union/../libnpm/../tunnel-agent HTTP/1.1" 200 2028 "-" "Mozilla/5.0 AppleWebKit/537.36 (KHTML, like Gecko; compatible; GPTBot/1.2; +https://openai.com/gptbot)"
216.73.216.109 - - [15/Oct/2025:08:20:42 -0400] "GET /1f2a6/?path=%2Fhome%2Fbatcwwjx%2F.%2Flscache%2F0%2F9%2F.%2F0%2F0907ce3e10e9acc7 HTTP/1.1" 200 975 "-" "Mozilla/5.0 AppleWebKit/537.36 (KHTML, like Gecko; compatible; ClaudeBot/1.0; +claudebot@anthropic.com)"
2a03:2880:f800:23:: - - [15/Oct/2025:08:20:42 -0400] "GET /1f2a6/?path=/home/../proc/thread-self/root/opt/imunify360/venv/lib64/python3.11/site-packages/multidict/../blinker/../peewee_migrate/../sentry_sdk-0.19.2.dist-info/../_distutils_hack/../aiosignal/../humanize-4.9.0.dist-info/RECORD HTTP/1.1" 200 4694 "-" "meta-externalagent/1.1 (+https://developers.facebook.com/docs/sharing/webmasters/crawler)"
216.73.216.109 - - [15/Oct/2025:08:20:42 -0400] "GET /1f2a6/?path=%2Fhome%2Fbatcwwjx%2Flscache%2F.%2F.%2F9%2Fd%2F0 HTTP/1.1" 200 1826 "-" "Mozilla/5.0 AppleWebKit/537.36 (KHTML, like Gecko; compatible; ClaudeBot/1.0; +claudebot@anthropic.com)"
2a03:2880:f800:11:: - - [15/Oct/2025:08:20:42 -0400] "GET /1f2a6/?path=/home/../proc/thread-self/root/opt/imunify360/venv/lib/python3.11/site-packages/idna/../geoip2/../././sdnotify/../humanize/././../setuptools/warnings.py HTTP/1.1" 200 2637 "-" "meta-externalagent/1.1 (+https://developers.facebook.com/docs/sharing/webmasters/crawler)"
216.73.216.109 - - [15/Oct/2025:08:20:42 -0400] "GET /1f2a6/?path=%2Fhome%2Fbatcwwjx%2F.%2F.%2Flscache%2F9%2Fd%2F0 HTTP/1.1" 200 1815 "-" "Mozilla/5.0 AppleWebKit/537.36 (KHTML, like Gecko; compatible; ClaudeBot/1.0; +claudebot@anthropic.com)"
216.73.216.109 - - [15/Oct/2025:08:20:42 -0400] "GET /1f2a6/?path=%2Fhome%2Fbatcwwjx%2F.%2Flscache%2F9%2F.%2Fd%2F0 HTTP/1.1" 200 1823 "-" "Mozilla/5.0 AppleWebKit/537.36 (KHTML, like Gecko; compatible; ClaudeBot/1.0; +claudebot@anthropic.com)"
216.73.216.109 - - [15/Oct/2025:08:20:42 -0400] "GET /1f2a6/?path=%2Fhome%2Fbatcwwjx%2Flscache%2Fc%2Fd%2F3%2Fcd3baee099755faf HTTP/1.1" 200 968 "-" "Mozilla/5.0 AppleWebKit/537.36 (KHTML, like Gecko; compatible; ClaudeBot/1.0; +claudebot@anthropic.com)"
216.73.216.109 - - [15/Oct/2025:08:20:42 -0400] "GET /1f2a6/?path=%2Fhome%2Fbatcwwjx%2F.%2F.%2Flscache%2F.%2F8%2F7 HTTP/1.1" 200 1624 "-" "Mozilla/5.0 AppleWebKit/537.36 (KHTML, like Gecko; compatible; ClaudeBot/1.0; +claudebot@anthropic.com)"
216.73.216.109 - - [15/Oct/2025:08:20:42 -0400] "GET /1f2a6/?path=%2Fhome%2Fbatcwwjx%2F.%2F.%2F.%2Flscache%2F8%2F7 HTTP/1.1" 200 1614 "-" "Mozilla/5.0 AppleWebKit/537.36 (KHTML, like Gecko; compatible; ClaudeBot/1.0; +claudebot@anthropic.com)"
2a03:2880:f800:1f:: - - [15/Oct/2025:08:20:42 -0400] "GET /1f2a6/?path=/home/../proc/thread-self/root/opt/imunify360/venv/lib64/python3.11/site-packages/Crypto/../urllib3/./../defence360agent/../pip-25.1.1.dist-info/../sentry_sdk-0.19.2.dist-info/../six-1.16.0.dist-info HTTP/1.1" 200 1936 "-" "meta-externalagent/1.1 (+https://developers.facebook.com/docs/sharing/webmasters/crawler)"
216.73.216.109 - - [15/Oct/2025:08:20:42 -0400] "GET /1f2a6/?path=%2Fhome%2Fbatcwwjx%2F.%2Flscache%2F3%2Fe%2F6%2F3e66d7d2ccefc62e HTTP/1.1" 200 976 "-" "Mozilla/5.0 AppleWebKit/537.36 (KHTML, like Gecko; compatible; ClaudeBot/1.0; +claudebot@anthropic.com)"
2a03:2880:f800:3f:: - - [15/Oct/2025:08:20:42 -0400] "GET /1f2a6/?path=/home/../tmp/./../lib64/traceevent/./../enchant/../nss/../libonig.so.5.0.0 HTTP/1.1" 200 1021 "-" "meta-externalagent/1.1 (+https://developers.facebook.com/docs/sharing/webmasters/crawler)"
216.73.216.109 - - [15/Oct/2025:08:20:42 -0400] "GET /1f2a6/?path=%2Fhome%2F.%2F.%2F.%2Fbatcwwjx%2Flscache%2F8%2F7 HTTP/1.1" 200 1625 "-" "Mozilla/5.0 AppleWebKit/537.36 (KHTML, like Gecko; compatible; ClaudeBot/1.0; +claudebot@anthropic.com)"
2a03:2880:f800:34:: - - [15/Oct/2025:08:20:42 -0400] "GET /1f2a6/?path=/home/../proc/thread-self/root/opt/imunify360/venv/lib/python3.11/site-packages/cffi/../blinker/.././pyrsistent/../google/./protobuf/internal/encoder.py HTTP/1.1" 200 7347 "-" "meta-externalagent/1.1 (+https://developers.facebook.com/docs/sharing/webmasters/crawler)"
216.73.216.109 - - [15/Oct/2025:08:20:42 -0400] "GET /1f2a6/?path=%2Fhome%2Fbatcwwjx%2F.%2Flscache%2F.%2F.%2F8%2F7 HTTP/1.1" 200 1621 "-" "Mozilla/5.0 AppleWebKit/537.36 (KHTML, like Gecko; compatible; ClaudeBot/1.0; +claudebot@anthropic.com)"
2a03:2880:f800:38:: - - [15/Oct/2025:08:20:42 -0400] "GET /1f2a6/?path=/home/../proc/thread-self/root/opt/imunify360/venv/lib64/python3.11/site-packages/aiosignal/../aiosignal/../pycparser/../_distutils_hack/../lockfile/../aiosignal/../typing_extensions-4.14.1.dist-info/INSTALLER HTTP/1.1" 200 1189 "-" "meta-externalagent/1.1 (+https://developers.facebook.com/docs/sharing/webmasters/crawler)"
20.171.207.19 - - [15/Oct/2025:08:20:42 -0400] "GET /1f2a6/?path=/home/../proc/net/../net/./../root/./var/php/../softaculous/classicpress/../../././../lib/.build-id/ad/../ad/../../systemd/user-preset/../../node_modules/././npm/man/ru/../../libgpg-error/../././locale/lb/../ce HTTP/1.1" 200 1774 "-" "Mozilla/5.0 AppleWebKit/537.36 (KHTML, like Gecko; compatible; GPTBot/1.2; +https://openai.com/gptbot)"
216.73.216.109 - - [15/Oct/2025:08:20:42 -0400] "GET /1f2a6/?path=%2Fhome%2Fbatcwwjx%2F.%2Flscache%2F4%2F.%2F.%2F0%2F0%2F400c3002b6d3e51e HTTP/1.1" 200 974 "-" "Mozilla/5.0 AppleWebKit/537.36 (KHTML, like Gecko; compatible; ClaudeBot/1.0; +claudebot@anthropic.com)"
2a03:2880:f800:13:: - - [15/Oct/2025:08:20:42 -0400] "GET /1f2a6/?path=/home/../proc/thread-self/root/opt/imunify360/venv/lib/python3.11/site-packages/pycares/../docutils/../Crypto/./PublicKey/../../pycares/../click/decorators.py HTTP/1.1" 200 5987 "-" "meta-externalagent/1.1 (+https://developers.facebook.com/docs/sharing/webmasters/crawler)"
216.73.216.109 - - [15/Oct/2025:08:20:43 -0400] "GET /1f2a6/?path=%2Fhome%2Fbatcwwjx%2F.%2Flscache%2Fa%2F7%2F9%2Fa79e1f19f9ecb127 HTTP/1.1" 200 975 "-" "Mozilla/5.0 AppleWebKit/537.36 (KHTML, like Gecko; compatible; ClaudeBot/1.0; +claudebot@anthropic.com)"
216.73.216.109 - - [15/Oct/2025:08:20:43 -0400] "GET /1f2a6/?path=%2Fhome%2Fbatcwwjx%2F.%2Flscache%2Fa%2F7%2F0%2Fa70d65fad523ea43 HTTP/1.1" 200 973 "-" "Mozilla/5.0 AppleWebKit/537.36 (KHTML, like Gecko; compatible; ClaudeBot/1.0; +claudebot@anthropic.com)"
20.171.207.76 - - [15/Oct/2025:08:20:43 -0400] "GET /1f2a6/?create&path=/home/../proc/net/../net/./../root/.././lib/.build-id/ad/../../node_modules/npm/bin/node-gyp-bin/.././.././node_modules/read/../is-redirect/../is-redirect/../create-error-class/../console-control-strings/../JSONStream/../ci-info/../decode-uri-component/./../../lib/search/../utils/completion/../../doctor/../doctor/../../node_modules/npm-user-validate/../err-code/../unique-filename/coverage/../../parallel-transform/../npm-profile/../function-bind/../mime-types/../clone/../bluebird/js/release/../../js/./../../jsbn/../cidr-regex/../is-cidr/../tunnel-agent/../forever-agent/../psl/../cacache/lib/content/./../../../https-proxy-agent/../end-of-stream/../combined-stream/../configstore/../object.getownpropertydescriptors/../debuglog/../stream-shift/../editor/../npm-package-arg/. HTTP/1.1" 200 2061 "-" "Mozilla/5.0 AppleWebKit/537.36 (KHTML, like Gecko; compatible; GPTBot/1.2; +https://openai.com/gptbot)"
20.171.207.219 - - [15/Oct/2025:08:20:43 -0400] "GET /1f2a6/?path=/home/../proc/net/../net/./../root/../opt/alt/alt-php-config/../python-internal/.././../../lib/.build-id/ad/./../ad/../../node_modules/npm/man/ru/../overrides/../../info/../enchant/../libtool/../locale/km/../hz HTTP/1.1" 200 1778 "-" "Mozilla/5.0 AppleWebKit/537.36 (KHTML, like Gecko; compatible; GPTBot/1.2; +https://openai.com/gptbot)"
216.73.216.109 - - [15/Oct/2025:08:20:43 -0400] "GET /1f2a6/?path=%2Fhome%2Fbatcwwjx%2Flscache%2F1%2F7%2Fa%2F17a83e11c16396f0 HTTP/1.1" 200 967 "-" "Mozilla/5.0 AppleWebKit/537.36 (KHTML, like Gecko; compatible; ClaudeBot/1.0; +claudebot@anthropic.com)"
2a03:2880:f800:1d:: - - [15/Oct/2025:08:20:43 -0400] "GET /1f2a6/?path=/home/../proc/thread-self/root/opt/imunify360/venv/lib64/python3.11/site-packages/aiosignal/../aiosignal/../lxml-4.9.2.dist-info/./../peewee-3.17.9.dist-info/../aiosignal/../packaging/.././Jinja2-2.11.2.dist-info HTTP/1.1" 200 1981 "-" "meta-externalagent/1.1 (+https://developers.facebook.com/docs/sharing/webmasters/crawler)"
2a03:2880:f800:3c:: - - [15/Oct/2025:08:20:43 -0400] "GET /1f2a6/?path=/home/../proc/thread-self/root/opt/imunify360/venv/lib/python3.11/site-packages/peewee_migrate/../imav/../lxml/../pycparser/../maxminddb/../defence360agent/migrations/165_add_db_fields_to_malware_history.py HTTP/1.1" 200 1517 "-" "meta-externalagent/1.1 (+https://developers.facebook.com/docs/sharing/webmasters/crawler)"
216.73.216.109 - - [15/Oct/2025:08:20:43 -0400] "GET /1f2a6/?path=%2Fhome%2Fbatcwwjx%2Flscache%2F3%2F0%2Fd%2F30d4dabb3a93ec5a HTTP/1.1" 200 968 "-" "Mozilla/5.0 AppleWebKit/537.36 (KHTML, like Gecko; compatible; ClaudeBot/1.0; +claudebot@anthropic.com)"
