81.17.20.98 - - [15/Oct/2025:10:26:18 -0400] "GET //batconpakistan.org/wp-content/cache/autoptimize/js/autoptimize_single_1a7a1c044f6f8909b5ea70ca382daaaa.js HTTP/1.1" 200 0 "-" "Opera/9.80 (X11; Linux i686; U; en) Presto/2.2.15 Version/10.10"
81.17.20.98 - - [15/Oct/2025:10:26:18 -0400] "GET //batconpakistan.org/wp-content/cache/autoptimize/js/autoptimize_single_2912c657d0592cc532dff73d0d2ce7bb.js HTTP/1.1" 200 0 "-" "Mozilla/5.0 (Macintosh; Intel Mac OS X 10_15_7) AppleWebKit/537.36 (KHTML, like Gecko) Chrome/91.0.4472.114 Safari/537.36"
81.17.20.98 - - [15/Oct/2025:10:26:18 -0400] "GET //batconpakistan.org/wp-content/cache/autoptimize/js/autoptimize_single_4b8e19f3dc3a22572352e6abc41762b3.js HTTP/1.1" 200 0 "-" "Mozilla/5.0 (Linux; Android 11; M2102J20SG) AppleWebKit/537.36 (KHTML, like Gecko) Chrome/100.0.4896.127 Mobile Safari/537.36"
81.17.20.98 - - [15/Oct/2025:10:26:18 -0400] "GET //batconpakistan.org/wp-content/cache/autoptimize/js/autoptimize_single_84accf917a322d8a1d3512174b85c47b.js HTTP/1.1" 200 0 "-" "Mozilla/5.0 (Macintosh; Intel Mac OS X 10_9_5) AppleWebKit/537.36 (KHTML, like Gecko) Chrome/67.0.3396.87 Safari/537.36"
81.17.20.98 - - [15/Oct/2025:10:26:18 -0400] "GET //batconpakistan.org/wp-content/cache/autoptimize/js/autoptimize_single_787fe4f547a6cb7f4ce4934641085910.js HTTP/1.1" 200 0 "-" "Mozilla/5.0 (Windows NT 6.1; WOW64) AppleWebKit/537.36 (KHTML, like Gecko) Chrome/91.0.4472.77 Safari/537.36"
81.17.20.98 - - [15/Oct/2025:10:26:18 -0400] "GET //batconpakistan.org/wp-content/cache/autoptimize/js/autoptimize_single_8ae7178cf20641be616ed86446ce2e1a.js HTTP/1.1" 200 0 "-" "Mozilla/5.0 (Linux; Android 7.0; SM-N920C) AppleWebKit/537.36 (KHTML, like Gecko) Chrome/101.0.4951.61 Mobile Safari/537.36"
81.17.20.98 - - [15/Oct/2025:10:26:18 -0400] "GET //batconpakistan.org/wp-content/cache/autoptimize/js/autoptimize_single_969e914314dae24fa843b8c6e0efced9.js HTTP/1.1" 200 0 "-" "Mozilla/5.0 (Windows NT 10.0; WOW64; Trident/7.0; MATBJS; rv:11.0) like Gecko"
81.17.20.98 - - [15/Oct/2025:10:26:18 -0400] "GET //batconpakistan.org/wp-content/cache/autoptimize/js/autoptimize_single_96e7dc3f0e8559e4a3f3ca40b17ab9c3.js HTTP/1.1" 200 0 "-" "FAST-WebCrawler/3.8 (crawler at trd dot overture dot com; http://www.alltheweb.com/help/webmaster/crawler)"
81.17.20.98 - - [15/Oct/2025:10:26:18 -0400] "GET //batconpakistan.org/wp-content/cache/autoptimize/js/autoptimize_single_af5c4849ea3dc106841421aa1cbe85f4.js HTTP/1.1" 200 0 "-" "Mozilla/5.0 (iPad; CPU OS 15_4 like Mac OS X) AppleWebKit/605.1.15 (KHTML, like Gecko) CriOS/100.0.4896.85 Mobile/15E148 Safari/604.1"
81.17.20.98 - - [15/Oct/2025:10:26:18 -0400] "GET //batconpakistan.org/wp-content/cache/autoptimize/js/autoptimize_single_bbdaec2b95562cd9430b262d3320c7b4.js HTTP/1.1" 200 0 "-" "Mozilla/5.0 (Windows NT 6.2; WOW64) AppleWebKit/537.36 (KHTML like Gecko) Chrome/28.0.1469.0 Safari/537.36"
81.17.20.98 - - [15/Oct/2025:10:26:18 -0400] "GET //batconpakistan.org/wp-content/cache/autoptimize/js/autoptimize_single_bb564b6df727c922151209f51dbcbfc7.js HTTP/1.1" 200 0 "-" "Mozilla/5.0 (Linux; Android 6.0; HTC One M9 Build/MRA58K) AppleWebKit/537.36 (KHTML, like Gecko) Chrome/52.0.2743.98 Mobile Safari/537.36"
81.17.20.98 - - [15/Oct/2025:10:26:18 -0400] "GET //batconpakistan.org/wp-content/cache/autoptimize/js/autoptimize_single_c5b5b2fa19bd66ff23211d9f844e0131.js HTTP/1.1" 200 0 "-" "Mozilla/5.0 (Windows NT 5.1) AppleWebKit/537.36 (KHTML, like Gecko) Chrome/36.0.1985.67 Safari/537.36"
81.17.20.98 - - [15/Oct/2025:10:26:18 -0400] "GET //batconpakistan.org/wp-content/cache/autoptimize/js/autoptimize_single_cf6d24b271a128c1564697131d29cd07.js HTTP/1.1" 200 0 "-" "Mozilla/5.0 (Linux; Android 11; M2102J20SG) AppleWebKit/537.36 (KHTML, like Gecko) Chrome/100.0.4896.127 Mobile Safari/537.36"
81.17.20.98 - - [15/Oct/2025:10:26:18 -0400] "GET //batconpakistan.org/wp-content/cache/autoptimize/js/autoptimize_single_e81b167a57f599ae32ec05dee0d870bb.js HTTP/1.1" 200 0 "-" "Mozilla/5.0 (Android 6.0.1; Mobile; rv:48.0) Gecko/48.0 Firefox/48.0"
81.17.20.98 - - [15/Oct/2025:10:26:18 -0400] "GET //batconpakistan.org/wp-content/cache/autoptimize/js/autoptimize_single_f5aea4f1174cb7d3dff10c987969b96c.js HTTP/1.1" 200 0 "-" "Mozilla/5.0 (X11; Linux x86_64) AppleWebKit/602.1 (KHTML, like Gecko) splash Version/10.0 Safari/602.1"
162.0.235.240 - - [15/Oct/2025:10:26:23 -0400] "GET /wp-content/plugins/contact-form-7-style/admin/predefined-templates.json HTTP/1.1" 200 1323 "-" "WordPress/6.8.3; https://batconpakistan.org"
81.17.20.98 - - [15/Oct/2025:10:26:18 -0400] "GET //batconpakistan.org/wp-content/plugins/autoptimize/classes/external/js/lazysizes.min.js HTTP/1.1" 200 0 "-" "Mozilla/5.0 (X11; Linux i686; rv:6.0a2) Gecko/20110615 Firefox/6.0a2 Iceweasel/6.0a2"
81.17.20.98 - - [15/Oct/2025:10:26:18 -0400] "GET //batconpakistan.org/wp-content/plugins/charitable/assets/js/charitable-frontend.min.js HTTP/1.1" 200 0 "-" "Mozilla/5.0 (X11; CrOS x86_64 14526.89.0) AppleWebKit/537.36 (KHTML, like Gecko) Chrome/100.0.4896.133 Safari/537.36"
81.17.20.98 - - [15/Oct/2025:10:26:18 -0400] "GET //batconpakistan.org/wp-content/plugins/charitable/assets/js/libraries/js-cookie.min.js HTTP/1.1" 200 0 "-" "Mozilla/5.0 (iPhone; U; CPU iPhone OS 3_0 like Mac OS X; en-us) AppleWebKit/528.18 (KHTML, like Gecko) Version/4.0 Mobile/7A341 Safari/528.16"
81.17.20.98 - - [15/Oct/2025:10:26:18 -0400] "GET //batconpakistan.org/wp-content/plugins/charitable/assets/js/charitable-session.min.js HTTP/1.1" 200 0 "-" "Mozilla/5.0 (Windows NT 10.0; Win64; x64) AppleWebKit/537.36 (KHTML, like Gecko) Chrome/96.0.4664.45 Safari/537.36"
81.17.20.98 - - [15/Oct/2025:10:26:18 -0400] "GET //batconpakistan.org/wp-content/plugins/contact-form-7-style/js/frontend-min.js HTTP/1.1" 200 0 "-" "Mozilla/5.0 (Macintosh; Intel Mac OS X 10_15_7) AppleWebKit/605.1.15 (KHTML, like Gecko) Version/14.1.2 Safari/605.1.15"
81.17.20.98 - - [15/Oct/2025:10:26:18 -0400] "GET //batconpakistan.org/wp-content/plugins/js_composer/assets/lib/bower/skrollr/dist/skrollr.min.js HTTP/1.1" 200 0 "-" "Mozilla/5.0 (Windows NT 10.0; Win64; x64) AppleWebKit/537.36 (KHTML, like Gecko) Chrome/101.0.4951.41 Safari/537.36 Edg/101.0.1210.32"
81.17.20.98 - - [15/Oct/2025:10:26:18 -0400] "GET //batconpakistan.org/wp-content/plugins/js_composer/assets/js/dist/js_composer_front.min.js HTTP/1.1" 200 0 "-" "Mozilla/5.0 (Macintosh; Intel Mac OS X 10_12_3) AppleWebKit/537.36 (KHTML, like Gecko) Chrome/101.0.4951.54 Safari/537.36"
81.17.20.98 - - [15/Oct/2025:10:26:18 -0400] "GET //batconpakistan.org/wp-content/plugins/revslider/public/assets/js/jquery.themepunch.tools.min.js HTTP/1.1" 200 0 "-" "Mozilla/5.0 (Macintosh; Intel Mac OS X 10_15_6) AppleWebKit/537.36 (KHTML, like Gecko) Chrome/101.0.4951.64 Safari/537.36"
81.17.20.98 - - [15/Oct/2025:10:26:18 -0400] "GET //batconpakistan.org/wp-content/plugins/revslider/public/assets/js/jquery.themepunch.revolution.min.js HTTP/1.1" 200 0 "-" "Mozilla/5.0 (Linux; Android 12; SM-G991B) AppleWebKit/537.36 (KHTML, like Gecko) Chrome/100.0.4896.127 Mobile Safari/537.36 EdgA/100.0.1185.50"
81.17.20.98 - - [15/Oct/2025:10:26:18 -0400] "GET //batconpakistan.org/wp-content/plugins/woocommerce/assets/js/frontend/add-to-cart.min.js HTTP/1.1" 200 0 "-" "Mozilla/5.0 (compatible; MSIE 10.0; Windows NT 6.1; WOW64; Trident/6.0)"
81.17.20.98 - - [15/Oct/2025:10:26:18 -0400] "GET //batconpakistan.org/wp-content/plugins/woocommerce/assets/js/frontend/woocommerce.min.js HTTP/1.1" 200 0 "-" "Mozilla/4.0 (compatible; MSIE 5.15; Mac_PowerPC)"
81.17.20.98 - - [15/Oct/2025:10:26:18 -0400] "GET //batconpakistan.org/wp-content/plugins/woocommerce/assets/js/frontend/order-attribution.min.js HTTP/1.1" 200 0 "-" "Mozilla/5.0 (Linux; Android 10; ONEPLUS A5010) AppleWebKit/537.36 (KHTML, like Gecko) Chrome/101.0.4951.61 Mobile Safari/537.36"
81.17.20.98 - - [15/Oct/2025:10:26:18 -0400] "GET //batconpakistan.org/wp-content/themes/born-to-give/vendor/fullcalendar/fullcalendar.min.js HTTP/1.1" 200 0 "-" "Mozilla/5.0 (X11; Linux x86_64) AppleWebKit/537.36 (KHTML, like Gecko) Chrome/102.0.4997.0 Safari/537.36"
81.17.20.98 - - [15/Oct/2025:10:26:18 -0400] "GET //batconpakistan.org/wp-content/plugins/woocommerce/assets/js/jquery-blockui/jquery.blockUI.min.js HTTP/1.1" 200 0 "-" "Mozilla/4.0 (compatible; MSIE 8.0; Windows NT 6.1; Trident/4.0)"
81.17.20.98 - - [15/Oct/2025:10:26:18 -0400] "GET //batconpakistan.org/wp-content/plugins/woocommerce/assets/js/sourcebuster/sourcebuster.min.js HTTP/1.1" 200 0 "-" "Mozilla/5.0 (Macintosh; Intel Mac OS X 1083) AppleWebKit/537.36 (KHTML like Gecko) Chrome/28.0.1469.0 Safari/537.36"
81.17.20.98 - - [15/Oct/2025:10:26:18 -0400] "GET //batconpakistan.org/wp-content/themes/born-to-give/vendor/owl-carousel/js/owl.carousel.min.js HTTP/1.1" 200 0 "-" "Mozilla/5.0 (Linux; Android 11; SM-T500) AppleWebKit/537.36 (KHTML, like Gecko) Chrome/99.0.4844.73 Safari/537.36"
81.17.20.98 - - [15/Oct/2025:10:26:18 -0400] "GET //batconpakistan.org/wp-content/themes/born-to-give/vendor/fullcalendar/lib/moment.min.js HTTP/1.1" 200 0 "-" "Mozilla/5.0 (Linux; U; Android 2.2; en-us; Nexus One Build/FRF91) AppleWebKit/533.1 (KHTML, like Gecko) Version/4.0 Mobile Safari/533.1"
81.17.20.98 - - [15/Oct/2025:10:26:18 -0400] "GET //batconpakistan.org/wp-content/themes/born-to-give/vendor/magnific/jquery.magnific-popup.min.js HTTP/1.1" 200 0 "-" "Mozilla/5.0 (Windows NT 10.0; Win64; x64) AppleWebKit/537.36 (KHTML, like Gecko) Chrome/91.0.4472.164 Safari/537.36"
81.17.20.98 - - [15/Oct/2025:10:26:18 -0400] "GET //batconpakistan.org/wp-includes/js/dist/hooks.min.js HTTP/1.1" 200 0 "-" "Mozilla/5.0 (Windows Phone 8.1; ARM; Trident/7.0; Touch; rv:11.0; IEMobile/11.0; NOKIA; Lumia 530) like Gecko"
81.17.20.98 - - [15/Oct/2025:10:26:18 -0400] "GET //batconpakistan.org/wp-includes/js/dist/i18n.min.js HTTP/1.1" 200 0 "-" "Mozilla/3.0 (compatible; NetPositive/2.1.1; BeOS)"
81.17.20.98 - - [15/Oct/2025:10:26:18 -0400] "GET //batconpakistan.org/wp-includes/js/jquery/jquery-migrate.min.js HTTP/1.1" 200 0 "-" "Mozilla/5.0 (Windows NT 6.2) AppleWebKit/536.3 (KHTML, like Gecko) Chrome/19.0.1061.1 Safari/536.3"
81.17.20.98 - - [15/Oct/2025:10:26:18 -0400] "GET //batconpakistan.org/wp-includes/js/jquery/jquery.min.js HTTP/1.1" 200 0 "-" "Mozilla/5.0 (X11; U; Linux x86_64; en-us) AppleWebKit/537.36 (KHTML, like Gecko) Chrome/30.0.1599.114 Safari/537.36 Puffin/4.8.0.2965AT"
81.17.20.98 - - [15/Oct/2025:10:26:18 -0400] "GET //batconpakistan.org/xmlrpc.php HTTP/1.1" 200 0 "-" "Mozilla/5.0 (Linux; Android 11; M2003J15SC) AppleWebKit/537.36 (KHTML, like Gecko) Chrome/101.0.4951.41 Mobile Safari/537.36"
81.17.20.98 - - [15/Oct/2025:10:26:18 -0400] "GET //www.facebook.com/sharer/sharer.php HTTP/1.1" 200 0 "-" "Mozilla/5.0 (Linux; Android 11; SM-M315F) AppleWebKit/537.36 (KHTML, like Gecko) Chrome/101.0.4951.41 Mobile Safari/537.36"
162.0.235.240 - - [15/Oct/2025:10:26:23 -0400] "GET /wp-content/plugins/contact-form-7-style/admin/predefined-templates.json HTTP/1.1" 200 1323 "-" "WordPress/6.8.3; https://batconpakistan.org"
81.17.20.98 - - [15/Oct/2025:10:26:18 -0400] "GET /admin-ajax.php HTTP/1.1" 200 0 "-" "Mozilla/5.0 (iPhone; U; CPU iPhone OS 4_0 like Mac OS X; en-us) AppleWebKit/532.9 (KHTML, like Gecko) Version/4.0.5 Mobile/8A293 Safari/531.22.7"
81.17.20.98 - - [15/Oct/2025:10:26:18 -0400] "GET /node_modules/css-loader/dist/cjs.js HTTP/1.1" 200 0 "-" "Mozilla/5.0 (Linux; U; Android 3.0; en-us; Xoom Build/HRI39) AppleWebKit/525.10 (KHTML, like Gecko) Version/3.0.4 Mobile Safari/523.12.2"
81.17.20.98 - - [15/Oct/2025:10:26:19 -0400] "GET /node_modules/postcss-loader/dist/cjs.js HTTP/1.1" 200 0 "-" "Mozilla/5.0 (Linux; U; Android 4.0.3; de-de; Galaxy S II Build/GRJ22) AppleWebKit/534.30 (KHTML, like Gecko) Version/4.0 Mobile Safari/534.30"
162.0.235.240 - - [15/Oct/2025:10:26:23 -0400] "GET /wp-content/plugins/contact-form-7-style/admin/predefined-templates.json HTTP/1.1" 200 1323 "-" "WordPress/6.8.3; https://batconpakistan.org"
81.17.20.98 - - [15/Oct/2025:10:26:19 -0400] "GET /node_modules/sass-loader/dist/cjs.js HTTP/1.1" 200 0 "-" "Mozilla/5.0 (iPhone; CPU iPhone OS 13_1 like Mac OS X) AppleWebKit/605.1.15 (KHTML, like Gecko) CriOS/91.0.4472.80 Mobile/15E148 Safari/604.1"
81.17.20.98 - - [15/Oct/2025:10:26:19 -0400] "GET /wp-emoji-release.min.js HTTP/1.1" 200 0 "-" "Mozilla/5.0 (Macintosh; Intel Mac OS X 10.6; rv:2.0.1) Gecko/20100101 Firefox/4.0.1"
162.0.235.240 - - [15/Oct/2025:10:26:23 -0400] "GET /wp-content/plugins/contact-form-7-style/admin/predefined-templates.json HTTP/1.1" 200 1323 "-" "WordPress/6.8.3; https://batconpakistan.org"
162.0.235.240 - - [15/Oct/2025:10:26:23 -0400] "GET /wp-content/plugins/contact-form-7-style/admin/predefined-templates.json HTTP/1.1" 200 1323 "-" "WordPress/6.8.3; https://batconpakistan.org"
162.0.235.240 - - [15/Oct/2025:10:26:23 -0400] "GET /wp-content/plugins/contact-form-7-style/admin/predefined-templates.json HTTP/1.1" 200 1323 "-" "WordPress/6.8.3; https://batconpakistan.org"
162.0.235.240 - - [15/Oct/2025:10:26:23 -0400] "GET /wp-content/plugins/contact-form-7-style/admin/predefined-templates.json HTTP/1.1" 200 1323 "-" "WordPress/6.8.3; https://batconpakistan.org"
162.0.235.240 - - [15/Oct/2025:10:26:24 -0400] "GET /wp-content/plugins/contact-form-7-style/admin/predefined-templates.json HTTP/1.1" 200 1323 "-" "WordPress/6.8.3; https://batconpakistan.org"
162.0.235.240 - - [15/Oct/2025:10:26:24 -0400] "GET /wp-content/plugins/contact-form-7-style/admin/predefined-templates.json HTTP/1.1" 200 1323 "-" "WordPress/6.8.3; https://batconpakistan.org"
162.0.235.240 - - [15/Oct/2025:10:26:24 -0400] "GET /wp-content/plugins/contact-form-7-style/admin/predefined-templates.json HTTP/1.1" 200 1323 "-" "WordPress/6.8.3; https://batconpakistan.org"
162.0.235.240 - - [15/Oct/2025:10:26:24 -0400] "GET /wp-content/plugins/contact-form-7-style/admin/predefined-templates.json HTTP/1.1" 200 1323 "-" "WordPress/6.8.3; https://batconpakistan.org"
162.0.235.240 - - [15/Oct/2025:10:26:24 -0400] "GET /wp-content/plugins/contact-form-7-style/admin/predefined-templates.json HTTP/1.1" 200 1323 "-" "WordPress/6.8.3; https://batconpakistan.org"
162.0.235.240 - - [15/Oct/2025:10:26:24 -0400] "GET /wp-content/plugins/contact-form-7-style/admin/predefined-templates.json HTTP/1.1" 200 1323 "-" "WordPress/6.8.3; https://batconpakistan.org"
162.0.235.240 - - [15/Oct/2025:10:26:24 -0400] "GET /wp-content/plugins/contact-form-7-style/admin/predefined-templates.json HTTP/1.1" 200 1323 "-" "WordPress/6.8.3; https://batconpakistan.org"
162.0.235.240 - - [15/Oct/2025:10:26:25 -0400] "GET /wp-content/plugins/contact-form-7-style/admin/predefined-templates.json HTTP/1.1" 200 1323 "-" "WordPress/6.8.3; https://batconpakistan.org"
162.0.235.240 - - [15/Oct/2025:10:26:25 -0400] "GET /wp-content/plugins/contact-form-7-style/admin/predefined-templates.json HTTP/1.1" 200 1323 "-" "WordPress/6.8.3; https://batconpakistan.org"
162.0.235.240 - - [15/Oct/2025:10:26:25 -0400] "GET /wp-content/plugins/contact-form-7-style/admin/predefined-templates.json HTTP/1.1" 200 1323 "-" "WordPress/6.8.3; https://batconpakistan.org"
162.0.235.240 - - [15/Oct/2025:10:26:25 -0400] "GET /wp-content/plugins/contact-form-7-style/admin/predefined-templates.json HTTP/1.1" 200 1323 "-" "WordPress/6.8.3; https://batconpakistan.org"
162.0.235.240 - - [15/Oct/2025:10:26:26 -0400] "GET /wp-content/plugins/contact-form-7-style/admin/predefined-templates.json HTTP/1.1" 200 1323 "-" "WordPress/6.8.3; https://batconpakistan.org"
162.0.235.240 - - [15/Oct/2025:10:26:26 -0400] "GET /wp-content/plugins/contact-form-7-style/admin/predefined-templates.json HTTP/1.1" 200 1323 "-" "WordPress/6.8.3; https://batconpakistan.org"
162.0.235.240 - - [15/Oct/2025:10:26:26 -0400] "GET /wp-content/plugins/contact-form-7-style/admin/predefined-templates.json HTTP/1.1" 200 1323 "-" "WordPress/6.8.3; https://batconpakistan.org"
162.0.235.240 - - [15/Oct/2025:10:26:26 -0400] "GET /wp-content/plugins/contact-form-7-style/admin/predefined-templates.json HTTP/1.1" 200 1323 "-" "WordPress/6.8.3; https://batconpakistan.org"
162.0.235.240 - - [15/Oct/2025:10:26:27 -0400] "GET /wp-content/plugins/contact-form-7-style/admin/predefined-templates.json HTTP/1.1" 200 1323 "-" "WordPress/6.8.3; https://batconpakistan.org"
162.0.235.240 - - [15/Oct/2025:10:26:29 -0400] "GET /wp-content/plugins/contact-form-7-style/admin/predefined-templates.json HTTP/1.1" 200 1323 "-" "WordPress/6.8.3; https://batconpakistan.org"
162.0.235.240 - - [15/Oct/2025:10:26:29 -0400] "GET /wp-content/plugins/contact-form-7-style/admin/predefined-templates.json HTTP/1.1" 200 1323 "-" "WordPress/6.8.3; https://batconpakistan.org"
162.0.235.240 - - [15/Oct/2025:10:26:29 -0400] "GET /wp-content/plugins/contact-form-7-style/admin/predefined-templates.json HTTP/1.1" 200 1323 "-" "WordPress/6.8.3; https://batconpakistan.org"
162.0.235.240 - - [15/Oct/2025:10:26:29 -0400] "GET /wp-content/plugins/contact-form-7-style/admin/predefined-templates.json HTTP/1.1" 200 1323 "-" "WordPress/6.8.3; https://batconpakistan.org"
162.0.235.240 - - [15/Oct/2025:10:26:29 -0400] "GET /wp-content/plugins/contact-form-7-style/admin/predefined-templates.json HTTP/1.1" 200 1323 "-" "WordPress/6.8.3; https://batconpakistan.org"
162.0.235.240 - - [15/Oct/2025:10:26:29 -0400] "GET /wp-content/plugins/contact-form-7-style/admin/predefined-templates.json HTTP/1.1" 200 1323 "-" "WordPress/6.8.3; https://batconpakistan.org"
162.0.235.240 - - [15/Oct/2025:10:26:29 -0400] "GET /wp-content/plugins/contact-form-7-style/admin/predefined-templates.json HTTP/1.1" 200 1323 "-" "WordPress/6.8.3; https://batconpakistan.org"
162.0.235.240 - - [15/Oct/2025:10:26:29 -0400] "GET /wp-content/plugins/contact-form-7-style/admin/predefined-templates.json HTTP/1.1" 200 1323 "-" "WordPress/6.8.3; https://batconpakistan.org"
162.0.235.240 - - [15/Oct/2025:10:26:29 -0400] "GET /wp-content/plugins/contact-form-7-style/admin/predefined-templates.json HTTP/1.1" 200 1323 "-" "WordPress/6.8.3; https://batconpakistan.org"
162.0.235.240 - - [15/Oct/2025:10:26:29 -0400] "GET /wp-content/plugins/contact-form-7-style/admin/predefined-templates.json HTTP/1.1" 200 1323 "-" "WordPress/6.8.3; https://batconpakistan.org"
2a03:2880:32ff:70:: - - [15/Oct/2025:10:28:22 -0400] "GET /wp-content/uploads/2021/09/20210813_160408-scaled-e1676405356544.jpg HTTP/1.1" 200 335326 "-" "facebookexternalhit/1.1 (+http://www.facebook.com/externalhit_uatext.php)"
66.249.66.72 - - [15/Oct/2025:10:31:55 -0400] "GET /robots.txt HTTP/1.1" 304 0 "-" "Mozilla/5.0 (compatible; Googlebot/2.1; +http://www.google.com/bot.html)"
66.249.66.70 - - [15/Oct/2025:10:31:55 -0400] "GET /wp-content/uploads/2021/01/image-3.jpeg HTTP/1.1" 200 87911 "-" "Googlebot-Image/1.0"
46.245.76.52 - - [15/Oct/2025:10:34:02 -0400] "GET /xmlrpc.php HTTP/1.1" 403 1242 "http://batconpakistan.org" "Mozilla/5.0 (Macintosh; Intel Mac OS X 10.15; rv:126.0) Gecko/20100101 Firefox/126.0"
162.0.235.240 - - [15/Oct/2025:10:36:13 -0400] "GET /wp-content/plugins/contact-form-7-style/admin/predefined-templates.json HTTP/1.1" 200 1323 "-" "WordPress/6.8.3; https://batconpakistan.org"
162.0.235.240 - - [15/Oct/2025:10:36:14 -0400] "POST /wp-cron.php?doing_wp_cron=1760538974.5089221000671386718750 HTTP/1.1" 200 0 "-" "WordPress/6.8.3; https://batconpakistan.org"
43.157.180.116 - - [15/Oct/2025:10:36:11 -0400] "GET / HTTP/1.1" 301 0 "http://www.batconpakistan.org" "Mozilla/5.0 (iPhone; CPU iPhone OS 13_2_3 like Mac OS X) AppleWebKit/605.1.15 (KHTML, like Gecko) Version/13.0.3 Mobile/15E148 Safari/604.1"
162.0.235.240 - - [15/Oct/2025:10:36:15 -0400] "GET /wp-content/plugins/contact-form-7-style/admin/predefined-templates.json HTTP/1.1" 200 1323 "-" "WordPress/6.8.3; https://batconpakistan.org"
43.157.180.116 - - [15/Oct/2025:10:36:15 -0400] "GET / HTTP/1.1" 200 23132 "https://www.batconpakistan.org/" "Mozilla/5.0 (iPhone; CPU iPhone OS 13_2_3 like Mac OS X) AppleWebKit/605.1.15 (KHTML, like Gecko) Version/13.0.3 Mobile/15E148 Safari/604.1"
46.2.227.40 - - [15/Oct/2025:10:38:22 -0400] "GET /emergency.php HTTP/1.1" 200 0 "-" "Mozilla/5.0 (Macintosh; Intel Mac OS X 10_15_7) AppleWebKit/537.36 (KHTML, like Gecko) Chrome/140.0.0.0 Safari/537.36"
46.2.227.40 - - [15/Oct/2025:10:38:22 -0400] "GET /Emergency.php HTTP/1.1" 200 0 "-" "Mozilla/5.0 (Macintosh; Intel Mac OS X 10_15_7) AppleWebKit/537.36 (KHTML, like Gecko) Chrome/140.0.0.0 Safari/537.36"
46.2.227.40 - - [15/Oct/2025:10:38:22 -0400] "GET /reset.php HTTP/1.1" 200 0 "-" "Mozilla/5.0 (Macintosh; Intel Mac OS X 10_15_7) AppleWebKit/537.36 (KHTML, like Gecko) Chrome/140.0.0.0 Safari/537.36"
46.2.227.40 - - [15/Oct/2025:10:38:22 -0400] "GET /password.php HTTP/1.1" 200 0 "-" "Mozilla/5.0 (Macintosh; Intel Mac OS X 10_15_7) AppleWebKit/537.36 (KHTML, like Gecko) Chrome/140.0.0.0 Safari/537.36"
46.2.227.40 - - [15/Oct/2025:10:38:22 -0400] "GET /test.php HTTP/1.1" 200 0 "-" "Mozilla/5.0 (Macintosh; Intel Mac OS X 10_15_7) AppleWebKit/537.36 (KHTML, like Gecko) Chrome/140.0.0.0 Safari/537.36"
46.2.227.40 - - [15/Oct/2025:10:38:22 -0400] "GET /admin.php HTTP/1.1" 200 0 "-" "Mozilla/5.0 (Macintosh; Intel Mac OS X 10_15_7) AppleWebKit/537.36 (KHTML, like Gecko) Chrome/140.0.0.0 Safari/537.36"
2a02:598:128:8a00::b00:2 - - [15/Oct/2025:10:38:28 -0400] "GET /robots.txt HTTP/1.1" 200 183 "-" "Mozilla/5.0 (compatible; SeznamBot/4.0; +https://o-seznam.cz/napoveda/vyhledavani/en/seznambot-crawler/)"
162.0.235.240 - - [15/Oct/2025:10:38:29 -0400] "GET /wp-content/plugins/contact-form-7-style/admin/predefined-templates.json HTTP/1.1" 200 1323 "-" "WordPress/6.8.3; https://batconpakistan.org"
162.0.235.240 - - [15/Oct/2025:10:38:29 -0400] "GET /wp-content/plugins/contact-form-7-style/admin/predefined-templates.json HTTP/1.1" 200 1323 "-" "WordPress/6.8.3; https://batconpakistan.org"
162.0.235.240 - - [15/Oct/2025:10:38:29 -0400] "GET /wp-content/plugins/contact-form-7-style/admin/predefined-templates.json HTTP/1.1" 200 1323 "-" "WordPress/6.8.3; https://batconpakistan.org"
162.0.235.240 - - [15/Oct/2025:10:38:29 -0400] "GET /wp-content/plugins/contact-form-7-style/admin/predefined-templates.json HTTP/1.1" 200 1323 "-" "WordPress/6.8.3; https://batconpakistan.org"
162.0.235.240 - - [15/Oct/2025:10:38:29 -0400] "GET /wp-content/plugins/contact-form-7-style/admin/predefined-templates.json HTTP/1.1" 200 1323 "-" "WordPress/6.8.3; https://batconpakistan.org"
162.0.235.240 - - [15/Oct/2025:10:38:29 -0400] "GET /wp-content/plugins/contact-form-7-style/admin/predefined-templates.json HTTP/1.1" 200 1323 "-" "WordPress/6.8.3; https://batconpakistan.org"
162.0.235.240 - - [15/Oct/2025:10:38:29 -0400] "GET /wp-content/plugins/contact-form-7-style/admin/predefined-templates.json HTTP/1.1" 200 1323 "-" "WordPress/6.8.3; https://batconpakistan.org"
162.0.235.240 - - [15/Oct/2025:10:38:30 -0400] "POST /wp-cron.php?doing_wp_cron=1760539110.6139430999755859375000 HTTP/1.1" 200 0 "-" "WordPress/6.8.3; https://batconpakistan.org"
162.0.235.240 - - [15/Oct/2025:10:38:30 -0400] "POST /wp-cron.php?doing_wp_cron=1760539110.6139841079711914062500 HTTP/1.1" 200 0 "-" "WordPress/6.8.3; https://batconpakistan.org"
2a02:598:128:8a00::b00:2 - - [15/Oct/2025:10:38:28 -0400] "GET /product-sitemap.xml HTTP/1.1" 200 532 "-" "Mozilla/5.0 (compatible; SeznamBot/4.0; +https://o-seznam.cz/napoveda/vyhledavani/en/seznambot-crawler/)"
162.0.235.240 - - [15/Oct/2025:10:38:31 -0400] "GET /wp-content/plugins/contact-form-7-style/admin/predefined-templates.json HTTP/1.1" 200 1323 "-" "WordPress/6.8.3; https://batconpakistan.org"
162.0.235.240 - - [15/Oct/2025:10:38:31 -0400] "GET /wp-content/plugins/contact-form-7-style/admin/predefined-templates.json HTTP/1.1" 200 1323 "-" "WordPress/6.8.3; https://batconpakistan.org"
192.252.220.92 - - [15/Oct/2025:10:40:45 -0400] "GET /contact-us/ HTTP/1.1" 200 17302 "https://batconpakistan.org/contact-us/" "Mozilla/5.0 (Windows NT 10.0; Win64; x64) AppleWebKit/537.36 (KHTML, like Gecko) Chrome/129.0.0.0 Safari/537.36"
162.0.235.240 - - [15/Oct/2025:10:40:51 -0400] "GET /wp-content/plugins/contact-form-7-style/admin/predefined-templates.json HTTP/1.1" 200 1323 "-" "WordPress/6.8.3; https://batconpakistan.org"
162.0.235.240 - - [15/Oct/2025:10:40:52 -0400] "POST /wp-cron.php?doing_wp_cron=1760539252.5839459896087646484375 HTTP/1.1" 200 0 "-" "WordPress/6.8.3; https://batconpakistan.org"
192.252.220.92 - - [15/Oct/2025:10:40:48 -0400] "POST /contact-us/ HTTP/1.1" 200 17413 "https://batconpakistan.org/contact-us/" "Mozilla/5.0 (Windows NT 10.0; Win64; x64) AppleWebKit/537.36 (KHTML, like Gecko) Chrome/129.0.0.0 Safari/537.36"
162.0.235.240 - - [15/Oct/2025:10:40:53 -0400] "GET /wp-content/plugins/contact-form-7-style/admin/predefined-templates.json HTTP/1.1" 200 1323 "-" "WordPress/6.8.3; https://batconpakistan.org"
2a03:2880:31ff:59:: - - [15/Oct/2025:10:51:32 -0400] "GET /wp-content/uploads/2021/09/20210813_160408-scaled-e1676405356544.jpg HTTP/1.1" 200 335326 "-" "facebookexternalhit/1.1 (+http://www.facebook.com/externalhit_uatext.php)"
2a03:2880:f800:3a:: - - [15/Oct/2025:10:52:29 -0400] "GET /tag/flying-foxes/ HTTP/1.1" 200 18457 "-" "meta-externalagent/1.1 (+https://developers.facebook.com/docs/sharing/webmasters/crawler)"
2a03:2880:2ff:5:: - - [15/Oct/2025:10:52:34 -0400] "GET /wp-content/uploads/2021/09/20210813_160408-scaled-e1676405356544.jpg HTTP/1.1" 200 335326 "-" "facebookexternalhit/1.1 (+http://www.facebook.com/externalhit_uatext.php)"
162.0.235.240 - - [15/Oct/2025:10:54:26 -0400] "GET /wp-content/plugins/contact-form-7-style/admin/predefined-templates.json HTTP/1.1" 200 1323 "-" "WordPress/6.8.3; https://batconpakistan.org"
162.0.235.240 - - [15/Oct/2025:10:54:27 -0400] "POST /wp-cron.php?doing_wp_cron=1760540067.8930790424346923828125 HTTP/1.1" 200 0 "-" "WordPress/6.8.3; https://batconpakistan.org"
162.0.235.240 - - [15/Oct/2025:10:54:28 -0400] "GET /wp-content/plugins/contact-form-7-style/admin/predefined-templates.json HTTP/1.1" 200 1323 "-" "WordPress/6.8.3; https://batconpakistan.org"
40.77.167.76 - - [15/Oct/2025:10:54:22 -0400] "GET /Power-Transmission-Products-Kopflex-New-631320-Shear/ HTTP/1.1" 404 15666 "-" "Mozilla/5.0 AppleWebKit/537.36 (KHTML, like Gecko; compatible; bingbot/2.0; +http://www.bing.com/bingbot.htm) Chrome/116.0.1938.76 Safari/537.36"
20.204.164.126 - - [15/Oct/2025:10:55:26 -0400] "GET /xmlrpc.php HTTP/1.1" 403 1242 "http://batconpakistan.org" "Mozilla/5.0 (Windows NT 10.0; Win64; x64) AppleWebKit/537.36 (KHTML, like Gecko) Chrome/115.0.5790.102 Safari/537.36"
162.0.235.240 - - [15/Oct/2025:10:55:31 -0400] "GET /wp-content/plugins/contact-form-7-style/admin/predefined-templates.json HTTP/1.1" 200 1323 "-" "WordPress/6.8.3; https://batconpakistan.org"
162.0.235.240 - - [15/Oct/2025:10:55:32 -0400] "POST /wp-cron.php?doing_wp_cron=1760540132.0841250419616699218750 HTTP/1.1" 200 0 "-" "WordPress/6.8.3; https://batconpakistan.org"
157.55.39.203 - - [15/Oct/2025:10:55:31 -0400] "GET /Hydraulics-Pneumatics-&-Plumbing-Summit-Hydraulics-CAT-Replacement-179500-Couplings/ HTTP/1.1" 404 15666 "-" "Mozilla/5.0 AppleWebKit/537.36 (KHTML, like Gecko; compatible; bingbot/2.0; +http://www.bing.com/bingbot.htm) Chrome/116.0.1938.76 Safari/537.36"
162.0.235.240 - - [15/Oct/2025:10:55:32 -0400] "GET /wp-content/plugins/contact-form-7-style/admin/predefined-templates.json HTTP/1.1" 200 1323 "-" "WordPress/6.8.3; https://batconpakistan.org"
203.209.212.46 - - [15/Oct/2025:11:06:03 -0400] "GET /xmlrpc.php HTTP/1.1" 403 1242 "http://batconpakistan.org" "Mozilla/5.0 (Windows NT 10.0; Win64; x64; rv:127.0) Gecko/20100101 Firefox/127.0"
20.27.94.130 - - [15/Oct/2025:11:07:11 -0400] "GET / HTTP/1.1" 200 23132 "-" "Mozilla/5.0 AppleWebKit/537.36 (KHTML, like Gecko); compatible; ChatGPT-User/1.0; +https://openai.com/bot"
162.0.235.240 - - [15/Oct/2025:11:15:48 -0400] "GET /wp-content/plugins/contact-form-7-style/admin/predefined-templates.json HTTP/1.1" 200 1323 "-" "WordPress/6.8.3; https://batconpakistan.org"
162.0.235.240 - - [15/Oct/2025:11:15:49 -0400] "POST /wp-cron.php?doing_wp_cron=1760541349.8786609172821044921875 HTTP/1.1" 200 0 "-" "WordPress/6.8.3; https://batconpakistan.org"
216.73.216.20 - - [15/Oct/2025:11:15:44 -0400] "GET /cart HTTP/1.1" 301 0 "-" "Mozilla/5.0 AppleWebKit/537.36 (KHTML, like Gecko; compatible; ClaudeBot/1.0; +claudebot@anthropic.com)"
162.0.235.240 - - [15/Oct/2025:11:15:50 -0400] "GET /wp-content/plugins/contact-form-7-style/admin/predefined-templates.json HTTP/1.1" 200 1323 "-" "WordPress/6.8.3; https://batconpakistan.org"
216.73.216.20 - - [15/Oct/2025:11:15:50 -0400] "GET /cart/ HTTP/1.1" 200 37918 "https://batconpakistan.org/cart" "Mozilla/5.0 AppleWebKit/537.36 (KHTML, like Gecko; compatible; ClaudeBot/1.0; +claudebot@anthropic.com)"
162.0.235.240 - - [15/Oct/2025:11:15:51 -0400] "GET /wp-content/plugins/contact-form-7-style/admin/predefined-templates.json HTTP/1.1" 200 1323 "-" "WordPress/6.8.3; https://batconpakistan.org"
162.0.235.240 - - [15/Oct/2025:11:23:56 -0400] "GET /wp-content/plugins/contact-form-7-style/admin/predefined-templates.json HTTP/1.1" 200 1323 "-" "WordPress/6.8.3; https://batconpakistan.org"
162.0.235.240 - - [15/Oct/2025:11:23:57 -0400] "POST /wp-cron.php?doing_wp_cron=1760541837.7272019386291503906250 HTTP/1.1" 200 0 "-" "WordPress/6.8.3; https://batconpakistan.org"
162.0.235.240 - - [15/Oct/2025:11:23:58 -0400] "GET /wp-content/plugins/contact-form-7-style/admin/predefined-templates.json HTTP/1.1" 200 1323 "-" "WordPress/6.8.3; https://batconpakistan.org"
5.39.109.172 - - [15/Oct/2025:11:23:51 -0400] "GET /gallery/this-gallery-item-is-linked-to-google-com-website/ HTTP/1.1" 200 16549 "-" "Mozilla/5.0 (compatible; AhrefsBot/7.0; +http://ahrefs.com/robot/)"
92.222.104.214 - - [15/Oct/2025:11:25:35 -0400] "GET /gallery/this-gallery-item-is-linked-to-google-com-website/ HTTP/1.1" 200 16549 "-" "Mozilla/5.0 (compatible; AhrefsBot/7.0; +http://ahrefs.com/robot/)"
2a03:2880:f800:15:: - - [15/Oct/2025:11:28:25 -0400] "GET /category/public-health-alert/ HTTP/1.1" 200 20006 "-" "meta-externalagent/1.1 (+https://developers.facebook.com/docs/sharing/webmasters/crawler)"
162.0.235.240 - - [15/Oct/2025:11:37:21 -0400] "GET /wp-content/plugins/contact-form-7-style/admin/predefined-templates.json HTTP/1.1" 200 1323 "-" "WordPress/6.8.3; https://batconpakistan.org"
162.0.235.240 - - [15/Oct/2025:11:37:21 -0400] "POST /wp-cron.php?doing_wp_cron=1760542641.8525819778442382812500 HTTP/1.1" 200 0 "-" "WordPress/6.8.3; https://batconpakistan.org"
52.167.144.166 - - [15/Oct/2025:11:37:17 -0400] "GET /sitemap_index.xml HTTP/1.1" 200 512 "-" "Mozilla/5.0 AppleWebKit/537.36 (KHTML, like Gecko; compatible; bingbot/2.0; +http://www.bing.com/bingbot.htm) Chrome/116.0.1938.76 Safari/537.36"
162.0.235.240 - - [15/Oct/2025:11:37:22 -0400] "GET /wp-content/plugins/contact-form-7-style/admin/predefined-templates.json HTTP/1.1" 200 1323 "-" "WordPress/6.8.3; https://batconpakistan.org"
176.126.103.21 - - [15/Oct/2025:11:47:42 -0400] "GET / HTTP/1.1" 200 23132 "http://batconpakistan.org" "Mozilla/5.0 (X11; Linux x86_64) AppleWebKit/537.36 Chrome/113.0.0.0 Safari/537.36"
176.126.103.21 - - [15/Oct/2025:11:47:44 -0400] "GET /wp-content/cache/autoptimize/js/autoptimize_single_f5aea4f1174cb7d3dff10c987969b96c.js?ver=3.19.1 HTTP/1.1" 200 10689 "-" "Mozilla/5.0 (Macintosh; Intel Mac OS X 10_15_7) AppleWebKit/605.1.15 (KHTML, like Gecko) Version/15.1 Safari/605.1.15"
176.126.103.21 - - [15/Oct/2025:11:47:46 -0400] "GET /wp-content/plugins/revslider/public/assets/js/jquery.themepunch.revolution.min.js?ver=5.3.1.5 HTTP/1.1" 200 16585 "-" "Mozilla/5.0 (Windows NT 10.0; Win64; x64) AppleWebKit/537.36 Chrome/114.0.5735.110 Safari/537.36"
176.126.103.21 - - [15/Oct/2025:11:47:48 -0400] "GET /wp-content/themes/born-to-give/vendor/fullcalendar/lib/moment.min.js?ver=2.3.1.8 HTTP/1.1" 200 11327 "-" "Mozilla/5.0 (X11; Linux x86_64) AppleWebKit/537.36 Chrome/113.0.0.0 Safari/537.36"
176.126.103.21 - - [15/Oct/2025:11:47:51 -0400] "GET /wp-content/plugins/autoptimize/classes/external/js/lazysizes.min.js?ao_version=3.1.13 HTTP/1.1" 200 3973 "-" "Mozilla/5.0 (X11; Linux x86_64) AppleWebKit/537.36 Chrome/113.0.0.0 Safari/537.36"
176.126.103.21 - - [15/Oct/2025:11:47:52 -0400] "GET /wp-content/cache/autoptimize/js/autoptimize_single_96e7dc3f0e8559e4a3f3ca40b17ab9c3.js?ver=6.1.2 HTTP/1.1" 200 3369 "-" "Mozilla/5.0 (Macintosh; Intel Mac OS X 10_15_7) AppleWebKit/605.1.15 (KHTML, like Gecko) Version/15.1 Safari/605.1.15"
176.126.103.21 - - [15/Oct/2025:11:47:54 -0400] "GET /wp-content/cache/autoptimize/js/autoptimize_single_bbdaec2b95562cd9430b262d3320c7b4.js?ver=2.3.1.8 HTTP/1.1" 200 15610 "-" "Mozilla/5.0 (Windows NT 10.0; Win64; x64) AppleWebKit/537.36 Chrome/114.0.5735.110 Safari/537.36"
176.126.103.21 - - [15/Oct/2025:11:47:56 -0400] "GET /wp-content/plugins/revslider/public/assets/js/jquery.themepunch.tools.min.js?ver=5.3.1.5 HTTP/1.1" 200 36107 "-" "Mozilla/5.0 (X11; Linux x86_64) AppleWebKit/537.36 Chrome/113.0.0.0 Safari/537.36"
176.126.103.21 - - [15/Oct/2025:11:47:58 -0400] "GET /wp-content/plugins/woocommerce/assets/js/jquery-blockui/jquery.blockUI.min.js?ver=2.7.0-wc.10.2.2 HTTP/1.1" 200 3277 "-" "Mozilla/5.0 (Windows NT 10.0; Win64; x64) AppleWebKit/537.36 Chrome/114.0.5735.110 Safari/537.36"
176.126.103.21 - - [15/Oct/2025:11:48:00 -0400] "GET /xmlrpc.php?rsd HTTP/1.1" 403 1242 "-" "Mozilla/5.0 (Windows NT 10.0; Win64; x64) AppleWebKit/537.36 Chrome/114.0.5735.110 Safari/537.36"
176.126.103.21 - - [15/Oct/2025:11:48:01 -0400] "GET /wp-content/cache/autoptimize/js/autoptimize_single_969e914314dae24fa843b8c6e0efced9.js?ver=1.8.8.3 HTTP/1.1" 200 450 "-" "Mozilla/5.0 (Macintosh; Intel Mac OS X 10_15_7) AppleWebKit/605.1.15 (KHTML, like Gecko) Version/15.1 Safari/605.1.15"
176.126.103.21 - - [15/Oct/2025:11:48:03 -0400] "GET /wp-content/cache/autoptimize/js/autoptimize_single_bb564b6df727c922151209f51dbcbfc7.js?ver=2.3.1.8 HTTP/1.1" 200 18384 "-" "Mozilla/5.0 (X11; Linux x86_64) AppleWebKit/537.36 Chrome/113.0.0.0 Safari/537.36"
176.126.103.21 - - [15/Oct/2025:11:48:05 -0400] "GET /wp-content/themes/born-to-give/vendor/owl-carousel/js/owl.carousel.min.js?ver=2.3.1.8 HTTP/1.1" 200 8177 "-" "Mozilla/5.0 (X11; Linux x86_64) AppleWebKit/537.36 Chrome/113.0.0.0 Safari/537.36"
176.126.103.21 - - [15/Oct/2025:11:48:06 -0400] "GET /wp-content/cache/autoptimize/js/autoptimize_single_84accf917a322d8a1d3512174b85c47b.js?ver=2.3.1.8 HTTP/1.1" 200 4314 "-" "Mozilla/5.0 (X11; Linux x86_64) AppleWebKit/537.36 Chrome/113.0.0.0 Safari/537.36"
176.126.103.21 - - [15/Oct/2025:11:48:08 -0400] "GET /wp-content/cache/autoptimize/js/autoptimize_single_e81b167a57f599ae32ec05dee0d870bb.js?ver=2.3.1.8 HTTP/1.1" 200 1092 "-" "Mozilla/5.0 (X11; Linux x86_64) AppleWebKit/537.36 Chrome/113.0.0.0 Safari/537.36"
176.126.103.21 - - [15/Oct/2025:11:48:10 -0400] "GET /xmlrpc.php HTTP/1.1" 403 1242 "-" "Mozilla/5.0 (X11; Linux x86_64) AppleWebKit/537.36 Chrome/113.0.0.0 Safari/537.36"
176.126.103.21 - - [15/Oct/2025:11:48:13 -0400] "GET /wp-content/cache/autoptimize/js/autoptimize_single_2912c657d0592cc532dff73d0d2ce7bb.js?ver=6.1.2 HTTP/1.1" 200 4008 "-" "Mozilla/5.0 (X11; Linux x86_64) AppleWebKit/537.36 Chrome/113.0.0.0 Safari/537.36"
176.126.103.21 - - [15/Oct/2025:11:48:14 -0400] "GET /wp-content/themes/born-to-give/vendor/magnific/jquery.magnific-popup.min.js?ver=2.3.1.8 HTTP/1.1" 200 7368 "-" "Mozilla/5.0 (Windows NT 10.0; Win64; x64) AppleWebKit/537.36 Chrome/114.0.5735.110 Safari/537.36"
176.126.103.21 - - [15/Oct/2025:11:48:16 -0400] "GET /wp-content/cache/autoptimize/js/autoptimize_single_4b8e19f3dc3a22572352e6abc41762b3.js?ver=2.3.1.8 HTTP/1.1" 200 5551 "-" "Mozilla/5.0 (Macintosh; Intel Mac OS X 10_15_7) AppleWebKit/605.1.15 (KHTML, like Gecko) Version/15.1 Safari/605.1.15"
176.126.103.21 - - [15/Oct/2025:11:48:17 -0400] "GET /wp-content/cache/autoptimize/js/autoptimize_single_8ae7178cf20641be616ed86446ce2e1a.js?ver=2.3.1.8 HTTP/1.1" 200 610 "-" "Mozilla/5.0 (X11; Linux x86_64) AppleWebKit/537.36 Chrome/113.0.0.0 Safari/537.36"
176.126.103.21 - - [15/Oct/2025:11:48:19 -0400] "GET /wp-content/plugins/woocommerce/assets/js/frontend/order-attribution.min.js?ver=10.2.2 HTTP/1.1" 200 998 "-" "Mozilla/5.0 (Windows NT 10.0; Win64; x64) AppleWebKit/537.36 Chrome/114.0.5735.110 Safari/537.36"
176.126.103.21 - - [15/Oct/2025:11:48:20 -0400] "GET /wp-includes/js/jquery/jquery-migrate.min.js?ver=3.4.1 HTTP/1.1" 200 4678 "-" "Mozilla/5.0 (Macintosh; Intel Mac OS X 10_15_7) AppleWebKit/605.1.15 (KHTML, like Gecko) Version/15.1 Safari/605.1.15"
176.126.103.21 - - [15/Oct/2025:11:48:21 -0400] "GET /wp-content/plugins/woocommerce/assets/js/frontend/add-to-cart.min.js?ver=10.2.2 HTTP/1.1" 200 1225 "-" "Mozilla/5.0 (X11; Linux x86_64) AppleWebKit/537.36 Chrome/113.0.0.0 Safari/537.36"
176.126.103.21 - - [15/Oct/2025:11:48:24 -0400] "GET /wp-content/plugins/charitable/assets/js/charitable-frontend.min.js?ver=1.8.8.3 HTTP/1.1" 200 918 "-" "Mozilla/5.0 (Windows NT 10.0; Win64; x64) AppleWebKit/537.36 Chrome/114.0.5735.110 Safari/537.36"
176.126.103.21 - - [15/Oct/2025:11:48:25 -0400] "GET /wp-content/plugins/js_composer/assets/js/dist/js_composer_front.min.js?ver=6.5.0 HTTP/1.1" 200 5547 "-" "Mozilla/5.0 (Macintosh; Intel Mac OS X 10_15_7) AppleWebKit/605.1.15 (KHTML, like Gecko) Version/15.1 Safari/605.1.15"
176.126.103.21 - - [15/Oct/2025:11:48:26 -0400] "GET /wp-content/plugins/js_composer/assets/lib/bower/skrollr/dist/skrollr.min.js?ver=6.5.0 HTTP/1.1" 200 5547 "-" "Mozilla/5.0 (Windows NT 10.0; Win64; x64) AppleWebKit/537.36 Chrome/114.0.5735.110 Safari/537.36"
176.126.103.21 - - [15/Oct/2025:11:48:28 -0400] "GET /wp-includes/js/jquery/jquery.min.js?ver=3.7.1 HTTP/1.1" 200 29744 "-" "Mozilla/5.0 (Windows NT 10.0; Win64; x64) AppleWebKit/537.36 Chrome/114.0.5735.110 Safari/537.36"
176.126.103.21 - - [15/Oct/2025:11:48:29 -0400] "GET /wp-content/plugins/contact-form-7-style/js/frontend-min.js?ver=3.1.9 HTTP/1.1" 200 370 "-" "Mozilla/5.0 (X11; Linux x86_64) AppleWebKit/537.36 Chrome/113.0.0.0 Safari/537.36"
176.126.103.21 - - [15/Oct/2025:11:48:31 -0400] "GET /wp-includes/js/dist/hooks.min.js?ver=4d63a3d491d11ffd8ac6 HTTP/1.1" 200 1571 "-" "Mozilla/5.0 (Macintosh; Intel Mac OS X 10_15_7) AppleWebKit/605.1.15 (KHTML, like Gecko) Version/15.1 Safari/605.1.15"
176.126.103.21 - - [15/Oct/2025:11:48:32 -0400] "GET /wp-content/themes/born-to-give/vendor/fullcalendar/fullcalendar.min.js?ver=2.3.1.8 HTTP/1.1" 200 23350 "-" "Mozilla/5.0 (X11; Linux x86_64) AppleWebKit/537.36 Chrome/113.0.0.0 Safari/537.36"
176.126.103.21 - - [15/Oct/2025:11:48:34 -0400] "GET /wp-content/plugins/charitable/assets/js/libraries/js-cookie.min.js?ver=2.1.4 HTTP/1.1" 200 813 "-" "Mozilla/5.0 (X11; Linux x86_64) AppleWebKit/537.36 Chrome/113.0.0.0 Safari/537.36"
176.126.103.21 - - [15/Oct/2025:11:48:35 -0400] "GET /wp-content/plugins/woocommerce/assets/js/frontend/woocommerce.min.js?ver=10.2.2 HTTP/1.1" 200 1275 "-" "Mozilla/5.0 (X11; Linux x86_64) AppleWebKit/537.36 Chrome/113.0.0.0 Safari/537.36"
176.126.103.21 - - [15/Oct/2025:11:48:36 -0400] "GET /wp-includes/js/dist/i18n.min.js?ver=5e580eb46a90c2b997e6 HTTP/1.1" 200 3542 "-" "Mozilla/5.0 (Windows NT 10.0; Win64; x64) AppleWebKit/537.36 Chrome/114.0.5735.110 Safari/537.36"
176.126.103.21 - - [15/Oct/2025:11:48:38 -0400] "GET /wp-content/cache/autoptimize/js/autoptimize_single_af5c4849ea3dc106841421aa1cbe85f4.js?ver=2.3.1.8 HTTP/1.1" 200 1634 "-" "Mozilla/5.0 (Macintosh; Intel Mac OS X 10_15_7) AppleWebKit/605.1.15 (KHTML, like Gecko) Version/15.1 Safari/605.1.15"
176.126.103.21 - - [15/Oct/2025:11:48:40 -0400] "GET /wp-content/plugins/woocommerce/assets/js/sourcebuster/sourcebuster.min.js?ver=10.2.2 HTTP/1.1" 200 4609 "-" "Mozilla/5.0 (X11; Linux x86_64) AppleWebKit/537.36 Chrome/113.0.0.0 Safari/537.36"
176.126.103.21 - - [15/Oct/2025:11:48:42 -0400] "GET /wp-content/cache/autoptimize/js/autoptimize_single_787fe4f547a6cb7f4ce4934641085910.js?ver=6.5.0 HTTP/1.1" 200 272 "-" "Mozilla/5.0 (Windows NT 10.0; Win64; x64) AppleWebKit/537.36 Chrome/114.0.5735.110 Safari/537.36"
176.126.103.21 - - [15/Oct/2025:11:48:45 -0400] "GET /wp-content/cache/autoptimize/js/autoptimize_single_1a7a1c044f6f8909b5ea70ca382daaaa.js?ver=2.8.8 HTTP/1.1" 200 2964 "-" "Mozilla/5.0 (Windows NT 10.0; Win64; x64) AppleWebKit/537.36 Chrome/114.0.5735.110 Safari/537.36"
176.126.103.21 - - [15/Oct/2025:11:48:46 -0400] "GET /wp-content/cache/autoptimize/js/autoptimize_single_cf6d24b271a128c1564697131d29cd07.js?ver=2.3.1.8 HTTP/1.1" 200 5603 "-" "Mozilla/5.0 (X11; Linux x86_64) AppleWebKit/537.36 Chrome/113.0.0.0 Safari/537.36"
176.126.103.21 - - [15/Oct/2025:11:48:47 -0400] "GET /wp-content/cache/autoptimize/js/autoptimize_single_c5b5b2fa19bd66ff23211d9f844e0131.js?ver=2.3.1.8 HTTP/1.1" 200 9446 "-" "Mozilla/5.0 (X11; Linux x86_64) AppleWebKit/537.36 Chrome/113.0.0.0 Safari/537.36"
176.126.103.21 - - [15/Oct/2025:11:48:49 -0400] "GET /wp-content/plugins/charitable/assets/js/charitable-session.min.js?ver=1.8.8.3 HTTP/1.1" 200 731 "-" "Mozilla/5.0 (X11; Linux x86_64) AppleWebKit/537.36 Chrome/113.0.0.0 Safari/537.36"
162.0.235.240 - - [15/Oct/2025:11:50:20 -0400] "GET /wp-content/plugins/contact-form-7-style/admin/predefined-templates.json HTTP/1.1" 200 1323 "-" "WordPress/6.8.3; https://batconpakistan.org"
162.0.235.240 - - [15/Oct/2025:11:50:21 -0400] "POST /wp-cron.php?doing_wp_cron=1760543421.5015919208526611328125 HTTP/1.1" 200 0 "-" "WordPress/6.8.3; https://batconpakistan.org"
162.0.235.240 - - [15/Oct/2025:11:50:22 -0400] "GET /wp-content/plugins/contact-form-7-style/admin/predefined-templates.json HTTP/1.1" 200 1323 "-" "WordPress/6.8.3; https://batconpakistan.org"
185.191.171.13 - - [15/Oct/2025:11:50:15 -0400] "GET /event/campaign-medical-checkup-camp/ HTTP/1.1" 200 18254 "-" "Mozilla/5.0 (compatible; SemrushBot/7~bl; +http://www.semrush.com/bot.html)"
20.193.136.119 - - [15/Oct/2025:12:08:13 -0400] "GET /wp-login.php HTTP/1.1" 200 1885 "-" "Mozilla/5.0"
20.193.136.119 - - [15/Oct/2025:12:08:14 -0400] "GET /?author=1 HTTP/1.1" 403 1242 "-" "Mozilla/5.0"
20.193.136.119 - - [15/Oct/2025:12:08:15 -0400] "GET /?rest_route=/wp/v2/users HTTP/1.1" 200 6905 "-" "Mozilla/5.0"
20.193.136.119 - - [15/Oct/2025:12:08:15 -0400] "GET /feed HTTP/1.1" 301 0 "-" "Mozilla/5.0"
20.193.136.119 - - [15/Oct/2025:12:08:16 -0400] "GET /feed/ HTTP/1.1" 200 23257 "-" "Mozilla/5.0"
162.0.235.240 - - [15/Oct/2025:12:14:42 -0400] "GET /wp-content/plugins/contact-form-7-style/admin/predefined-templates.json HTTP/1.1" 200 1323 "-" "WordPress/6.8.3; https://batconpakistan.org"
162.0.235.240 - - [15/Oct/2025:12:14:42 -0400] "POST /wp-cron.php?doing_wp_cron=1760544882.7236390113830566406250 HTTP/1.1" 200 0 "-" "WordPress/6.8.3; https://batconpakistan.org"
203.188.183.70 - - [15/Oct/2025:12:14:38 -0400] "GET /vendor/phpunit/phpunit/phpunit.xsd HTTP/1.1" 404 15665 "-" "Mozilla/5.0 (X11; Linux x86_64; rv:52.0) Gecko/20100101 Firefox/52.0"
162.0.235.240 - - [15/Oct/2025:12:14:43 -0400] "GET /wp-content/plugins/contact-form-7-style/admin/predefined-templates.json HTTP/1.1" 200 1323 "-" "WordPress/6.8.3; https://batconpakistan.org"
2a03:2880:7ff:5:: - - [15/Oct/2025:12:14:57 -0400] "GET /wp-content/uploads/2021/09/20210813_160408-scaled-e1676405356544.jpg HTTP/1.1" 200 335326 "-" "facebookexternalhit/1.1 (+http://www.facebook.com/externalhit_uatext.php)"
162.0.235.240 - - [15/Oct/2025:12:21:05 -0400] "GET /wp-content/plugins/contact-form-7-style/admin/predefined-templates.json HTTP/1.1" 200 1323 "-" "WordPress/6.8.3; https://batconpakistan.org"
162.0.235.240 - - [15/Oct/2025:12:21:06 -0400] "POST /wp-cron.php?doing_wp_cron=1760545266.1762630939483642578125 HTTP/1.1" 200 0 "-" "WordPress/6.8.3; https://batconpakistan.org"
207.46.13.168 - - [15/Oct/2025:12:21:01 -0400] "GET /Industrial-Electrical-Pack-of-274128-Resistor-Chip-Arrays/ HTTP/1.1" 404 15666 "-" "Mozilla/5.0 AppleWebKit/537.36 (KHTML, like Gecko; compatible; bingbot/2.0; +http://www.bing.com/bingbot.htm) Chrome/116.0.1938.76 Safari/537.36"
162.0.235.240 - - [15/Oct/2025:12:21:06 -0400] "GET /wp-content/plugins/contact-form-7-style/admin/predefined-templates.json HTTP/1.1" 200 1323 "-" "WordPress/6.8.3; https://batconpakistan.org"
216.73.216.20 - - [15/Oct/2025:12:28:31 -0400] "GET /robots.txt HTTP/1.1" 304 0 "-" "Mozilla/5.0 AppleWebKit/537.36 (KHTML, like Gecko; compatible; ClaudeBot/1.0; +claudebot@anthropic.com)"
162.0.235.240 - - [15/Oct/2025:12:28:35 -0400] "GET /wp-content/plugins/contact-form-7-style/admin/predefined-templates.json HTTP/1.1" 200 1323 "-" "WordPress/6.8.3; https://batconpakistan.org"
162.0.235.240 - - [15/Oct/2025:12:28:36 -0400] "POST /wp-cron.php?doing_wp_cron=1760545716.3805859088897705078125 HTTP/1.1" 200 0 "-" "WordPress/6.8.3; https://batconpakistan.org"
216.73.216.20 - - [15/Oct/2025:12:28:32 -0400] "GET /tag/nipah-virus-alert HTTP/1.1" 301 0 "-" "Mozilla/5.0 AppleWebKit/537.36 (KHTML, like Gecko; compatible; ClaudeBot/1.0; +claudebot@anthropic.com)"
162.0.235.240 - - [15/Oct/2025:12:28:36 -0400] "GET /wp-content/plugins/contact-form-7-style/admin/predefined-templates.json HTTP/1.1" 200 1323 "-" "WordPress/6.8.3; https://batconpakistan.org"
162.0.235.240 - - [15/Oct/2025:12:28:37 -0400] "GET /wp-content/plugins/contact-form-7-style/admin/predefined-templates.json HTTP/1.1" 200 1323 "-" "WordPress/6.8.3; https://batconpakistan.org"
216.73.216.20 - - [15/Oct/2025:12:28:36 -0400] "GET /tag/nipah-virus-alert/ HTTP/1.1" 200 20028 "https://batconpakistan.org/tag/nipah-virus-alert" "Mozilla/5.0 AppleWebKit/537.36 (KHTML, like Gecko; compatible; ClaudeBot/1.0; +claudebot@anthropic.com)"
17.22.237.36 - - [15/Oct/2025:12:33:00 -0400] "GET /robots.txt HTTP/1.1" 304 0 "-" "Mozilla/5.0 (Macintosh; Intel Mac OS X 10_15_7) AppleWebKit/605.1.15 (KHTML, like Gecko) Version/17.4 Safari/605.1.15 (Applebot/0.1; +http://www.apple.com/go/applebot)"
17.22.237.36 - - [15/Oct/2025:12:33:00 -0400] "GET /wp-content/uploads/2021/01/image-4.jpeg HTTP/1.1" 200 135323 "-" "Mozilla/5.0 (Macintosh; Intel Mac OS X 10_15_7) AppleWebKit/605.1.15 (KHTML, like Gecko) Version/17.4 Safari/605.1.15 (Applebot/0.1; +http://www.apple.com/go/applebot)"
162.0.235.240 - - [15/Oct/2025:12:41:50 -0400] "GET /wp-content/plugins/contact-form-7-style/admin/predefined-templates.json HTTP/1.1" 200 1323 "-" "WordPress/6.8.3; https://batconpakistan.org"
162.0.235.240 - - [15/Oct/2025:12:41:51 -0400] "POST /wp-cron.php?doing_wp_cron=1760546510.9658570289611816406250 HTTP/1.1" 200 0 "-" "WordPress/6.8.3; https://batconpakistan.org"
40.77.167.121 - - [15/Oct/2025:12:41:46 -0400] "GET /Filtration-Out-NPT-V-Combi-Automatic-Timer-Drain-for-Compressors-with-Builtin-128414-Drains/ HTTP/1.1" 404 15667 "-" "Mozilla/5.0 AppleWebKit/537.36 (KHTML, like Gecko; compatible; bingbot/2.0; +http://www.bing.com/bingbot.htm) Chrome/116.0.1938.76 Safari/537.36"
162.0.235.240 - - [15/Oct/2025:12:41:51 -0400] "GET /wp-content/plugins/contact-form-7-style/admin/predefined-templates.json HTTP/1.1" 200 1323 "-" "WordPress/6.8.3; https://batconpakistan.org"
162.0.235.240 - - [15/Oct/2025:12:51:17 -0400] "GET /wp-content/plugins/contact-form-7-style/admin/predefined-templates.json HTTP/1.1" 200 1323 "-" "WordPress/6.8.3; https://batconpakistan.org"
162.0.235.240 - - [15/Oct/2025:12:51:18 -0400] "POST /wp-cron.php?doing_wp_cron=1760547077.9863181114196777343750 HTTP/1.1" 200 0 "-" "WordPress/6.8.3; https://batconpakistan.org"
162.0.235.240 - - [15/Oct/2025:12:51:19 -0400] "GET /wp-content/plugins/contact-form-7-style/admin/predefined-templates.json HTTP/1.1" 200 1323 "-" "WordPress/6.8.3; https://batconpakistan.org"
185.191.171.12 - - [15/Oct/2025:12:51:13 -0400] "GET /my-campaigns/ HTTP/1.1" 200 16617 "-" "Mozilla/5.0 (compatible; SemrushBot/7~bl; +http://www.semrush.com/bot.html)"
196.251.86.128 - - [15/Oct/2025:12:53:27 -0400] "GET //wp-includes/ID3/license.txt HTTP/1.1" 403 1242 "-" "Mozilla/5.0 (Windows NT 10.0; Win64; x64) AppleWebKit/537.36 (KHTML, like Gecko) Chrome/95.0.4638.69 Safari/537.36"
162.0.235.240 - - [15/Oct/2025:12:53:31 -0400] "GET /wp-content/plugins/contact-form-7-style/admin/predefined-templates.json HTTP/1.1" 200 1323 "-" "WordPress/6.8.3; https://batconpakistan.org"
162.0.235.240 - - [15/Oct/2025:12:53:31 -0400] "POST /wp-cron.php?doing_wp_cron=1760547211.6572499275207519531250 HTTP/1.1" 200 0 "-" "WordPress/6.8.3; https://batconpakistan.org"
196.251.86.128 - - [15/Oct/2025:12:53:27 -0400] "GET //feed/ HTTP/1.1" 301 0 "-" "Mozilla/5.0 (Windows NT 10.0; Win64; x64) AppleWebKit/537.36 (KHTML, like Gecko) Chrome/95.0.4638.69 Safari/537.36"
196.251.86.128 - - [15/Oct/2025:12:53:32 -0400] "GET //xmlrpc.php?rsd HTTP/1.1" 403 1242 "-" "Mozilla/5.0 (Windows NT 10.0; Win64; x64) AppleWebKit/537.36 (KHTML, like Gecko) Chrome/95.0.4638.69 Safari/537.36"
162.0.235.240 - - [15/Oct/2025:12:53:32 -0400] "GET /wp-content/plugins/contact-form-7-style/admin/predefined-templates.json HTTP/1.1" 200 1323 "-" "WordPress/6.8.3; https://batconpakistan.org"
162.0.235.240 - - [15/Oct/2025:12:53:32 -0400] "GET /wp-content/plugins/contact-form-7-style/admin/predefined-templates.json HTTP/1.1" 200 1323 "-" "WordPress/6.8.3; https://batconpakistan.org"
196.251.86.128 - - [15/Oct/2025:12:53:32 -0400] "GET //blog/wp-includes/wlwmanifest.xml HTTP/1.1" 301 0 "-" "Mozilla/5.0 (Windows NT 10.0; Win64; x64) AppleWebKit/537.36 (KHTML, like Gecko) Chrome/95.0.4638.69 Safari/537.36"
162.0.235.240 - - [15/Oct/2025:12:53:33 -0400] "GET /wp-content/plugins/contact-form-7-style/admin/predefined-templates.json HTTP/1.1" 200 1323 "-" "WordPress/6.8.3; https://batconpakistan.org"
196.251.86.128 - - [15/Oct/2025:12:53:33 -0400] "GET //web/wp-includes/wlwmanifest.xml HTTP/1.1" 301 0 "-" "Mozilla/5.0 (Windows NT 10.0; Win64; x64) AppleWebKit/537.36 (KHTML, like Gecko) Chrome/95.0.4638.69 Safari/537.36"
