162.0.235.240 - - [15/Oct/2025:09:09:06 -0400] "GET /wp-content/plugins/contact-form-7-style/admin/predefined-templates.json HTTP/1.1" 200 1323 "-" "WordPress/6.8.3; https://batconpakistan.org"
162.0.235.240 - - [15/Oct/2025:09:09:07 -0400] "GET /wp-content/plugins/contact-form-7-style/admin/predefined-templates.json HTTP/1.1" 200 1323 "-" "WordPress/6.8.3; https://batconpakistan.org"
13.67.186.254 - - [15/Oct/2025:09:09:07 -0400] "GET /wp-good.php HTTP/1.1" 404 15656 "-" "-"
13.67.186.254 - - [15/Oct/2025:09:09:08 -0400] "GET /wp-includes/Text/Diff/Renderer/ HTTP/1.1" 403 1242 "-" "-"
13.67.186.254 - - [15/Oct/2025:09:09:08 -0400] "GET /wp-includes/style-engine/ HTTP/1.1" 403 1242 "-" "-"
162.0.235.240 - - [15/Oct/2025:09:09:09 -0400] "GET /wp-content/plugins/contact-form-7-style/admin/predefined-templates.json HTTP/1.1" 200 1323 "-" "WordPress/6.8.3; https://batconpakistan.org"
13.67.186.254 - - [15/Oct/2025:09:09:09 -0400] "GET /xmrlpc.php HTTP/1.1" 404 15654 "-" "-"
162.0.235.240 - - [15/Oct/2025:09:09:10 -0400] "GET /wp-content/plugins/contact-form-7-style/admin/predefined-templates.json HTTP/1.1" 200 1323 "-" "WordPress/6.8.3; https://batconpakistan.org"
13.67.186.254 - - [15/Oct/2025:09:09:10 -0400] "GET /asasx.php HTTP/1.1" 404 15656 "-" "-"
162.0.235.240 - - [15/Oct/2025:09:09:11 -0400] "GET /wp-content/plugins/contact-form-7-style/admin/predefined-templates.json HTTP/1.1" 200 1323 "-" "WordPress/6.8.3; https://batconpakistan.org"
13.67.186.254 - - [15/Oct/2025:09:09:11 -0400] "GET /autoload_classmap.php HTTP/1.1" 404 15654 "-" "-"
162.0.235.240 - - [15/Oct/2025:09:09:12 -0400] "GET /wp-content/plugins/contact-form-7-style/admin/predefined-templates.json HTTP/1.1" 200 1323 "-" "WordPress/6.8.3; https://batconpakistan.org"
13.67.186.254 - - [15/Oct/2025:09:09:12 -0400] "GET /cong.php HTTP/1.1" 404 15654 "-" "-"
162.0.235.240 - - [15/Oct/2025:09:09:14 -0400] "GET /wp-content/plugins/contact-form-7-style/admin/predefined-templates.json HTTP/1.1" 200 1323 "-" "WordPress/6.8.3; https://batconpakistan.org"
13.67.186.254 - - [15/Oct/2025:09:09:13 -0400] "GET /file2.php HTTP/1.1" 404 15656 "-" "-"
13.67.186.254 - - [15/Oct/2025:09:09:14 -0400] "GET /wp-content/index.php HTTP/1.1" 200 0 "-" "-"
162.0.235.240 - - [15/Oct/2025:09:09:15 -0400] "GET /wp-content/plugins/contact-form-7-style/admin/predefined-templates.json HTTP/1.1" 200 1323 "-" "WordPress/6.8.3; https://batconpakistan.org"
13.67.186.254 - - [15/Oct/2025:09:09:15 -0400] "GET /wp-content/plugins/yanierin/akcc.php HTTP/1.1" 404 15656 "-" "-"
162.0.235.240 - - [15/Oct/2025:09:09:16 -0400] "GET /wp-content/plugins/contact-form-7-style/admin/predefined-templates.json HTTP/1.1" 200 1323 "-" "WordPress/6.8.3; https://batconpakistan.org"
13.67.186.254 - - [15/Oct/2025:09:09:16 -0400] "GET /wp-content/uploads/index.php HTTP/1.1" 301 0 "-" "-"
13.67.186.254 - - [15/Oct/2025:09:09:16 -0400] "GET /wp-content/uploads/ HTTP/1.1" 403 1242 "-" "-"
162.0.235.240 - - [15/Oct/2025:09:09:17 -0400] "GET /wp-content/plugins/contact-form-7-style/admin/predefined-templates.json HTTP/1.1" 200 1323 "-" "WordPress/6.8.3; https://batconpakistan.org"
13.67.186.254 - - [15/Oct/2025:09:09:17 -0400] "GET /wp-content/wp-conflg.php HTTP/1.1" 404 15655 "-" "-"
13.67.186.254 - - [15/Oct/2025:09:09:18 -0400] "GET /wp-cron.php HTTP/1.1" 200 0 "-" "-"
162.0.235.240 - - [15/Oct/2025:09:09:18 -0400] "GET /wp-content/plugins/contact-form-7-style/admin/predefined-templates.json HTTP/1.1" 200 1323 "-" "WordPress/6.8.3; https://batconpakistan.org"
13.67.186.254 - - [15/Oct/2025:09:09:18 -0400] "GET /wp-includes/IXR/ HTTP/1.1" 403 1242 "-" "-"
13.67.186.254 - - [15/Oct/2025:09:09:19 -0400] "GET /wp-includes/block-supports/ HTTP/1.1" 403 1242 "-" "-"
13.67.186.254 - - [15/Oct/2025:09:09:19 -0400] "GET /wp-includes/fonts/ HTTP/1.1" 403 1242 "-" "-"
162.0.235.240 - - [15/Oct/2025:09:09:20 -0400] "GET /wp-content/plugins/contact-form-7-style/admin/predefined-templates.json HTTP/1.1" 200 1323 "-" "WordPress/6.8.3; https://batconpakistan.org"
13.67.186.254 - - [15/Oct/2025:09:09:19 -0400] "GET /wp-includes/fonts/index.php HTTP/1.1" 301 0 "-" "-"
13.67.186.254 - - [15/Oct/2025:09:09:20 -0400] "GET /wp-includes/fonts/ HTTP/1.1" 403 1242 "-" "-"
13.67.186.254 - - [15/Oct/2025:09:09:21 -0400] "GET /wp-includes/js/crop/ HTTP/1.1" 403 1242 "-" "-"
13.67.186.254 - - [15/Oct/2025:09:09:21 -0400] "GET /wp-includes/rest-api/ HTTP/1.1" 403 1242 "-" "-"
13.67.186.254 - - [15/Oct/2025:09:09:21 -0400] "GET /wp-includes/widgets/ HTTP/1.1" 403 1242 "-" "-"
20.171.207.111 - - [15/Oct/2025:09:09:47 -0400] "GET /wp-content/uploads/2021/01/1.jpg HTTP/1.1" 200 50664 "-" "Mozilla/5.0 AppleWebKit/537.36 (KHTML, like Gecko; compatible; GPTBot/1.2; +https://openai.com/gptbot)"
20.171.207.111 - - [15/Oct/2025:09:10:03 -0400] "GET /wp-content/uploads/2023/01/Indian-Flying-Foxes-Clumping-Behaviour-scaled.jpg HTTP/1.1" 200 684995 "-" "Mozilla/5.0 AppleWebKit/537.36 (KHTML, like Gecko; compatible; GPTBot/1.2; +https://openai.com/gptbot)"
8.219.222.3 - - [15/Oct/2025:09:19:11 -0400] "GET /.env HTTP/1.1" 403 1242 "-" "Mozilla/5.0 (Linux; U; Android 4.4.2; en-US; HM NOTE 1W Build/KOT49H) AppleWebKit/534.30 (KHTML, like Gecko) Version/4.0 UCBrowser/11.0.5.850 U3/0.8.0 Mobile Safari/534.30"
46.101.83.186 - - [15/Oct/2025:09:19:27 -0400] "GET /xmlrpc.php HTTP/1.1" 403 1242 "http://batconpakistan.org" "Mozilla/5.0 (Macintosh; Intel Mac OS X 10_15_7) AppleWebKit/537.36 (KHTML, like Gecko) Chrome/113.0.5672.93 Safari/537.36"
162.0.235.240 - - [15/Oct/2025:09:25:09 -0400] "GET /wp-content/plugins/contact-form-7-style/admin/predefined-templates.json HTTP/1.1" 200 1323 "-" "WordPress/6.8.3; https://batconpakistan.org"
162.0.235.240 - - [15/Oct/2025:09:25:09 -0400] "POST /wp-cron.php?doing_wp_cron=1760534709.7971949577331542968750 HTTP/1.1" 200 0 "-" "WordPress/6.8.3; https://batconpakistan.org"
2a03:2880:f800:c:: - - [15/Oct/2025:09:25:04 -0400] "GET /team/dr-sajida-noreen/ HTTP/1.1" 200 16598 "-" "meta-externalagent/1.1 (+https://developers.facebook.com/docs/sharing/webmasters/crawler)"
162.0.235.240 - - [15/Oct/2025:09:25:10 -0400] "GET /wp-content/plugins/contact-form-7-style/admin/predefined-templates.json HTTP/1.1" 200 1323 "-" "WordPress/6.8.3; https://batconpakistan.org"
216.73.216.20 - - [15/Oct/2025:09:27:45 -0400] "GET /robots.txt HTTP/1.1" 304 0 "-" "Mozilla/5.0 AppleWebKit/537.36 (KHTML, like Gecko; compatible; ClaudeBot/1.0; +claudebot@anthropic.com)"
162.0.235.240 - - [15/Oct/2025:09:27:48 -0400] "GET /wp-content/plugins/contact-form-7-style/admin/predefined-templates.json HTTP/1.1" 200 1323 "-" "WordPress/6.8.3; https://batconpakistan.org"
162.0.235.240 - - [15/Oct/2025:09:27:49 -0400] "POST /wp-cron.php?doing_wp_cron=1760534869.3172190189361572265625 HTTP/1.1" 200 0 "-" "WordPress/6.8.3; https://batconpakistan.org"
216.73.216.20 - - [15/Oct/2025:09:27:45 -0400] "GET /sitemap_index.xml HTTP/1.1" 200 512 "-" "Mozilla/5.0 AppleWebKit/537.36 (KHTML, like Gecko; compatible; ClaudeBot/1.0; +claudebot@anthropic.com)"
162.0.235.240 - - [15/Oct/2025:09:27:49 -0400] "GET /wp-content/plugins/contact-form-7-style/admin/predefined-templates.json HTTP/1.1" 200 1323 "-" "WordPress/6.8.3; https://batconpakistan.org"
139.99.241.182 - - [15/Oct/2025:09:31:53 -0400] "GET / HTTP/1.1" 200 23132 "-" "Mozilla/5.0 (Windows NT 10.0; Win64; x64) AppleWebKit/537.36 (KHTML, like Gecko) Chrome/88.0.4240.193 Safari/537.36"
162.0.235.240 - - [15/Oct/2025:09:31:56 -0400] "GET /wp-content/plugins/contact-form-7-style/admin/predefined-templates.json HTTP/1.1" 200 1323 "-" "WordPress/6.8.3; https://batconpakistan.org"
162.0.235.240 - - [15/Oct/2025:09:31:57 -0400] "POST /wp-cron.php?doing_wp_cron=1760535117.3923280239105224609375 HTTP/1.1" 200 0 "-" "WordPress/6.8.3; https://batconpakistan.org"
139.99.241.182 - - [15/Oct/2025:09:31:54 -0400] "GET //wp-includes/wlwmanifest.xml HTTP/1.1" 301 0 "-" "Mozilla/5.0 (Windows NT 10.0; Win64; x64) AppleWebKit/537.36 (KHTML, like Gecko) Chrome/88.0.4240.193 Safari/537.36"
139.99.241.182 - - [15/Oct/2025:09:31:57 -0400] "GET //xmlrpc.php?rsd HTTP/1.1" 403 1242 "-" "Mozilla/5.0 (Windows NT 10.0; Win64; x64) AppleWebKit/537.36 (KHTML, like Gecko) Chrome/88.0.4240.193 Safari/537.36"
139.99.241.182 - - [15/Oct/2025:09:31:57 -0400] "GET / HTTP/1.1" 200 23132 "-" "Mozilla/5.0 (Windows NT 10.0; Win64; x64) AppleWebKit/537.36 (KHTML, like Gecko) Chrome/88.0.4240.193 Safari/537.36"
162.0.235.240 - - [15/Oct/2025:09:31:58 -0400] "GET /wp-content/plugins/contact-form-7-style/admin/predefined-templates.json HTTP/1.1" 200 1323 "-" "WordPress/6.8.3; https://batconpakistan.org"
162.0.235.240 - - [15/Oct/2025:09:31:58 -0400] "GET /wp-content/plugins/contact-form-7-style/admin/predefined-templates.json HTTP/1.1" 200 1323 "-" "WordPress/6.8.3; https://batconpakistan.org"
139.99.241.182 - - [15/Oct/2025:09:31:58 -0400] "GET //wp-login.php HTTP/1.1" 200 1885 "-" "Mozilla/5.0 (Windows NT 10.0; Win64; x64) AppleWebKit/537.36 (KHTML, like Gecko) Chrome/88.0.4240.193 Safari/537.36"
139.99.241.182 - - [15/Oct/2025:09:31:59 -0400] "GET //?author=1 HTTP/1.1" 403 1242 "-" "Mozilla/5.0 (Windows NT 10.0; Win64; x64) AppleWebKit/537.36 (KHTML, like Gecko) Chrome/88.0.4240.193 Safari/537.36"
139.99.241.182 - - [15/Oct/2025:09:31:59 -0400] "GET //?author=2 HTTP/1.1" 403 1242 "-" "Mozilla/5.0 (Windows NT 10.0; Win64; x64) AppleWebKit/537.36 (KHTML, like Gecko) Chrome/88.0.4240.193 Safari/537.36"
139.99.241.182 - - [15/Oct/2025:09:31:59 -0400] "GET //?author=3 HTTP/1.1" 403 1242 "-" "Mozilla/5.0 (Windows NT 10.0; Win64; x64) AppleWebKit/537.36 (KHTML, like Gecko) Chrome/88.0.4240.193 Safari/537.36"
139.99.241.182 - - [15/Oct/2025:09:31:59 -0400] "GET //wp-json/wp/v2/users/ HTTP/1.1" 403 1242 "-" "Mozilla/5.0 (Windows NT 10.0; Win64; x64) AppleWebKit/537.36 (KHTML, like Gecko) Chrome/88.0.4240.193 Safari/537.36"
162.0.235.240 - - [15/Oct/2025:09:32:00 -0400] "GET /wp-content/plugins/contact-form-7-style/admin/predefined-templates.json HTTP/1.1" 200 1323 "-" "WordPress/6.8.3; https://batconpakistan.org"
139.99.241.182 - - [15/Oct/2025:09:31:59 -0400] "GET //wp-json/oembed/1.0/embed?url=https://batconpakistan.org/ HTTP/1.1" 200 5971 "-" "Mozilla/5.0 (Windows NT 10.0; Win64; x64) AppleWebKit/537.36 (KHTML, like Gecko) Chrome/88.0.4240.193 Safari/537.36"
139.99.241.182 - - [15/Oct/2025:09:32:01 -0400] "POST //xmlrpc.php HTTP/1.1" 403 1242 "-" "Mozilla/5.0 (Windows NT 10.0; Win64; x64) AppleWebKit/537.36 (KHTML, like Gecko) Chrome/88.0.4240.193 Safari/537.36"
162.0.235.240 - - [15/Oct/2025:09:32:01 -0400] "GET /wp-content/plugins/contact-form-7-style/admin/predefined-templates.json HTTP/1.1" 200 1323 "-" "WordPress/6.8.3; https://batconpakistan.org"
139.99.241.182 - - [15/Oct/2025:09:32:01 -0400] "POST //wp-login.php HTTP/1.1" 200 2046 "https://batconpakistan.org//wp-login.php" "Mozilla/5.0 (Windows NT 10.0; Win64; x64) AppleWebKit/537.36 (KHTML, like Gecko) Chrome/88.0.4240.193 Safari/537.36"
162.0.235.240 - - [15/Oct/2025:09:32:02 -0400] "GET /wp-content/plugins/contact-form-7-style/admin/predefined-templates.json HTTP/1.1" 200 1323 "-" "WordPress/6.8.3; https://batconpakistan.org"
139.99.241.182 - - [15/Oct/2025:09:32:02 -0400] "POST //wp-login.php HTTP/1.1" 200 2046 "https://batconpakistan.org//wp-login.php" "Mozilla/5.0 (Windows NT 10.0; Win64; x64) AppleWebKit/537.36 (KHTML, like Gecko) Chrome/88.0.4240.193 Safari/537.36"
162.0.235.240 - - [15/Oct/2025:09:32:03 -0400] "GET /wp-content/plugins/contact-form-7-style/admin/predefined-templates.json HTTP/1.1" 200 1323 "-" "WordPress/6.8.3; https://batconpakistan.org"
139.99.241.182 - - [15/Oct/2025:09:32:03 -0400] "POST //wp-login.php HTTP/1.1" 200 2046 "https://batconpakistan.org//wp-login.php" "Mozilla/5.0 (Windows NT 10.0; Win64; x64) AppleWebKit/537.36 (KHTML, like Gecko) Chrome/88.0.4240.193 Safari/537.36"
162.0.235.240 - - [15/Oct/2025:09:32:04 -0400] "GET /wp-content/plugins/contact-form-7-style/admin/predefined-templates.json HTTP/1.1" 200 1323 "-" "WordPress/6.8.3; https://batconpakistan.org"
139.99.241.182 - - [15/Oct/2025:09:32:03 -0400] "POST //wp-login.php HTTP/1.1" 200 2046 "https://batconpakistan.org//wp-login.php" "Mozilla/5.0 (Windows NT 10.0; Win64; x64) AppleWebKit/537.36 (KHTML, like Gecko) Chrome/88.0.4240.193 Safari/537.36"
162.0.235.240 - - [15/Oct/2025:09:32:05 -0400] "GET /wp-content/plugins/contact-form-7-style/admin/predefined-templates.json HTTP/1.1" 200 1323 "-" "WordPress/6.8.3; https://batconpakistan.org"
162.0.235.240 - - [15/Oct/2025:09:32:05 -0400] "POST /wp-cron.php?doing_wp_cron=1760535125.5176129341125488281250 HTTP/1.1" 200 0 "-" "WordPress/6.8.3; https://batconpakistan.org"
139.99.241.182 - - [15/Oct/2025:09:32:04 -0400] "POST //wp-login.php HTTP/1.1" 200 2046 "https://batconpakistan.org//wp-login.php" "Mozilla/5.0 (Windows NT 10.0; Win64; x64) AppleWebKit/537.36 (KHTML, like Gecko) Chrome/88.0.4240.193 Safari/537.36"
162.0.235.240 - - [15/Oct/2025:09:32:06 -0400] "GET /wp-content/plugins/contact-form-7-style/admin/predefined-templates.json HTTP/1.1" 200 1323 "-" "WordPress/6.8.3; https://batconpakistan.org"
162.0.235.240 - - [15/Oct/2025:09:32:07 -0400] "GET /wp-content/plugins/contact-form-7-style/admin/predefined-templates.json HTTP/1.1" 200 1323 "-" "WordPress/6.8.3; https://batconpakistan.org"
139.99.241.182 - - [15/Oct/2025:09:32:05 -0400] "POST //wp-login.php HTTP/1.1" 200 2046 "https://batconpakistan.org//wp-login.php" "Mozilla/5.0 (Windows NT 10.0; Win64; x64) AppleWebKit/537.36 (KHTML, like Gecko) Chrome/88.0.4240.193 Safari/537.36"
148.72.248.215 - - [15/Oct/2025:09:32:46 -0400] "GET /xmlrpc.php HTTP/1.1" 403 1242 "http://batconpakistan.org/xmlrpc.php" "Mozilla/5.0 (X11; Ubuntu; Linux x86_64; rv:85.0) Gecko/20100101 Firefox/91.0"
142.44.233.77 - - [15/Oct/2025:09:34:27 -0400] "GET /robots.txt HTTP/1.1" 200 183 "-" "Mozilla/5.0 (compatible; AhrefsBot/7.0; +http://ahrefs.com/robot/)"
162.0.235.240 - - [15/Oct/2025:09:34:37 -0400] "GET /wp-content/plugins/contact-form-7-style/admin/predefined-templates.json HTTP/1.1" 200 1323 "-" "WordPress/6.8.3; https://batconpakistan.org"
162.0.235.240 - - [15/Oct/2025:09:34:38 -0400] "POST /wp-cron.php?doing_wp_cron=1760535278.1196401119232177734375 HTTP/1.1" 200 0 "-" "WordPress/6.8.3; https://batconpakistan.org"
92.222.104.204 - - [15/Oct/2025:09:34:34 -0400] "GET /sitemap_index.xml HTTP/1.1" 200 512 "-" "Mozilla/5.0 (compatible; AhrefsBot/7.0; +http://ahrefs.com/robot/)"
162.0.235.240 - - [15/Oct/2025:09:34:38 -0400] "GET /wp-content/plugins/contact-form-7-style/admin/predefined-templates.json HTTP/1.1" 200 1323 "-" "WordPress/6.8.3; https://batconpakistan.org"
162.0.235.240 - - [15/Oct/2025:09:34:45 -0400] "GET /wp-content/plugins/contact-form-7-style/admin/predefined-templates.json HTTP/1.1" 200 1323 "-" "WordPress/6.8.3; https://batconpakistan.org"
162.0.235.240 - - [15/Oct/2025:09:34:45 -0400] "POST /wp-cron.php?doing_wp_cron=1760535285.1888940334320068359375 HTTP/1.1" 200 0 "-" "WordPress/6.8.3; https://batconpakistan.org"
176.31.139.15 - - [15/Oct/2025:09:34:44 -0400] "GET /post-sitemap.xml HTTP/1.1" 200 976 "-" "Mozilla/5.0 (compatible; AhrefsBot/7.0; +http://ahrefs.com/robot/)"
162.0.235.240 - - [15/Oct/2025:09:34:45 -0400] "GET /wp-content/plugins/contact-form-7-style/admin/predefined-templates.json HTTP/1.1" 200 1323 "-" "WordPress/6.8.3; https://batconpakistan.org"
162.0.235.240 - - [15/Oct/2025:09:34:51 -0400] "GET /wp-content/plugins/contact-form-7-style/admin/predefined-templates.json HTTP/1.1" 200 1323 "-" "WordPress/6.8.3; https://batconpakistan.org"
162.0.235.240 - - [15/Oct/2025:09:34:52 -0400] "POST /wp-cron.php?doing_wp_cron=1760535292.1144258975982666015625 HTTP/1.1" 200 0 "-" "WordPress/6.8.3; https://batconpakistan.org"
37.59.204.133 - - [15/Oct/2025:09:34:51 -0400] "GET /page-sitemap.xml HTTP/1.1" 200 1544 "-" "Mozilla/5.0 (compatible; AhrefsBot/7.0; +http://ahrefs.com/robot/)"
162.0.235.240 - - [15/Oct/2025:09:34:52 -0400] "GET /wp-content/plugins/contact-form-7-style/admin/predefined-templates.json HTTP/1.1" 200 1323 "-" "WordPress/6.8.3; https://batconpakistan.org"
162.0.235.240 - - [15/Oct/2025:09:35:25 -0400] "GET /wp-content/plugins/contact-form-7-style/admin/predefined-templates.json HTTP/1.1" 200 1323 "-" "WordPress/6.8.3; https://batconpakistan.org"
162.0.235.240 - - [15/Oct/2025:09:35:26 -0400] "POST /wp-cron.php?doing_wp_cron=1760535326.1319839954376220703125 HTTP/1.1" 200 0 "-" "WordPress/6.8.3; https://batconpakistan.org"
5.39.1.229 - - [15/Oct/2025:09:35:25 -0400] "GET /testimonial-sitemap.xml HTTP/1.1" 200 391 "-" "Mozilla/5.0 (compatible; AhrefsBot/7.0; +http://ahrefs.com/robot/)"
162.0.235.240 - - [15/Oct/2025:09:35:26 -0400] "GET /wp-content/plugins/contact-form-7-style/admin/predefined-templates.json HTTP/1.1" 200 1323 "-" "WordPress/6.8.3; https://batconpakistan.org"
162.0.235.240 - - [15/Oct/2025:09:35:39 -0400] "GET /wp-content/plugins/contact-form-7-style/admin/predefined-templates.json HTTP/1.1" 200 1323 "-" "WordPress/6.8.3; https://batconpakistan.org"
94.23.188.215 - - [15/Oct/2025:09:35:39 -0400] "GET /gallery-sitemap.xml HTTP/1.1" 200 560 "-" "Mozilla/5.0 (compatible; AhrefsBot/7.0; +http://ahrefs.com/robot/)"
162.0.235.240 - - [15/Oct/2025:09:35:43 -0400] "GET /wp-content/plugins/contact-form-7-style/admin/predefined-templates.json HTTP/1.1" 200 1323 "-" "WordPress/6.8.3; https://batconpakistan.org"
162.0.235.240 - - [15/Oct/2025:09:35:44 -0400] "POST /wp-cron.php?doing_wp_cron=1760535344.0730340480804443359375 HTTP/1.1" 200 0 "-" "WordPress/6.8.3; https://batconpakistan.org"
5.39.1.254 - - [15/Oct/2025:09:35:43 -0400] "GET /event-sitemap.xml HTTP/1.1" 200 452 "-" "Mozilla/5.0 (compatible; AhrefsBot/7.0; +http://ahrefs.com/robot/)"
162.0.235.240 - - [15/Oct/2025:09:35:44 -0400] "GET /wp-content/plugins/contact-form-7-style/admin/predefined-templates.json HTTP/1.1" 200 1323 "-" "WordPress/6.8.3; https://batconpakistan.org"
162.0.235.240 - - [15/Oct/2025:09:35:52 -0400] "GET /wp-content/plugins/contact-form-7-style/admin/predefined-templates.json HTTP/1.1" 200 1323 "-" "WordPress/6.8.3; https://batconpakistan.org"
162.0.235.240 - - [15/Oct/2025:09:35:52 -0400] "POST /wp-cron.php?doing_wp_cron=1760535352.8705270290374755859375 HTTP/1.1" 200 0 "-" "WordPress/6.8.3; https://batconpakistan.org"
54.37.118.64 - - [15/Oct/2025:09:35:52 -0400] "GET /team-sitemap.xml HTTP/1.1" 200 818 "-" "Mozilla/5.0 (compatible; AhrefsBot/7.0; +http://ahrefs.com/robot/)"
162.0.235.240 - - [15/Oct/2025:09:35:53 -0400] "GET /wp-content/plugins/contact-form-7-style/admin/predefined-templates.json HTTP/1.1" 200 1323 "-" "WordPress/6.8.3; https://batconpakistan.org"
162.0.235.240 - - [15/Oct/2025:09:35:59 -0400] "GET /wp-content/plugins/contact-form-7-style/admin/predefined-templates.json HTTP/1.1" 200 1323 "-" "WordPress/6.8.3; https://batconpakistan.org"
162.0.235.240 - - [15/Oct/2025:09:35:59 -0400] "POST /wp-cron.php?doing_wp_cron=1760535359.5856308937072753906250 HTTP/1.1" 200 0 "-" "WordPress/6.8.3; https://batconpakistan.org"
51.75.236.138 - - [15/Oct/2025:09:35:59 -0400] "GET /product-sitemap.xml HTTP/1.1" 200 532 "-" "Mozilla/5.0 (compatible; AhrefsBot/7.0; +http://ahrefs.com/robot/)"
162.0.235.240 - - [15/Oct/2025:09:35:59 -0400] "GET /wp-content/plugins/contact-form-7-style/admin/predefined-templates.json HTTP/1.1" 200 1323 "-" "WordPress/6.8.3; https://batconpakistan.org"
162.0.235.240 - - [15/Oct/2025:09:36:08 -0400] "GET /wp-content/plugins/contact-form-7-style/admin/predefined-templates.json HTTP/1.1" 200 1323 "-" "WordPress/6.8.3; https://batconpakistan.org"
162.0.235.240 - - [15/Oct/2025:09:36:09 -0400] "POST /wp-cron.php?doing_wp_cron=1760535369.0900480747222900390625 HTTP/1.1" 200 0 "-" "WordPress/6.8.3; https://batconpakistan.org"
94.23.188.219 - - [15/Oct/2025:09:36:08 -0400] "GET /campaign-sitemap.xml HTTP/1.1" 200 478 "-" "Mozilla/5.0 (compatible; AhrefsBot/7.0; +http://ahrefs.com/robot/)"
162.0.235.240 - - [15/Oct/2025:09:36:09 -0400] "GET /wp-content/plugins/contact-form-7-style/admin/predefined-templates.json HTTP/1.1" 200 1323 "-" "WordPress/6.8.3; https://batconpakistan.org"
162.0.235.240 - - [15/Oct/2025:09:36:16 -0400] "GET /wp-content/plugins/contact-form-7-style/admin/predefined-templates.json HTTP/1.1" 200 1323 "-" "WordPress/6.8.3; https://batconpakistan.org"
37.59.204.149 - - [15/Oct/2025:09:36:15 -0400] "GET /event_registrants-sitemap.xml HTTP/1.1" 200 379 "-" "Mozilla/5.0 (compatible; AhrefsBot/7.0; +http://ahrefs.com/robot/)"
162.0.235.240 - - [15/Oct/2025:09:36:33 -0400] "GET /wp-content/plugins/contact-form-7-style/admin/predefined-templates.json HTTP/1.1" 200 1323 "-" "WordPress/6.8.3; https://batconpakistan.org"
51.75.236.132 - - [15/Oct/2025:09:36:33 -0400] "GET /category-sitemap.xml HTTP/1.1" 200 393 "-" "Mozilla/5.0 (compatible; AhrefsBot/7.0; +http://ahrefs.com/robot/)"
162.0.235.240 - - [15/Oct/2025:09:37:37 -0400] "GET /wp-content/plugins/contact-form-7-style/admin/predefined-templates.json HTTP/1.1" 200 1323 "-" "WordPress/6.8.3; https://batconpakistan.org"
162.0.235.240 - - [15/Oct/2025:09:37:38 -0400] "POST /wp-cron.php?doing_wp_cron=1760535457.9759819507598876953125 HTTP/1.1" 200 0 "-" "WordPress/6.8.3; https://batconpakistan.org"
5.39.1.232 - - [15/Oct/2025:09:37:37 -0400] "GET /post_tag-sitemap.xml HTTP/1.1" 200 450 "-" "Mozilla/5.0 (compatible; AhrefsBot/7.0; +http://ahrefs.com/robot/)"
162.0.235.240 - - [15/Oct/2025:09:37:38 -0400] "GET /wp-content/plugins/contact-form-7-style/admin/predefined-templates.json HTTP/1.1" 200 1323 "-" "WordPress/6.8.3; https://batconpakistan.org"
162.0.235.240 - - [15/Oct/2025:09:37:47 -0400] "GET /wp-content/plugins/contact-form-7-style/admin/predefined-templates.json HTTP/1.1" 200 1323 "-" "WordPress/6.8.3; https://batconpakistan.org"
162.0.235.240 - - [15/Oct/2025:09:37:47 -0400] "POST /wp-cron.php?doing_wp_cron=1760535467.6342499256134033203125 HTTP/1.1" 200 0 "-" "WordPress/6.8.3; https://batconpakistan.org"
51.75.236.153 - - [15/Oct/2025:09:37:47 -0400] "GET /gallery-category-sitemap.xml HTTP/1.1" 200 393 "-" "Mozilla/5.0 (compatible; AhrefsBot/7.0; +http://ahrefs.com/robot/)"
162.0.235.240 - - [15/Oct/2025:09:37:48 -0400] "GET /wp-content/plugins/contact-form-7-style/admin/predefined-templates.json HTTP/1.1" 200 1323 "-" "WordPress/6.8.3; https://batconpakistan.org"
162.0.235.240 - - [15/Oct/2025:09:37:53 -0400] "GET /wp-content/plugins/contact-form-7-style/admin/predefined-templates.json HTTP/1.1" 200 1323 "-" "WordPress/6.8.3; https://batconpakistan.org"
94.23.188.206 - - [15/Oct/2025:09:37:53 -0400] "GET /event-category-sitemap.xml HTTP/1.1" 200 378 "-" "Mozilla/5.0 (compatible; AhrefsBot/7.0; +http://ahrefs.com/robot/)"
162.0.235.240 - - [15/Oct/2025:09:38:03 -0400] "GET /wp-content/plugins/contact-form-7-style/admin/predefined-templates.json HTTP/1.1" 200 1323 "-" "WordPress/6.8.3; https://batconpakistan.org"
162.0.235.240 - - [15/Oct/2025:09:38:03 -0400] "POST /wp-cron.php?doing_wp_cron=1760535483.7087509632110595703125 HTTP/1.1" 200 0 "-" "WordPress/6.8.3; https://batconpakistan.org"
37.59.204.141 - - [15/Oct/2025:09:38:03 -0400] "GET /event-tag-sitemap.xml HTTP/1.1" 200 372 "-" "Mozilla/5.0 (compatible; AhrefsBot/7.0; +http://ahrefs.com/robot/)"
162.0.235.240 - - [15/Oct/2025:09:38:04 -0400] "GET /wp-content/plugins/contact-form-7-style/admin/predefined-templates.json HTTP/1.1" 200 1323 "-" "WordPress/6.8.3; https://batconpakistan.org"
162.0.235.240 - - [15/Oct/2025:09:39:03 -0400] "GET /wp-content/plugins/contact-form-7-style/admin/predefined-templates.json HTTP/1.1" 200 1323 "-" "WordPress/6.8.3; https://batconpakistan.org"
162.0.235.240 - - [15/Oct/2025:09:39:03 -0400] "POST /wp-cron.php?doing_wp_cron=1760535543.7885808944702148437500 HTTP/1.1" 200 0 "-" "WordPress/6.8.3; https://batconpakistan.org"
92.222.108.96 - - [15/Oct/2025:09:39:03 -0400] "GET /team-category-sitemap.xml HTTP/1.1" 200 499 "-" "Mozilla/5.0 (compatible; AhrefsBot/7.0; +http://ahrefs.com/robot/)"
162.0.235.240 - - [15/Oct/2025:09:39:04 -0400] "GET /wp-content/plugins/contact-form-7-style/admin/predefined-templates.json HTTP/1.1" 200 1323 "-" "WordPress/6.8.3; https://batconpakistan.org"
162.0.235.240 - - [15/Oct/2025:09:39:15 -0400] "GET /wp-content/plugins/contact-form-7-style/admin/predefined-templates.json HTTP/1.1" 200 1323 "-" "WordPress/6.8.3; https://batconpakistan.org"
162.0.235.240 - - [15/Oct/2025:09:39:15 -0400] "POST /wp-cron.php?doing_wp_cron=1760535555.2804410457611083984375 HTTP/1.1" 200 0 "-" "WordPress/6.8.3; https://batconpakistan.org"
176.31.139.19 - - [15/Oct/2025:09:39:14 -0400] "GET /product_cat-sitemap.xml HTTP/1.1" 200 381 "-" "Mozilla/5.0 (compatible; AhrefsBot/7.0; +http://ahrefs.com/robot/)"
162.0.235.240 - - [15/Oct/2025:09:39:15 -0400] "GET /wp-content/plugins/contact-form-7-style/admin/predefined-templates.json HTTP/1.1" 200 1323 "-" "WordPress/6.8.3; https://batconpakistan.org"
162.0.235.240 - - [15/Oct/2025:09:39:20 -0400] "GET /wp-content/plugins/contact-form-7-style/admin/predefined-templates.json HTTP/1.1" 200 1323 "-" "WordPress/6.8.3; https://batconpakistan.org"
51.68.247.195 - - [15/Oct/2025:09:39:19 -0400] "GET /campaign_category-sitemap.xml HTTP/1.1" 200 425 "-" "Mozilla/5.0 (compatible; AhrefsBot/7.0; +http://ahrefs.com/robot/)"
162.0.235.240 - - [15/Oct/2025:09:39:24 -0400] "GET /wp-content/plugins/contact-form-7-style/admin/predefined-templates.json HTTP/1.1" 200 1323 "-" "WordPress/6.8.3; https://batconpakistan.org"
5.39.1.241 - - [15/Oct/2025:09:39:24 -0400] "GET /campaign_tag-sitemap.xml HTTP/1.1" 200 413 "-" "Mozilla/5.0 (compatible; AhrefsBot/7.0; +http://ahrefs.com/robot/)"
162.0.235.240 - - [15/Oct/2025:09:39:37 -0400] "GET /wp-content/plugins/contact-form-7-style/admin/predefined-templates.json HTTP/1.1" 200 1323 "-" "WordPress/6.8.3; https://batconpakistan.org"
5.39.109.184 - - [15/Oct/2025:09:39:36 -0400] "GET /registrant-event-sitemap.xml HTTP/1.1" 200 364 "-" "Mozilla/5.0 (compatible; AhrefsBot/7.0; +http://ahrefs.com/robot/)"
162.0.235.240 - - [15/Oct/2025:09:39:44 -0400] "GET /wp-content/plugins/contact-form-7-style/admin/predefined-templates.json HTTP/1.1" 200 1323 "-" "WordPress/6.8.3; https://batconpakistan.org"
162.0.235.240 - - [15/Oct/2025:09:39:44 -0400] "POST /wp-cron.php?doing_wp_cron=1760535584.7859539985656738281250 HTTP/1.1" 200 0 "-" "WordPress/6.8.3; https://batconpakistan.org"
54.37.118.85 - - [15/Oct/2025:09:39:44 -0400] "GET /style_category-sitemap.xml HTTP/1.1" 200 384 "-" "Mozilla/5.0 (compatible; AhrefsBot/7.0; +http://ahrefs.com/robot/)"
162.0.235.240 - - [15/Oct/2025:09:39:45 -0400] "GET /wp-content/plugins/contact-form-7-style/admin/predefined-templates.json HTTP/1.1" 200 1323 "-" "WordPress/6.8.3; https://batconpakistan.org"
162.0.235.240 - - [15/Oct/2025:09:39:49 -0400] "GET /wp-content/plugins/contact-form-7-style/admin/predefined-templates.json HTTP/1.1" 200 1323 "-" "WordPress/6.8.3; https://batconpakistan.org"
162.0.235.240 - - [15/Oct/2025:09:39:49 -0400] "POST /wp-cron.php?doing_wp_cron=1760535589.6104640960693359375000 HTTP/1.1" 200 0 "-" "WordPress/6.8.3; https://batconpakistan.org"
94.23.188.206 - - [15/Oct/2025:09:39:48 -0400] "GET /author-sitemap.xml HTTP/1.1" 200 341 "-" "Mozilla/5.0 (compatible; AhrefsBot/7.0; +http://ahrefs.com/robot/)"
162.0.235.240 - - [15/Oct/2025:09:39:50 -0400] "GET /wp-content/plugins/contact-form-7-style/admin/predefined-templates.json HTTP/1.1" 200 1323 "-" "WordPress/6.8.3; https://batconpakistan.org"
162.0.235.240 - - [15/Oct/2025:09:42:48 -0400] "GET /wp-content/plugins/contact-form-7-style/admin/predefined-templates.json HTTP/1.1" 200 1323 "-" "WordPress/6.8.3; https://batconpakistan.org"
162.0.235.240 - - [15/Oct/2025:09:42:48 -0400] "POST /wp-cron.php?doing_wp_cron=1760535768.8471670150756835937500 HTTP/1.1" 200 0 "-" "WordPress/6.8.3; https://batconpakistan.org"
2a03:2880:f800:7:: - - [15/Oct/2025:09:42:45 -0400] "GET /index.html HTTP/1.1" 404 15667 "-" "meta-externalagent/1.1 (+https://developers.facebook.com/docs/sharing/webmasters/crawler)"
162.0.235.240 - - [15/Oct/2025:09:42:49 -0400] "GET /wp-content/plugins/contact-form-7-style/admin/predefined-templates.json HTTP/1.1" 200 1323 "-" "WordPress/6.8.3; https://batconpakistan.org"
52.224.179.197 - - [15/Oct/2025:09:44:34 -0400] "GET /xmlrpc.php HTTP/1.1" 403 1242 "http://batconpakistan.org" "Mozilla/5.0 (Windows NT 10.0; Win64; x64) AppleWebKit/537.36 (KHTML, like Gecko) Chrome/115.0.5790.171 Safari/537.36 Edg/115.0.1901.203"
59.103.119.44 - - [15/Oct/2025:09:44:52 -0400] "GET /wp-content/uploads/2021/01/Dr-Naeem-Awan-2.jpg HTTP/1.1" 200 80510 "-" "Mozilla/5.0 (Windows NT 10.0; Win64; x64) AppleWebKit/537.36 (KHTML, like Gecko) Chrome/87.0.4280.88 Safari/537.36"
217.113.194.180 - - [15/Oct/2025:09:56:45 -0400] "GET /robots.txt HTTP/1.1" 200 183 "-" "Mozilla/5.0 (compatible; Barkrowler/0.9; +https://babbar.tech/crawler)"
162.241.126.57 - - [15/Oct/2025:09:56:53 -0400] "GET /xmlrpc.php HTTP/1.1" 403 1242 "http://batconpakistan.org" "Mozilla/5.0 (Windows NT 11.0; Win64; x64; rv:126.0) Gecko/20100101 Firefox/126.0"
162.0.235.240 - - [15/Oct/2025:09:57:04 -0400] "GET /wp-content/plugins/contact-form-7-style/admin/predefined-templates.json HTTP/1.1" 200 1323 "-" "WordPress/6.8.3; https://batconpakistan.org"
162.0.235.240 - - [15/Oct/2025:09:57:05 -0400] "POST /wp-cron.php?doing_wp_cron=1760536624.9909000396728515625000 HTTP/1.1" 200 0 "-" "WordPress/6.8.3; https://batconpakistan.org"
217.113.194.174 - - [15/Oct/2025:09:57:01 -0400] "GET /shop/ HTTP/1.1" 200 17772 "-" "Mozilla/5.0 (compatible; Barkrowler/0.9; +https://babbar.tech/crawler)"
162.0.235.240 - - [15/Oct/2025:09:57:05 -0400] "GET /wp-content/plugins/contact-form-7-style/admin/predefined-templates.json HTTP/1.1" 200 1323 "-" "WordPress/6.8.3; https://batconpakistan.org"
217.113.194.172 - - [15/Oct/2025:09:57:21 -0400] "GET /partners/ HTTP/1.1" 200 16977 "-" "Mozilla/5.0 (compatible; Barkrowler/0.9; +https://babbar.tech/crawler)"
217.113.194.236 - - [15/Oct/2025:09:57:36 -0400] "GET /contact-us/ HTTP/1.1" 200 17302 "-" "Mozilla/5.0 (compatible; Barkrowler/0.9; +https://babbar.tech/crawler)"
162.0.235.240 - - [15/Oct/2025:09:57:52 -0400] "GET /wp-content/plugins/contact-form-7-style/admin/predefined-templates.json HTTP/1.1" 200 1323 "-" "WordPress/6.8.3; https://batconpakistan.org"
162.0.235.240 - - [15/Oct/2025:09:57:53 -0400] "POST /wp-cron.php?doing_wp_cron=1760536673.1552639007568359375000 HTTP/1.1" 200 0 "-" "WordPress/6.8.3; https://batconpakistan.org"
217.113.194.181 - - [15/Oct/2025:09:57:52 -0400] "GET /shop/feed/ HTTP/1.1" 304 0 "-" "Mozilla/5.0 (compatible; Barkrowler/0.9; +https://babbar.tech/crawler)"
162.0.235.240 - - [15/Oct/2025:09:57:53 -0400] "GET /wp-content/plugins/contact-form-7-style/admin/predefined-templates.json HTTP/1.1" 200 1323 "-" "WordPress/6.8.3; https://batconpakistan.org"
162.0.235.240 - - [15/Oct/2025:09:58:10 -0400] "GET /wp-content/plugins/contact-form-7-style/admin/predefined-templates.json HTTP/1.1" 200 1323 "-" "WordPress/6.8.3; https://batconpakistan.org"
162.0.235.240 - - [15/Oct/2025:09:58:10 -0400] "POST /wp-cron.php?doing_wp_cron=1760536690.6503961086273193359375 HTTP/1.1" 200 0 "-" "WordPress/6.8.3; https://batconpakistan.org"
217.113.194.176 - - [15/Oct/2025:09:58:09 -0400] "GET /comments/feed/ HTTP/1.1" 200 691 "-" "Mozilla/5.0 (compatible; Barkrowler/0.9; +https://babbar.tech/crawler)"
162.0.235.240 - - [15/Oct/2025:09:58:11 -0400] "GET /wp-content/plugins/contact-form-7-style/admin/predefined-templates.json HTTP/1.1" 200 1323 "-" "WordPress/6.8.3; https://batconpakistan.org"
162.0.235.240 - - [15/Oct/2025:09:58:27 -0400] "GET /wp-content/plugins/contact-form-7-style/admin/predefined-templates.json HTTP/1.1" 200 1323 "-" "WordPress/6.8.3; https://batconpakistan.org"
217.113.194.237 - - [15/Oct/2025:09:58:26 -0400] "GET /home/feed/ HTTP/1.1" 200 394 "-" "Mozilla/5.0 (compatible; Barkrowler/0.9; +https://babbar.tech/crawler)"
154.54.249.212 - - [15/Oct/2025:09:58:42 -0400] "GET /author/admin/ HTTP/1.1" 200 40218 "-" "Mozilla/5.0 (compatible; Barkrowler/0.9; +https://babbar.tech/crawler)"
162.0.235.240 - - [15/Oct/2025:09:58:59 -0400] "GET /wp-content/plugins/contact-form-7-style/admin/predefined-templates.json HTTP/1.1" 200 1323 "-" "WordPress/6.8.3; https://batconpakistan.org"
162.0.235.240 - - [15/Oct/2025:09:58:59 -0400] "POST /wp-cron.php?doing_wp_cron=1760536739.4462490081787109375000 HTTP/1.1" 200 0 "-" "WordPress/6.8.3; https://batconpakistan.org"
217.113.194.179 - - [15/Oct/2025:09:58:58 -0400] "GET /blog-grid/ HTTP/1.1" 200 19193 "-" "Mozilla/5.0 (compatible; Barkrowler/0.9; +https://babbar.tech/crawler)"
162.0.235.240 - - [15/Oct/2025:09:58:59 -0400] "GET /wp-content/plugins/contact-form-7-style/admin/predefined-templates.json HTTP/1.1" 200 1323 "-" "WordPress/6.8.3; https://batconpakistan.org"
217.113.194.179 - - [15/Oct/2025:09:59:15 -0400] "GET /campaigns/ HTTP/1.1" 200 19948 "-" "Mozilla/5.0 (compatible; Barkrowler/0.9; +https://babbar.tech/crawler)"
162.0.235.240 - - [15/Oct/2025:09:59:32 -0400] "GET /wp-content/plugins/contact-form-7-style/admin/predefined-templates.json HTTP/1.1" 200 1323 "-" "WordPress/6.8.3; https://batconpakistan.org"
162.0.235.240 - - [15/Oct/2025:09:59:32 -0400] "POST /wp-cron.php?doing_wp_cron=1760536772.4144361019134521484375 HTTP/1.1" 200 0 "-" "WordPress/6.8.3; https://batconpakistan.org"
217.113.194.172 - - [15/Oct/2025:09:59:31 -0400] "GET /typography/ HTTP/1.1" 200 17791 "-" "Mozilla/5.0 (compatible; Barkrowler/0.9; +https://babbar.tech/crawler)"
162.0.235.240 - - [15/Oct/2025:09:59:32 -0400] "GET /wp-content/plugins/contact-form-7-style/admin/predefined-templates.json HTTP/1.1" 200 1323 "-" "WordPress/6.8.3; https://batconpakistan.org"
217.113.194.180 - - [15/Oct/2025:09:59:49 -0400] "GET /our-approach/ HTTP/1.1" 200 19463 "-" "Mozilla/5.0 (compatible; Barkrowler/0.9; +https://babbar.tech/crawler)"
217.113.194.173 - - [15/Oct/2025:10:00:06 -0400] "GET /our-activities/ HTTP/1.1" 200 17308 "-" "Mozilla/5.0 (compatible; Barkrowler/0.9; +https://babbar.tech/crawler)"
217.113.194.174 - - [15/Oct/2025:10:00:22 -0400] "GET /media-coverage/ HTTP/1.1" 200 18151 "-" "Mozilla/5.0 (compatible; Barkrowler/0.9; +https://babbar.tech/crawler)"
217.113.194.176 - - [15/Oct/2025:10:00:38 -0400] "GET /vision-mission/ HTTP/1.1" 200 17647 "-" "Mozilla/5.0 (compatible; Barkrowler/0.9; +https://babbar.tech/crawler)"
162.0.235.240 - - [15/Oct/2025:10:00:54 -0400] "GET /wp-content/plugins/contact-form-7-style/admin/predefined-templates.json HTTP/1.1" 200 1323 "-" "WordPress/6.8.3; https://batconpakistan.org"
162.0.235.240 - - [15/Oct/2025:10:00:54 -0400] "POST /wp-cron.php?doing_wp_cron=1760536854.7750980854034423828125 HTTP/1.1" 200 0 "-" "WordPress/6.8.3; https://batconpakistan.org"
217.113.194.175 - - [15/Oct/2025:10:00:54 -0400] "GET /tag/public-health/ HTTP/1.1" 200 20053 "-" "Mozilla/5.0 (compatible; Barkrowler/0.9; +https://babbar.tech/crawler)"
162.0.235.240 - - [15/Oct/2025:10:00:55 -0400] "GET /wp-content/plugins/contact-form-7-style/admin/predefined-templates.json HTTP/1.1" 200 1323 "-" "WordPress/6.8.3; https://batconpakistan.org"
162.0.235.240 - - [15/Oct/2025:10:01:11 -0400] "GET /wp-content/plugins/contact-form-7-style/admin/predefined-templates.json HTTP/1.1" 200 1323 "-" "WordPress/6.8.3; https://batconpakistan.org"
162.0.235.240 - - [15/Oct/2025:10:01:12 -0400] "POST /wp-cron.php?doing_wp_cron=1760536872.0322859287261962890625 HTTP/1.1" 200 0 "-" "WordPress/6.8.3; https://batconpakistan.org"
217.113.194.180 - - [15/Oct/2025:10:01:10 -0400] "GET /tag/pakistan/feed/ HTTP/1.1" 200 4777 "-" "Mozilla/5.0 (compatible; Barkrowler/0.9; +https://babbar.tech/crawler)"
162.0.235.240 - - [15/Oct/2025:10:01:12 -0400] "GET /wp-content/plugins/contact-form-7-style/admin/predefined-templates.json HTTP/1.1" 200 1323 "-" "WordPress/6.8.3; https://batconpakistan.org"
162.0.235.240 - - [15/Oct/2025:10:01:28 -0400] "GET /wp-content/plugins/contact-form-7-style/admin/predefined-templates.json HTTP/1.1" 200 1323 "-" "WordPress/6.8.3; https://batconpakistan.org"
217.113.194.177 - - [15/Oct/2025:10:01:28 -0400] "GET /tag/bats/feed/ HTTP/1.1" 200 5269 "-" "Mozilla/5.0 (compatible; Barkrowler/0.9; +https://babbar.tech/crawler)"
162.0.235.240 - - [15/Oct/2025:10:01:45 -0400] "GET /wp-content/plugins/contact-form-7-style/admin/predefined-templates.json HTTP/1.1" 200 1323 "-" "WordPress/6.8.3; https://batconpakistan.org"
162.0.235.240 - - [15/Oct/2025:10:01:45 -0400] "POST /wp-cron.php?doing_wp_cron=1760536905.4762139320373535156250 HTTP/1.1" 200 0 "-" "WordPress/6.8.3; https://batconpakistan.org"
217.113.194.173 - - [15/Oct/2025:10:01:44 -0400] "GET /community-outreach/ HTTP/1.1" 200 17162 "-" "Mozilla/5.0 (compatible; Barkrowler/0.9; +https://babbar.tech/crawler)"
162.0.235.240 - - [15/Oct/2025:10:01:45 -0400] "GET /wp-content/plugins/contact-form-7-style/admin/predefined-templates.json HTTP/1.1" 200 1323 "-" "WordPress/6.8.3; https://batconpakistan.org"
217.113.194.175 - - [15/Oct/2025:10:02:01 -0400] "GET /career-opportunities/ HTTP/1.1" 200 18581 "-" "Mozilla/5.0 (compatible; Barkrowler/0.9; +https://babbar.tech/crawler)"
162.0.235.240 - - [15/Oct/2025:10:02:18 -0400] "GET /wp-content/plugins/contact-form-7-style/admin/predefined-templates.json HTTP/1.1" 200 1323 "-" "WordPress/6.8.3; https://batconpakistan.org"
162.0.235.240 - - [15/Oct/2025:10:02:18 -0400] "POST /wp-cron.php?doing_wp_cron=1760536938.2388598918914794921875 HTTP/1.1" 200 0 "-" "WordPress/6.8.3; https://batconpakistan.org"
217.113.194.175 - - [15/Oct/2025:10:02:17 -0400] "GET /category/uncategorized/feed/ HTTP/1.1" 200 8835 "-" "Mozilla/5.0 (compatible; Barkrowler/0.9; +https://babbar.tech/crawler)"
162.0.235.240 - - [15/Oct/2025:10:02:18 -0400] "GET /wp-content/plugins/contact-form-7-style/admin/predefined-templates.json HTTP/1.1" 200 1323 "-" "WordPress/6.8.3; https://batconpakistan.org"
162.0.235.240 - - [15/Oct/2025:10:02:34 -0400] "GET /wp-content/plugins/contact-form-7-style/admin/predefined-templates.json HTTP/1.1" 200 1323 "-" "WordPress/6.8.3; https://batconpakistan.org"
217.113.194.173 - - [15/Oct/2025:10:02:34 -0400] "GET /product/premium-quality/ HTTP/1.1" 200 19402 "-" "Mozilla/5.0 (compatible; Barkrowler/0.9; +https://babbar.tech/crawler)"
217.113.194.179 - - [15/Oct/2025:10:02:50 -0400] "GET /product/woo-logo/ HTTP/1.1" 200 19419 "-" "Mozilla/5.0 (compatible; Barkrowler/0.9; +https://babbar.tech/crawler)"
162.0.235.240 - - [15/Oct/2025:10:03:07 -0400] "GET /wp-content/plugins/contact-form-7-style/admin/predefined-templates.json HTTP/1.1" 200 1323 "-" "WordPress/6.8.3; https://batconpakistan.org"
162.0.235.240 - - [15/Oct/2025:10:03:07 -0400] "POST /wp-cron.php?doing_wp_cron=1760536987.1958301067352294921875 HTTP/1.1" 200 0 "-" "WordPress/6.8.3; https://batconpakistan.org"
217.113.194.174 - - [15/Oct/2025:10:03:06 -0400] "GET /category/public-health-alert/ HTTP/1.1" 200 20006 "-" "Mozilla/5.0 (compatible; Barkrowler/0.9; +https://babbar.tech/crawler)"
162.0.235.240 - - [15/Oct/2025:10:03:07 -0400] "GET /wp-content/plugins/contact-form-7-style/admin/predefined-templates.json HTTP/1.1" 200 1323 "-" "WordPress/6.8.3; https://batconpakistan.org"
162.0.235.240 - - [15/Oct/2025:10:03:24 -0400] "GET /wp-content/plugins/contact-form-7-style/admin/predefined-templates.json HTTP/1.1" 200 1323 "-" "WordPress/6.8.3; https://batconpakistan.org"
217.113.194.179 - - [15/Oct/2025:10:03:23 -0400] "GET /tag/extreme-heat/feed/ HTTP/1.1" 200 1649 "-" "Mozilla/5.0 (compatible; Barkrowler/0.9; +https://babbar.tech/crawler)"
162.0.235.240 - - [15/Oct/2025:10:03:40 -0400] "GET /wp-content/plugins/contact-form-7-style/admin/predefined-templates.json HTTP/1.1" 200 1323 "-" "WordPress/6.8.3; https://batconpakistan.org"
162.0.235.240 - - [15/Oct/2025:10:03:40 -0400] "POST /wp-cron.php?doing_wp_cron=1760537020.5697300434112548828125 HTTP/1.1" 200 0 "-" "WordPress/6.8.3; https://batconpakistan.org"
217.113.194.179 - - [15/Oct/2025:10:03:39 -0400] "GET /product/patient-ninja/ HTTP/1.1" 200 19363 "-" "Mozilla/5.0 (compatible; Barkrowler/0.9; +https://babbar.tech/crawler)"
162.0.235.240 - - [15/Oct/2025:10:03:41 -0400] "GET /wp-content/plugins/contact-form-7-style/admin/predefined-templates.json HTTP/1.1" 200 1323 "-" "WordPress/6.8.3; https://batconpakistan.org"
162.0.235.240 - - [15/Oct/2025:10:03:57 -0400] "GET /wp-content/plugins/contact-form-7-style/admin/predefined-templates.json HTTP/1.1" 200 1323 "-" "WordPress/6.8.3; https://batconpakistan.org"
162.0.235.240 - - [15/Oct/2025:10:03:57 -0400] "POST /wp-cron.php?doing_wp_cron=1760537037.4891259670257568359375 HTTP/1.1" 200 0 "-" "WordPress/6.8.3; https://batconpakistan.org"
217.113.194.179 - - [15/Oct/2025:10:03:56 -0400] "GET /product/patient-ninja/feed/ HTTP/1.1" 200 443 "-" "Mozilla/5.0 (compatible; Barkrowler/0.9; +https://babbar.tech/crawler)"
162.0.235.240 - - [15/Oct/2025:10:03:58 -0400] "GET /wp-content/plugins/contact-form-7-style/admin/predefined-templates.json HTTP/1.1" 200 1323 "-" "WordPress/6.8.3; https://batconpakistan.org"
162.0.235.240 - - [15/Oct/2025:10:04:13 -0400] "GET /wp-content/plugins/contact-form-7-style/admin/predefined-templates.json HTTP/1.1" 200 1323 "-" "WordPress/6.8.3; https://batconpakistan.org"
162.0.235.240 - - [15/Oct/2025:10:04:13 -0400] "POST /wp-cron.php?doing_wp_cron=1760537053.8524110317230224609375 HTTP/1.1" 200 0 "-" "WordPress/6.8.3; https://batconpakistan.org"
217.113.194.175 - - [15/Oct/2025:10:04:13 -0400] "GET /product/happy-ninja-2/ HTTP/1.1" 200 19234 "-" "Mozilla/5.0 (compatible; Barkrowler/0.9; +https://babbar.tech/crawler)"
162.0.235.240 - - [15/Oct/2025:10:04:14 -0400] "GET /wp-content/plugins/contact-form-7-style/admin/predefined-templates.json HTTP/1.1" 200 1323 "-" "WordPress/6.8.3; https://batconpakistan.org"
162.0.235.240 - - [15/Oct/2025:10:04:30 -0400] "GET /wp-content/plugins/contact-form-7-style/admin/predefined-templates.json HTTP/1.1" 200 1323 "-" "WordPress/6.8.3; https://batconpakistan.org"
217.113.194.181 - - [15/Oct/2025:10:04:29 -0400] "GET /product/happy-ninja/feed/ HTTP/1.1" 200 438 "-" "Mozilla/5.0 (compatible; Barkrowler/0.9; +https://babbar.tech/crawler)"
162.0.235.240 - - [15/Oct/2025:10:04:47 -0400] "GET /wp-content/plugins/contact-form-7-style/admin/predefined-templates.json HTTP/1.1" 200 1323 "-" "WordPress/6.8.3; https://batconpakistan.org"
162.0.235.240 - - [15/Oct/2025:10:04:47 -0400] "POST /wp-cron.php?doing_wp_cron=1760537087.6096420288085937500000 HTTP/1.1" 200 0 "-" "WordPress/6.8.3; https://batconpakistan.org"
217.113.194.236 - - [15/Oct/2025:10:04:46 -0400] "GET /tag/flying-foxes/ HTTP/1.1" 200 18457 "-" "Mozilla/5.0 (compatible; Barkrowler/0.9; +https://babbar.tech/crawler)"
162.0.235.240 - - [15/Oct/2025:10:04:48 -0400] "GET /wp-content/plugins/contact-form-7-style/admin/predefined-templates.json HTTP/1.1" 200 1323 "-" "WordPress/6.8.3; https://batconpakistan.org"
162.0.235.240 - - [15/Oct/2025:10:05:05 -0400] "GET /wp-content/plugins/contact-form-7-style/admin/predefined-templates.json HTTP/1.1" 200 1323 "-" "WordPress/6.8.3; https://batconpakistan.org"
162.0.235.240 - - [15/Oct/2025:10:05:06 -0400] "POST /wp-cron.php?doing_wp_cron=1760537105.9506230354309082031250 HTTP/1.1" 200 0 "-" "WordPress/6.8.3; https://batconpakistan.org"
217.113.194.178 - - [15/Oct/2025:10:05:04 -0400] "GET /tag/mass-killing/feed/ HTTP/1.1" 200 2169 "-" "Mozilla/5.0 (compatible; Barkrowler/0.9; +https://babbar.tech/crawler)"
162.0.235.240 - - [15/Oct/2025:10:05:06 -0400] "GET /wp-content/plugins/contact-form-7-style/admin/predefined-templates.json HTTP/1.1" 200 1323 "-" "WordPress/6.8.3; https://batconpakistan.org"
162.0.235.240 - - [15/Oct/2025:10:05:22 -0400] "GET /wp-content/plugins/contact-form-7-style/admin/predefined-templates.json HTTP/1.1" 200 1323 "-" "WordPress/6.8.3; https://batconpakistan.org"
217.113.194.178 - - [15/Oct/2025:10:05:21 -0400] "GET /tag/zoonoses/ HTTP/1.1" 200 20016 "-" "Mozilla/5.0 (compatible; Barkrowler/0.9; +https://babbar.tech/crawler)"
162.0.235.240 - - [15/Oct/2025:10:05:39 -0400] "GET /wp-content/plugins/contact-form-7-style/admin/predefined-templates.json HTTP/1.1" 200 1323 "-" "WordPress/6.8.3; https://batconpakistan.org"
162.0.235.240 - - [15/Oct/2025:10:05:40 -0400] "POST /wp-cron.php?doing_wp_cron=1760537140.1755599975585937500000 HTTP/1.1" 200 0 "-" "WordPress/6.8.3; https://batconpakistan.org"
217.113.194.180 - - [15/Oct/2025:10:05:39 -0400] "GET /tag/zoonoses/feed/ HTTP/1.1" 200 3881 "-" "Mozilla/5.0 (compatible; Barkrowler/0.9; +https://babbar.tech/crawler)"
162.0.235.240 - - [15/Oct/2025:10:05:40 -0400] "GET /wp-content/plugins/contact-form-7-style/admin/predefined-templates.json HTTP/1.1" 200 1323 "-" "WordPress/6.8.3; https://batconpakistan.org"
8.219.222.3 - - [15/Oct/2025:10:05:41 -0400] "GET /.env HTTP/1.1" 403 1242 "-" "Mozilla/5.0 (Linux; U; Android 4.4.2; en-US; HM NOTE 1W Build/KOT49H) AppleWebKit/534.30 (KHTML, like Gecko) Version/4.0 UCBrowser/11.0.5.850 U3/0.8.0 Mobile Safari/534.30"
162.0.235.240 - - [15/Oct/2025:10:05:47 -0400] "GET /wp-content/plugins/contact-form-7-style/admin/predefined-templates.json HTTP/1.1" 200 1323 "-" "WordPress/6.8.3; https://batconpakistan.org"
8.219.222.3 - - [15/Oct/2025:10:05:47 -0400] "POST / HTTP/1.1" 200 0 "-" "Mozilla/5.0 (Linux; U; Android 4.4.2; en-US; HM NOTE 1W Build/KOT49H) AppleWebKit/534.30 (KHTML, like Gecko) Version/4.0 UCBrowser/11.0.5.850 U3/0.8.0 Mobile Safari/534.30"
162.0.235.240 - - [15/Oct/2025:10:05:48 -0400] "POST /wp-cron.php?doing_wp_cron=1760537148.0403270721435546875000 HTTP/1.1" 200 0 "-" "WordPress/6.8.3; https://batconpakistan.org"
162.0.235.240 - - [15/Oct/2025:10:05:48 -0400] "GET /wp-content/plugins/contact-form-7-style/admin/predefined-templates.json HTTP/1.1" 200 1323 "-" "WordPress/6.8.3; https://batconpakistan.org"
162.0.235.240 - - [15/Oct/2025:10:05:56 -0400] "GET /wp-content/plugins/contact-form-7-style/admin/predefined-templates.json HTTP/1.1" 200 1323 "-" "WordPress/6.8.3; https://batconpakistan.org"
217.113.194.236 - - [15/Oct/2025:10:05:55 -0400] "GET /product/premium-quality/feed/ HTTP/1.1" 200 442 "-" "Mozilla/5.0 (compatible; Barkrowler/0.9; +https://babbar.tech/crawler)"
162.0.235.240 - - [15/Oct/2025:10:06:13 -0400] "GET /wp-content/plugins/contact-form-7-style/admin/predefined-templates.json HTTP/1.1" 200 1323 "-" "WordPress/6.8.3; https://batconpakistan.org"
162.0.235.240 - - [15/Oct/2025:10:06:14 -0400] "POST /wp-cron.php?doing_wp_cron=1760537174.1960480213165283203125 HTTP/1.1" 200 0 "-" "WordPress/6.8.3; https://batconpakistan.org"
217.113.194.175 - - [15/Oct/2025:10:06:13 -0400] "GET /product/woo-ninja/feed/ HTTP/1.1" 200 437 "-" "Mozilla/5.0 (compatible; Barkrowler/0.9; +https://babbar.tech/crawler)"
162.0.235.240 - - [15/Oct/2025:10:06:14 -0400] "GET /wp-content/plugins/contact-form-7-style/admin/predefined-templates.json HTTP/1.1" 200 1323 "-" "WordPress/6.8.3; https://batconpakistan.org"
162.0.235.240 - - [15/Oct/2025:10:06:30 -0400] "GET /wp-content/plugins/contact-form-7-style/admin/predefined-templates.json HTTP/1.1" 200 1323 "-" "WordPress/6.8.3; https://batconpakistan.org"
217.113.194.176 - - [15/Oct/2025:10:06:29 -0400] "GET /product/woo-ninja/ HTTP/1.1" 200 19283 "-" "Mozilla/5.0 (compatible; Barkrowler/0.9; +https://babbar.tech/crawler)"
162.0.235.240 - - [15/Oct/2025:10:06:47 -0400] "GET /wp-content/plugins/contact-form-7-style/admin/predefined-templates.json HTTP/1.1" 200 1323 "-" "WordPress/6.8.3; https://batconpakistan.org"
162.0.235.240 - - [15/Oct/2025:10:06:47 -0400] "POST /wp-cron.php?doing_wp_cron=1760537207.2926709651947021484375 HTTP/1.1" 200 0 "-" "WordPress/6.8.3; https://batconpakistan.org"
217.113.194.173 - - [15/Oct/2025:10:06:46 -0400] "GET /product/woo-ninja-2/ HTTP/1.1" 200 19415 "-" "Mozilla/5.0 (compatible; Barkrowler/0.9; +https://babbar.tech/crawler)"
162.0.235.240 - - [15/Oct/2025:10:06:47 -0400] "GET /wp-content/plugins/contact-form-7-style/admin/predefined-templates.json HTTP/1.1" 200 1323 "-" "WordPress/6.8.3; https://batconpakistan.org"
162.0.235.240 - - [15/Oct/2025:10:07:03 -0400] "GET /wp-content/plugins/contact-form-7-style/admin/predefined-templates.json HTTP/1.1" 200 1323 "-" "WordPress/6.8.3; https://batconpakistan.org"
162.0.235.240 - - [15/Oct/2025:10:07:04 -0400] "POST /wp-cron.php?doing_wp_cron=1760537224.1059210300445556640625 HTTP/1.1" 200 0 "-" "WordPress/6.8.3; https://batconpakistan.org"
154.54.249.212 - - [15/Oct/2025:10:07:03 -0400] "GET /product/ninja-silhouette/ HTTP/1.1" 200 19428 "-" "Mozilla/5.0 (compatible; Barkrowler/0.9; +https://babbar.tech/crawler)"
162.0.235.240 - - [15/Oct/2025:10:07:04 -0400] "GET /wp-content/plugins/contact-form-7-style/admin/predefined-templates.json HTTP/1.1" 200 1323 "-" "WordPress/6.8.3; https://batconpakistan.org"
162.0.235.240 - - [15/Oct/2025:10:07:20 -0400] "GET /wp-content/plugins/contact-form-7-style/admin/predefined-templates.json HTTP/1.1" 200 1323 "-" "WordPress/6.8.3; https://batconpakistan.org"
162.0.235.240 - - [15/Oct/2025:10:07:20 -0400] "POST /wp-cron.php?doing_wp_cron=1760537240.8572869300842285156250 HTTP/1.1" 200 0 "-" "WordPress/6.8.3; https://batconpakistan.org"
217.113.194.180 - - [15/Oct/2025:10:07:20 -0400] "GET /product/happy-ninja-2/feed/ HTTP/1.1" 200 443 "-" "Mozilla/5.0 (compatible; Barkrowler/0.9; +https://babbar.tech/crawler)"
162.0.235.240 - - [15/Oct/2025:10:07:21 -0400] "GET /wp-content/plugins/contact-form-7-style/admin/predefined-templates.json HTTP/1.1" 200 1323 "-" "WordPress/6.8.3; https://batconpakistan.org"
162.0.235.240 - - [15/Oct/2025:10:07:37 -0400] "GET /wp-content/plugins/contact-form-7-style/admin/predefined-templates.json HTTP/1.1" 200 1323 "-" "WordPress/6.8.3; https://batconpakistan.org"
217.113.194.237 - - [15/Oct/2025:10:07:36 -0400] "GET /product/ship-your-idea/ HTTP/1.1" 200 20332 "-" "Mozilla/5.0 (compatible; Barkrowler/0.9; +https://babbar.tech/crawler)"
